[INFO] cloning repository https://github.com/yoyozaemon/rgit
[INFO] running `Command { std: "git" "-c" "credential.helper=" "-c" "credential.helper=/workspace/cargo-home/bin/git-credential-null" "clone" "--bare" "https://github.com/yoyozaemon/rgit" "/workspace/cache/git-repos/https%3A%2F%2Fgithub.com%2Fyoyozaemon%2Frgit", kill_on_drop: false }`
[INFO] [stderr] Cloning into bare repository '/workspace/cache/git-repos/https%3A%2F%2Fgithub.com%2Fyoyozaemon%2Frgit'...
[INFO] running `Command { std: "git" "rev-parse" "HEAD", kill_on_drop: false }`
[INFO] [stdout] 807eef37ad64da79a7dd3f08a77fbfe82ed4a907
[INFO] testing yoyozaemon/rgit against 1.100.0-beta.1+cargoflags=--release for beta-release-1.100-3
[INFO] running `Command { std: "git" "clone" "/workspace/cache/git-repos/https%3A%2F%2Fgithub.com%2Fyoyozaemon%2Frgit" "/workspace/builds/worker-4-tc2/source", kill_on_drop: false }`
[INFO] [stderr] Cloning into '/workspace/builds/worker-4-tc2/source'...
[INFO] [stderr] done.
[INFO] [stderr] Updating files:  71% (529/742)
Updating files:  72% (535/742)
Updating files:  73% (542/742)
Updating files:  74% (550/742)
Updating files:  75% (557/742)
Updating files:  76% (564/742)
Updating files:  77% (572/742)
Updating files:  78% (579/742)
Updating files:  79% (587/742)
Updating files:  80% (594/742)
Updating files:  81% (602/742)
Updating files:  82% (609/742)
Updating files:  83% (616/742)
Updating files:  84% (624/742)
Updating files:  85% (631/742)
Updating files:  86% (639/742)
Updating files:  87% (646/742)
Updating files:  88% (653/742)
Updating files:  89% (661/742)
Updating files:  90% (668/742)
Updating files:  91% (676/742)
Updating files:  92% (683/742)
Updating files:  93% (691/742)
Updating files:  94% (698/742)
Updating files:  95% (705/742)
Updating files:  96% (713/742)
Updating files:  97% (720/742)
Updating files:  98% (728/742)
Updating files:  99% (735/742)
Updating files: 100% (742/742)
Updating files: 100% (742/742), done.
[INFO] started tweaking git repo https://github.com/yoyozaemon/rgit
[INFO] finished tweaking git repo https://github.com/yoyozaemon/rgit
[INFO] tweaked toml for git repo https://github.com/yoyozaemon/rgit written to /workspace/builds/worker-4-tc2/source/Cargo.toml
[INFO] validating manifest of git repo https://github.com/yoyozaemon/rgit on toolchain 1.100.0-beta.1
[INFO] running `Command { std: CARGO_HOME="/workspace/cargo-home" RUSTUP_HOME="/workspace/rustup-home" "/workspace/cargo-home/bin/cargo" "+1.100.0-beta.1" "metadata" "--manifest-path" "Cargo.toml" "--no-deps", kill_on_drop: false }`
[INFO] crate git repo https://github.com/yoyozaemon/rgit already has a lockfile, it will not be regenerated
[INFO] running `Command { std: CARGO_HOME="/workspace/cargo-home" RUSTUP_HOME="/workspace/rustup-home" "/workspace/cargo-home/bin/cargo" "+1.100.0-beta.1" "fetch" "--manifest-path" "Cargo.toml", kill_on_drop: false }`
[INFO] running `Command { std: "docker" "create" "-v" "/var/lib/crater-agent-workspace/builds/worker-4-tc2/source:/opt/rustwide/workdir:ro,Z" "-v" "/var/lib/crater-agent-workspace/builds/worker-4-tc2/target:/opt/rustwide/target:rw,Z" "-v" "/var/lib/crater-agent-workspace/cargo-home:/opt/rustwide/cargo-home:ro,Z" "-v" "/var/lib/crater-agent-workspace/rustup-home:/opt/rustwide/rustup-home:ro,Z" "-m" "1610612736" "--network" "none" "ghcr.io/rust-lang/crates-build-env/linux@sha256:77db811e55d90add9212f6832c23229e3de5f1c1f9905e8cb07319ea15df73ac" "sleep" "infinity", kill_on_drop: false }`
[INFO] [stdout] 4790dab31f8fe9b956681db6f459b4a1d3b066e4a3207501b2db241948858b23
[INFO] running `Command { std: "docker" "start" "4790dab31f8fe9b956681db6f459b4a1d3b066e4a3207501b2db241948858b23", kill_on_drop: false }`
[INFO] running `Command { std: "docker" "inspect" "4790dab31f8fe9b956681db6f459b4a1d3b066e4a3207501b2db241948858b23", kill_on_drop: false }`
[INFO] running `Command { std: "docker" "exec" "-e" "SOURCE_DIR=/opt/rustwide/workdir" "-e" "CARGO_HOME=/opt/rustwide/cargo-home" "-e" "RUSTUP_HOME=/opt/rustwide/rustup-home" "-e" "CARGO_TARGET_DIR=/opt/rustwide/target" "-w" "/opt/rustwide/workdir" "--user" "0:0" "4790dab31f8fe9b956681db6f459b4a1d3b066e4a3207501b2db241948858b23" "/opt/rustwide/cargo-home/bin/cargo" "+1.100.0-beta.1" "metadata" "--no-deps" "--format-version=1", kill_on_drop: false }`
[INFO] running `Command { std: "docker" "inspect" "4790dab31f8fe9b956681db6f459b4a1d3b066e4a3207501b2db241948858b23", kill_on_drop: false }`
[INFO] running `Command { std: "docker" "exec" "-e" "SOURCE_DIR=/opt/rustwide/workdir" "-e" "CARGO_HOME=/opt/rustwide/cargo-home" "-e" "RUSTUP_HOME=/opt/rustwide/rustup-home" "-e" "CARGO_TARGET_DIR=/opt/rustwide/target" "-e" "CARGO_INCREMENTAL=0" "-e" "RUST_BACKTRACE=full" "-e" "RUSTFLAGS=--cap-lints=warn" "-e" "RUSTDOCFLAGS=--cap-lints=warn" "-w" "/opt/rustwide/workdir" "--user" "0:0" "4790dab31f8fe9b956681db6f459b4a1d3b066e4a3207501b2db241948858b23" "/opt/rustwide/cargo-home/bin/cargo" "+1.100.0-beta.1" "build" "--frozen" "--message-format=json" "--release", kill_on_drop: false }`
[INFO] [stderr]    Compiling version_check v0.9.4
[INFO] [stderr]    Compiling autocfg v1.1.0
[INFO] [stderr]    Compiling proc-macro2 v1.0.40
[INFO] [stderr]    Compiling quote v1.0.20
[INFO] [stderr]    Compiling unicode-ident v1.0.1
[INFO] [stderr]    Compiling typenum v1.15.0
[INFO] [stderr]    Compiling libc v0.2.126
[INFO] [stderr]    Compiling syn v1.0.98
[INFO] [stderr]    Compiling crc32fast v1.3.2
[INFO] [stderr]    Compiling camino v1.0.9
[INFO] [stderr]    Compiling hashbrown v0.12.1
[INFO] [stderr]    Compiling heck v0.4.0
[INFO] [stderr]    Compiling adler v1.0.2
[INFO] [stderr]    Compiling os_str_bytes v6.1.0
[INFO] [stderr]    Compiling fastrand v1.7.0
[INFO] [stderr]    Compiling termcolor v1.1.3
[INFO] [stderr]    Compiling miniz_oxide v0.5.3
[INFO] [stderr]    Compiling once_cell v1.12.0
[INFO] [stderr]    Compiling same-file v1.0.6
[INFO] [stderr]    Compiling proc-macro-error-attr v1.0.4
[INFO] [stderr]    Compiling generic-array v0.14.5
[INFO] [stderr]    Compiling proc-macro-error v1.0.4
[INFO] [stderr]    Compiling clap_lex v0.2.3
[INFO] [stderr]    Compiling remove_dir_all v0.5.3
[INFO] [stderr]    Compiling textwrap v0.15.0
[INFO] [stderr]    Compiling cpufeatures v0.2.2
[INFO] [stderr]    Compiling strsim v0.10.0
[INFO] [stderr]    Compiling walkdir v2.3.2
[INFO] [stderr]    Compiling path-clean v0.1.0
[INFO] [stderr]    Compiling num-traits v0.2.15
[INFO] [stderr]    Compiling indexmap v1.9.1
[INFO] [stderr]    Compiling num-integer v0.1.45
[INFO] [stderr]    Compiling pathdiff v0.2.1
[INFO] [stderr]    Compiling flate2 v1.0.24
[INFO] [stderr]    Compiling atty v0.2.14
[INFO] [stderr]    Compiling time v0.1.44
[INFO] [stderr]    Compiling tempfile v3.3.0
[INFO] [stderr]    Compiling crypto-common v0.1.3
[INFO] [stderr]    Compiling block-buffer v0.10.2
[INFO] [stderr]    Compiling digest v0.10.3
[INFO] [stderr]    Compiling chrono v0.4.19
[INFO] [stderr]    Compiling sha-1 v0.10.0
[INFO] [stderr]    Compiling clap_derive v3.2.6
[INFO] [stderr]    Compiling getset v0.1.2
[INFO] [stderr]    Compiling clap v3.2.6
[INFO] [stderr]    Compiling rgit v0.1.0 (/opt/rustwide/workdir)
[INFO] [stdout] warning: found module declaration for lib.rs
[INFO] [stdout]  --> src/main.rs:4:1
[INFO] [stdout]   |
[INFO] [stdout] 4 | mod lib;
[INFO] [stdout]   | ^^^^^^^^
[INFO] [stdout]   |
[INFO] [stdout]   = note: lib.rs is the root of this crate's library target
[INFO] [stdout]   = help: to refer to it from other targets, use the library's name as the path
[INFO] [stdout]   = note: `#[warn(special_module_name)]` on by default
[INFO] [stdout] 
[INFO] [stdout] 
[INFO] [stdout] warning: hiding a lifetime that's elided elsewhere is confusing
[INFO] [stdout]    --> src/core/tree.rs:157:20
[INFO] [stdout]     |
[INFO] [stdout] 157 |   pub fn blob_iter(&self) -> BlobIterator {
[INFO] [stdout]     |                    ^^^^^     ^^^^^^^^^^^^ the same lifetime is hidden here
[INFO] [stdout]     |                    |
[INFO] [stdout]     |                    the lifetime is elided here
[INFO] [stdout]     |
[INFO] [stdout]     = help: the same lifetime is referred to in inconsistent ways, making the signature confusing
[INFO] [stdout]     = note: `#[warn(mismatched_lifetime_syntaxes)]` on by default
[INFO] [stdout] help: use `'_` for type paths
[INFO] [stdout]     |
[INFO] [stdout] 157 |   pub fn blob_iter(&self) -> BlobIterator<'_> {
[INFO] [stdout]     |                                          ++++
[INFO] [stdout] 
[INFO] [stdout] 
[INFO] [stderr]     Finished `release` profile [optimized] target(s) in 29.05s
[INFO] running `Command { std: "docker" "inspect" "4790dab31f8fe9b956681db6f459b4a1d3b066e4a3207501b2db241948858b23", kill_on_drop: false }`
[INFO] running `Command { std: "docker" "exec" "-e" "SOURCE_DIR=/opt/rustwide/workdir" "-e" "CARGO_HOME=/opt/rustwide/cargo-home" "-e" "RUSTUP_HOME=/opt/rustwide/rustup-home" "-e" "CARGO_TARGET_DIR=/opt/rustwide/target" "-e" "CARGO_INCREMENTAL=0" "-e" "RUST_BACKTRACE=full" "-e" "RUSTFLAGS=--cap-lints=warn" "-e" "RUSTDOCFLAGS=--cap-lints=warn" "-w" "/opt/rustwide/workdir" "--user" "0:0" "4790dab31f8fe9b956681db6f459b4a1d3b066e4a3207501b2db241948858b23" "/opt/rustwide/cargo-home/bin/cargo" "+1.100.0-beta.1" "test" "--frozen" "--no-run" "--message-format=json" "--release", kill_on_drop: false }`
[INFO] [stderr]    Compiling getrandom v0.2.7
[INFO] [stderr]    Compiling lock_api v0.4.7
[INFO] [stderr]    Compiling memchr v2.5.0
[INFO] [stderr]    Compiling parking_lot_core v0.8.5
[INFO] [stderr]    Compiling instant v0.1.12
[INFO] [stderr]    Compiling either v1.6.1
[INFO] [stderr]    Compiling ppv-lite86 v0.2.16
[INFO] [stderr]    Compiling predicates-core v1.0.3
[INFO] [stderr]    Compiling smallvec v1.8.1
[INFO] [stderr]    Compiling doc-comment v0.3.3
[INFO] [stderr]    Compiling scopeguard v1.1.0
[INFO] [stderr]    Compiling lazy_static v1.4.0
[INFO] [stderr]    Compiling regex-automata v0.1.10
[INFO] [stderr]    Compiling difflib v0.4.0
[INFO] [stderr]    Compiling termtree v0.2.4
[INFO] [stderr]    Compiling serial_test_derive v0.5.1
[INFO] [stderr]    Compiling wait-timeout v0.2.0
[INFO] [stderr]    Compiling itertools v0.10.3
[INFO] [stderr]    Compiling rand_core v0.6.3
[INFO] [stderr]    Compiling predicates-tree v1.0.5
[INFO] [stderr]    Compiling parking_lot v0.11.2
[INFO] [stderr]    Compiling rand_chacha v0.3.1
[INFO] [stderr]    Compiling serial_test v0.5.1
[INFO] [stderr]    Compiling rand v0.8.5
[INFO] [stderr]    Compiling bstr v0.2.17
[INFO] [stderr]    Compiling lipsum v0.8.2
[INFO] [stderr]    Compiling predicates v2.1.1
[INFO] [stderr]    Compiling assert_cmd v2.0.4
[INFO] [stderr]    Compiling rgit v0.1.0 (/opt/rustwide/workdir)
[INFO] [stdout] warning: found module declaration for lib.rs
[INFO] [stdout]  --> src/main.rs:4:1
[INFO] [stdout]   |
[INFO] [stdout] 4 | mod lib;
[INFO] [stdout]   | ^^^^^^^^
[INFO] [stdout]   |
[INFO] [stdout]   = note: lib.rs is the root of this crate's library target
[INFO] [stdout]   = help: to refer to it from other targets, use the library's name as the path
[INFO] [stdout]   = note: `#[warn(special_module_name)]` on by default
[INFO] [stdout] 
[INFO] [stdout] 
[INFO] [stdout] warning: hiding a lifetime that's elided elsewhere is confusing
[INFO] [stdout]    --> src/core/tree.rs:157:20
[INFO] [stdout]     |
[INFO] [stdout] 157 |   pub fn blob_iter(&self) -> BlobIterator {
[INFO] [stdout]     |                    ^^^^^     ^^^^^^^^^^^^ the same lifetime is hidden here
[INFO] [stdout]     |                    |
[INFO] [stdout]     |                    the lifetime is elided here
[INFO] [stdout]     |
[INFO] [stdout]     = help: the same lifetime is referred to in inconsistent ways, making the signature confusing
[INFO] [stdout]     = note: `#[warn(mismatched_lifetime_syntaxes)]` on by default
[INFO] [stdout] help: use `'_` for type paths
[INFO] [stdout]     |
[INFO] [stdout] 157 |   pub fn blob_iter(&self) -> BlobIterator<'_> {
[INFO] [stdout]     |                                          ++++
[INFO] [stdout] 
[INFO] [stdout] 
[INFO] [stderr]     Finished `release` profile [optimized] target(s) in 14.19s
[INFO] running `Command { std: "docker" "inspect" "4790dab31f8fe9b956681db6f459b4a1d3b066e4a3207501b2db241948858b23", kill_on_drop: false }`
[INFO] running `Command { std: "docker" "exec" "-e" "SOURCE_DIR=/opt/rustwide/workdir" "-e" "CARGO_HOME=/opt/rustwide/cargo-home" "-e" "RUSTUP_HOME=/opt/rustwide/rustup-home" "-e" "CARGO_TARGET_DIR=/opt/rustwide/target" "-e" "CARGO_INCREMENTAL=0" "-e" "RUST_BACKTRACE=full" "-e" "RUSTFLAGS=--cap-lints=warn" "-e" "RUSTDOCFLAGS=--cap-lints=warn" "-w" "/opt/rustwide/workdir" "--user" "0:0" "4790dab31f8fe9b956681db6f459b4a1d3b066e4a3207501b2db241948858b23" "/opt/rustwide/cargo-home/bin/cargo" "+1.100.0-beta.1" "test" "--frozen" "--release", kill_on_drop: false }`
[INFO] [stderr] warning: found module declaration for lib.rs
[INFO] [stderr]  --> src/main.rs:4:1
[INFO] [stderr]   |
[INFO] [stderr] 4 | mod lib;
[INFO] [stderr]   | ^^^^^^^^
[INFO] [stderr]   |
[INFO] [stderr]   = note: lib.rs is the root of this crate's library target
[INFO] [stderr]   = help: to refer to it from other targets, use the library's name as the path
[INFO] [stderr]   = note: `#[warn(special_module_name)]` on by default
[INFO] [stderr] 
[INFO] [stderr] warning: hiding a lifetime that's elided elsewhere is confusing
[INFO] [stderr]    --> src/core/tree.rs:157:20
[INFO] [stderr]     |
[INFO] [stderr] 157 |   pub fn blob_iter(&self) -> BlobIterator {
[INFO] [stderr]     |                    ^^^^^     ^^^^^^^^^^^^ the same lifetime is hidden here
[INFO] [stderr]     |                    |
[INFO] [stderr]     |                    the lifetime is elided here
[INFO] [stderr]     |
[INFO] [stderr]     = help: the same lifetime is referred to in inconsistent ways, making the signature confusing
[INFO] [stderr]     = note: `#[warn(mismatched_lifetime_syntaxes)]` on by default
[INFO] [stderr] help: use `'_` for type paths
[INFO] [stderr]     |
[INFO] [stderr] 157 |   pub fn blob_iter(&self) -> BlobIterator<'_> {
[INFO] [stderr]     |                                          ++++
[INFO] [stderr] 
[INFO] [stderr] warning: `rgit` (bin "rgit" test) generated 2 warnings (run `cargo fix --bin "rgit" -p rgit --tests` to apply 1 suggestion)
[INFO] [stderr]     Finished `release` profile [optimized] target(s) in 0.12s
[INFO] [stderr]      Running unittests src/main.rs (/opt/rustwide/target/release/build/rgit/1cde02170f7d091c/out/rgit-1cde02170f7d091c)
[INFO] [stdout] 
[INFO] [stdout] running 96 tests
[INFO] [stdout] test tests::cli::commit::commit_does_not_handle_empty_arguments ... FAILED
[INFO] [stdout] test tests::cli::add::add_outputs_unrecognized_path_on_no_matching_path ... FAILED
[INFO] [stdout] test tests::cli::config::config_does_not_handle_any_arguments ... FAILED
[INFO] [stdout] test tests::cli::config::config_does_not_handle_empty_options ... FAILED
[INFO] [stdout] test tests::cli::config::config_handles_both_options ... FAILED
[INFO] [stdout] test tests::cli::add::add_does_not_handle_empty_arguments ... FAILED
[INFO] [stdout] test tests::cli::config::config_handles_single_username_option ... FAILED
[INFO] [stdout] test tests::cli::commit::commit_handles_message_option_with_single_argument ... FAILED
[INFO] [stdout] test tests::cli::add::add_does_not_handle_options ... FAILED
[INFO] [stdout] test tests::cli::commit::it_outputs_staging_status_on_empty_index ... FAILED
[INFO] [stdout] test tests::cli::commit::commit_does_not_handle_message_option_without_argument ... FAILED
[INFO] [stdout] test tests::cli::add::add_handles_multiple_arguments ... FAILED
[INFO] [stdout] test tests::cli::commit::commit_creates_a_new_commit ... FAILED
[INFO] [stdout] test tests::cli::commit::commit_does_not_handle_random_options ... FAILED
[INFO] [stdout] test tests::cli::config::config_updates_the_user_credentials ... FAILED
[INFO] [stdout] test tests::cli::config::config_handles_single_email_option ... FAILED
[INFO] [stdout] test tests::cli::commit::commit_does_not_handle_message_option_with_multiple_arguments ... FAILED
[INFO] [stdout] test tests::cli::init::init_given_option_fails ... FAILED
[INFO] [stdout] test tests::cli::init::init_given_no_arguments_and_options_succeeds ... FAILED
[INFO] [stdout] test tests::cli::init::init_if_no_repository_exists_succeeds_creating_repository ... FAILED
[INFO] [stdout] test tests::cli::init::init_given_argument_fails ... FAILED
[INFO] [stdout] test tests::cli::init::init_if_repository_exists_fails_with_error ... FAILED
[INFO] [stdout] test tests::cli::restore::restore_does_not_handle_empty_arguments ... FAILED
[INFO] [stdout] test tests::cli::restore::restore_does_not_handle_options ... FAILED
[INFO] [stdout] test tests::cli::status::status_does_not_handle_any_arguments ... FAILED
[INFO] [stdout] test tests::cli::restore::restore_handles_multiple_arguments ... FAILED
[INFO] [stdout] test tests::cli::status::status_prints_current_working_tree_status ... FAILED
[INFO] [stdout] test tests::cli::status::status_does_not_handle_any_options ... FAILED
[INFO] [stdout] test tests::cli::switch::switch_changes_to_a_branch ... FAILED
[INFO] [stdout] test tests::cli::switch::switch_creates_a_new_branch ... FAILED
[INFO] [stdout] test tests::cli::switch::switch_changes_to_a_commit_in_headless_mode ... FAILED
[INFO] [stdout] test tests::cli::switch::switch_does_not_handle_multiple_arguments ... FAILED
[INFO] [stdout] test tests::cli::switch::switch_does_not_handle_empty_arguments ... FAILED
[INFO] [stdout] test tests::cli::switch::switch_handles_commit_option ... FAILED
[INFO] [stdout] test tests::cli::switch::switch_does_not_handle_random_options ... FAILED
[INFO] [stdout] test tests::cli::switch::switch_does_not_handle_commit_and_new_options_at_the_same_time ... FAILED
[INFO] [stdout] test tests::cli::switch::switch_handles_new_option ... FAILED
[INFO] [stdout] test tests::cli::switch::switch_if_branch_already_exists_on_create_outputs_unrecognised_branch_error ... FAILED
[INFO] [stdout] test tests::cli::switch::switch_handles_single_argument ... FAILED
[INFO] [stdout] test tests::cli::switch::switch_if_commit_does_not_exists_on_change_outputs_unrecognised_object_error ... FAILED
[INFO] [stdout] test tests::cli::switch::switch_if_branch_does_not_exists_on_change_outputs_unrecognised_branch_error ... FAILED
[INFO] [stdout] test tests::core::blob::from_id_given_existing_id_returns_blob ... ok
[INFO] [stdout] test tests::core::blob::from_path_given_path_creates_blob ... ok
[INFO] [stdout] test tests::core::blob::new_given_bytes_creates_blob ... ok
[INFO] [stdout] test tests::core::blob::from_id_given_non_existing_id_return_unknown_object_error ... ok
[INFO] [stdout] test tests::core::branch::new_given_existing_name_returns_duplicate_branch_error ... ok
[INFO] [stdout] test tests::core::branch::commit_if_not_present_returns_none ... ok
[INFO] [stdout] test tests::core::branch::get_given_name_returns_branch ... ok
[INFO] [stdout] test tests::core::branch::initial_branch_file ... ok
[INFO] [stdout] test tests::core::branch::new_given_name_and_no_commit_creates_branch ... ok
[INFO] [stdout] test tests::core::branch::commit_if_present_returns_commit ... ok
[INFO] [stdout] test tests::core::branch::remove_given_name_deletes_branch ... ok
[INFO] [stdout] test tests::core::branch::new_given_name_and_some_commit_creates_branch ... ok
[INFO] [stdout] test tests::core::branch::remove_given_non_existing_name_returns_missing_branch_error ... ok
[INFO] [stdout] test tests::core::branch::set_given_name_updates_branch_commit_id ... ok
[INFO] [stdout] test tests::core::commit::new_given_parent_commit_and_tree_creates_commit ... ok
[INFO] [stdout] test tests::core::commit::from_id_given_existing_id_returns_commit ... ok
[INFO] [stdout] test tests::core::branch::set_given_non_existing_name_returns_missing_branch_error ... ok
[INFO] [stdout] test tests::core::commit::new_given_invalid_tree_returns_error ... ok
[INFO] [stdout] test tests::core::commit::parent_returns_none_if_the_parent_id_is_invalid ... ok
[INFO] [stdout] test tests::core::commit::parent_returns_the_associated_parent_commit ... ok
[INFO] [stdout] test tests::core::head::commit_returns_reference_branch_commit ... ok
[INFO] [stdout] test tests::core::commit::tree_returns_the_associated_tree ... ok
[INFO] [stdout] test tests::core::head::commit_returns_reference_commit_commit ... ok
[INFO] [stdout] test tests::core::head::detached_head_file ... ok
[INFO] [stdout] test tests::core::head::get_given_commit_returns_head ... ok
[INFO] [stdout] test tests::core::head::get_given_master_branch_returns_head ... ok
[INFO] [stdout] test tests::core::head::initial_head_file ... ok
[INFO] [stdout] test tests::core::branch::get_given_non_existing_name_returns_missing_branch_error ... ok
[INFO] [stdout] test tests::cli::status::status_handles_default_call ... FAILED
[INFO] [stdout] test tests::core::head::set_given_branch_reference_updates_head ... ok
[INFO] [stdout] test tests::core::head::set_given_commit_reference_updates_head ... ok
[INFO] [stdout] test tests::core::index::add_given_deleted_file_paths_inserts_to_index ... ok
[INFO] [stdout] test tests::core::index::add_given_modified_file_paths_inserts_to_index ... ok
[INFO] [stdout] test tests::core::index::add_given_untracked_file_paths_inserts_to_index ... ok
[INFO] [stdout] test tests::core::index::remove_given_file_paths_removes_from_index ... ok
[INFO] [stdout] test tests::core::tree::from_id_given_existing_id_returns_tree ... ok
[INFO] [stdout] test tests::core::tree::get_given_existing_path_returns_the_node ... ok
[INFO] [stdout] test tests::core::tree::get_given_non_existing_path_returns_none ... ok
[INFO] [stdout] test tests::core::tree::insert_given_multi_component_path_and_node_creates_child_overwriting_any_obstructing_nodes ... ok
[INFO] [stdout] test tests::core::tree::insert_given_multi_component_path_and_node_creates_child_with_preceding_trees ... ok
[INFO] [stdout] test tests::core::tree::new_initializes_empty_tree ... ok
[INFO] [stdout] test tests::core::tree::insert_given_single_component_path_and_node_creates_a_direct_child ... ok
[INFO] [stdout] test tests::core::tree::pack_compresses_and_saves_the_tree_inside_the_repository_and_modifies_and_returns_its_id ... ok
[INFO] [stdout] test tests::core::tree::remove_given_existing_path_removes_the_target_node ... ok
[INFO] [stdout] test tests::core::tree::remove_given_non_existing_path_has_no_effect ... ok
[INFO] [stdout] test tests::core::tree::unpack_given_path_directory_prefix_creates_directories_and_files_based_on_the_tree_structure ... ok
[INFO] [stdout] test tests::lib::folder_files_given_path_returns_list_of_files_descending_of_path ... ok
[INFO] [stdout] test tests::lib::initialize_creates_the_repository_folder_in_the_current_locale ... ok
[INFO] [stdout] test tests::lib::read_object_bytes_given_an_id_returns_the_object_data ... ok
[INFO] [stdout] test tests::lib::relative_given_path_returns_project_relative_path ... ok
[INFO] [stdout] test tests::lib::user::get_returns_the_stored_user ... ok
[INFO] [stdout] test tests::lib::user::new_given_username_and_email_creates_user ... ok
[INFO] [stdout] test tests::lib::user::set_email_given_email_changes_the_current_user_email ... ok
[INFO] [stdout] test tests::lib::user::set_username_given_username_changes_the_current_user_username ... ok
[INFO] [stdout] test tests::lib::write_object_bytes_given_its_type_and_bytes_creates_an_object_and_returns_its_id ... ok
[INFO] [stdout] 
[INFO] [stdout] failures:
[INFO] [stdout] 
[INFO] [stdout] ---- tests::cli::commit::commit_does_not_handle_empty_arguments stdout ----
[INFO] [stdout] 
[INFO] [stdout] thread 'tests::cli::commit::commit_does_not_handle_empty_arguments' (1659) panicked at src/tests/mod.rs:25:48:
[INFO] [stdout] called `Result::unwrap()` on an `Err` value: CargoError { cause: Some(NotFoundError { path: "/opt/rustwide/target/release/build/rgit/1cde02170f7d091c/out/rgit" }) }
[INFO] [stdout] stack backtrace:
[INFO] [stdout]    0:     0x566d4099ac21 - <<std[617be2ca0a6fd877]::sys::backtrace::BacktraceLock>::print::DisplayBacktrace as core[a373ad73a504971]::fmt::Display>::fmt
[INFO] [stdout]    1:     0x566d409b1f2a - core[a373ad73a504971]::fmt::write
[INFO] [stdout]    2:     0x566d409a082c - <alloc[2e1b2a31b91974c5]::vec::Vec<u8> as core[a373ad73a504971]::io::write::Write>::write_fmt
[INFO] [stdout]    3:     0x566d409749b6 - std[617be2ca0a6fd877]::panicking::default_hook::{closure#0}
[INFO] [stdout]    4:     0x566d40992599 - std[617be2ca0a6fd877]::panicking::default_hook
[INFO] [stdout]    5:     0x566d408ff610 - test[aada8e7e76ba119b]::test_main_inner::{closure#0}
[INFO] [stdout]    6:     0x566d40992752 - std[617be2ca0a6fd877]::panicking::panic_with_hook
[INFO] [stdout]    7:     0x566d40974a62 - std[617be2ca0a6fd877]::panicking::panic_handler::{closure#0}
[INFO] [stdout]    8:     0x566d4096d3f9 - std[617be2ca0a6fd877]::sys::backtrace::__rust_end_short_backtrace::<std[617be2ca0a6fd877]::panicking::panic_handler::{closure#0}, !>
[INFO] [stdout]    9:     0x566d4097570d - __rustc[ea4f61d10b84890b]::rust_begin_unwind
[INFO] [stdout]   10:     0x566d409b265c - core[a373ad73a504971]::panicking::panic_fmt
[INFO] [stdout]   11:     0x566d409b2432 - core[a373ad73a504971]::result::unwrap_failed
[INFO] [stdout]   12:     0x566d408eae44 - rgit[ed8d43cfed102049]::tests::run_acceptance
[INFO] [stdout]   13:     0x566d40944e04 - serial_test[e1f445d0b7f843f0]::serial_core
[INFO] [stdout]   14:     0x566d408e2938 - <rgit[ed8d43cfed102049]::tests::cli::commit::commit_does_not_handle_empty_arguments::{closure#0} as core[a373ad73a504971]::ops::function::FnOnce<()>>::call_once
[INFO] [stdout]   15:     0x566d408f2a5b - test[aada8e7e76ba119b]::__rust_begin_short_backtrace::<core[a373ad73a504971]::result::Result<(), alloc[2e1b2a31b91974c5]::string::String>, fn() -> core[a373ad73a504971]::result::Result<(), alloc[2e1b2a31b91974c5]::string::String>>
[INFO] [stdout]   16:     0x566d408ffc35 - test[aada8e7e76ba119b]::run_test::{closure#0}
[INFO] [stdout]   17:     0x566d408f9524 - std[617be2ca0a6fd877]::sys::backtrace::__rust_begin_short_backtrace::<test[aada8e7e76ba119b]::run_test::{closure#1}, ()>
[INFO] [stdout]   18:     0x566d40902cc2 - <std[617be2ca0a6fd877]::thread::lifecycle::spawn_unchecked<test[aada8e7e76ba119b]::run_test::{closure#1}, ()>::{closure#1} as core[a373ad73a504971]::ops::function::FnOnce<()>>::call_once::{shim:vtable#0}
[INFO] [stdout]   19:     0x566d4099a3ff - <std[617be2ca0a6fd877]::sys::thread::unix::Thread>::new::thread_start
[INFO] [stdout]   20:     0x782e61c6ddfa - <unknown>
[INFO] [stdout]   21:     0x782e61d013d4 - clone
[INFO] [stdout]   22:                0x0 - <unknown>
[INFO] [stdout] 
[INFO] [stdout] ---- tests::cli::add::add_outputs_unrecognized_path_on_no_matching_path stdout ----
[INFO] [stdout] 
[INFO] [stdout] thread 'tests::cli::add::add_outputs_unrecognized_path_on_no_matching_path' (1657) panicked at src/tests/mod.rs:25:48:
[INFO] [stdout] called `Result::unwrap()` on an `Err` value: CargoError { cause: Some(NotFoundError { path: "/opt/rustwide/target/release/build/rgit/1cde02170f7d091c/out/rgit" }) }
[INFO] [stdout] stack backtrace:
[INFO] [stdout]    0:     0x566d4099ac21 - <<std[617be2ca0a6fd877]::sys::backtrace::BacktraceLock>::print::DisplayBacktrace as core[a373ad73a504971]::fmt::Display>::fmt
[INFO] [stdout]    1:     0x566d409b1f2a - core[a373ad73a504971]::fmt::write
[INFO] [stdout]    2:     0x566d409a082c - <alloc[2e1b2a31b91974c5]::vec::Vec<u8> as core[a373ad73a504971]::io::write::Write>::write_fmt
[INFO] [stdout]    3:     0x566d409749b6 - std[617be2ca0a6fd877]::panicking::default_hook::{closure#0}
[INFO] [stdout]    4:     0x566d40992599 - std[617be2ca0a6fd877]::panicking::default_hook
[INFO] [stdout]    5:     0x566d408ff610 - test[aada8e7e76ba119b]::test_main_inner::{closure#0}
[INFO] [stdout]    6:     0x566d40992752 - std[617be2ca0a6fd877]::panicking::panic_with_hook
[INFO] [stdout]    7:     0x566d40974a62 - std[617be2ca0a6fd877]::panicking::panic_handler::{closure#0}
[INFO] [stdout]    8:     0x566d4096d3f9 - std[617be2ca0a6fd877]::sys::backtrace::__rust_end_short_backtrace::<std[617be2ca0a6fd877]::panicking::panic_handler::{closure#0}, !>
[INFO] [stdout]    9:     0x566d4097570d - __rustc[ea4f61d10b84890b]::rust_begin_unwind
[INFO] [stdout]   10:     0x566d409b265c - core[a373ad73a504971]::panicking::panic_fmt
[INFO] [stdout]   11:     0x566d409b2432 - core[a373ad73a504971]::result::unwrap_failed
[INFO] [stdout]   12:     0x566d408eae44 - rgit[ed8d43cfed102049]::tests::run_acceptance
[INFO] [stdout]   13:     0x566d40944e04 - serial_test[e1f445d0b7f843f0]::serial_core
[INFO] [stdout]   14:     0x566d408dede8 - <rgit[ed8d43cfed102049]::tests::cli::add::add_outputs_unrecognized_path_on_no_matching_path::{closure#0} as core[a373ad73a504971]::ops::function::FnOnce<()>>::call_once
[INFO] [stdout]   15:     0x566d408f2a5b - test[aada8e7e76ba119b]::__rust_begin_short_backtrace::<core[a373ad73a504971]::result::Result<(), alloc[2e1b2a31b91974c5]::string::String>, fn() -> core[a373ad73a504971]::result::Result<(), alloc[2e1b2a31b91974c5]::string::String>>
[INFO] [stdout]   16:     0x566d408ffc35 - test[aada8e7e76ba119b]::run_test::{closure#0}
[INFO] [stdout]   17:     0x566d408f9524 - std[617be2ca0a6fd877]::sys::backtrace::__rust_begin_short_backtrace::<test[aada8e7e76ba119b]::run_test::{closure#1}, ()>
[INFO] [stdout]   18:     0x566d40902cc2 - <std[617be2ca0a6fd877]::thread::lifecycle::spawn_unchecked<test[aada8e7e76ba119b]::run_test::{closure#1}, ()>::{closure#1} as core[a373ad73a504971]::ops::function::FnOnce<()>>::call_once::{shim:vtable#0}
[INFO] [stdout]   19:     0x566d4099a3ff - <std[617be2ca0a6fd877]::sys::thread::unix::Thread>::new::thread_start
[INFO] [stdout]   20:     0x782e61c6ddfa - <unknown>
[INFO] [stdout]   21:     0x782e61d013d4 - clone
[INFO] [stdout]   22:                0x0 - <unknown>
[INFO] [stdout] 
[INFO] [stdout] ---- tests::cli::config::config_does_not_handle_any_arguments stdout ----
[INFO] [stdout] 
[INFO] [stdout] thread 'tests::cli::config::config_does_not_handle_any_arguments' (1665) panicked at src/tests/mod.rs:25:48:
[INFO] [stdout] called `Result::unwrap()` on an `Err` value: CargoError { cause: Some(NotFoundError { path: "/opt/rustwide/target/release/build/rgit/1cde02170f7d091c/out/rgit" }) }
[INFO] [stdout] stack backtrace:
[INFO] [stdout]    0:     0x566d4099ac21 - <<std[617be2ca0a6fd877]::sys::backtrace::BacktraceLock>::print::DisplayBacktrace as core[a373ad73a504971]::fmt::Display>::fmt
[INFO] [stdout]    1:     0x566d409b1f2a - core[a373ad73a504971]::fmt::write
[INFO] [stdout]    2:     0x566d409a082c - <alloc[2e1b2a31b91974c5]::vec::Vec<u8> as core[a373ad73a504971]::io::write::Write>::write_fmt
[INFO] [stdout]    3:     0x566d409749b6 - std[617be2ca0a6fd877]::panicking::default_hook::{closure#0}
[INFO] [stdout]    4:     0x566d40992599 - std[617be2ca0a6fd877]::panicking::default_hook
[INFO] [stdout]    5:     0x566d408ff610 - test[aada8e7e76ba119b]::test_main_inner::{closure#0}
[INFO] [stdout]    6:     0x566d40992752 - std[617be2ca0a6fd877]::panicking::panic_with_hook
[INFO] [stdout]    7:     0x566d40974a62 - std[617be2ca0a6fd877]::panicking::panic_handler::{closure#0}
[INFO] [stdout]    8:     0x566d4096d3f9 - std[617be2ca0a6fd877]::sys::backtrace::__rust_end_short_backtrace::<std[617be2ca0a6fd877]::panicking::panic_handler::{closure#0}, !>
[INFO] [stdout]    9:     0x566d4097570d - __rustc[ea4f61d10b84890b]::rust_begin_unwind
[INFO] [stdout]   10:     0x566d409b265c - core[a373ad73a504971]::panicking::panic_fmt
[INFO] [stdout]   11:     0x566d409b2432 - core[a373ad73a504971]::result::unwrap_failed
[INFO] [stdout]   12:     0x566d408eae44 - rgit[ed8d43cfed102049]::tests::run_acceptance
[INFO] [stdout]   13:     0x566d40944e04 - serial_test[e1f445d0b7f843f0]::serial_core
[INFO] [stdout]   14:     0x566d408e9dc8 - <rgit[ed8d43cfed102049]::tests::cli::config::config_does_not_handle_any_arguments::{closure#0} as core[a373ad73a504971]::ops::function::FnOnce<()>>::call_once
[INFO] [stdout]   15:     0x566d408f2a5b - test[aada8e7e76ba119b]::__rust_begin_short_backtrace::<core[a373ad73a504971]::result::Result<(), alloc[2e1b2a31b91974c5]::string::String>, fn() -> core[a373ad73a504971]::result::Result<(), alloc[2e1b2a31b91974c5]::string::String>>
[INFO] [stdout]   16:     0x566d408ffc35 - test[aada8e7e76ba119b]::run_test::{closure#0}
[INFO] [stdout]   17:     0x566d408f9524 - std[617be2ca0a6fd877]::sys::backtrace::__rust_begin_short_backtrace::<test[aada8e7e76ba119b]::run_test::{closure#1}, ()>
[INFO] [stdout]   18:     0x566d40902cc2 - <std[617be2ca0a6fd877]::thread::lifecycle::spawn_unchecked<test[aada8e7e76ba119b]::run_test::{closure#1}, ()>::{closure#1} as core[a373ad73a504971]::ops::function::FnOnce<()>>::call_once::{shim:vtable#0}
[INFO] [stdout]   19:     0x566d4099a3ff - <std[617be2ca0a6fd877]::sys::thread::unix::Thread>::new::thread_start
[INFO] [stdout]   20:     0x782e61c6ddfa - <unknown>
[INFO] [stdout]   21:     0x782e61d013d4 - clone
[INFO] [stdout]   22:                0x0 - <unknown>
[INFO] [stdout] 
[INFO] [stdout] ---- tests::cli::config::config_does_not_handle_empty_options stdout ----
[INFO] [stdout] 
[INFO] [stdout] thread 'tests::cli::config::config_does_not_handle_empty_options' (1666) panicked at src/tests/mod.rs:25:48:
[INFO] [stdout] called `Result::unwrap()` on an `Err` value: CargoError { cause: Some(NotFoundError { path: "/opt/rustwide/target/release/build/rgit/1cde02170f7d091c/out/rgit" }) }
[INFO] [stdout] stack backtrace:
[INFO] [stdout]    0:     0x566d4099ac21 - <<std[617be2ca0a6fd877]::sys::backtrace::BacktraceLock>::print::DisplayBacktrace as core[a373ad73a504971]::fmt::Display>::fmt
[INFO] [stdout]    1:     0x566d409b1f2a - core[a373ad73a504971]::fmt::write
[INFO] [stdout]    2:     0x566d409a082c - <alloc[2e1b2a31b91974c5]::vec::Vec<u8> as core[a373ad73a504971]::io::write::Write>::write_fmt
[INFO] [stdout]    3:     0x566d409749b6 - std[617be2ca0a6fd877]::panicking::default_hook::{closure#0}
[INFO] [stdout]    4:     0x566d40992599 - std[617be2ca0a6fd877]::panicking::default_hook
[INFO] [stdout]    5:     0x566d408ff610 - test[aada8e7e76ba119b]::test_main_inner::{closure#0}
[INFO] [stdout]    6:     0x566d40992752 - std[617be2ca0a6fd877]::panicking::panic_with_hook
[INFO] [stdout]    7:     0x566d40974a62 - std[617be2ca0a6fd877]::panicking::panic_handler::{closure#0}
[INFO] [stdout]    8:     0x566d4096d3f9 - std[617be2ca0a6fd877]::sys::backtrace::__rust_end_short_backtrace::<std[617be2ca0a6fd877]::panicking::panic_handler::{closure#0}, !>
[INFO] [stdout]    9:     0x566d4097570d - __rustc[ea4f61d10b84890b]::rust_begin_unwind
[INFO] [stdout]   10:     0x566d409b265c - core[a373ad73a504971]::panicking::panic_fmt
[INFO] [stdout]   11:     0x566d409b2432 - core[a373ad73a504971]::result::unwrap_failed
[INFO] [stdout]   12:     0x566d408eae44 - rgit[ed8d43cfed102049]::tests::run_acceptance
[INFO] [stdout]   13:     0x566d40944e04 - serial_test[e1f445d0b7f843f0]::serial_core
[INFO] [stdout]   14:     0x566d408e9df8 - <rgit[ed8d43cfed102049]::tests::cli::config::config_does_not_handle_empty_options::{closure#0} as core[a373ad73a504971]::ops::function::FnOnce<()>>::call_once
[INFO] [stdout]   15:     0x566d408f2a5b - test[aada8e7e76ba119b]::__rust_begin_short_backtrace::<core[a373ad73a504971]::result::Result<(), alloc[2e1b2a31b91974c5]::string::String>, fn() -> core[a373ad73a504971]::result::Result<(), alloc[2e1b2a31b91974c5]::string::String>>
[INFO] [stdout]   16:     0x566d408ffc35 - test[aada8e7e76ba119b]::run_test::{closure#0}
[INFO] [stdout]   17:     0x566d408f9524 - std[617be2ca0a6fd877]::sys::backtrace::__rust_begin_short_backtrace::<test[aada8e7e76ba119b]::run_test::{closure#1}, ()>
[INFO] [stdout]   18:     0x566d40902cc2 - <std[617be2ca0a6fd877]::thread::lifecycle::spawn_unchecked<test[aada8e7e76ba119b]::run_test::{closure#1}, ()>::{closure#1} as core[a373ad73a504971]::ops::function::FnOnce<()>>::call_once::{shim:vtable#0}
[INFO] [stdout]   19:     0x566d4099a3ff - <std[617be2ca0a6fd877]::sys::thread::unix::Thread>::new::thread_start
[INFO] [stdout]   20:     0x782e61c6ddfa - <unknown>
[INFO] [stdout]   21:     0x782e61d013d4 - clone
[INFO] [stdout]   22:                0x0 - <unknown>
[INFO] [stdout] 
[INFO] [stdout] ---- tests::cli::config::config_handles_both_options stdout ----
[INFO] [stdout] 
[INFO] [stdout] thread 'tests::cli::config::config_handles_both_options' (1667) panicked at src/tests/mod.rs:25:48:
[INFO] [stdout] called `Result::unwrap()` on an `Err` value: CargoError { cause: Some(NotFoundError { path: "/opt/rustwide/target/release/build/rgit/1cde02170f7d091c/out/rgit" }) }
[INFO] [stdout] stack backtrace:
[INFO] [stdout]    0:     0x566d4099ac21 - <<std[617be2ca0a6fd877]::sys::backtrace::BacktraceLock>::print::DisplayBacktrace as core[a373ad73a504971]::fmt::Display>::fmt
[INFO] [stdout]    1:     0x566d409b1f2a - core[a373ad73a504971]::fmt::write
[INFO] [stdout]    2:     0x566d409a082c - <alloc[2e1b2a31b91974c5]::vec::Vec<u8> as core[a373ad73a504971]::io::write::Write>::write_fmt
[INFO] [stdout]    3:     0x566d409749b6 - std[617be2ca0a6fd877]::panicking::default_hook::{closure#0}
[INFO] [stdout]    4:     0x566d40992599 - std[617be2ca0a6fd877]::panicking::default_hook
[INFO] [stdout]    5:     0x566d408ff610 - test[aada8e7e76ba119b]::test_main_inner::{closure#0}
[INFO] [stdout]    6:     0x566d40992752 - std[617be2ca0a6fd877]::panicking::panic_with_hook
[INFO] [stdout]    7:     0x566d40974a62 - std[617be2ca0a6fd877]::panicking::panic_handler::{closure#0}
[INFO] [stdout]    8:     0x566d4096d3f9 - std[617be2ca0a6fd877]::sys::backtrace::__rust_end_short_backtrace::<std[617be2ca0a6fd877]::panicking::panic_handler::{closure#0}, !>
[INFO] [stdout]    9:     0x566d4097570d - __rustc[ea4f61d10b84890b]::rust_begin_unwind
[INFO] [stdout]   10:     0x566d409b265c - core[a373ad73a504971]::panicking::panic_fmt
[INFO] [stdout]   11:     0x566d409b2432 - core[a373ad73a504971]::result::unwrap_failed
[INFO] [stdout]   12:     0x566d408eae44 - rgit[ed8d43cfed102049]::tests::run_acceptance
[INFO] [stdout]   13:     0x566d40944e04 - serial_test[e1f445d0b7f843f0]::serial_core
[INFO] [stdout]   14:     0x566d408e9d38 - <rgit[ed8d43cfed102049]::tests::cli::config::config_handles_both_options::{closure#0} as core[a373ad73a504971]::ops::function::FnOnce<()>>::call_once
[INFO] [stdout]   15:     0x566d408f2a5b - test[aada8e7e76ba119b]::__rust_begin_short_backtrace::<core[a373ad73a504971]::result::Result<(), alloc[2e1b2a31b91974c5]::string::String>, fn() -> core[a373ad73a504971]::result::Result<(), alloc[2e1b2a31b91974c5]::string::String>>
[INFO] [stdout]   16:     0x566d408ffc35 - test[aada8e7e76ba119b]::run_test::{closure#0}
[INFO] [stdout]   17:     0x566d408f9524 - std[617be2ca0a6fd877]::sys::backtrace::__rust_begin_short_backtrace::<test[aada8e7e76ba119b]::run_test::{closure#1}, ()>
[INFO] [stdout]   18:     0x566d40902cc2 - <std[617be2ca0a6fd877]::thread::lifecycle::spawn_unchecked<test[aada8e7e76ba119b]::run_test::{closure#1}, ()>::{closure#1} as core[a373ad73a504971]::ops::function::FnOnce<()>>::call_once::{shim:vtable#0}
[INFO] [stdout]   19:     0x566d4099a3ff - <std[617be2ca0a6fd877]::sys::thread::unix::Thread>::new::thread_start
[INFO] [stdout]   20:     0x782e61c6ddfa - <unknown>
[INFO] [stdout]   21:     0x782e61d013d4 - clone
[INFO] [stdout]   22:                0x0 - <unknown>
[INFO] [stdout] 
[INFO] [stdout] ---- tests::cli::add::add_does_not_handle_empty_arguments stdout ----
[INFO] [stdout] 
[INFO] [stdout] thread 'tests::cli::add::add_does_not_handle_empty_arguments' (1654) panicked at src/tests/mod.rs:25:48:
[INFO] [stdout] called `Result::unwrap()` on an `Err` value: CargoError { cause: Some(NotFoundError { path: "/opt/rustwide/target/release/build/rgit/1cde02170f7d091c/out/rgit" }) }
[INFO] [stdout] stack backtrace:
[INFO] [stdout]    0:     0x566d4099ac21 - <<std[617be2ca0a6fd877]::sys::backtrace::BacktraceLock>::print::DisplayBacktrace as core[a373ad73a504971]::fmt::Display>::fmt
[INFO] [stdout]    1:     0x566d409b1f2a - core[a373ad73a504971]::fmt::write
[INFO] [stdout]    2:     0x566d409a082c - <alloc[2e1b2a31b91974c5]::vec::Vec<u8> as core[a373ad73a504971]::io::write::Write>::write_fmt
[INFO] [stdout]    3:     0x566d409749b6 - std[617be2ca0a6fd877]::panicking::default_hook::{closure#0}
[INFO] [stdout]    4:     0x566d40992599 - std[617be2ca0a6fd877]::panicking::default_hook
[INFO] [stdout]    5:     0x566d408ff610 - test[aada8e7e76ba119b]::test_main_inner::{closure#0}
[INFO] [stdout]    6:     0x566d40992752 - std[617be2ca0a6fd877]::panicking::panic_with_hook
[INFO] [stdout]    7:     0x566d40974a62 - std[617be2ca0a6fd877]::panicking::panic_handler::{closure#0}
[INFO] [stdout]    8:     0x566d4096d3f9 - std[617be2ca0a6fd877]::sys::backtrace::__rust_end_short_backtrace::<std[617be2ca0a6fd877]::panicking::panic_handler::{closure#0}, !>
[INFO] [stdout]    9:     0x566d4097570d - __rustc[ea4f61d10b84890b]::rust_begin_unwind
[INFO] [stdout]   10:     0x566d409b265c - core[a373ad73a504971]::panicking::panic_fmt
[INFO] [stdout]   11:     0x566d409b2432 - core[a373ad73a504971]::result::unwrap_failed
[INFO] [stdout]   12:     0x566d408eae44 - rgit[ed8d43cfed102049]::tests::run_acceptance
[INFO] [stdout]   13:     0x566d40944e04 - serial_test[e1f445d0b7f843f0]::serial_core
[INFO] [stdout]   14:     0x566d408dedb8 - <rgit[ed8d43cfed102049]::tests::cli::add::add_does_not_handle_empty_arguments::{closure#0} as core[a373ad73a504971]::ops::function::FnOnce<()>>::call_once
[INFO] [stdout]   15:     0x566d408f2a5b - test[aada8e7e76ba119b]::__rust_begin_short_backtrace::<core[a373ad73a504971]::result::Result<(), alloc[2e1b2a31b91974c5]::string::String>, fn() -> core[a373ad73a504971]::result::Result<(), alloc[2e1b2a31b91974c5]::string::String>>
[INFO] [stdout]   16:     0x566d408ffc35 - test[aada8e7e76ba119b]::run_test::{closure#0}
[INFO] [stdout]   17:     0x566d408f9524 - std[617be2ca0a6fd877]::sys::backtrace::__rust_begin_short_backtrace::<test[aada8e7e76ba119b]::run_test::{closure#1}, ()>
[INFO] [stdout]   18:     0x566d40902cc2 - <std[617be2ca0a6fd877]::thread::lifecycle::spawn_unchecked<test[aada8e7e76ba119b]::run_test::{closure#1}, ()>::{closure#1} as core[a373ad73a504971]::ops::function::FnOnce<()>>::call_once::{shim:vtable#0}
[INFO] [stdout]   19:     0x566d4099a3ff - <std[617be2ca0a6fd877]::sys::thread::unix::Thread>::new::thread_start
[INFO] [stdout]   20:     0x782e61c6ddfa - <unknown>
[INFO] [stdout]   21:     0x782e61d013d4 - clone
[INFO] [stdout]   22:                0x0 - <unknown>
[INFO] [stdout] 
[INFO] [stdout] ---- tests::cli::config::config_handles_single_username_option stdout ----
[INFO] [stdout] 
[INFO] [stdout] thread 'tests::cli::config::config_handles_single_username_option' (1669) panicked at src/tests/mod.rs:25:48:
[INFO] [stdout] called `Result::unwrap()` on an `Err` value: CargoError { cause: Some(NotFoundError { path: "/opt/rustwide/target/release/build/rgit/1cde02170f7d091c/out/rgit" }) }
[INFO] [stdout] stack backtrace:
[INFO] [stdout]    0:     0x566d4099ac21 - <<std[617be2ca0a6fd877]::sys::backtrace::BacktraceLock>::print::DisplayBacktrace as core[a373ad73a504971]::fmt::Display>::fmt
[INFO] [stdout]    1:     0x566d409b1f2a - core[a373ad73a504971]::fmt::write
[INFO] [stdout]    2:     0x566d409a082c - <alloc[2e1b2a31b91974c5]::vec::Vec<u8> as core[a373ad73a504971]::io::write::Write>::write_fmt
[INFO] [stdout]    3:     0x566d409749b6 - std[617be2ca0a6fd877]::panicking::default_hook::{closure#0}
[INFO] [stdout]    4:     0x566d40992599 - std[617be2ca0a6fd877]::panicking::default_hook
[INFO] [stdout]    5:     0x566d408ff610 - test[aada8e7e76ba119b]::test_main_inner::{closure#0}
[INFO] [stdout]    6:     0x566d40992752 - std[617be2ca0a6fd877]::panicking::panic_with_hook
[INFO] [stdout]    7:     0x566d40974a62 - std[617be2ca0a6fd877]::panicking::panic_handler::{closure#0}
[INFO] [stdout]    8:     0x566d4096d3f9 - std[617be2ca0a6fd877]::sys::backtrace::__rust_end_short_backtrace::<std[617be2ca0a6fd877]::panicking::panic_handler::{closure#0}, !>
[INFO] [stdout]    9:     0x566d4097570d - __rustc[ea4f61d10b84890b]::rust_begin_unwind
[INFO] [stdout]   10:     0x566d409b265c - core[a373ad73a504971]::panicking::panic_fmt
[INFO] [stdout]   11:     0x566d409b2432 - core[a373ad73a504971]::result::unwrap_failed
[INFO] [stdout]   12:     0x566d408eae44 - rgit[ed8d43cfed102049]::tests::run_acceptance
[INFO] [stdout]   13:     0x566d40944e04 - serial_test[e1f445d0b7f843f0]::serial_core
[INFO] [stdout]   14:     0x566d408e9e28 - <rgit[ed8d43cfed102049]::tests::cli::config::config_handles_single_username_option::{closure#0} as core[a373ad73a504971]::ops::function::FnOnce<()>>::call_once
[INFO] [stdout]   15:     0x566d408f2a5b - test[aada8e7e76ba119b]::__rust_begin_short_backtrace::<core[a373ad73a504971]::result::Result<(), alloc[2e1b2a31b91974c5]::string::String>, fn() -> core[a373ad73a504971]::result::Result<(), alloc[2e1b2a31b91974c5]::string::String>>
[INFO] [stdout]   16:     0x566d408ffc35 - test[aada8e7e76ba119b]::run_test::{closure#0}
[INFO] [stdout]   17:     0x566d408f9524 - std[617be2ca0a6fd877]::sys::backtrace::__rust_begin_short_backtrace::<test[aada8e7e76ba119b]::run_test::{closure#1}, ()>
[INFO] [stdout]   18:     0x566d40902cc2 - <std[617be2ca0a6fd877]::thread::lifecycle::spawn_unchecked<test[aada8e7e76ba119b]::run_test::{closure#1}, ()>::{closure#1} as core[a373ad73a504971]::ops::function::FnOnce<()>>::call_once::{shim:vtable#0}
[INFO] [stdout]   19:     0x566d4099a3ff - <std[617be2ca0a6fd877]::sys::thread::unix::Thread>::new::thread_start
[INFO] [stdout]   20:     0x782e61c6ddfa - <unknown>
[INFO] [stdout]   21:     0x782e61d013d4 - clone
[INFO] [stdout]   22:                0x0 - <unknown>
[INFO] [stdout] 
[INFO] [stdout] ---- tests::cli::commit::commit_handles_message_option_with_single_argument stdout ----
[INFO] [stdout] 
[INFO] [stdout] thread 'tests::cli::commit::commit_handles_message_option_with_single_argument' (1663) panicked at src/tests/mod.rs:25:48:
[INFO] [stdout] called `Result::unwrap()` on an `Err` value: CargoError { cause: Some(NotFoundError { path: "/opt/rustwide/target/release/build/rgit/1cde02170f7d091c/out/rgit" }) }
[INFO] [stdout] stack backtrace:
[INFO] [stdout]    0:     0x566d4099ac21 - <<std[617be2ca0a6fd877]::sys::backtrace::BacktraceLock>::print::DisplayBacktrace as core[a373ad73a504971]::fmt::Display>::fmt
[INFO] [stdout]    1:     0x566d409b1f2a - core[a373ad73a504971]::fmt::write
[INFO] [stdout]    2:     0x566d409a082c - <alloc[2e1b2a31b91974c5]::vec::Vec<u8> as core[a373ad73a504971]::io::write::Write>::write_fmt
[INFO] [stdout]    3:     0x566d409749b6 - std[617be2ca0a6fd877]::panicking::default_hook::{closure#0}
[INFO] [stdout]    4:     0x566d40992599 - std[617be2ca0a6fd877]::panicking::default_hook
[INFO] [stdout]    5:     0x566d408ff610 - test[aada8e7e76ba119b]::test_main_inner::{closure#0}
[INFO] [stdout]    6:     0x566d40992752 - std[617be2ca0a6fd877]::panicking::panic_with_hook
[INFO] [stdout]    7:     0x566d40974a62 - std[617be2ca0a6fd877]::panicking::panic_handler::{closure#0}
[INFO] [stdout]    8:     0x566d4096d3f9 - std[617be2ca0a6fd877]::sys::backtrace::__rust_end_short_backtrace::<std[617be2ca0a6fd877]::panicking::panic_handler::{closure#0}, !>
[INFO] [stdout]    9:     0x566d4097570d - __rustc[ea4f61d10b84890b]::rust_begin_unwind
[INFO] [stdout]   10:     0x566d409b265c - core[a373ad73a504971]::panicking::panic_fmt
[INFO] [stdout]   11:     0x566d409b2432 - core[a373ad73a504971]::result::unwrap_failed
[INFO] [stdout]   12:     0x566d408eae44 - rgit[ed8d43cfed102049]::tests::run_acceptance
[INFO] [stdout]   13:     0x566d40944e04 - serial_test[e1f445d0b7f843f0]::serial_core
[INFO] [stdout]   14:     0x566d408e2998 - <rgit[ed8d43cfed102049]::tests::cli::commit::commit_handles_message_option_with_single_argument::{closure#0} as core[a373ad73a504971]::ops::function::FnOnce<()>>::call_once
[INFO] [stdout]   15:     0x566d408f2a5b - test[aada8e7e76ba119b]::__rust_begin_short_backtrace::<core[a373ad73a504971]::result::Result<(), alloc[2e1b2a31b91974c5]::string::String>, fn() -> core[a373ad73a504971]::result::Result<(), alloc[2e1b2a31b91974c5]::string::String>>
[INFO] [stdout]   16:     0x566d408ffc35 - test[aada8e7e76ba119b]::run_test::{closure#0}
[INFO] [stdout]   17:     0x566d408f9524 - std[617be2ca0a6fd877]::sys::backtrace::__rust_begin_short_backtrace::<test[aada8e7e76ba119b]::run_test::{closure#1}, ()>
[INFO] [stdout]   18:     0x566d40902cc2 - <std[617be2ca0a6fd877]::thread::lifecycle::spawn_unchecked<test[aada8e7e76ba119b]::run_test::{closure#1}, ()>::{closure#1} as core[a373ad73a504971]::ops::function::FnOnce<()>>::call_once::{shim:vtable#0}
[INFO] [stdout]   19:     0x566d4099a3ff - <std[617be2ca0a6fd877]::sys::thread::unix::Thread>::new::thread_start
[INFO] [stdout]   20:     0x782e61c6ddfa - <unknown>
[INFO] [stdout]   21:     0x782e61d013d4 - clone
[INFO] [stdout]   22:                0x0 - <unknown>
[INFO] [stdout] 
[INFO] [stdout] ---- tests::cli::add::add_does_not_handle_options stdout ----
[INFO] [stdout] 
[INFO] [stdout] thread 'tests::cli::add::add_does_not_handle_options' (1655) panicked at src/tests/mod.rs:25:48:
[INFO] [stdout] called `Result::unwrap()` on an `Err` value: CargoError { cause: Some(NotFoundError { path: "/opt/rustwide/target/release/build/rgit/1cde02170f7d091c/out/rgit" }) }
[INFO] [stdout] stack backtrace:
[INFO] [stdout]    0:     0x566d4099ac21 - <<std[617be2ca0a6fd877]::sys::backtrace::BacktraceLock>::print::DisplayBacktrace as core[a373ad73a504971]::fmt::Display>::fmt
[INFO] [stdout]    1:     0x566d409b1f2a - core[a373ad73a504971]::fmt::write
[INFO] [stdout]    2:     0x566d409a082c - <alloc[2e1b2a31b91974c5]::vec::Vec<u8> as core[a373ad73a504971]::io::write::Write>::write_fmt
[INFO] [stdout]    3:     0x566d409749b6 - std[617be2ca0a6fd877]::panicking::default_hook::{closure#0}
[INFO] [stdout]    4:     0x566d40992599 - std[617be2ca0a6fd877]::panicking::default_hook
[INFO] [stdout]    5:     0x566d408ff610 - test[aada8e7e76ba119b]::test_main_inner::{closure#0}
[INFO] [stdout]    6:     0x566d40992752 - std[617be2ca0a6fd877]::panicking::panic_with_hook
[INFO] [stdout]    7:     0x566d40974a62 - std[617be2ca0a6fd877]::panicking::panic_handler::{closure#0}
[INFO] [stdout]    8:     0x566d4096d3f9 - std[617be2ca0a6fd877]::sys::backtrace::__rust_end_short_backtrace::<std[617be2ca0a6fd877]::panicking::panic_handler::{closure#0}, !>
[INFO] [stdout]    9:     0x566d4097570d - __rustc[ea4f61d10b84890b]::rust_begin_unwind
[INFO] [stdout]   10:     0x566d409b265c - core[a373ad73a504971]::panicking::panic_fmt
[INFO] [stdout]   11:     0x566d409b2432 - core[a373ad73a504971]::result::unwrap_failed
[INFO] [stdout]   12:     0x566d408eae44 - rgit[ed8d43cfed102049]::tests::run_acceptance
[INFO] [stdout]   13:     0x566d40944e04 - serial_test[e1f445d0b7f843f0]::serial_core
[INFO] [stdout]   14:     0x566d408ded58 - <rgit[ed8d43cfed102049]::tests::cli::add::add_does_not_handle_options::{closure#0} as core[a373ad73a504971]::ops::function::FnOnce<()>>::call_once
[INFO] [stdout]   15:     0x566d408f2a5b - test[aada8e7e76ba119b]::__rust_begin_short_backtrace::<core[a373ad73a504971]::result::Result<(), alloc[2e1b2a31b91974c5]::string::String>, fn() -> core[a373ad73a504971]::result::Result<(), alloc[2e1b2a31b91974c5]::string::String>>
[INFO] [stdout]   16:     0x566d408ffc35 - test[aada8e7e76ba119b]::run_test::{closure#0}
[INFO] [stdout]   17:     0x566d408f9524 - std[617be2ca0a6fd877]::sys::backtrace::__rust_begin_short_backtrace::<test[aada8e7e76ba119b]::run_test::{closure#1}, ()>
[INFO] [stdout]   18:     0x566d40902cc2 - <std[617be2ca0a6fd877]::thread::lifecycle::spawn_unchecked<test[aada8e7e76ba119b]::run_test::{closure#1}, ()>::{closure#1} as core[a373ad73a504971]::ops::function::FnOnce<()>>::call_once::{shim:vtable#0}
[INFO] [stdout]   19:     0x566d4099a3ff - <std[617be2ca0a6fd877]::sys::thread::unix::Thread>::new::thread_start
[INFO] [stdout]   20:     0x782e61c6ddfa - <unknown>
[INFO] [stdout]   21:     0x782e61d013d4 - clone
[INFO] [stdout]   22:                0x0 - <unknown>
[INFO] [stdout] 
[INFO] [stdout] ---- tests::cli::commit::it_outputs_staging_status_on_empty_index stdout ----
[INFO] [stdout] 
[INFO] [stdout] thread 'tests::cli::commit::it_outputs_staging_status_on_empty_index' (1664) panicked at src/tests/mod.rs:25:48:
[INFO] [stdout] called `Result::unwrap()` on an `Err` value: CargoError { cause: Some(NotFoundError { path: "/opt/rustwide/target/release/build/rgit/1cde02170f7d091c/out/rgit" }) }
[INFO] [stdout] stack backtrace:
[INFO] [stdout]    0:     0x566d4099ac21 - <<std[617be2ca0a6fd877]::sys::backtrace::BacktraceLock>::print::DisplayBacktrace as core[a373ad73a504971]::fmt::Display>::fmt
[INFO] [stdout]    1:     0x566d409b1f2a - core[a373ad73a504971]::fmt::write
[INFO] [stdout]    2:     0x566d409a082c - <alloc[2e1b2a31b91974c5]::vec::Vec<u8> as core[a373ad73a504971]::io::write::Write>::write_fmt
[INFO] [stdout]    3:     0x566d409749b6 - std[617be2ca0a6fd877]::panicking::default_hook::{closure#0}
[INFO] [stdout]    4:     0x566d40992599 - std[617be2ca0a6fd877]::panicking::default_hook
[INFO] [stdout]    5:     0x566d408ff610 - test[aada8e7e76ba119b]::test_main_inner::{closure#0}
[INFO] [stdout]    6:     0x566d40992752 - std[617be2ca0a6fd877]::panicking::panic_with_hook
[INFO] [stdout]    7:     0x566d40974a62 - std[617be2ca0a6fd877]::panicking::panic_handler::{closure#0}
[INFO] [stdout]    8:     0x566d4096d3f9 - std[617be2ca0a6fd877]::sys::backtrace::__rust_end_short_backtrace::<std[617be2ca0a6fd877]::panicking::panic_handler::{closure#0}, !>
[INFO] [stdout]    9:     0x566d4097570d - __rustc[ea4f61d10b84890b]::rust_begin_unwind
[INFO] [stdout]   10:     0x566d409b265c - core[a373ad73a504971]::panicking::panic_fmt
[INFO] [stdout]   11:     0x566d409b2432 - core[a373ad73a504971]::result::unwrap_failed
[INFO] [stdout]   12:     0x566d408eae44 - rgit[ed8d43cfed102049]::tests::run_acceptance
[INFO] [stdout]   13:     0x566d40944e04 - serial_test[e1f445d0b7f843f0]::serial_core
[INFO] [stdout]   14:     0x566d408e2968 - <rgit[ed8d43cfed102049]::tests::cli::commit::it_outputs_staging_status_on_empty_index::{closure#0} as core[a373ad73a504971]::ops::function::FnOnce<()>>::call_once
[INFO] [stdout]   15:     0x566d408f2a5b - test[aada8e7e76ba119b]::__rust_begin_short_backtrace::<core[a373ad73a504971]::result::Result<(), alloc[2e1b2a31b91974c5]::string::String>, fn() -> core[a373ad73a504971]::result::Result<(), alloc[2e1b2a31b91974c5]::string::String>>
[INFO] [stdout]   16:     0x566d408ffc35 - test[aada8e7e76ba119b]::run_test::{closure#0}
[INFO] [stdout]   17:     0x566d408f9524 - std[617be2ca0a6fd877]::sys::backtrace::__rust_begin_short_backtrace::<test[aada8e7e76ba119b]::run_test::{closure#1}, ()>
[INFO] [stdout]   18:     0x566d40902cc2 - <std[617be2ca0a6fd877]::thread::lifecycle::spawn_unchecked<test[aada8e7e76ba119b]::run_test::{closure#1}, ()>::{closure#1} as core[a373ad73a504971]::ops::function::FnOnce<()>>::call_once::{shim:vtable#0}
[INFO] [stdout]   19:     0x566d4099a3ff - <std[617be2ca0a6fd877]::sys::thread::unix::Thread>::new::thread_start
[INFO] [stdout]   20:     0x782e61c6ddfa - <unknown>
[INFO] [stdout]   21:     0x782e61d013d4 - clone
[INFO] [stdout]   22:                0x0 - <unknown>
[INFO] [stdout] 
[INFO] [stdout] ---- tests::cli::commit::commit_does_not_handle_message_option_without_argument stdout ----
[INFO] [stdout] 
[INFO] [stdout] thread 'tests::cli::commit::commit_does_not_handle_message_option_without_argument' (1661) panicked at src/tests/mod.rs:25:48:
[INFO] [stdout] called `Result::unwrap()` on an `Err` value: CargoError { cause: Some(NotFoundError { path: "/opt/rustwide/target/release/build/rgit/1cde02170f7d091c/out/rgit" }) }
[INFO] [stdout] stack backtrace:
[INFO] [stdout]    0:     0x566d4099ac21 - <<std[617be2ca0a6fd877]::sys::backtrace::BacktraceLock>::print::DisplayBacktrace as core[a373ad73a504971]::fmt::Display>::fmt
[INFO] [stdout]    1:     0x566d409b1f2a - core[a373ad73a504971]::fmt::write
[INFO] [stdout]    2:     0x566d409a082c - <alloc[2e1b2a31b91974c5]::vec::Vec<u8> as core[a373ad73a504971]::io::write::Write>::write_fmt
[INFO] [stdout]    3:     0x566d409749b6 - std[617be2ca0a6fd877]::panicking::default_hook::{closure#0}
[INFO] [stdout]    4:     0x566d40992599 - std[617be2ca0a6fd877]::panicking::default_hook
[INFO] [stdout]    5:     0x566d408ff610 - test[aada8e7e76ba119b]::test_main_inner::{closure#0}
[INFO] [stdout]    6:     0x566d40992752 - std[617be2ca0a6fd877]::panicking::panic_with_hook
[INFO] [stdout]    7:     0x566d40974a62 - std[617be2ca0a6fd877]::panicking::panic_handler::{closure#0}
[INFO] [stdout]    8:     0x566d4096d3f9 - std[617be2ca0a6fd877]::sys::backtrace::__rust_end_short_backtrace::<std[617be2ca0a6fd877]::panicking::panic_handler::{closure#0}, !>
[INFO] [stdout]    9:     0x566d4097570d - __rustc[ea4f61d10b84890b]::rust_begin_unwind
[INFO] [stdout]   10:     0x566d409b265c - core[a373ad73a504971]::panicking::panic_fmt
[INFO] [stdout]   11:     0x566d409b2432 - core[a373ad73a504971]::result::unwrap_failed
[INFO] [stdout]   12:     0x566d408eae44 - rgit[ed8d43cfed102049]::tests::run_acceptance
[INFO] [stdout]   13:     0x566d40944e04 - serial_test[e1f445d0b7f843f0]::serial_core
[INFO] [stdout]   14:     0x566d408e29c8 - <rgit[ed8d43cfed102049]::tests::cli::commit::commit_does_not_handle_message_option_without_argument::{closure#0} as core[a373ad73a504971]::ops::function::FnOnce<()>>::call_once
[INFO] [stdout]   15:     0x566d408f2a5b - test[aada8e7e76ba119b]::__rust_begin_short_backtrace::<core[a373ad73a504971]::result::Result<(), alloc[2e1b2a31b91974c5]::string::String>, fn() -> core[a373ad73a504971]::result::Result<(), alloc[2e1b2a31b91974c5]::string::String>>
[INFO] [stdout]   16:     0x566d408ffc35 - test[aada8e7e76ba119b]::run_test::{closure#0}
[INFO] [stdout]   17:     0x566d408f9524 - std[617be2ca0a6fd877]::sys::backtrace::__rust_begin_short_backtrace::<test[aada8e7e76ba119b]::run_test::{closure#1}, ()>
[INFO] [stdout]   18:     0x566d40902cc2 - <std[617be2ca0a6fd877]::thread::lifecycle::spawn_unchecked<test[aada8e7e76ba119b]::run_test::{closure#1}, ()>::{closure#1} as core[a373ad73a504971]::ops::function::FnOnce<()>>::call_once::{shim:vtable#0}
[INFO] [stdout]   19:     0x566d4099a3ff - <std[617be2ca0a6fd877]::sys::thread::unix::Thread>::new::thread_start
[INFO] [stdout]   20:     0x782e61c6ddfa - <unknown>
[INFO] [stdout]   21:     0x782e61d013d4 - clone
[INFO] [stdout]   22:                0x0 - <unknown>
[INFO] [stdout] 
[INFO] [stdout] ---- tests::cli::add::add_handles_multiple_arguments stdout ----
[INFO] [stdout] 
[INFO] [stdout] thread 'tests::cli::add::add_handles_multiple_arguments' (1656) panicked at src/tests/mod.rs:25:48:
[INFO] [stdout] called `Result::unwrap()` on an `Err` value: CargoError { cause: Some(NotFoundError { path: "/opt/rustwide/target/release/build/rgit/1cde02170f7d091c/out/rgit" }) }
[INFO] [stdout] stack backtrace:
[INFO] [stdout]    0:     0x566d4099ac21 - <<std[617be2ca0a6fd877]::sys::backtrace::BacktraceLock>::print::DisplayBacktrace as core[a373ad73a504971]::fmt::Display>::fmt
[INFO] [stdout]    1:     0x566d409b1f2a - core[a373ad73a504971]::fmt::write
[INFO] [stdout]    2:     0x566d409a082c - <alloc[2e1b2a31b91974c5]::vec::Vec<u8> as core[a373ad73a504971]::io::write::Write>::write_fmt
[INFO] [stdout]    3:     0x566d409749b6 - std[617be2ca0a6fd877]::panicking::default_hook::{closure#0}
[INFO] [stdout]    4:     0x566d40992599 - std[617be2ca0a6fd877]::panicking::default_hook
[INFO] [stdout]    5:     0x566d408ff610 - test[aada8e7e76ba119b]::test_main_inner::{closure#0}
[INFO] [stdout]    6:     0x566d40992752 - std[617be2ca0a6fd877]::panicking::panic_with_hook
[INFO] [stdout]    7:     0x566d40974a62 - std[617be2ca0a6fd877]::panicking::panic_handler::{closure#0}
[INFO] [stdout]    8:     0x566d4096d3f9 - std[617be2ca0a6fd877]::sys::backtrace::__rust_end_short_backtrace::<std[617be2ca0a6fd877]::panicking::panic_handler::{closure#0}, !>
[INFO] [stdout]    9:     0x566d4097570d - __rustc[ea4f61d10b84890b]::rust_begin_unwind
[INFO] [stdout]   10:     0x566d409b265c - core[a373ad73a504971]::panicking::panic_fmt
[INFO] [stdout]   11:     0x566d409b2432 - core[a373ad73a504971]::result::unwrap_failed
[INFO] [stdout]   12:     0x566d408eae44 - rgit[ed8d43cfed102049]::tests::run_acceptance
[INFO] [stdout]   13:     0x566d40944e04 - serial_test[e1f445d0b7f843f0]::serial_core
[INFO] [stdout]   14:     0x566d408ded88 - <rgit[ed8d43cfed102049]::tests::cli::add::add_handles_multiple_arguments::{closure#0} as core[a373ad73a504971]::ops::function::FnOnce<()>>::call_once
[INFO] [stdout]   15:     0x566d408f2a5b - test[aada8e7e76ba119b]::__rust_begin_short_backtrace::<core[a373ad73a504971]::result::Result<(), alloc[2e1b2a31b91974c5]::string::String>, fn() -> core[a373ad73a504971]::result::Result<(), alloc[2e1b2a31b91974c5]::string::String>>
[INFO] [stdout]   16:     0x566d408ffc35 - test[aada8e7e76ba119b]::run_test::{closure#0}
[INFO] [stdout]   17:     0x566d408f9524 - std[617be2ca0a6fd877]::sys::backtrace::__rust_begin_short_backtrace::<test[aada8e7e76ba119b]::run_test::{closure#1}, ()>
[INFO] [stdout]   18:     0x566d40902cc2 - <std[617be2ca0a6fd877]::thread::lifecycle::spawn_unchecked<test[aada8e7e76ba119b]::run_test::{closure#1}, ()>::{closure#1} as core[a373ad73a504971]::ops::function::FnOnce<()>>::call_once::{shim:vtable#0}
[INFO] [stdout]   19:     0x566d4099a3ff - <std[617be2ca0a6fd877]::sys::thread::unix::Thread>::new::thread_start
[INFO] [stdout]   20:     0x782e61c6ddfa - <unknown>
[INFO] [stdout]   21:     0x782e61d013d4 - clone
[INFO] [stdout]   22:                0x0 - <unknown>
[INFO] [stdout] 
[INFO] [stdout] ---- tests::cli::commit::commit_creates_a_new_commit stdout ----
[INFO] [stdout] 
[INFO] [stdout] thread 'tests::cli::commit::commit_creates_a_new_commit' (1658) panicked at src/tests/mod.rs:25:48:
[INFO] [stdout] called `Result::unwrap()` on an `Err` value: CargoError { cause: Some(NotFoundError { path: "/opt/rustwide/target/release/build/rgit/1cde02170f7d091c/out/rgit" }) }
[INFO] [stdout] stack backtrace:
[INFO] [stdout]    0:     0x566d4099ac21 - <<std[617be2ca0a6fd877]::sys::backtrace::BacktraceLock>::print::DisplayBacktrace as core[a373ad73a504971]::fmt::Display>::fmt
[INFO] [stdout]    1:     0x566d409b1f2a - core[a373ad73a504971]::fmt::write
[INFO] [stdout]    2:     0x566d409a082c - <alloc[2e1b2a31b91974c5]::vec::Vec<u8> as core[a373ad73a504971]::io::write::Write>::write_fmt
[INFO] [stdout]    3:     0x566d409749b6 - std[617be2ca0a6fd877]::panicking::default_hook::{closure#0}
[INFO] [stdout]    4:     0x566d40992599 - std[617be2ca0a6fd877]::panicking::default_hook
[INFO] [stdout]    5:     0x566d408ff610 - test[aada8e7e76ba119b]::test_main_inner::{closure#0}
[INFO] [stdout]    6:     0x566d40992752 - std[617be2ca0a6fd877]::panicking::panic_with_hook
[INFO] [stdout]    7:     0x566d40974a62 - std[617be2ca0a6fd877]::panicking::panic_handler::{closure#0}
[INFO] [stdout]    8:     0x566d4096d3f9 - std[617be2ca0a6fd877]::sys::backtrace::__rust_end_short_backtrace::<std[617be2ca0a6fd877]::panicking::panic_handler::{closure#0}, !>
[INFO] [stdout]    9:     0x566d4097570d - __rustc[ea4f61d10b84890b]::rust_begin_unwind
[INFO] [stdout]   10:     0x566d409b265c - core[a373ad73a504971]::panicking::panic_fmt
[INFO] [stdout]   11:     0x566d409b2432 - core[a373ad73a504971]::result::unwrap_failed
[INFO] [stdout]   12:     0x566d408eae44 - rgit[ed8d43cfed102049]::tests::run_acceptance
[INFO] [stdout]   13:     0x566d40944e04 - serial_test[e1f445d0b7f843f0]::serial_core
[INFO] [stdout]   14:     0x566d408e28d8 - <rgit[ed8d43cfed102049]::tests::cli::commit::commit_creates_a_new_commit::{closure#0} as core[a373ad73a504971]::ops::function::FnOnce<()>>::call_once
[INFO] [stdout]   15:     0x566d408f2a5b - test[aada8e7e76ba119b]::__rust_begin_short_backtrace::<core[a373ad73a504971]::result::Result<(), alloc[2e1b2a31b91974c5]::string::String>, fn() -> core[a373ad73a504971]::result::Result<(), alloc[2e1b2a31b91974c5]::string::String>>
[INFO] [stdout]   16:     0x566d408ffc35 - test[aada8e7e76ba119b]::run_test::{closure#0}
[INFO] [stdout]   17:     0x566d408f9524 - std[617be2ca0a6fd877]::sys::backtrace::__rust_begin_short_backtrace::<test[aada8e7e76ba119b]::run_test::{closure#1}, ()>
[INFO] [stdout]   18:     0x566d40902cc2 - <std[617be2ca0a6fd877]::thread::lifecycle::spawn_unchecked<test[aada8e7e76ba119b]::run_test::{closure#1}, ()>::{closure#1} as core[a373ad73a504971]::ops::function::FnOnce<()>>::call_once::{shim:vtable#0}
[INFO] [stdout]   19:     0x566d4099a3ff - <std[617be2ca0a6fd877]::sys::thread::unix::Thread>::new::thread_start
[INFO] [stdout]   20:     0x782e61c6ddfa - <unknown>
[INFO] [stdout]   21:     0x782e61d013d4 - clone
[INFO] [stdout]   22:                0x0 - <unknown>
[INFO] [stdout] 
[INFO] [stdout] ---- tests::cli::commit::commit_does_not_handle_random_options stdout ----
[INFO] [stdout] 
[INFO] [stdout] thread 'tests::cli::commit::commit_does_not_handle_random_options' (1662) panicked at src/tests/mod.rs:25:48:
[INFO] [stdout] called `Result::unwrap()` on an `Err` value: CargoError { cause: Some(NotFoundError { path: "/opt/rustwide/target/release/build/rgit/1cde02170f7d091c/out/rgit" }) }
[INFO] [stdout] stack backtrace:
[INFO] [stdout]    0:     0x566d4099ac21 - <<std[617be2ca0a6fd877]::sys::backtrace::BacktraceLock>::print::DisplayBacktrace as core[a373ad73a504971]::fmt::Display>::fmt
[INFO] [stdout]    1:     0x566d409b1f2a - core[a373ad73a504971]::fmt::write
[INFO] [stdout]    2:     0x566d409a082c - <alloc[2e1b2a31b91974c5]::vec::Vec<u8> as core[a373ad73a504971]::io::write::Write>::write_fmt
[INFO] [stdout]    3:     0x566d409749b6 - std[617be2ca0a6fd877]::panicking::default_hook::{closure#0}
[INFO] [stdout]    4:     0x566d40992599 - std[617be2ca0a6fd877]::panicking::default_hook
[INFO] [stdout]    5:     0x566d408ff610 - test[aada8e7e76ba119b]::test_main_inner::{closure#0}
[INFO] [stdout]    6:     0x566d40992752 - std[617be2ca0a6fd877]::panicking::panic_with_hook
[INFO] [stdout]    7:     0x566d40974a62 - std[617be2ca0a6fd877]::panicking::panic_handler::{closure#0}
[INFO] [stdout]    8:     0x566d4096d3f9 - std[617be2ca0a6fd877]::sys::backtrace::__rust_end_short_backtrace::<std[617be2ca0a6fd877]::panicking::panic_handler::{closure#0}, !>
[INFO] [stdout]    9:     0x566d4097570d - __rustc[ea4f61d10b84890b]::rust_begin_unwind
[INFO] [stdout]   10:     0x566d409b265c - core[a373ad73a504971]::panicking::panic_fmt
[INFO] [stdout]   11:     0x566d409b2432 - core[a373ad73a504971]::result::unwrap_failed
[INFO] [stdout]   12:     0x566d408eae44 - rgit[ed8d43cfed102049]::tests::run_acceptance
[INFO] [stdout]   13:     0x566d40944e04 - serial_test[e1f445d0b7f843f0]::serial_core
[INFO] [stdout]   14:     0x566d408e2908 - <rgit[ed8d43cfed102049]::tests::cli::commit::commit_does_not_handle_random_options::{closure#0} as core[a373ad73a504971]::ops::function::FnOnce<()>>::call_once
[INFO] [stdout]   15:     0x566d408f2a5b - test[aada8e7e76ba119b]::__rust_begin_short_backtrace::<core[a373ad73a504971]::result::Result<(), alloc[2e1b2a31b91974c5]::string::String>, fn() -> core[a373ad73a504971]::result::Result<(), alloc[2e1b2a31b91974c5]::string::String>>
[INFO] [stdout]   16:     0x566d408ffc35 - test[aada8e7e76ba119b]::run_test::{closure#0}
[INFO] [stdout]   17:     0x566d408f9524 - std[617be2ca0a6fd877]::sys::backtrace::__rust_begin_short_backtrace::<test[aada8e7e76ba119b]::run_test::{closure#1}, ()>
[INFO] [stdout]   18:     0x566d40902cc2 - <std[617be2ca0a6fd877]::thread::lifecycle::spawn_unchecked<test[aada8e7e76ba119b]::run_test::{closure#1}, ()>::{closure#1} as core[a373ad73a504971]::ops::function::FnOnce<()>>::call_once::{shim:vtable#0}
[INFO] [stdout]   19:     0x566d4099a3ff - <std[617be2ca0a6fd877]::sys::thread::unix::Thread>::new::thread_start
[INFO] [stdout]   20:     0x782e61c6ddfa - <unknown>
[INFO] [stdout]   21:     0x782e61d013d4 - clone
[INFO] [stdout]   22:                0x0 - <unknown>
[INFO] [stdout] 
[INFO] [stdout] ---- tests::cli::config::config_updates_the_user_credentials stdout ----
[INFO] [stdout] 
[INFO] [stdout] thread 'tests::cli::config::config_updates_the_user_credentials' (1670) panicked at src/tests/mod.rs:25:48:
[INFO] [stdout] called `Result::unwrap()` on an `Err` value: CargoError { cause: Some(NotFoundError { path: "/opt/rustwide/target/release/build/rgit/1cde02170f7d091c/out/rgit" }) }
[INFO] [stdout] stack backtrace:
[INFO] [stdout]    0:     0x566d4099ac21 - <<std[617be2ca0a6fd877]::sys::backtrace::BacktraceLock>::print::DisplayBacktrace as core[a373ad73a504971]::fmt::Display>::fmt
[INFO] [stdout]    1:     0x566d409b1f2a - core[a373ad73a504971]::fmt::write
[INFO] [stdout]    2:     0x566d409a082c - <alloc[2e1b2a31b91974c5]::vec::Vec<u8> as core[a373ad73a504971]::io::write::Write>::write_fmt
[INFO] [stdout]    3:     0x566d409749b6 - std[617be2ca0a6fd877]::panicking::default_hook::{closure#0}
[INFO] [stdout]    4:     0x566d40992599 - std[617be2ca0a6fd877]::panicking::default_hook
[INFO] [stdout]    5:     0x566d408ff610 - test[aada8e7e76ba119b]::test_main_inner::{closure#0}
[INFO] [stdout]    6:     0x566d40992752 - std[617be2ca0a6fd877]::panicking::panic_with_hook
[INFO] [stdout]    7:     0x566d40974a62 - std[617be2ca0a6fd877]::panicking::panic_handler::{closure#0}
[INFO] [stdout]    8:     0x566d4096d3f9 - std[617be2ca0a6fd877]::sys::backtrace::__rust_end_short_backtrace::<std[617be2ca0a6fd877]::panicking::panic_handler::{closure#0}, !>
[INFO] [stdout]    9:     0x566d4097570d - __rustc[ea4f61d10b84890b]::rust_begin_unwind
[INFO] [stdout]   10:     0x566d409b265c - core[a373ad73a504971]::panicking::panic_fmt
[INFO] [stdout]   11:     0x566d409b2432 - core[a373ad73a504971]::result::unwrap_failed
[INFO] [stdout]   12:     0x566d408eae44 - rgit[ed8d43cfed102049]::tests::run_acceptance
[INFO] [stdout]   13:     0x566d40944e04 - serial_test[e1f445d0b7f843f0]::serial_core
[INFO] [stdout]   14:     0x566d408e9d98 - <rgit[ed8d43cfed102049]::tests::cli::config::config_updates_the_user_credentials::{closure#0} as core[a373ad73a504971]::ops::function::FnOnce<()>>::call_once
[INFO] [stdout]   15:     0x566d408f2a5b - test[aada8e7e76ba119b]::__rust_begin_short_backtrace::<core[a373ad73a504971]::result::Result<(), alloc[2e1b2a31b91974c5]::string::String>, fn() -> core[a373ad73a504971]::result::Result<(), alloc[2e1b2a31b91974c5]::string::String>>
[INFO] [stdout]   16:     0x566d408ffc35 - test[aada8e7e76ba119b]::run_test::{closure#0}
[INFO] [stdout]   17:     0x566d408f9524 - std[617be2ca0a6fd877]::sys::backtrace::__rust_begin_short_backtrace::<test[aada8e7e76ba119b]::run_test::{closure#1}, ()>
[INFO] [stdout]   18:     0x566d40902cc2 - <std[617be2ca0a6fd877]::thread::lifecycle::spawn_unchecked<test[aada8e7e76ba119b]::run_test::{closure#1}, ()>::{closure#1} as core[a373ad73a504971]::ops::function::FnOnce<()>>::call_once::{shim:vtable#0}
[INFO] [stdout]   19:     0x566d4099a3ff - <std[617be2ca0a6fd877]::sys::thread::unix::Thread>::new::thread_start
[INFO] [stdout]   20:     0x782e61c6ddfa - <unknown>
[INFO] [stdout]   21:     0x782e61d013d4 - clone
[INFO] [stdout]   22:                0x0 - <unknown>
[INFO] [stdout] 
[INFO] [stdout] ---- tests::cli::config::config_handles_single_email_option stdout ----
[INFO] [stdout] 
[INFO] [stdout] thread 'tests::cli::config::config_handles_single_email_option' (1668) panicked at src/tests/mod.rs:25:48:
[INFO] [stdout] called `Result::unwrap()` on an `Err` value: CargoError { cause: Some(NotFoundError { path: "/opt/rustwide/target/release/build/rgit/1cde02170f7d091c/out/rgit" }) }
[INFO] [stdout] stack backtrace:
[INFO] [stdout]    0:     0x566d4099ac21 - <<std[617be2ca0a6fd877]::sys::backtrace::BacktraceLock>::print::DisplayBacktrace as core[a373ad73a504971]::fmt::Display>::fmt
[INFO] [stdout]    1:     0x566d409b1f2a - core[a373ad73a504971]::fmt::write
[INFO] [stdout]    2:     0x566d409a082c - <alloc[2e1b2a31b91974c5]::vec::Vec<u8> as core[a373ad73a504971]::io::write::Write>::write_fmt
[INFO] [stdout]    3:     0x566d409749b6 - std[617be2ca0a6fd877]::panicking::default_hook::{closure#0}
[INFO] [stdout]    4:     0x566d40992599 - std[617be2ca0a6fd877]::panicking::default_hook
[INFO] [stdout]    5:     0x566d408ff610 - test[aada8e7e76ba119b]::test_main_inner::{closure#0}
[INFO] [stdout]    6:     0x566d40992752 - std[617be2ca0a6fd877]::panicking::panic_with_hook
[INFO] [stdout]    7:     0x566d40974a62 - std[617be2ca0a6fd877]::panicking::panic_handler::{closure#0}
[INFO] [stdout]    8:     0x566d4096d3f9 - std[617be2ca0a6fd877]::sys::backtrace::__rust_end_short_backtrace::<std[617be2ca0a6fd877]::panicking::panic_handler::{closure#0}, !>
[INFO] [stdout]    9:     0x566d4097570d - __rustc[ea4f61d10b84890b]::rust_begin_unwind
[INFO] [stdout]   10:     0x566d409b265c - core[a373ad73a504971]::panicking::panic_fmt
[INFO] [stdout]   11:     0x566d409b2432 - core[a373ad73a504971]::result::unwrap_failed
[INFO] [stdout]   12:     0x566d408eae44 - rgit[ed8d43cfed102049]::tests::run_acceptance
[INFO] [stdout]   13:     0x566d40944e04 - serial_test[e1f445d0b7f843f0]::serial_core
[INFO] [stdout]   14:     0x566d408e9d68 - <rgit[ed8d43cfed102049]::tests::cli::config::config_handles_single_email_option::{closure#0} as core[a373ad73a504971]::ops::function::FnOnce<()>>::call_once
[INFO] [stdout]   15:     0x566d408f2a5b - test[aada8e7e76ba119b]::__rust_begin_short_backtrace::<core[a373ad73a504971]::result::Result<(), alloc[2e1b2a31b91974c5]::string::String>, fn() -> core[a373ad73a504971]::result::Result<(), alloc[2e1b2a31b91974c5]::string::String>>
[INFO] [stdout]   16:     0x566d408ffc35 - test[aada8e7e76ba119b]::run_test::{closure#0}
[INFO] [stdout]   17:     0x566d408f9524 - std[617be2ca0a6fd877]::sys::backtrace::__rust_begin_short_backtrace::<test[aada8e7e76ba119b]::run_test::{closure#1}, ()>
[INFO] [stdout]   18:     0x566d40902cc2 - <std[617be2ca0a6fd877]::thread::lifecycle::spawn_unchecked<test[aada8e7e76ba119b]::run_test::{closure#1}, ()>::{closure#1} as core[a373ad73a504971]::ops::function::FnOnce<()>>::call_once::{shim:vtable#0}
[INFO] [stdout]   19:     0x566d4099a3ff - <std[617be2ca0a6fd877]::sys::thread::unix::Thread>::new::thread_start
[INFO] [stdout]   20:     0x782e61c6ddfa - <unknown>
[INFO] [stdout]   21:     0x782e61d013d4 - clone
[INFO] [stdout]   22:                0x0 - <unknown>
[INFO] [stdout] 
[INFO] [stdout] ---- tests::cli::commit::commit_does_not_handle_message_option_with_multiple_arguments stdout ----
[INFO] [stdout] 
[INFO] [stdout] thread 'tests::cli::commit::commit_does_not_handle_message_option_with_multiple_arguments' (1660) panicked at src/tests/mod.rs:25:48:
[INFO] [stdout] called `Result::unwrap()` on an `Err` value: CargoError { cause: Some(NotFoundError { path: "/opt/rustwide/target/release/build/rgit/1cde02170f7d091c/out/rgit" }) }
[INFO] [stdout] stack backtrace:
[INFO] [stdout]    0:     0x566d4099ac21 - <<std[617be2ca0a6fd877]::sys::backtrace::BacktraceLock>::print::DisplayBacktrace as core[a373ad73a504971]::fmt::Display>::fmt
[INFO] [stdout]    1:     0x566d409b1f2a - core[a373ad73a504971]::fmt::write
[INFO] [stdout]    2:     0x566d409a082c - <alloc[2e1b2a31b91974c5]::vec::Vec<u8> as core[a373ad73a504971]::io::write::Write>::write_fmt
[INFO] [stdout]    3:     0x566d409749b6 - std[617be2ca0a6fd877]::panicking::default_hook::{closure#0}
[INFO] [stdout]    4:     0x566d40992599 - std[617be2ca0a6fd877]::panicking::default_hook
[INFO] [stdout]    5:     0x566d408ff610 - test[aada8e7e76ba119b]::test_main_inner::{closure#0}
[INFO] [stdout]    6:     0x566d40992752 - std[617be2ca0a6fd877]::panicking::panic_with_hook
[INFO] [stdout]    7:     0x566d40974a62 - std[617be2ca0a6fd877]::panicking::panic_handler::{closure#0}
[INFO] [stdout]    8:     0x566d4096d3f9 - std[617be2ca0a6fd877]::sys::backtrace::__rust_end_short_backtrace::<std[617be2ca0a6fd877]::panicking::panic_handler::{closure#0}, !>
[INFO] [stdout]    9:     0x566d4097570d - __rustc[ea4f61d10b84890b]::rust_begin_unwind
[INFO] [stdout]   10:     0x566d409b265c - core[a373ad73a504971]::panicking::panic_fmt
[INFO] [stdout]   11:     0x566d409b2432 - core[a373ad73a504971]::result::unwrap_failed
[INFO] [stdout]   12:     0x566d408eae44 - rgit[ed8d43cfed102049]::tests::run_acceptance
[INFO] [stdout]   13:     0x566d40944e04 - serial_test[e1f445d0b7f843f0]::serial_core
[INFO] [stdout]   14:     0x566d408e29f8 - <rgit[ed8d43cfed102049]::tests::cli::commit::commit_does_not_handle_message_option_with_multiple_arguments::{closure#0} as core[a373ad73a504971]::ops::function::FnOnce<()>>::call_once
[INFO] [stdout]   15:     0x566d408f2a5b - test[aada8e7e76ba119b]::__rust_begin_short_backtrace::<core[a373ad73a504971]::result::Result<(), alloc[2e1b2a31b91974c5]::string::String>, fn() -> core[a373ad73a504971]::result::Result<(), alloc[2e1b2a31b91974c5]::string::String>>
[INFO] [stdout]   16:     0x566d408ffc35 - test[aada8e7e76ba119b]::run_test::{closure#0}
[INFO] [stdout]   17:     0x566d408f9524 - std[617be2ca0a6fd877]::sys::backtrace::__rust_begin_short_backtrace::<test[aada8e7e76ba119b]::run_test::{closure#1}, ()>
[INFO] [stdout]   18:     0x566d40902cc2 - <std[617be2ca0a6fd877]::thread::lifecycle::spawn_unchecked<test[aada8e7e76ba119b]::run_test::{closure#1}, ()>::{closure#1} as core[a373ad73a504971]::ops::function::FnOnce<()>>::call_once::{shim:vtable#0}
[INFO] [stdout]   19:     0x566d4099a3ff - <std[617be2ca0a6fd877]::sys::thread::unix::Thread>::new::thread_start
[INFO] [stdout]   20:     0x782e61c6ddfa - <unknown>
[INFO] [stdout]   21:     0x782e61d013d4 - clone
[INFO] [stdout]   22:                0x0 - <unknown>
[INFO] [stdout] 
[INFO] [stdout] ---- tests::cli::init::init_given_option_fails stdout ----
[INFO] [stdout] 
[INFO] [stdout] thread 'tests::cli::init::init_given_option_fails' (1673) panicked at src/tests/mod.rs:25:48:
[INFO] [stdout] called `Result::unwrap()` on an `Err` value: CargoError { cause: Some(NotFoundError { path: "/opt/rustwide/target/release/build/rgit/1cde02170f7d091c/out/rgit" }) }
[INFO] [stdout] stack backtrace:
[INFO] [stdout]    0:     0x566d4099ac21 - <<std[617be2ca0a6fd877]::sys::backtrace::BacktraceLock>::print::DisplayBacktrace as core[a373ad73a504971]::fmt::Display>::fmt
[INFO] [stdout]    1:     0x566d409b1f2a - core[a373ad73a504971]::fmt::write
[INFO] [stdout]    2:     0x566d409a082c - <alloc[2e1b2a31b91974c5]::vec::Vec<u8> as core[a373ad73a504971]::io::write::Write>::write_fmt
[INFO] [stdout]    3:     0x566d409749b6 - std[617be2ca0a6fd877]::panicking::default_hook::{closure#0}
[INFO] [stdout]    4:     0x566d40992599 - std[617be2ca0a6fd877]::panicking::default_hook
[INFO] [stdout]    5:     0x566d408ff610 - test[aada8e7e76ba119b]::test_main_inner::{closure#0}
[INFO] [stdout]    6:     0x566d40992752 - std[617be2ca0a6fd877]::panicking::panic_with_hook
[INFO] [stdout]    7:     0x566d40974a62 - std[617be2ca0a6fd877]::panicking::panic_handler::{closure#0}
[INFO] [stdout]    8:     0x566d4096d3f9 - std[617be2ca0a6fd877]::sys::backtrace::__rust_end_short_backtrace::<std[617be2ca0a6fd877]::panicking::panic_handler::{closure#0}, !>
[INFO] [stdout]    9:     0x566d4097570d - __rustc[ea4f61d10b84890b]::rust_begin_unwind
[INFO] [stdout]   10:     0x566d409b265c - core[a373ad73a504971]::panicking::panic_fmt
[INFO] [stdout]   11:     0x566d409b2432 - core[a373ad73a504971]::result::unwrap_failed
[INFO] [stdout]   12:     0x566d408eae44 - rgit[ed8d43cfed102049]::tests::run_acceptance
[INFO] [stdout]   13:     0x566d40944e04 - serial_test[e1f445d0b7f843f0]::serial_core
[INFO] [stdout]   14:     0x566d408e6a68 - <rgit[ed8d43cfed102049]::tests::cli::init::init_given_option_fails::{closure#0} as core[a373ad73a504971]::ops::function::FnOnce<()>>::call_once
[INFO] [stdout]   15:     0x566d408f2a5b - test[aada8e7e76ba119b]::__rust_begin_short_backtrace::<core[a373ad73a504971]::result::Result<(), alloc[2e1b2a31b91974c5]::string::String>, fn() -> core[a373ad73a504971]::result::Result<(), alloc[2e1b2a31b91974c5]::string::String>>
[INFO] [stdout]   16:     0x566d408ffc35 - test[aada8e7e76ba119b]::run_test::{closure#0}
[INFO] [stdout]   17:     0x566d408f9524 - std[617be2ca0a6fd877]::sys::backtrace::__rust_begin_short_backtrace::<test[aada8e7e76ba119b]::run_test::{closure#1}, ()>
[INFO] [stdout]   18:     0x566d40902cc2 - <std[617be2ca0a6fd877]::thread::lifecycle::spawn_unchecked<test[aada8e7e76ba119b]::run_test::{closure#1}, ()>::{closure#1} as core[a373ad73a504971]::ops::function::FnOnce<()>>::call_once::{shim:vtable#0}
[INFO] [stdout]   19:     0x566d4099a3ff - <std[617be2ca0a6fd877]::sys::thread::unix::Thread>::new::thread_start
[INFO] [stdout]   20:     0x782e61c6ddfa - <unknown>
[INFO] [stdout]   21:     0x782e61d013d4 - clone
[INFO] [stdout]   22:                0x0 - <unknown>
[INFO] [stdout] 
[INFO] [stdout] ---- tests::cli::init::init_given_no_arguments_and_options_succeeds stdout ----
[INFO] [stdout] 
[INFO] [stdout] thread 'tests::cli::init::init_given_no_arguments_and_options_succeeds' (1672) panicked at src/tests/mod.rs:25:48:
[INFO] [stdout] called `Result::unwrap()` on an `Err` value: CargoError { cause: Some(NotFoundError { path: "/opt/rustwide/target/release/build/rgit/1cde02170f7d091c/out/rgit" }) }
[INFO] [stdout] stack backtrace:
[INFO] [stdout]    0:     0x566d4099ac21 - <<std[617be2ca0a6fd877]::sys::backtrace::BacktraceLock>::print::DisplayBacktrace as core[a373ad73a504971]::fmt::Display>::fmt
[INFO] [stdout]    1:     0x566d409b1f2a - core[a373ad73a504971]::fmt::write
[INFO] [stdout]    2:     0x566d409a082c - <alloc[2e1b2a31b91974c5]::vec::Vec<u8> as core[a373ad73a504971]::io::write::Write>::write_fmt
[INFO] [stdout]    3:     0x566d409749b6 - std[617be2ca0a6fd877]::panicking::default_hook::{closure#0}
[INFO] [stdout]    4:     0x566d40992599 - std[617be2ca0a6fd877]::panicking::default_hook
[INFO] [stdout]    5:     0x566d408ff610 - test[aada8e7e76ba119b]::test_main_inner::{closure#0}
[INFO] [stdout]    6:     0x566d40992752 - std[617be2ca0a6fd877]::panicking::panic_with_hook
[INFO] [stdout]    7:     0x566d40974a62 - std[617be2ca0a6fd877]::panicking::panic_handler::{closure#0}
[INFO] [stdout]    8:     0x566d4096d3f9 - std[617be2ca0a6fd877]::sys::backtrace::__rust_end_short_backtrace::<std[617be2ca0a6fd877]::panicking::panic_handler::{closure#0}, !>
[INFO] [stdout]    9:     0x566d4097570d - __rustc[ea4f61d10b84890b]::rust_begin_unwind
[INFO] [stdout]   10:     0x566d409b265c - core[a373ad73a504971]::panicking::panic_fmt
[INFO] [stdout]   11:     0x566d409b2432 - core[a373ad73a504971]::result::unwrap_failed
[INFO] [stdout]   12:     0x566d408eae44 - rgit[ed8d43cfed102049]::tests::run_acceptance
[INFO] [stdout]   13:     0x566d40944e04 - serial_test[e1f445d0b7f843f0]::serial_core
[INFO] [stdout]   14:     0x566d408e6af8 - <rgit[ed8d43cfed102049]::tests::cli::init::init_given_no_arguments_and_options_succeeds::{closure#0} as core[a373ad73a504971]::ops::function::FnOnce<()>>::call_once
[INFO] [stdout]   15:     0x566d408f2a5b - test[aada8e7e76ba119b]::__rust_begin_short_backtrace::<core[a373ad73a504971]::result::Result<(), alloc[2e1b2a31b91974c5]::string::String>, fn() -> core[a373ad73a504971]::result::Result<(), alloc[2e1b2a31b91974c5]::string::String>>
[INFO] [stdout]   16:     0x566d408ffc35 - test[aada8e7e76ba119b]::run_test::{closure#0}
[INFO] [stdout]   17:     0x566d408f9524 - std[617be2ca0a6fd877]::sys::backtrace::__rust_begin_short_backtrace::<test[aada8e7e76ba119b]::run_test::{closure#1}, ()>
[INFO] [stdout]   18:     0x566d40902cc2 - <std[617be2ca0a6fd877]::thread::lifecycle::spawn_unchecked<test[aada8e7e76ba119b]::run_test::{closure#1}, ()>::{closure#1} as core[a373ad73a504971]::ops::function::FnOnce<()>>::call_once::{shim:vtable#0}
[INFO] [stdout]   19:     0x566d4099a3ff - <std[617be2ca0a6fd877]::sys::thread::unix::Thread>::new::thread_start
[INFO] [stdout]   20:     0x782e61c6ddfa - <unknown>
[INFO] [stdout]   21:     0x782e61d013d4 - clone
[INFO] [stdout]   22:                0x0 - <unknown>
[INFO] [stdout] 
[INFO] [stdout] ---- tests::cli::init::init_if_no_repository_exists_succeeds_creating_repository stdout ----
[INFO] [stdout] 
[INFO] [stdout] thread 'tests::cli::init::init_if_no_repository_exists_succeeds_creating_repository' (1674) panicked at src/tests/mod.rs:25:48:
[INFO] [stdout] called `Result::unwrap()` on an `Err` value: CargoError { cause: Some(NotFoundError { path: "/opt/rustwide/target/release/build/rgit/1cde02170f7d091c/out/rgit" }) }
[INFO] [stdout] stack backtrace:
[INFO] [stdout]    0:     0x566d4099ac21 - <<std[617be2ca0a6fd877]::sys::backtrace::BacktraceLock>::print::DisplayBacktrace as core[a373ad73a504971]::fmt::Display>::fmt
[INFO] [stdout]    1:     0x566d409b1f2a - core[a373ad73a504971]::fmt::write
[INFO] [stdout]    2:     0x566d409a082c - <alloc[2e1b2a31b91974c5]::vec::Vec<u8> as core[a373ad73a504971]::io::write::Write>::write_fmt
[INFO] [stdout]    3:     0x566d409749b6 - std[617be2ca0a6fd877]::panicking::default_hook::{closure#0}
[INFO] [stdout]    4:     0x566d40992599 - std[617be2ca0a6fd877]::panicking::default_hook
[INFO] [stdout]    5:     0x566d408ff610 - test[aada8e7e76ba119b]::test_main_inner::{closure#0}
[INFO] [stdout]    6:     0x566d40992752 - std[617be2ca0a6fd877]::panicking::panic_with_hook
[INFO] [stdout]    7:     0x566d40974a62 - std[617be2ca0a6fd877]::panicking::panic_handler::{closure#0}
[INFO] [stdout]    8:     0x566d4096d3f9 - std[617be2ca0a6fd877]::sys::backtrace::__rust_end_short_backtrace::<std[617be2ca0a6fd877]::panicking::panic_handler::{closure#0}, !>
[INFO] [stdout]    9:     0x566d4097570d - __rustc[ea4f61d10b84890b]::rust_begin_unwind
[INFO] [stdout]   10:     0x566d409b265c - core[a373ad73a504971]::panicking::panic_fmt
[INFO] [stdout]   11:     0x566d409b2432 - core[a373ad73a504971]::result::unwrap_failed
[INFO] [stdout]   12:     0x566d408eae44 - rgit[ed8d43cfed102049]::tests::run_acceptance
[INFO] [stdout]   13:     0x566d40944e04 - serial_test[e1f445d0b7f843f0]::serial_core
[INFO] [stdout]   14:     0x566d408e6b28 - <rgit[ed8d43cfed102049]::tests::cli::init::init_if_no_repository_exists_succeeds_creating_repository::{closure#0} as core[a373ad73a504971]::ops::function::FnOnce<()>>::call_once
[INFO] [stdout]   15:     0x566d408f2a5b - test[aada8e7e76ba119b]::__rust_begin_short_backtrace::<core[a373ad73a504971]::result::Result<(), alloc[2e1b2a31b91974c5]::string::String>, fn() -> core[a373ad73a504971]::result::Result<(), alloc[2e1b2a31b91974c5]::string::String>>
[INFO] [stdout]   16:     0x566d408ffc35 - test[aada8e7e76ba119b]::run_test::{closure#0}
[INFO] [stdout]   17:     0x566d408f9524 - std[617be2ca0a6fd877]::sys::backtrace::__rust_begin_short_backtrace::<test[aada8e7e76ba119b]::run_test::{closure#1}, ()>
[INFO] [stdout]   18:     0x566d40902cc2 - <std[617be2ca0a6fd877]::thread::lifecycle::spawn_unchecked<test[aada8e7e76ba119b]::run_test::{closure#1}, ()>::{closure#1} as core[a373ad73a504971]::ops::function::FnOnce<()>>::call_once::{shim:vtable#0}
[INFO] [stdout]   19:     0x566d4099a3ff - <std[617be2ca0a6fd877]::sys::thread::unix::Thread>::new::thread_start
[INFO] [stdout]   20:     0x782e61c6ddfa - <unknown>
[INFO] [stdout]   21:     0x782e61d013d4 - clone
[INFO] [stdout]   22:                0x0 - <unknown>
[INFO] [stdout] 
[INFO] [stdout] ---- tests::cli::init::init_given_argument_fails stdout ----
[INFO] [stdout] 
[INFO] [stdout] thread 'tests::cli::init::init_given_argument_fails' (1671) panicked at src/tests/mod.rs:25:48:
[INFO] [stdout] called `Result::unwrap()` on an `Err` value: CargoError { cause: Some(NotFoundError { path: "/opt/rustwide/target/release/build/rgit/1cde02170f7d091c/out/rgit" }) }
[INFO] [stdout] stack backtrace:
[INFO] [stdout]    0:     0x566d4099ac21 - <<std[617be2ca0a6fd877]::sys::backtrace::BacktraceLock>::print::DisplayBacktrace as core[a373ad73a504971]::fmt::Display>::fmt
[INFO] [stdout]    1:     0x566d409b1f2a - core[a373ad73a504971]::fmt::write
[INFO] [stdout]    2:     0x566d409a082c - <alloc[2e1b2a31b91974c5]::vec::Vec<u8> as core[a373ad73a504971]::io::write::Write>::write_fmt
[INFO] [stdout]    3:     0x566d409749b6 - std[617be2ca0a6fd877]::panicking::default_hook::{closure#0}
[INFO] [stdout]    4:     0x566d40992599 - std[617be2ca0a6fd877]::panicking::default_hook
[INFO] [stdout]    5:     0x566d408ff610 - test[aada8e7e76ba119b]::test_main_inner::{closure#0}
[INFO] [stdout]    6:     0x566d40992752 - std[617be2ca0a6fd877]::panicking::panic_with_hook
[INFO] [stdout]    7:     0x566d40974a62 - std[617be2ca0a6fd877]::panicking::panic_handler::{closure#0}
[INFO] [stdout]    8:     0x566d4096d3f9 - std[617be2ca0a6fd877]::sys::backtrace::__rust_end_short_backtrace::<std[617be2ca0a6fd877]::panicking::panic_handler::{closure#0}, !>
[INFO] [stdout]    9:     0x566d4097570d - __rustc[ea4f61d10b84890b]::rust_begin_unwind
[INFO] [stdout]   10:     0x566d409b265c - core[a373ad73a504971]::panicking::panic_fmt
[INFO] [stdout]   11:     0x566d409b2432 - core[a373ad73a504971]::result::unwrap_failed
[INFO] [stdout]   12:     0x566d408eae44 - rgit[ed8d43cfed102049]::tests::run_acceptance
[INFO] [stdout]   13:     0x566d40944e04 - serial_test[e1f445d0b7f843f0]::serial_core
[INFO] [stdout]   14:     0x566d408e6a98 - <rgit[ed8d43cfed102049]::tests::cli::init::init_given_argument_fails::{closure#0} as core[a373ad73a504971]::ops::function::FnOnce<()>>::call_once
[INFO] [stdout]   15:     0x566d408f2a5b - test[aada8e7e76ba119b]::__rust_begin_short_backtrace::<core[a373ad73a504971]::result::Result<(), alloc[2e1b2a31b91974c5]::string::String>, fn() -> core[a373ad73a504971]::result::Result<(), alloc[2e1b2a31b91974c5]::string::String>>
[INFO] [stdout]   16:     0x566d408ffc35 - test[aada8e7e76ba119b]::run_test::{closure#0}
[INFO] [stdout]   17:     0x566d408f9524 - std[617be2ca0a6fd877]::sys::backtrace::__rust_begin_short_backtrace::<test[aada8e7e76ba119b]::run_test::{closure#1}, ()>
[INFO] [stdout]   18:     0x566d40902cc2 - <std[617be2ca0a6fd877]::thread::lifecycle::spawn_unchecked<test[aada8e7e76ba119b]::run_test::{closure#1}, ()>::{closure#1} as core[a373ad73a504971]::ops::function::FnOnce<()>>::call_once::{shim:vtable#0}
[INFO] [stdout]   19:     0x566d4099a3ff - <std[617be2ca0a6fd877]::sys::thread::unix::Thread>::new::thread_start
[INFO] [stdout]   20:     0x782e61c6ddfa - <unknown>
[INFO] [stdout]   21:     0x782e61d013d4 - clone
[INFO] [stdout]   22:                0x0 - <unknown>
[INFO] [stdout] 
[INFO] [stdout] ---- tests::cli::init::init_if_repository_exists_fails_with_error stdout ----
[INFO] [stdout] 
[INFO] [stdout] thread 'tests::cli::init::init_if_repository_exists_fails_with_error' (1675) panicked at src/tests/mod.rs:25:48:
[INFO] [stdout] called `Result::unwrap()` on an `Err` value: CargoError { cause: Some(NotFoundError { path: "/opt/rustwide/target/release/build/rgit/1cde02170f7d091c/out/rgit" }) }
[INFO] [stdout] stack backtrace:
[INFO] [stdout]    0:     0x566d4099ac21 - <<std[617be2ca0a6fd877]::sys::backtrace::BacktraceLock>::print::DisplayBacktrace as core[a373ad73a504971]::fmt::Display>::fmt
[INFO] [stdout]    1:     0x566d409b1f2a - core[a373ad73a504971]::fmt::write
[INFO] [stdout]    2:     0x566d409a082c - <alloc[2e1b2a31b91974c5]::vec::Vec<u8> as core[a373ad73a504971]::io::write::Write>::write_fmt
[INFO] [stdout]    3:     0x566d409749b6 - std[617be2ca0a6fd877]::panicking::default_hook::{closure#0}
[INFO] [stdout]    4:     0x566d40992599 - std[617be2ca0a6fd877]::panicking::default_hook
[INFO] [stdout]    5:     0x566d408ff610 - test[aada8e7e76ba119b]::test_main_inner::{closure#0}
[INFO] [stdout]    6:     0x566d40992752 - std[617be2ca0a6fd877]::panicking::panic_with_hook
[INFO] [stdout]    7:     0x566d40974a62 - std[617be2ca0a6fd877]::panicking::panic_handler::{closure#0}
[INFO] [stdout]    8:     0x566d4096d3f9 - std[617be2ca0a6fd877]::sys::backtrace::__rust_end_short_backtrace::<std[617be2ca0a6fd877]::panicking::panic_handler::{closure#0}, !>
[INFO] [stdout]    9:     0x566d4097570d - __rustc[ea4f61d10b84890b]::rust_begin_unwind
[INFO] [stdout]   10:     0x566d409b265c - core[a373ad73a504971]::panicking::panic_fmt
[INFO] [stdout]   11:     0x566d409b2432 - core[a373ad73a504971]::result::unwrap_failed
[INFO] [stdout]   12:     0x566d408eae44 - rgit[ed8d43cfed102049]::tests::run_acceptance
[INFO] [stdout]   13:     0x566d40944e04 - serial_test[e1f445d0b7f843f0]::serial_core
[INFO] [stdout]   14:     0x566d408e6ac8 - <rgit[ed8d43cfed102049]::tests::cli::init::init_if_repository_exists_fails_with_error::{closure#0} as core[a373ad73a504971]::ops::function::FnOnce<()>>::call_once
[INFO] [stdout]   15:     0x566d408f2a5b - test[aada8e7e76ba119b]::__rust_begin_short_backtrace::<core[a373ad73a504971]::result::Result<(), alloc[2e1b2a31b91974c5]::string::String>, fn() -> core[a373ad73a504971]::result::Result<(), alloc[2e1b2a31b91974c5]::string::String>>
[INFO] [stdout]   16:     0x566d408ffc35 - test[aada8e7e76ba119b]::run_test::{closure#0}
[INFO] [stdout]   17:     0x566d408f9524 - std[617be2ca0a6fd877]::sys::backtrace::__rust_begin_short_backtrace::<test[aada8e7e76ba119b]::run_test::{closure#1}, ()>
[INFO] [stdout]   18:     0x566d40902cc2 - <std[617be2ca0a6fd877]::thread::lifecycle::spawn_unchecked<test[aada8e7e76ba119b]::run_test::{closure#1}, ()>::{closure#1} as core[a373ad73a504971]::ops::function::FnOnce<()>>::call_once::{shim:vtable#0}
[INFO] [stdout]   19:     0x566d4099a3ff - <std[617be2ca0a6fd877]::sys::thread::unix::Thread>::new::thread_start
[INFO] [stdout]   20:     0x782e61c6ddfa - <unknown>
[INFO] [stdout]   21:     0x782e61d013d4 - clone
[INFO] [stdout]   22:                0x0 - <unknown>
[INFO] [stdout] 
[INFO] [stdout] ---- tests::cli::restore::restore_does_not_handle_empty_arguments stdout ----
[INFO] [stdout] 
[INFO] [stdout] thread 'tests::cli::restore::restore_does_not_handle_empty_arguments' (1676) panicked at src/tests/mod.rs:25:48:
[INFO] [stdout] called `Result::unwrap()` on an `Err` value: CargoError { cause: Some(NotFoundError { path: "/opt/rustwide/target/release/build/rgit/1cde02170f7d091c/out/rgit" }) }
[INFO] [stdout] stack backtrace:
[INFO] [stdout]    0:     0x566d4099ac21 - <<std[617be2ca0a6fd877]::sys::backtrace::BacktraceLock>::print::DisplayBacktrace as core[a373ad73a504971]::fmt::Display>::fmt
[INFO] [stdout]    1:     0x566d409b1f2a - core[a373ad73a504971]::fmt::write
[INFO] [stdout]    2:     0x566d409a082c - <alloc[2e1b2a31b91974c5]::vec::Vec<u8> as core[a373ad73a504971]::io::write::Write>::write_fmt
[INFO] [stdout]    3:     0x566d409749b6 - std[617be2ca0a6fd877]::panicking::default_hook::{closure#0}
[INFO] [stdout]    4:     0x566d40992599 - std[617be2ca0a6fd877]::panicking::default_hook
[INFO] [stdout]    5:     0x566d408ff610 - test[aada8e7e76ba119b]::test_main_inner::{closure#0}
[INFO] [stdout]    6:     0x566d40992752 - std[617be2ca0a6fd877]::panicking::panic_with_hook
[INFO] [stdout]    7:     0x566d40974a62 - std[617be2ca0a6fd877]::panicking::panic_handler::{closure#0}
[INFO] [stdout]    8:     0x566d4096d3f9 - std[617be2ca0a6fd877]::sys::backtrace::__rust_end_short_backtrace::<std[617be2ca0a6fd877]::panicking::panic_handler::{closure#0}, !>
[INFO] [stdout]    9:     0x566d4097570d - __rustc[ea4f61d10b84890b]::rust_begin_unwind
[INFO] [stdout]   10:     0x566d409b265c - core[a373ad73a504971]::panicking::panic_fmt
[INFO] [stdout]   11:     0x566d409b2432 - core[a373ad73a504971]::result::unwrap_failed
[INFO] [stdout]   12:     0x566d408eae44 - rgit[ed8d43cfed102049]::tests::run_acceptance
[INFO] [stderr] error: test failed, to rerun pass `--bin rgit`
[INFO] [stdout]   13:     0x566d40944e04 - serial_test[e1f445d0b7f843f0]::serial_core
[INFO] [stdout]   14:     0x566d408bfac8 - <rgit[ed8d43cfed102049]::tests::cli::restore::restore_does_not_handle_empty_arguments::{closure#0} as core[a373ad73a504971]::ops::function::FnOnce<()>>::call_once
[INFO] [stdout]   15:     0x566d408f2a5b - test[aada8e7e76ba119b]::__rust_begin_short_backtrace::<core[a373ad73a504971]::result::Result<(), alloc[2e1b2a31b91974c5]::string::String>, fn() -> core[a373ad73a504971]::result::Result<(), alloc[2e1b2a31b91974c5]::string::String>>
[INFO] [stdout]   16:     0x566d408ffc35 - test[aada8e7e76ba119b]::run_test::{closure#0}
[INFO] [stdout]   17:     0x566d408f9524 - std[617be2ca0a6fd877]::sys::backtrace::__rust_begin_short_backtrace::<test[aada8e7e76ba119b]::run_test::{closure#1}, ()>
[INFO] [stdout]   18:     0x566d40902cc2 - <std[617be2ca0a6fd877]::thread::lifecycle::spawn_unchecked<test[aada8e7e76ba119b]::run_test::{closure#1}, ()>::{closure#1} as core[a373ad73a504971]::ops::function::FnOnce<()>>::call_once::{shim:vtable#0}
[INFO] [stdout]   19:     0x566d4099a3ff - <std[617be2ca0a6fd877]::sys::thread::unix::Thread>::new::thread_start
[INFO] [stdout]   20:     0x782e61c6ddfa - <unknown>
[INFO] [stdout]   21:     0x782e61d013d4 - clone
[INFO] [stdout]   22:                0x0 - <unknown>
[INFO] [stdout] 
[INFO] [stdout] ---- tests::cli::restore::restore_does_not_handle_options stdout ----
[INFO] [stdout] 
[INFO] [stdout] thread 'tests::cli::restore::restore_does_not_handle_options' (1677) panicked at src/tests/mod.rs:25:48:
[INFO] [stdout] called `Result::unwrap()` on an `Err` value: CargoError { cause: Some(NotFoundError { path: "/opt/rustwide/target/release/build/rgit/1cde02170f7d091c/out/rgit" }) }
[INFO] [stdout] stack backtrace:
[INFO] [stdout]    0:     0x566d4099ac21 - <<std[617be2ca0a6fd877]::sys::backtrace::BacktraceLock>::print::DisplayBacktrace as core[a373ad73a504971]::fmt::Display>::fmt
[INFO] [stdout]    1:     0x566d409b1f2a - core[a373ad73a504971]::fmt::write
[INFO] [stdout]    2:     0x566d409a082c - <alloc[2e1b2a31b91974c5]::vec::Vec<u8> as core[a373ad73a504971]::io::write::Write>::write_fmt
[INFO] [stdout]    3:     0x566d409749b6 - std[617be2ca0a6fd877]::panicking::default_hook::{closure#0}
[INFO] [stdout]    4:     0x566d40992599 - std[617be2ca0a6fd877]::panicking::default_hook
[INFO] [stdout]    5:     0x566d408ff610 - test[aada8e7e76ba119b]::test_main_inner::{closure#0}
[INFO] [stdout]    6:     0x566d40992752 - std[617be2ca0a6fd877]::panicking::panic_with_hook
[INFO] [stdout]    7:     0x566d40974a62 - std[617be2ca0a6fd877]::panicking::panic_handler::{closure#0}
[INFO] [stdout]    8:     0x566d4096d3f9 - std[617be2ca0a6fd877]::sys::backtrace::__rust_end_short_backtrace::<std[617be2ca0a6fd877]::panicking::panic_handler::{closure#0}, !>
[INFO] [stdout]    9:     0x566d4097570d - __rustc[ea4f61d10b84890b]::rust_begin_unwind
[INFO] [stdout]   10:     0x566d409b265c - core[a373ad73a504971]::panicking::panic_fmt
[INFO] [stdout]   11:     0x566d409b2432 - core[a373ad73a504971]::result::unwrap_failed
[INFO] [stdout]   12:     0x566d408eae44 - rgit[ed8d43cfed102049]::tests::run_acceptance
[INFO] [stdout]   13:     0x566d40944e04 - serial_test[e1f445d0b7f843f0]::serial_core
[INFO] [stdout]   14:     0x566d408bfa68 - <rgit[ed8d43cfed102049]::tests::cli::restore::restore_does_not_handle_options::{closure#0} as core[a373ad73a504971]::ops::function::FnOnce<()>>::call_once
[INFO] [stdout]   15:     0x566d408f2a5b - test[aada8e7e76ba119b]::__rust_begin_short_backtrace::<core[a373ad73a504971]::result::Result<(), alloc[2e1b2a31b91974c5]::string::String>, fn() -> core[a373ad73a504971]::result::Result<(), alloc[2e1b2a31b91974c5]::string::String>>
[INFO] [stdout]   16:     0x566d408ffc35 - test[aada8e7e76ba119b]::run_test::{closure#0}
[INFO] [stdout]   17:     0x566d408f9524 - std[617be2ca0a6fd877]::sys::backtrace::__rust_begin_short_backtrace::<test[aada8e7e76ba119b]::run_test::{closure#1}, ()>
[INFO] [stdout]   18:     0x566d40902cc2 - <std[617be2ca0a6fd877]::thread::lifecycle::spawn_unchecked<test[aada8e7e76ba119b]::run_test::{closure#1}, ()>::{closure#1} as core[a373ad73a504971]::ops::function::FnOnce<()>>::call_once::{shim:vtable#0}
[INFO] [stdout]   19:     0x566d4099a3ff - <std[617be2ca0a6fd877]::sys::thread::unix::Thread>::new::thread_start
[INFO] [stdout]   20:     0x782e61c6ddfa - <unknown>
[INFO] [stdout]   21:     0x782e61d013d4 - clone
[INFO] [stdout]   22:                0x0 - <unknown>
[INFO] [stdout] 
[INFO] [stdout] ---- tests::cli::status::status_does_not_handle_any_arguments stdout ----
[INFO] [stdout] 
[INFO] [stdout] thread 'tests::cli::status::status_does_not_handle_any_arguments' (1679) panicked at src/tests/mod.rs:25:48:
[INFO] [stdout] called `Result::unwrap()` on an `Err` value: CargoError { cause: Some(NotFoundError { path: "/opt/rustwide/target/release/build/rgit/1cde02170f7d091c/out/rgit" }) }
[INFO] [stdout] stack backtrace:
[INFO] [stdout]    0:     0x566d4099ac21 - <<std[617be2ca0a6fd877]::sys::backtrace::BacktraceLock>::print::DisplayBacktrace as core[a373ad73a504971]::fmt::Display>::fmt
[INFO] [stdout]    1:     0x566d409b1f2a - core[a373ad73a504971]::fmt::write
[INFO] [stdout]    2:     0x566d409a082c - <alloc[2e1b2a31b91974c5]::vec::Vec<u8> as core[a373ad73a504971]::io::write::Write>::write_fmt
[INFO] [stdout]    3:     0x566d409749b6 - std[617be2ca0a6fd877]::panicking::default_hook::{closure#0}
[INFO] [stdout]    4:     0x566d40992599 - std[617be2ca0a6fd877]::panicking::default_hook
[INFO] [stdout]    5:     0x566d408ff610 - test[aada8e7e76ba119b]::test_main_inner::{closure#0}
[INFO] [stdout]    6:     0x566d40992752 - std[617be2ca0a6fd877]::panicking::panic_with_hook
[INFO] [stdout]    7:     0x566d40974a62 - std[617be2ca0a6fd877]::panicking::panic_handler::{closure#0}
[INFO] [stdout]    8:     0x566d4096d3f9 - std[617be2ca0a6fd877]::sys::backtrace::__rust_end_short_backtrace::<std[617be2ca0a6fd877]::panicking::panic_handler::{closure#0}, !>
[INFO] [stdout]    9:     0x566d4097570d - __rustc[ea4f61d10b84890b]::rust_begin_unwind
[INFO] [stdout]   10:     0x566d409b265c - core[a373ad73a504971]::panicking::panic_fmt
[INFO] [stdout]   11:     0x566d409b2432 - core[a373ad73a504971]::result::unwrap_failed
[INFO] [stdout]   12:     0x566d408eae44 - rgit[ed8d43cfed102049]::tests::run_acceptance
[INFO] [stdout]   13:     0x566d40944e04 - serial_test[e1f445d0b7f843f0]::serial_core
[INFO] [stdout]   14:     0x566d408e9f78 - <rgit[ed8d43cfed102049]::tests::cli::status::status_does_not_handle_any_arguments::{closure#0} as core[a373ad73a504971]::ops::function::FnOnce<()>>::call_once
[INFO] [stdout]   15:     0x566d408f2a5b - test[aada8e7e76ba119b]::__rust_begin_short_backtrace::<core[a373ad73a504971]::result::Result<(), alloc[2e1b2a31b91974c5]::string::String>, fn() -> core[a373ad73a504971]::result::Result<(), alloc[2e1b2a31b91974c5]::string::String>>
[INFO] [stdout]   16:     0x566d408ffc35 - test[aada8e7e76ba119b]::run_test::{closure#0}
[INFO] [stdout]   17:     0x566d408f9524 - std[617be2ca0a6fd877]::sys::backtrace::__rust_begin_short_backtrace::<test[aada8e7e76ba119b]::run_test::{closure#1}, ()>
[INFO] [stdout]   18:     0x566d40902cc2 - <std[617be2ca0a6fd877]::thread::lifecycle::spawn_unchecked<test[aada8e7e76ba119b]::run_test::{closure#1}, ()>::{closure#1} as core[a373ad73a504971]::ops::function::FnOnce<()>>::call_once::{shim:vtable#0}
[INFO] [stdout]   19:     0x566d4099a3ff - <std[617be2ca0a6fd877]::sys::thread::unix::Thread>::new::thread_start
[INFO] [stdout]   20:     0x782e61c6ddfa - <unknown>
[INFO] [stdout]   21:     0x782e61d013d4 - clone
[INFO] [stdout]   22:                0x0 - <unknown>
[INFO] [stdout] 
[INFO] [stdout] ---- tests::cli::restore::restore_handles_multiple_arguments stdout ----
[INFO] [stdout] 
[INFO] [stdout] thread 'tests::cli::restore::restore_handles_multiple_arguments' (1678) panicked at src/tests/mod.rs:25:48:
[INFO] [stdout] called `Result::unwrap()` on an `Err` value: CargoError { cause: Some(NotFoundError { path: "/opt/rustwide/target/release/build/rgit/1cde02170f7d091c/out/rgit" }) }
[INFO] [stdout] stack backtrace:
[INFO] [stdout]    0:     0x566d4099ac21 - <<std[617be2ca0a6fd877]::sys::backtrace::BacktraceLock>::print::DisplayBacktrace as core[a373ad73a504971]::fmt::Display>::fmt
[INFO] [stdout]    1:     0x566d409b1f2a - core[a373ad73a504971]::fmt::write
[INFO] [stdout]    2:     0x566d409a082c - <alloc[2e1b2a31b91974c5]::vec::Vec<u8> as core[a373ad73a504971]::io::write::Write>::write_fmt
[INFO] [stdout]    3:     0x566d409749b6 - std[617be2ca0a6fd877]::panicking::default_hook::{closure#0}
[INFO] [stdout]    4:     0x566d40992599 - std[617be2ca0a6fd877]::panicking::default_hook
[INFO] [stdout]    5:     0x566d408ff610 - test[aada8e7e76ba119b]::test_main_inner::{closure#0}
[INFO] [stdout]    6:     0x566d40992752 - std[617be2ca0a6fd877]::panicking::panic_with_hook
[INFO] [stdout]    7:     0x566d40974a62 - std[617be2ca0a6fd877]::panicking::panic_handler::{closure#0}
[INFO] [stdout]    8:     0x566d4096d3f9 - std[617be2ca0a6fd877]::sys::backtrace::__rust_end_short_backtrace::<std[617be2ca0a6fd877]::panicking::panic_handler::{closure#0}, !>
[INFO] [stdout]    9:     0x566d4097570d - __rustc[ea4f61d10b84890b]::rust_begin_unwind
[INFO] [stdout]   10:     0x566d409b265c - core[a373ad73a504971]::panicking::panic_fmt
[INFO] [stdout]   11:     0x566d409b2432 - core[a373ad73a504971]::result::unwrap_failed
[INFO] [stdout]   12:     0x566d408eae44 - rgit[ed8d43cfed102049]::tests::run_acceptance
[INFO] [stdout]   13:     0x566d40944e04 - serial_test[e1f445d0b7f843f0]::serial_core
[INFO] [stdout]   14:     0x566d408bfa98 - <rgit[ed8d43cfed102049]::tests::cli::restore::restore_handles_multiple_arguments::{closure#0} as core[a373ad73a504971]::ops::function::FnOnce<()>>::call_once
[INFO] [stdout]   15:     0x566d408f2a5b - test[aada8e7e76ba119b]::__rust_begin_short_backtrace::<core[a373ad73a504971]::result::Result<(), alloc[2e1b2a31b91974c5]::string::String>, fn() -> core[a373ad73a504971]::result::Result<(), alloc[2e1b2a31b91974c5]::string::String>>
[INFO] [stdout]   16:     0x566d408ffc35 - test[aada8e7e76ba119b]::run_test::{closure#0}
[INFO] [stdout]   17:     0x566d408f9524 - std[617be2ca0a6fd877]::sys::backtrace::__rust_begin_short_backtrace::<test[aada8e7e76ba119b]::run_test::{closure#1}, ()>
[INFO] [stdout]   18:     0x566d40902cc2 - <std[617be2ca0a6fd877]::thread::lifecycle::spawn_unchecked<test[aada8e7e76ba119b]::run_test::{closure#1}, ()>::{closure#1} as core[a373ad73a504971]::ops::function::FnOnce<()>>::call_once::{shim:vtable#0}
[INFO] [stdout]   19:     0x566d4099a3ff - <std[617be2ca0a6fd877]::sys::thread::unix::Thread>::new::thread_start
[INFO] [stdout]   20:     0x782e61c6ddfa - <unknown>
[INFO] [stdout]   21:     0x782e61d013d4 - clone
[INFO] [stdout]   22:                0x0 - <unknown>
[INFO] [stdout] 
[INFO] [stdout] ---- tests::cli::status::status_prints_current_working_tree_status stdout ----
[INFO] [stdout] 
[INFO] [stdout] thread 'tests::cli::status::status_prints_current_working_tree_status' (1682) panicked at src/tests/mod.rs:25:48:
[INFO] [stdout] called `Result::unwrap()` on an `Err` value: CargoError { cause: Some(NotFoundError { path: "/opt/rustwide/target/release/build/rgit/1cde02170f7d091c/out/rgit" }) }
[INFO] [stdout] stack backtrace:
[INFO] [stdout]    0:     0x566d4099ac21 - <<std[617be2ca0a6fd877]::sys::backtrace::BacktraceLock>::print::DisplayBacktrace as core[a373ad73a504971]::fmt::Display>::fmt
[INFO] [stdout]    1:     0x566d409b1f2a - core[a373ad73a504971]::fmt::write
[INFO] [stdout]    2:     0x566d409a082c - <alloc[2e1b2a31b91974c5]::vec::Vec<u8> as core[a373ad73a504971]::io::write::Write>::write_fmt
[INFO] [stdout]    3:     0x566d409749b6 - std[617be2ca0a6fd877]::panicking::default_hook::{closure#0}
[INFO] [stdout]    4:     0x566d40992599 - std[617be2ca0a6fd877]::panicking::default_hook
[INFO] [stdout]    5:     0x566d408ff610 - test[aada8e7e76ba119b]::test_main_inner::{closure#0}
[INFO] [stdout]    6:     0x566d40992752 - std[617be2ca0a6fd877]::panicking::panic_with_hook
[INFO] [stdout]    7:     0x566d40974a62 - std[617be2ca0a6fd877]::panicking::panic_handler::{closure#0}
[INFO] [stdout]    8:     0x566d4096d3f9 - std[617be2ca0a6fd877]::sys::backtrace::__rust_end_short_backtrace::<std[617be2ca0a6fd877]::panicking::panic_handler::{closure#0}, !>
[INFO] [stdout]    9:     0x566d4097570d - __rustc[ea4f61d10b84890b]::rust_begin_unwind
[INFO] [stdout]   10:     0x566d409b265c - core[a373ad73a504971]::panicking::panic_fmt
[INFO] [stdout]   11:     0x566d409b2432 - core[a373ad73a504971]::result::unwrap_failed
[INFO] [stdout]   12:     0x566d408eae44 - rgit[ed8d43cfed102049]::tests::run_acceptance
[INFO] [stdout]   13:     0x566d40944e04 - serial_test[e1f445d0b7f843f0]::serial_core
[INFO] [stdout]   14:     0x566d408e9fa8 - <rgit[ed8d43cfed102049]::tests::cli::status::status_prints_current_working_tree_status::{closure#0} as core[a373ad73a504971]::ops::function::FnOnce<()>>::call_once
[INFO] [stdout]   15:     0x566d408f2a5b - test[aada8e7e76ba119b]::__rust_begin_short_backtrace::<core[a373ad73a504971]::result::Result<(), alloc[2e1b2a31b91974c5]::string::String>, fn() -> core[a373ad73a504971]::result::Result<(), alloc[2e1b2a31b91974c5]::string::String>>
[INFO] [stdout]   16:     0x566d408ffc35 - test[aada8e7e76ba119b]::run_test::{closure#0}
[INFO] [stdout]   17:     0x566d408f9524 - std[617be2ca0a6fd877]::sys::backtrace::__rust_begin_short_backtrace::<test[aada8e7e76ba119b]::run_test::{closure#1}, ()>
[INFO] [stdout]   18:     0x566d40902cc2 - <std[617be2ca0a6fd877]::thread::lifecycle::spawn_unchecked<test[aada8e7e76ba119b]::run_test::{closure#1}, ()>::{closure#1} as core[a373ad73a504971]::ops::function::FnOnce<()>>::call_once::{shim:vtable#0}
[INFO] [stdout]   19:     0x566d4099a3ff - <std[617be2ca0a6fd877]::sys::thread::unix::Thread>::new::thread_start
[INFO] [stdout]   20:     0x782e61c6ddfa - <unknown>
[INFO] [stdout]   21:     0x782e61d013d4 - clone
[INFO] [stdout]   22:                0x0 - <unknown>
[INFO] [stdout] 
[INFO] [stdout] ---- tests::cli::status::status_does_not_handle_any_options stdout ----
[INFO] [stdout] 
[INFO] [stdout] thread 'tests::cli::status::status_does_not_handle_any_options' (1680) panicked at src/tests/mod.rs:25:48:
[INFO] [stdout] called `Result::unwrap()` on an `Err` value: CargoError { cause: Some(NotFoundError { path: "/opt/rustwide/target/release/build/rgit/1cde02170f7d091c/out/rgit" }) }
[INFO] [stdout] stack backtrace:
[INFO] [stdout]    0:     0x566d4099ac21 - <<std[617be2ca0a6fd877]::sys::backtrace::BacktraceLock>::print::DisplayBacktrace as core[a373ad73a504971]::fmt::Display>::fmt
[INFO] [stdout]    1:     0x566d409b1f2a - core[a373ad73a504971]::fmt::write
[INFO] [stdout]    2:     0x566d409a082c - <alloc[2e1b2a31b91974c5]::vec::Vec<u8> as core[a373ad73a504971]::io::write::Write>::write_fmt
[INFO] [stdout]    3:     0x566d409749b6 - std[617be2ca0a6fd877]::panicking::default_hook::{closure#0}
[INFO] [stdout]    4:     0x566d40992599 - std[617be2ca0a6fd877]::panicking::default_hook
[INFO] [stdout]    5:     0x566d408ff610 - test[aada8e7e76ba119b]::test_main_inner::{closure#0}
[INFO] [stdout]    6:     0x566d40992752 - std[617be2ca0a6fd877]::panicking::panic_with_hook
[INFO] [stdout]    7:     0x566d40974a62 - std[617be2ca0a6fd877]::panicking::panic_handler::{closure#0}
[INFO] [stdout]    8:     0x566d4096d3f9 - std[617be2ca0a6fd877]::sys::backtrace::__rust_end_short_backtrace::<std[617be2ca0a6fd877]::panicking::panic_handler::{closure#0}, !>
[INFO] [stdout]    9:     0x566d4097570d - __rustc[ea4f61d10b84890b]::rust_begin_unwind
[INFO] [stdout]   10:     0x566d409b265c - core[a373ad73a504971]::panicking::panic_fmt
[INFO] [stdout]   11:     0x566d409b2432 - core[a373ad73a504971]::result::unwrap_failed
[INFO] [stdout]   12:     0x566d408eae44 - rgit[ed8d43cfed102049]::tests::run_acceptance
[INFO] [stdout]   13:     0x566d40944e04 - serial_test[e1f445d0b7f843f0]::serial_core
[INFO] [stdout]   14:     0x566d408e9f48 - <rgit[ed8d43cfed102049]::tests::cli::status::status_does_not_handle_any_options::{closure#0} as core[a373ad73a504971]::ops::function::FnOnce<()>>::call_once
[INFO] [stdout]   15:     0x566d408f2a5b - test[aada8e7e76ba119b]::__rust_begin_short_backtrace::<core[a373ad73a504971]::result::Result<(), alloc[2e1b2a31b91974c5]::string::String>, fn() -> core[a373ad73a504971]::result::Result<(), alloc[2e1b2a31b91974c5]::string::String>>
[INFO] [stdout]   16:     0x566d408ffc35 - test[aada8e7e76ba119b]::run_test::{closure#0}
[INFO] [stdout]   17:     0x566d408f9524 - std[617be2ca0a6fd877]::sys::backtrace::__rust_begin_short_backtrace::<test[aada8e7e76ba119b]::run_test::{closure#1}, ()>
[INFO] [stdout]   18:     0x566d40902cc2 - <std[617be2ca0a6fd877]::thread::lifecycle::spawn_unchecked<test[aada8e7e76ba119b]::run_test::{closure#1}, ()>::{closure#1} as core[a373ad73a504971]::ops::function::FnOnce<()>>::call_once::{shim:vtable#0}
[INFO] [stdout]   19:     0x566d4099a3ff - <std[617be2ca0a6fd877]::sys::thread::unix::Thread>::new::thread_start
[INFO] [stdout]   20:     0x782e61c6ddfa - <unknown>
[INFO] [stdout]   21:     0x782e61d013d4 - clone
[INFO] [stdout]   22:                0x0 - <unknown>
[INFO] [stdout] 
[INFO] [stdout] ---- tests::cli::switch::switch_changes_to_a_branch stdout ----
[INFO] [stdout] 
[INFO] [stdout] thread 'tests::cli::switch::switch_changes_to_a_branch' (1683) panicked at src/tests/mod.rs:25:48:
[INFO] [stdout] called `Result::unwrap()` on an `Err` value: CargoError { cause: Some(NotFoundError { path: "/opt/rustwide/target/release/build/rgit/1cde02170f7d091c/out/rgit" }) }
[INFO] [stdout] stack backtrace:
[INFO] [stdout]    0:     0x566d4099ac21 - <<std[617be2ca0a6fd877]::sys::backtrace::BacktraceLock>::print::DisplayBacktrace as core[a373ad73a504971]::fmt::Display>::fmt
[INFO] [stdout]    1:     0x566d409b1f2a - core[a373ad73a504971]::fmt::write
[INFO] [stdout]    2:     0x566d409a082c - <alloc[2e1b2a31b91974c5]::vec::Vec<u8> as core[a373ad73a504971]::io::write::Write>::write_fmt
[INFO] [stdout]    3:     0x566d409749b6 - std[617be2ca0a6fd877]::panicking::default_hook::{closure#0}
[INFO] [stdout]    4:     0x566d40992599 - std[617be2ca0a6fd877]::panicking::default_hook
[INFO] [stdout]    5:     0x566d408ff610 - test[aada8e7e76ba119b]::test_main_inner::{closure#0}
[INFO] [stdout]    6:     0x566d40992752 - std[617be2ca0a6fd877]::panicking::panic_with_hook
[INFO] [stdout]    7:     0x566d40974a62 - std[617be2ca0a6fd877]::panicking::panic_handler::{closure#0}
[INFO] [stdout]    8:     0x566d4096d3f9 - std[617be2ca0a6fd877]::sys::backtrace::__rust_end_short_backtrace::<std[617be2ca0a6fd877]::panicking::panic_handler::{closure#0}, !>
[INFO] [stdout]    9:     0x566d4097570d - __rustc[ea4f61d10b84890b]::rust_begin_unwind
[INFO] [stdout]   10:     0x566d409b265c - core[a373ad73a504971]::panicking::panic_fmt
[INFO] [stdout]   11:     0x566d409b2432 - core[a373ad73a504971]::result::unwrap_failed
[INFO] [stdout]   12:     0x566d408eae44 - rgit[ed8d43cfed102049]::tests::run_acceptance
[INFO] [stdout]   13:     0x566d40944e04 - serial_test[e1f445d0b7f843f0]::serial_core
[INFO] [stdout]   14:     0x566d408e6c28 - <rgit[ed8d43cfed102049]::tests::cli::switch::switch_changes_to_a_branch::{closure#0} as core[a373ad73a504971]::ops::function::FnOnce<()>>::call_once
[INFO] [stdout]   15:     0x566d408f2a5b - test[aada8e7e76ba119b]::__rust_begin_short_backtrace::<core[a373ad73a504971]::result::Result<(), alloc[2e1b2a31b91974c5]::string::String>, fn() -> core[a373ad73a504971]::result::Result<(), alloc[2e1b2a31b91974c5]::string::String>>
[INFO] [stdout]   16:     0x566d408ffc35 - test[aada8e7e76ba119b]::run_test::{closure#0}
[INFO] [stdout]   17:     0x566d408f9524 - std[617be2ca0a6fd877]::sys::backtrace::__rust_begin_short_backtrace::<test[aada8e7e76ba119b]::run_test::{closure#1}, ()>
[INFO] [stdout]   18:     0x566d40902cc2 - <std[617be2ca0a6fd877]::thread::lifecycle::spawn_unchecked<test[aada8e7e76ba119b]::run_test::{closure#1}, ()>::{closure#1} as core[a373ad73a504971]::ops::function::FnOnce<()>>::call_once::{shim:vtable#0}
[INFO] [stdout]   19:     0x566d4099a3ff - <std[617be2ca0a6fd877]::sys::thread::unix::Thread>::new::thread_start
[INFO] [stdout]   20:     0x782e61c6ddfa - <unknown>
[INFO] [stdout]   21:     0x782e61d013d4 - clone
[INFO] [stdout]   22:                0x0 - <unknown>
[INFO] [stdout] 
[INFO] [stdout] ---- tests::cli::switch::switch_creates_a_new_branch stdout ----
[INFO] [stdout] 
[INFO] [stdout] thread 'tests::cli::switch::switch_creates_a_new_branch' (1685) panicked at src/tests/mod.rs:25:48:
[INFO] [stdout] called `Result::unwrap()` on an `Err` value: CargoError { cause: Some(NotFoundError { path: "/opt/rustwide/target/release/build/rgit/1cde02170f7d091c/out/rgit" }) }
[INFO] [stdout] stack backtrace:
[INFO] [stdout]    0:     0x566d4099ac21 - <<std[617be2ca0a6fd877]::sys::backtrace::BacktraceLock>::print::DisplayBacktrace as core[a373ad73a504971]::fmt::Display>::fmt
[INFO] [stdout]    1:     0x566d409b1f2a - core[a373ad73a504971]::fmt::write
[INFO] [stdout]    2:     0x566d409a082c - <alloc[2e1b2a31b91974c5]::vec::Vec<u8> as core[a373ad73a504971]::io::write::Write>::write_fmt
[INFO] [stdout]    3:     0x566d409749b6 - std[617be2ca0a6fd877]::panicking::default_hook::{closure#0}
[INFO] [stdout]    4:     0x566d40992599 - std[617be2ca0a6fd877]::panicking::default_hook
[INFO] [stdout]    5:     0x566d408ff610 - test[aada8e7e76ba119b]::test_main_inner::{closure#0}
[INFO] [stdout]    6:     0x566d40992752 - std[617be2ca0a6fd877]::panicking::panic_with_hook
[INFO] [stdout]    7:     0x566d40974a62 - std[617be2ca0a6fd877]::panicking::panic_handler::{closure#0}
[INFO] [stdout]    8:     0x566d4096d3f9 - std[617be2ca0a6fd877]::sys::backtrace::__rust_end_short_backtrace::<std[617be2ca0a6fd877]::panicking::panic_handler::{closure#0}, !>
[INFO] [stdout]    9:     0x566d4097570d - __rustc[ea4f61d10b84890b]::rust_begin_unwind
[INFO] [stdout]   10:     0x566d409b265c - core[a373ad73a504971]::panicking::panic_fmt
[INFO] [stdout]   11:     0x566d409b2432 - core[a373ad73a504971]::result::unwrap_failed
[INFO] [stdout]   12:     0x566d408eae44 - rgit[ed8d43cfed102049]::tests::run_acceptance
[INFO] [stdout]   13:     0x566d40944e04 - serial_test[e1f445d0b7f843f0]::serial_core
[INFO] [stdout]   14:     0x566d408e6c58 - <rgit[ed8d43cfed102049]::tests::cli::switch::switch_creates_a_new_branch::{closure#0} as core[a373ad73a504971]::ops::function::FnOnce<()>>::call_once
[INFO] [stdout]   15:     0x566d408f2a5b - test[aada8e7e76ba119b]::__rust_begin_short_backtrace::<core[a373ad73a504971]::result::Result<(), alloc[2e1b2a31b91974c5]::string::String>, fn() -> core[a373ad73a504971]::result::Result<(), alloc[2e1b2a31b91974c5]::string::String>>
[INFO] [stdout]   16:     0x566d408ffc35 - test[aada8e7e76ba119b]::run_test::{closure#0}
[INFO] [stdout]   17:     0x566d408f9524 - std[617be2ca0a6fd877]::sys::backtrace::__rust_begin_short_backtrace::<test[aada8e7e76ba119b]::run_test::{closure#1}, ()>
[INFO] [stdout]   18:     0x566d40902cc2 - <std[617be2ca0a6fd877]::thread::lifecycle::spawn_unchecked<test[aada8e7e76ba119b]::run_test::{closure#1}, ()>::{closure#1} as core[a373ad73a504971]::ops::function::FnOnce<()>>::call_once::{shim:vtable#0}
[INFO] [stdout]   19:     0x566d4099a3ff - <std[617be2ca0a6fd877]::sys::thread::unix::Thread>::new::thread_start
[INFO] [stdout]   20:     0x782e61c6ddfa - <unknown>
[INFO] [stdout]   21:     0x782e61d013d4 - clone
[INFO] [stdout]   22:                0x0 - <unknown>
[INFO] [stdout] 
[INFO] [stdout] ---- tests::cli::switch::switch_changes_to_a_commit_in_headless_mode stdout ----
[INFO] [stdout] 
[INFO] [stdout] thread 'tests::cli::switch::switch_changes_to_a_commit_in_headless_mode' (1684) panicked at src/tests/mod.rs:25:48:
[INFO] [stdout] called `Result::unwrap()` on an `Err` value: CargoError { cause: Some(NotFoundError { path: "/opt/rustwide/target/release/build/rgit/1cde02170f7d091c/out/rgit" }) }
[INFO] [stdout] stack backtrace:
[INFO] [stdout]    0:     0x566d4099ac21 - <<std[617be2ca0a6fd877]::sys::backtrace::BacktraceLock>::print::DisplayBacktrace as core[a373ad73a504971]::fmt::Display>::fmt
[INFO] [stdout]    1:     0x566d409b1f2a - core[a373ad73a504971]::fmt::write
[INFO] [stdout]    2:     0x566d409a082c - <alloc[2e1b2a31b91974c5]::vec::Vec<u8> as core[a373ad73a504971]::io::write::Write>::write_fmt
[INFO] [stdout]    3:     0x566d409749b6 - std[617be2ca0a6fd877]::panicking::default_hook::{closure#0}
[INFO] [stdout]    4:     0x566d40992599 - std[617be2ca0a6fd877]::panicking::default_hook
[INFO] [stdout]    5:     0x566d408ff610 - test[aada8e7e76ba119b]::test_main_inner::{closure#0}
[INFO] [stdout]    6:     0x566d40992752 - std[617be2ca0a6fd877]::panicking::panic_with_hook
[INFO] [stdout]    7:     0x566d40974a62 - std[617be2ca0a6fd877]::panicking::panic_handler::{closure#0}
[INFO] [stdout]    8:     0x566d4096d3f9 - std[617be2ca0a6fd877]::sys::backtrace::__rust_end_short_backtrace::<std[617be2ca0a6fd877]::panicking::panic_handler::{closure#0}, !>
[INFO] [stdout]    9:     0x566d4097570d - __rustc[ea4f61d10b84890b]::rust_begin_unwind
[INFO] [stdout]   10:     0x566d409b265c - core[a373ad73a504971]::panicking::panic_fmt
[INFO] [stdout]   11:     0x566d409b2432 - core[a373ad73a504971]::result::unwrap_failed
[INFO] [stdout]   12:     0x566d408eae44 - rgit[ed8d43cfed102049]::tests::run_acceptance
[INFO] [stdout]   13:     0x566d40944e04 - serial_test[e1f445d0b7f843f0]::serial_core
[INFO] [stdout]   14:     0x566d408e6d78 - <rgit[ed8d43cfed102049]::tests::cli::switch::switch_changes_to_a_commit_in_headless_mode::{closure#0} as core[a373ad73a504971]::ops::function::FnOnce<()>>::call_once
[INFO] [stdout]   15:     0x566d408f2a5b - test[aada8e7e76ba119b]::__rust_begin_short_backtrace::<core[a373ad73a504971]::result::Result<(), alloc[2e1b2a31b91974c5]::string::String>, fn() -> core[a373ad73a504971]::result::Result<(), alloc[2e1b2a31b91974c5]::string::String>>
[INFO] [stdout]   16:     0x566d408ffc35 - test[aada8e7e76ba119b]::run_test::{closure#0}
[INFO] [stdout]   17:     0x566d408f9524 - std[617be2ca0a6fd877]::sys::backtrace::__rust_begin_short_backtrace::<test[aada8e7e76ba119b]::run_test::{closure#1}, ()>
[INFO] [stdout]   18:     0x566d40902cc2 - <std[617be2ca0a6fd877]::thread::lifecycle::spawn_unchecked<test[aada8e7e76ba119b]::run_test::{closure#1}, ()>::{closure#1} as core[a373ad73a504971]::ops::function::FnOnce<()>>::call_once::{shim:vtable#0}
[INFO] [stdout]   19:     0x566d4099a3ff - <std[617be2ca0a6fd877]::sys::thread::unix::Thread>::new::thread_start
[INFO] [stdout]   20:     0x782e61c6ddfa - <unknown>
[INFO] [stdout]   21:     0x782e61d013d4 - clone
[INFO] [stdout]   22:                0x0 - <unknown>
[INFO] [stdout] 
[INFO] [stdout] ---- tests::cli::switch::switch_does_not_handle_multiple_arguments stdout ----
[INFO] [stdout] 
[INFO] [stdout] thread 'tests::cli::switch::switch_does_not_handle_multiple_arguments' (1688) panicked at src/tests/mod.rs:25:48:
[INFO] [stdout] called `Result::unwrap()` on an `Err` value: CargoError { cause: Some(NotFoundError { path: "/opt/rustwide/target/release/build/rgit/1cde02170f7d091c/out/rgit" }) }
[INFO] [stdout] stack backtrace:
[INFO] [stdout]    0:     0x566d4099ac21 - <<std[617be2ca0a6fd877]::sys::backtrace::BacktraceLock>::print::DisplayBacktrace as core[a373ad73a504971]::fmt::Display>::fmt
[INFO] [stdout]    1:     0x566d409b1f2a - core[a373ad73a504971]::fmt::write
[INFO] [stdout]    2:     0x566d409a082c - <alloc[2e1b2a31b91974c5]::vec::Vec<u8> as core[a373ad73a504971]::io::write::Write>::write_fmt
[INFO] [stdout]    3:     0x566d409749b6 - std[617be2ca0a6fd877]::panicking::default_hook::{closure#0}
[INFO] [stdout]    4:     0x566d40992599 - std[617be2ca0a6fd877]::panicking::default_hook
[INFO] [stdout]    5:     0x566d408ff610 - test[aada8e7e76ba119b]::test_main_inner::{closure#0}
[INFO] [stdout]    6:     0x566d40992752 - std[617be2ca0a6fd877]::panicking::panic_with_hook
[INFO] [stdout]    7:     0x566d40974a62 - std[617be2ca0a6fd877]::panicking::panic_handler::{closure#0}
[INFO] [stdout]    8:     0x566d4096d3f9 - std[617be2ca0a6fd877]::sys::backtrace::__rust_end_short_backtrace::<std[617be2ca0a6fd877]::panicking::panic_handler::{closure#0}, !>
[INFO] [stdout]    9:     0x566d4097570d - __rustc[ea4f61d10b84890b]::rust_begin_unwind
[INFO] [stdout]   10:     0x566d409b265c - core[a373ad73a504971]::panicking::panic_fmt
[INFO] [stdout]   11:     0x566d409b2432 - core[a373ad73a504971]::result::unwrap_failed
[INFO] [stdout]   12:     0x566d408eae44 - rgit[ed8d43cfed102049]::tests::run_acceptance
[INFO] [stdout]   13:     0x566d40944e04 - serial_test[e1f445d0b7f843f0]::serial_core
[INFO] [stdout]   14:     0x566d408e6d48 - <rgit[ed8d43cfed102049]::tests::cli::switch::switch_does_not_handle_multiple_arguments::{closure#0} as core[a373ad73a504971]::ops::function::FnOnce<()>>::call_once
[INFO] [stdout]   15:     0x566d408f2a5b - test[aada8e7e76ba119b]::__rust_begin_short_backtrace::<core[a373ad73a504971]::result::Result<(), alloc[2e1b2a31b91974c5]::string::String>, fn() -> core[a373ad73a504971]::result::Result<(), alloc[2e1b2a31b91974c5]::string::String>>
[INFO] [stdout]   16:     0x566d408ffc35 - test[aada8e7e76ba119b]::run_test::{closure#0}
[INFO] [stdout]   17:     0x566d408f9524 - std[617be2ca0a6fd877]::sys::backtrace::__rust_begin_short_backtrace::<test[aada8e7e76ba119b]::run_test::{closure#1}, ()>
[INFO] [stdout]   18:     0x566d40902cc2 - <std[617be2ca0a6fd877]::thread::lifecycle::spawn_unchecked<test[aada8e7e76ba119b]::run_test::{closure#1}, ()>::{closure#1} as core[a373ad73a504971]::ops::function::FnOnce<()>>::call_once::{shim:vtable#0}
[INFO] [stdout]   19:     0x566d4099a3ff - <std[617be2ca0a6fd877]::sys::thread::unix::Thread>::new::thread_start
[INFO] [stdout]   20:     0x782e61c6ddfa - <unknown>
[INFO] [stdout]   21:     0x782e61d013d4 - clone
[INFO] [stdout]   22:                0x0 - <unknown>
[INFO] [stdout] 
[INFO] [stdout] ---- tests::cli::switch::switch_does_not_handle_empty_arguments stdout ----
[INFO] [stdout] 
[INFO] [stdout] thread 'tests::cli::switch::switch_does_not_handle_empty_arguments' (1687) panicked at src/tests/mod.rs:25:48:
[INFO] [stdout] called `Result::unwrap()` on an `Err` value: CargoError { cause: Some(NotFoundError { path: "/opt/rustwide/target/release/build/rgit/1cde02170f7d091c/out/rgit" }) }
[INFO] [stdout] stack backtrace:
[INFO] [stdout]    0:     0x566d4099ac21 - <<std[617be2ca0a6fd877]::sys::backtrace::BacktraceLock>::print::DisplayBacktrace as core[a373ad73a504971]::fmt::Display>::fmt
[INFO] [stdout]    1:     0x566d409b1f2a - core[a373ad73a504971]::fmt::write
[INFO] [stdout]    2:     0x566d409a082c - <alloc[2e1b2a31b91974c5]::vec::Vec<u8> as core[a373ad73a504971]::io::write::Write>::write_fmt
[INFO] [stdout]    3:     0x566d409749b6 - std[617be2ca0a6fd877]::panicking::default_hook::{closure#0}
[INFO] [stdout]    4:     0x566d40992599 - std[617be2ca0a6fd877]::panicking::default_hook
[INFO] [stdout]    5:     0x566d408ff610 - test[aada8e7e76ba119b]::test_main_inner::{closure#0}
[INFO] [stdout]    6:     0x566d40992752 - std[617be2ca0a6fd877]::panicking::panic_with_hook
[INFO] [stdout]    7:     0x566d40974a62 - std[617be2ca0a6fd877]::panicking::panic_handler::{closure#0}
[INFO] [stdout]    8:     0x566d4096d3f9 - std[617be2ca0a6fd877]::sys::backtrace::__rust_end_short_backtrace::<std[617be2ca0a6fd877]::panicking::panic_handler::{closure#0}, !>
[INFO] [stdout]    9:     0x566d4097570d - __rustc[ea4f61d10b84890b]::rust_begin_unwind
[INFO] [stdout]   10:     0x566d409b265c - core[a373ad73a504971]::panicking::panic_fmt
[INFO] [stdout]   11:     0x566d409b2432 - core[a373ad73a504971]::result::unwrap_failed
[INFO] [stdout]   12:     0x566d408eae44 - rgit[ed8d43cfed102049]::tests::run_acceptance
[INFO] [stdout]   13:     0x566d40944e04 - serial_test[e1f445d0b7f843f0]::serial_core
[INFO] [stdout]   14:     0x566d408e6d18 - <rgit[ed8d43cfed102049]::tests::cli::switch::switch_does_not_handle_empty_arguments::{closure#0} as core[a373ad73a504971]::ops::function::FnOnce<()>>::call_once
[INFO] [stdout]   15:     0x566d408f2a5b - test[aada8e7e76ba119b]::__rust_begin_short_backtrace::<core[a373ad73a504971]::result::Result<(), alloc[2e1b2a31b91974c5]::string::String>, fn() -> core[a373ad73a504971]::result::Result<(), alloc[2e1b2a31b91974c5]::string::String>>
[INFO] [stdout]   16:     0x566d408ffc35 - test[aada8e7e76ba119b]::run_test::{closure#0}
[INFO] [stdout]   17:     0x566d408f9524 - std[617be2ca0a6fd877]::sys::backtrace::__rust_begin_short_backtrace::<test[aada8e7e76ba119b]::run_test::{closure#1}, ()>
[INFO] [stdout]   18:     0x566d40902cc2 - <std[617be2ca0a6fd877]::thread::lifecycle::spawn_unchecked<test[aada8e7e76ba119b]::run_test::{closure#1}, ()>::{closure#1} as core[a373ad73a504971]::ops::function::FnOnce<()>>::call_once::{shim:vtable#0}
[INFO] [stdout]   19:     0x566d4099a3ff - <std[617be2ca0a6fd877]::sys::thread::unix::Thread>::new::thread_start
[INFO] [stdout]   20:     0x782e61c6ddfa - <unknown>
[INFO] [stdout]   21:     0x782e61d013d4 - clone
[INFO] [stdout]   22:                0x0 - <unknown>
[INFO] [stdout] 
[INFO] [stdout] ---- tests::cli::switch::switch_handles_commit_option stdout ----
[INFO] [stdout] 
[INFO] [stdout] thread 'tests::cli::switch::switch_handles_commit_option' (1690) panicked at src/tests/mod.rs:25:48:
[INFO] [stdout] called `Result::unwrap()` on an `Err` value: CargoError { cause: Some(NotFoundError { path: "/opt/rustwide/target/release/build/rgit/1cde02170f7d091c/out/rgit" }) }
[INFO] [stdout] stack backtrace:
[INFO] [stdout]    0:     0x566d4099ac21 - <<std[617be2ca0a6fd877]::sys::backtrace::BacktraceLock>::print::DisplayBacktrace as core[a373ad73a504971]::fmt::Display>::fmt
[INFO] [stdout]    1:     0x566d409b1f2a - core[a373ad73a504971]::fmt::write
[INFO] [stdout]    2:     0x566d409a082c - <alloc[2e1b2a31b91974c5]::vec::Vec<u8> as core[a373ad73a504971]::io::write::Write>::write_fmt
[INFO] [stdout]    3:     0x566d409749b6 - std[617be2ca0a6fd877]::panicking::default_hook::{closure#0}
[INFO] [stdout]    4:     0x566d40992599 - std[617be2ca0a6fd877]::panicking::default_hook
[INFO] [stdout]    5:     0x566d408ff610 - test[aada8e7e76ba119b]::test_main_inner::{closure#0}
[INFO] [stdout]    6:     0x566d40992752 - std[617be2ca0a6fd877]::panicking::panic_with_hook
[INFO] [stdout]    7:     0x566d40974a62 - std[617be2ca0a6fd877]::panicking::panic_handler::{closure#0}
[INFO] [stdout]    8:     0x566d4096d3f9 - std[617be2ca0a6fd877]::sys::backtrace::__rust_end_short_backtrace::<std[617be2ca0a6fd877]::panicking::panic_handler::{closure#0}, !>
[INFO] [stdout]    9:     0x566d4097570d - __rustc[ea4f61d10b84890b]::rust_begin_unwind
[INFO] [stdout]   10:     0x566d409b265c - core[a373ad73a504971]::panicking::panic_fmt
[INFO] [stdout]   11:     0x566d409b2432 - core[a373ad73a504971]::result::unwrap_failed
[INFO] [stdout]   12:     0x566d408eae44 - rgit[ed8d43cfed102049]::tests::run_acceptance
[INFO] [stdout]   13:     0x566d40944e04 - serial_test[e1f445d0b7f843f0]::serial_core
[INFO] [stdout]   14:     0x566d408e6c88 - <rgit[ed8d43cfed102049]::tests::cli::switch::switch_handles_commit_option::{closure#0} as core[a373ad73a504971]::ops::function::FnOnce<()>>::call_once
[INFO] [stdout]   15:     0x566d408f2a5b - test[aada8e7e76ba119b]::__rust_begin_short_backtrace::<core[a373ad73a504971]::result::Result<(), alloc[2e1b2a31b91974c5]::string::String>, fn() -> core[a373ad73a504971]::result::Result<(), alloc[2e1b2a31b91974c5]::string::String>>
[INFO] [stdout]   16:     0x566d408ffc35 - test[aada8e7e76ba119b]::run_test::{closure#0}
[INFO] [stdout]   17:     0x566d408f9524 - std[617be2ca0a6fd877]::sys::backtrace::__rust_begin_short_backtrace::<test[aada8e7e76ba119b]::run_test::{closure#1}, ()>
[INFO] [stdout]   18:     0x566d40902cc2 - <std[617be2ca0a6fd877]::thread::lifecycle::spawn_unchecked<test[aada8e7e76ba119b]::run_test::{closure#1}, ()>::{closure#1} as core[a373ad73a504971]::ops::function::FnOnce<()>>::call_once::{shim:vtable#0}
[INFO] [stdout]   19:     0x566d4099a3ff - <std[617be2ca0a6fd877]::sys::thread::unix::Thread>::new::thread_start
[INFO] [stdout]   20:     0x782e61c6ddfa - <unknown>
[INFO] [stdout]   21:     0x782e61d013d4 - clone
[INFO] [stdout]   22:                0x0 - <unknown>
[INFO] [stdout] 
[INFO] [stdout] ---- tests::cli::switch::switch_does_not_handle_random_options stdout ----
[INFO] [stdout] 
[INFO] [stdout] thread 'tests::cli::switch::switch_does_not_handle_random_options' (1689) panicked at src/tests/mod.rs:25:48:
[INFO] [stdout] called `Result::unwrap()` on an `Err` value: CargoError { cause: Some(NotFoundError { path: "/opt/rustwide/target/release/build/rgit/1cde02170f7d091c/out/rgit" }) }
[INFO] [stdout] stack backtrace:
[INFO] [stdout]    0:     0x566d4099ac21 - <<std[617be2ca0a6fd877]::sys::backtrace::BacktraceLock>::print::DisplayBacktrace as core[a373ad73a504971]::fmt::Display>::fmt
[INFO] [stdout]    1:     0x566d409b1f2a - core[a373ad73a504971]::fmt::write
[INFO] [stdout]    2:     0x566d409a082c - <alloc[2e1b2a31b91974c5]::vec::Vec<u8> as core[a373ad73a504971]::io::write::Write>::write_fmt
[INFO] [stdout]    3:     0x566d409749b6 - std[617be2ca0a6fd877]::panicking::default_hook::{closure#0}
[INFO] [stdout]    4:     0x566d40992599 - std[617be2ca0a6fd877]::panicking::default_hook
[INFO] [stdout]    5:     0x566d408ff610 - test[aada8e7e76ba119b]::test_main_inner::{closure#0}
[INFO] [stdout]    6:     0x566d40992752 - std[617be2ca0a6fd877]::panicking::panic_with_hook
[INFO] [stdout]    7:     0x566d40974a62 - std[617be2ca0a6fd877]::panicking::panic_handler::{closure#0}
[INFO] [stdout]    8:     0x566d4096d3f9 - std[617be2ca0a6fd877]::sys::backtrace::__rust_end_short_backtrace::<std[617be2ca0a6fd877]::panicking::panic_handler::{closure#0}, !>
[INFO] [stdout]    9:     0x566d4097570d - __rustc[ea4f61d10b84890b]::rust_begin_unwind
[INFO] [stdout]   10:     0x566d409b265c - core[a373ad73a504971]::panicking::panic_fmt
[INFO] [stdout]   11:     0x566d409b2432 - core[a373ad73a504971]::result::unwrap_failed
[INFO] [stdout]   12:     0x566d408eae44 - rgit[ed8d43cfed102049]::tests::run_acceptance
[INFO] [stdout]   13:     0x566d40944e04 - serial_test[e1f445d0b7f843f0]::serial_core
[INFO] [stdout]   14:     0x566d408e6ce8 - <rgit[ed8d43cfed102049]::tests::cli::switch::switch_does_not_handle_random_options::{closure#0} as core[a373ad73a504971]::ops::function::FnOnce<()>>::call_once
[INFO] [stdout]   15:     0x566d408f2a5b - test[aada8e7e76ba119b]::__rust_begin_short_backtrace::<core[a373ad73a504971]::result::Result<(), alloc[2e1b2a31b91974c5]::string::String>, fn() -> core[a373ad73a504971]::result::Result<(), alloc[2e1b2a31b91974c5]::string::String>>
[INFO] [stdout]   16:     0x566d408ffc35 - test[aada8e7e76ba119b]::run_test::{closure#0}
[INFO] [stdout]   17:     0x566d408f9524 - std[617be2ca0a6fd877]::sys::backtrace::__rust_begin_short_backtrace::<test[aada8e7e76ba119b]::run_test::{closure#1}, ()>
[INFO] [stdout]   18:     0x566d40902cc2 - <std[617be2ca0a6fd877]::thread::lifecycle::spawn_unchecked<test[aada8e7e76ba119b]::run_test::{closure#1}, ()>::{closure#1} as core[a373ad73a504971]::ops::function::FnOnce<()>>::call_once::{shim:vtable#0}
[INFO] [stdout]   19:     0x566d4099a3ff - <std[617be2ca0a6fd877]::sys::thread::unix::Thread>::new::thread_start
[INFO] [stdout]   20:     0x782e61c6ddfa - <unknown>
[INFO] [stdout]   21:     0x782e61d013d4 - clone
[INFO] [stdout]   22:                0x0 - <unknown>
[INFO] [stdout] 
[INFO] [stdout] ---- tests::cli::switch::switch_does_not_handle_commit_and_new_options_at_the_same_time stdout ----
[INFO] [stdout] 
[INFO] [stdout] thread 'tests::cli::switch::switch_does_not_handle_commit_and_new_options_at_the_same_time' (1686) panicked at src/tests/mod.rs:25:48:
[INFO] [stdout] called `Result::unwrap()` on an `Err` value: CargoError { cause: Some(NotFoundError { path: "/opt/rustwide/target/release/build/rgit/1cde02170f7d091c/out/rgit" }) }
[INFO] [stdout] stack backtrace:
[INFO] [stdout]    0:     0x566d4099ac21 - <<std[617be2ca0a6fd877]::sys::backtrace::BacktraceLock>::print::DisplayBacktrace as core[a373ad73a504971]::fmt::Display>::fmt
[INFO] [stdout]    1:     0x566d409b1f2a - core[a373ad73a504971]::fmt::write
[INFO] [stdout]    2:     0x566d409a082c - <alloc[2e1b2a31b91974c5]::vec::Vec<u8> as core[a373ad73a504971]::io::write::Write>::write_fmt
[INFO] [stdout]    3:     0x566d409749b6 - std[617be2ca0a6fd877]::panicking::default_hook::{closure#0}
[INFO] [stdout]    4:     0x566d40992599 - std[617be2ca0a6fd877]::panicking::default_hook
[INFO] [stdout]    5:     0x566d408ff610 - test[aada8e7e76ba119b]::test_main_inner::{closure#0}
[INFO] [stdout]    6:     0x566d40992752 - std[617be2ca0a6fd877]::panicking::panic_with_hook
[INFO] [stdout]    7:     0x566d40974a62 - std[617be2ca0a6fd877]::panicking::panic_handler::{closure#0}
[INFO] [stdout]    8:     0x566d4096d3f9 - std[617be2ca0a6fd877]::sys::backtrace::__rust_end_short_backtrace::<std[617be2ca0a6fd877]::panicking::panic_handler::{closure#0}, !>
[INFO] [stdout]    9:     0x566d4097570d - __rustc[ea4f61d10b84890b]::rust_begin_unwind
[INFO] [stdout]   10:     0x566d409b265c - core[a373ad73a504971]::panicking::panic_fmt
[INFO] [stdout]   11:     0x566d409b2432 - core[a373ad73a504971]::result::unwrap_failed
[INFO] [stdout]   12:     0x566d408eae44 - rgit[ed8d43cfed102049]::tests::run_acceptance
[INFO] [stdout]   13:     0x566d40944e04 - serial_test[e1f445d0b7f843f0]::serial_core
[INFO] [stdout]   14:     0x566d408e6da8 - <rgit[ed8d43cfed102049]::tests::cli::switch::switch_does_not_handle_commit_and_new_options_at_the_same_time::{closure#0} as core[a373ad73a504971]::ops::function::FnOnce<()>>::call_once
[INFO] [stdout]   15:     0x566d408f2a5b - test[aada8e7e76ba119b]::__rust_begin_short_backtrace::<core[a373ad73a504971]::result::Result<(), alloc[2e1b2a31b91974c5]::string::String>, fn() -> core[a373ad73a504971]::result::Result<(), alloc[2e1b2a31b91974c5]::string::String>>
[INFO] [stdout]   16:     0x566d408ffc35 - test[aada8e7e76ba119b]::run_test::{closure#0}
[INFO] [stdout]   17:     0x566d408f9524 - std[617be2ca0a6fd877]::sys::backtrace::__rust_begin_short_backtrace::<test[aada8e7e76ba119b]::run_test::{closure#1}, ()>
[INFO] [stdout]   18:     0x566d40902cc2 - <std[617be2ca0a6fd877]::thread::lifecycle::spawn_unchecked<test[aada8e7e76ba119b]::run_test::{closure#1}, ()>::{closure#1} as core[a373ad73a504971]::ops::function::FnOnce<()>>::call_once::{shim:vtable#0}
[INFO] [stdout]   19:     0x566d4099a3ff - <std[617be2ca0a6fd877]::sys::thread::unix::Thread>::new::thread_start
[INFO] [stdout]   20:     0x782e61c6ddfa - <unknown>
[INFO] [stdout]   21:     0x782e61d013d4 - clone
[INFO] [stdout]   22:                0x0 - <unknown>
[INFO] [stdout] 
[INFO] [stdout] ---- tests::cli::switch::switch_handles_new_option stdout ----
[INFO] [stdout] 
[INFO] [stdout] thread 'tests::cli::switch::switch_handles_new_option' (1691) panicked at src/tests/mod.rs:25:48:
[INFO] [stdout] called `Result::unwrap()` on an `Err` value: CargoError { cause: Some(NotFoundError { path: "/opt/rustwide/target/release/build/rgit/1cde02170f7d091c/out/rgit" }) }
[INFO] [stdout] stack backtrace:
[INFO] [stdout]    0:     0x566d4099ac21 - <<std[617be2ca0a6fd877]::sys::backtrace::BacktraceLock>::print::DisplayBacktrace as core[a373ad73a504971]::fmt::Display>::fmt
[INFO] [stdout]    1:     0x566d409b1f2a - core[a373ad73a504971]::fmt::write
[INFO] [stdout]    2:     0x566d409a082c - <alloc[2e1b2a31b91974c5]::vec::Vec<u8> as core[a373ad73a504971]::io::write::Write>::write_fmt
[INFO] [stdout]    3:     0x566d409749b6 - std[617be2ca0a6fd877]::panicking::default_hook::{closure#0}
[INFO] [stdout]    4:     0x566d40992599 - std[617be2ca0a6fd877]::panicking::default_hook
[INFO] [stdout]    5:     0x566d408ff610 - test[aada8e7e76ba119b]::test_main_inner::{closure#0}
[INFO] [stdout]    6:     0x566d40992752 - std[617be2ca0a6fd877]::panicking::panic_with_hook
[INFO] [stdout]    7:     0x566d40974a62 - std[617be2ca0a6fd877]::panicking::panic_handler::{closure#0}
[INFO] [stdout]    8:     0x566d4096d3f9 - std[617be2ca0a6fd877]::sys::backtrace::__rust_end_short_backtrace::<std[617be2ca0a6fd877]::panicking::panic_handler::{closure#0}, !>
[INFO] [stdout]    9:     0x566d4097570d - __rustc[ea4f61d10b84890b]::rust_begin_unwind
[INFO] [stdout]   10:     0x566d409b265c - core[a373ad73a504971]::panicking::panic_fmt
[INFO] [stdout]   11:     0x566d409b2432 - core[a373ad73a504971]::result::unwrap_failed
[INFO] [stdout]   12:     0x566d408eae44 - rgit[ed8d43cfed102049]::tests::run_acceptance
[INFO] [stdout]   13:     0x566d40944e04 - serial_test[e1f445d0b7f843f0]::serial_core
[INFO] [stdout]   14:     0x566d408e6bf8 - <rgit[ed8d43cfed102049]::tests::cli::switch::switch_handles_new_option::{closure#0} as core[a373ad73a504971]::ops::function::FnOnce<()>>::call_once
[INFO] [stdout]   15:     0x566d408f2a5b - test[aada8e7e76ba119b]::__rust_begin_short_backtrace::<core[a373ad73a504971]::result::Result<(), alloc[2e1b2a31b91974c5]::string::String>, fn() -> core[a373ad73a504971]::result::Result<(), alloc[2e1b2a31b91974c5]::string::String>>
[INFO] [stdout]   16:     0x566d408ffc35 - test[aada8e7e76ba119b]::run_test::{closure#0}
[INFO] [stdout]   17:     0x566d408f9524 - std[617be2ca0a6fd877]::sys::backtrace::__rust_begin_short_backtrace::<test[aada8e7e76ba119b]::run_test::{closure#1}, ()>
[INFO] [stdout]   18:     0x566d40902cc2 - <std[617be2ca0a6fd877]::thread::lifecycle::spawn_unchecked<test[aada8e7e76ba119b]::run_test::{closure#1}, ()>::{closure#1} as core[a373ad73a504971]::ops::function::FnOnce<()>>::call_once::{shim:vtable#0}
[INFO] [stdout]   19:     0x566d4099a3ff - <std[617be2ca0a6fd877]::sys::thread::unix::Thread>::new::thread_start
[INFO] [stdout]   20:     0x782e61c6ddfa - <unknown>
[INFO] [stdout]   21:     0x782e61d013d4 - clone
[INFO] [stdout]   22:                0x0 - <unknown>
[INFO] [stdout] 
[INFO] [stdout] ---- tests::cli::switch::switch_if_branch_already_exists_on_create_outputs_unrecognised_branch_error stdout ----
[INFO] [stdout] 
[INFO] [stdout] thread 'tests::cli::switch::switch_if_branch_already_exists_on_create_outputs_unrecognised_branch_error' (1693) panicked at src/tests/mod.rs:25:48:
[INFO] [stdout] called `Result::unwrap()` on an `Err` value: CargoError { cause: Some(NotFoundError { path: "/opt/rustwide/target/release/build/rgit/1cde02170f7d091c/out/rgit" }) }
[INFO] [stdout] stack backtrace:
[INFO] [stdout]    0:     0x566d4099ac21 - <<std[617be2ca0a6fd877]::sys::backtrace::BacktraceLock>::print::DisplayBacktrace as core[a373ad73a504971]::fmt::Display>::fmt
[INFO] [stdout]    1:     0x566d409b1f2a - core[a373ad73a504971]::fmt::write
[INFO] [stdout]    2:     0x566d409a082c - <alloc[2e1b2a31b91974c5]::vec::Vec<u8> as core[a373ad73a504971]::io::write::Write>::write_fmt
[INFO] [stdout]    3:     0x566d409749b6 - std[617be2ca0a6fd877]::panicking::default_hook::{closure#0}
[INFO] [stdout]    4:     0x566d40992599 - std[617be2ca0a6fd877]::panicking::default_hook
[INFO] [stdout]    5:     0x566d408ff610 - test[aada8e7e76ba119b]::test_main_inner::{closure#0}
[INFO] [stdout]    6:     0x566d40992752 - std[617be2ca0a6fd877]::panicking::panic_with_hook
[INFO] [stdout]    7:     0x566d40974a62 - std[617be2ca0a6fd877]::panicking::panic_handler::{closure#0}
[INFO] [stdout]    8:     0x566d4096d3f9 - std[617be2ca0a6fd877]::sys::backtrace::__rust_end_short_backtrace::<std[617be2ca0a6fd877]::panicking::panic_handler::{closure#0}, !>
[INFO] [stdout]    9:     0x566d4097570d - __rustc[ea4f61d10b84890b]::rust_begin_unwind
[INFO] [stdout]   10:     0x566d409b265c - core[a373ad73a504971]::panicking::panic_fmt
[INFO] [stdout]   11:     0x566d409b2432 - core[a373ad73a504971]::result::unwrap_failed
[INFO] [stdout]   12:     0x566d408eae44 - rgit[ed8d43cfed102049]::tests::run_acceptance
[INFO] [stdout]   13:     0x566d40944e04 - serial_test[e1f445d0b7f843f0]::serial_core
[INFO] [stdout]   14:     0x566d408e6dd8 - <rgit[ed8d43cfed102049]::tests::cli::switch::switch_if_branch_already_exists_on_create_outputs_unrecognised_branch_error::{closure#0} as core[a373ad73a504971]::ops::function::FnOnce<()>>::call_once
[INFO] [stdout]   15:     0x566d408f2a5b - test[aada8e7e76ba119b]::__rust_begin_short_backtrace::<core[a373ad73a504971]::result::Result<(), alloc[2e1b2a31b91974c5]::string::String>, fn() -> core[a373ad73a504971]::result::Result<(), alloc[2e1b2a31b91974c5]::string::String>>
[INFO] [stdout]   16:     0x566d408ffc35 - test[aada8e7e76ba119b]::run_test::{closure#0}
[INFO] [stdout]   17:     0x566d408f9524 - std[617be2ca0a6fd877]::sys::backtrace::__rust_begin_short_backtrace::<test[aada8e7e76ba119b]::run_test::{closure#1}, ()>
[INFO] [stdout]   18:     0x566d40902cc2 - <std[617be2ca0a6fd877]::thread::lifecycle::spawn_unchecked<test[aada8e7e76ba119b]::run_test::{closure#1}, ()>::{closure#1} as core[a373ad73a504971]::ops::function::FnOnce<()>>::call_once::{shim:vtable#0}
[INFO] [stdout]   19:     0x566d4099a3ff - <std[617be2ca0a6fd877]::sys::thread::unix::Thread>::new::thread_start
[INFO] [stdout]   20:     0x782e61c6ddfa - <unknown>
[INFO] [stdout]   21:     0x782e61d013d4 - clone
[INFO] [stdout]   22:                0x0 - <unknown>
[INFO] [stdout] 
[INFO] [stdout] ---- tests::cli::switch::switch_handles_single_argument stdout ----
[INFO] [stdout] 
[INFO] [stdout] thread 'tests::cli::switch::switch_handles_single_argument' (1692) panicked at src/tests/mod.rs:25:48:
[INFO] [stdout] called `Result::unwrap()` on an `Err` value: CargoError { cause: Some(NotFoundError { path: "/opt/rustwide/target/release/build/rgit/1cde02170f7d091c/out/rgit" }) }
[INFO] [stdout] stack backtrace:
[INFO] [stdout]    0:     0x566d4099ac21 - <<std[617be2ca0a6fd877]::sys::backtrace::BacktraceLock>::print::DisplayBacktrace as core[a373ad73a504971]::fmt::Display>::fmt
[INFO] [stdout]    1:     0x566d409b1f2a - core[a373ad73a504971]::fmt::write
[INFO] [stdout]    2:     0x566d409a082c - <alloc[2e1b2a31b91974c5]::vec::Vec<u8> as core[a373ad73a504971]::io::write::Write>::write_fmt
[INFO] [stdout]    3:     0x566d409749b6 - std[617be2ca0a6fd877]::panicking::default_hook::{closure#0}
[INFO] [stdout]    4:     0x566d40992599 - std[617be2ca0a6fd877]::panicking::default_hook
[INFO] [stdout]    5:     0x566d408ff610 - test[aada8e7e76ba119b]::test_main_inner::{closure#0}
[INFO] [stdout]    6:     0x566d40992752 - std[617be2ca0a6fd877]::panicking::panic_with_hook
[INFO] [stdout]    7:     0x566d40974a62 - std[617be2ca0a6fd877]::panicking::panic_handler::{closure#0}
[INFO] [stdout]    8:     0x566d4096d3f9 - std[617be2ca0a6fd877]::sys::backtrace::__rust_end_short_backtrace::<std[617be2ca0a6fd877]::panicking::panic_handler::{closure#0}, !>
[INFO] [stdout]    9:     0x566d4097570d - __rustc[ea4f61d10b84890b]::rust_begin_unwind
[INFO] [stdout]   10:     0x566d409b265c - core[a373ad73a504971]::panicking::panic_fmt
[INFO] [stdout]   11:     0x566d409b2432 - core[a373ad73a504971]::result::unwrap_failed
[INFO] [stdout]   12:     0x566d408eae44 - rgit[ed8d43cfed102049]::tests::run_acceptance
[INFO] [stdout]   13:     0x566d40944e04 - serial_test[e1f445d0b7f843f0]::serial_core
[INFO] [stdout]   14:     0x566d408e6cb8 - <rgit[ed8d43cfed102049]::tests::cli::switch::switch_handles_single_argument::{closure#0} as core[a373ad73a504971]::ops::function::FnOnce<()>>::call_once
[INFO] [stdout]   15:     0x566d408f2a5b - test[aada8e7e76ba119b]::__rust_begin_short_backtrace::<core[a373ad73a504971]::result::Result<(), alloc[2e1b2a31b91974c5]::string::String>, fn() -> core[a373ad73a504971]::result::Result<(), alloc[2e1b2a31b91974c5]::string::String>>
[INFO] [stdout]   16:     0x566d408ffc35 - test[aada8e7e76ba119b]::run_test::{closure#0}
[INFO] [stdout]   17:     0x566d408f9524 - std[617be2ca0a6fd877]::sys::backtrace::__rust_begin_short_backtrace::<test[aada8e7e76ba119b]::run_test::{closure#1}, ()>
[INFO] [stdout]   18:     0x566d40902cc2 - <std[617be2ca0a6fd877]::thread::lifecycle::spawn_unchecked<test[aada8e7e76ba119b]::run_test::{closure#1}, ()>::{closure#1} as core[a373ad73a504971]::ops::function::FnOnce<()>>::call_once::{shim:vtable#0}
[INFO] [stdout]   19:     0x566d4099a3ff - <std[617be2ca0a6fd877]::sys::thread::unix::Thread>::new::thread_start
[INFO] [stdout]   20:     0x782e61c6ddfa - <unknown>
[INFO] [stdout]   21:     0x782e61d013d4 - clone
[INFO] [stdout]   22:                0x0 - <unknown>
[INFO] [stdout] 
[INFO] [stdout] ---- tests::cli::switch::switch_if_commit_does_not_exists_on_change_outputs_unrecognised_object_error stdout ----
[INFO] [stdout] 
[INFO] [stdout] thread 'tests::cli::switch::switch_if_commit_does_not_exists_on_change_outputs_unrecognised_object_error' (1695) panicked at src/tests/mod.rs:25:48:
[INFO] [stdout] called `Result::unwrap()` on an `Err` value: CargoError { cause: Some(NotFoundError { path: "/opt/rustwide/target/release/build/rgit/1cde02170f7d091c/out/rgit" }) }
[INFO] [stdout] stack backtrace:
[INFO] [stdout]    0:     0x566d4099ac21 - <<std[617be2ca0a6fd877]::sys::backtrace::BacktraceLock>::print::DisplayBacktrace as core[a373ad73a504971]::fmt::Display>::fmt
[INFO] [stdout]    1:     0x566d409b1f2a - core[a373ad73a504971]::fmt::write
[INFO] [stdout]    2:     0x566d409a082c - <alloc[2e1b2a31b91974c5]::vec::Vec<u8> as core[a373ad73a504971]::io::write::Write>::write_fmt
[INFO] [stdout]    3:     0x566d409749b6 - std[617be2ca0a6fd877]::panicking::default_hook::{closure#0}
[INFO] [stdout]    4:     0x566d40992599 - std[617be2ca0a6fd877]::panicking::default_hook
[INFO] [stdout]    5:     0x566d408ff610 - test[aada8e7e76ba119b]::test_main_inner::{closure#0}
[INFO] [stdout]    6:     0x566d40992752 - std[617be2ca0a6fd877]::panicking::panic_with_hook
[INFO] [stdout]    7:     0x566d40974a62 - std[617be2ca0a6fd877]::panicking::panic_handler::{closure#0}
[INFO] [stdout]    8:     0x566d4096d3f9 - std[617be2ca0a6fd877]::sys::backtrace::__rust_end_short_backtrace::<std[617be2ca0a6fd877]::panicking::panic_handler::{closure#0}, !>
[INFO] [stdout]    9:     0x566d4097570d - __rustc[ea4f61d10b84890b]::rust_begin_unwind
[INFO] [stdout]   10:     0x566d409b265c - core[a373ad73a504971]::panicking::panic_fmt
[INFO] [stdout]   11:     0x566d409b2432 - core[a373ad73a504971]::result::unwrap_failed
[INFO] [stdout]   12:     0x566d408eae44 - rgit[ed8d43cfed102049]::tests::run_acceptance
[INFO] [stdout]   13:     0x566d40944e04 - serial_test[e1f445d0b7f843f0]::serial_core
[INFO] [stdout]   14:     0x566d408e6e38 - <rgit[ed8d43cfed102049]::tests::cli::switch::switch_if_commit_does_not_exists_on_change_outputs_unrecognised_object_error::{closure#0} as core[a373ad73a504971]::ops::function::FnOnce<()>>::call_once
[INFO] [stdout]   15:     0x566d408f2a5b - test[aada8e7e76ba119b]::__rust_begin_short_backtrace::<core[a373ad73a504971]::result::Result<(), alloc[2e1b2a31b91974c5]::string::String>, fn() -> core[a373ad73a504971]::result::Result<(), alloc[2e1b2a31b91974c5]::string::String>>
[INFO] [stdout]   16:     0x566d408ffc35 - test[aada8e7e76ba119b]::run_test::{closure#0}
[INFO] [stdout]   17:     0x566d408f9524 - std[617be2ca0a6fd877]::sys::backtrace::__rust_begin_short_backtrace::<test[aada8e7e76ba119b]::run_test::{closure#1}, ()>
[INFO] [stdout]   18:     0x566d40902cc2 - <std[617be2ca0a6fd877]::thread::lifecycle::spawn_unchecked<test[aada8e7e76ba119b]::run_test::{closure#1}, ()>::{closure#1} as core[a373ad73a504971]::ops::function::FnOnce<()>>::call_once::{shim:vtable#0}
[INFO] [stdout]   19:     0x566d4099a3ff - <std[617be2ca0a6fd877]::sys::thread::unix::Thread>::new::thread_start
[INFO] [stdout]   20:     0x782e61c6ddfa - <unknown>
[INFO] [stdout]   21:     0x782e61d013d4 - clone
[INFO] [stdout]   22:                0x0 - <unknown>
[INFO] [stdout] 
[INFO] [stdout] ---- tests::cli::switch::switch_if_branch_does_not_exists_on_change_outputs_unrecognised_branch_error stdout ----
[INFO] [stdout] 
[INFO] [stdout] thread 'tests::cli::switch::switch_if_branch_does_not_exists_on_change_outputs_unrecognised_branch_error' (1694) panicked at src/tests/mod.rs:25:48:
[INFO] [stdout] called `Result::unwrap()` on an `Err` value: CargoError { cause: Some(NotFoundError { path: "/opt/rustwide/target/release/build/rgit/1cde02170f7d091c/out/rgit" }) }
[INFO] [stdout] stack backtrace:
[INFO] [stdout]    0:     0x566d4099ac21 - <<std[617be2ca0a6fd877]::sys::backtrace::BacktraceLock>::print::DisplayBacktrace as core[a373ad73a504971]::fmt::Display>::fmt
[INFO] [stdout]    1:     0x566d409b1f2a - core[a373ad73a504971]::fmt::write
[INFO] [stdout]    2:     0x566d409a082c - <alloc[2e1b2a31b91974c5]::vec::Vec<u8> as core[a373ad73a504971]::io::write::Write>::write_fmt
[INFO] [stdout]    3:     0x566d409749b6 - std[617be2ca0a6fd877]::panicking::default_hook::{closure#0}
[INFO] [stdout]    4:     0x566d40992599 - std[617be2ca0a6fd877]::panicking::default_hook
[INFO] [stdout]    5:     0x566d408ff610 - test[aada8e7e76ba119b]::test_main_inner::{closure#0}
[INFO] [stdout]    6:     0x566d40992752 - std[617be2ca0a6fd877]::panicking::panic_with_hook
[INFO] [stdout]    7:     0x566d40974a62 - std[617be2ca0a6fd877]::panicking::panic_handler::{closure#0}
[INFO] [stdout]    8:     0x566d4096d3f9 - std[617be2ca0a6fd877]::sys::backtrace::__rust_end_short_backtrace::<std[617be2ca0a6fd877]::panicking::panic_handler::{closure#0}, !>
[INFO] [stdout]    9:     0x566d4097570d - __rustc[ea4f61d10b84890b]::rust_begin_unwind
[INFO] [stdout]   10:     0x566d409b265c - core[a373ad73a504971]::panicking::panic_fmt
[INFO] [stdout]   11:     0x566d409b2432 - core[a373ad73a504971]::result::unwrap_failed
[INFO] [stdout]   12:     0x566d408eae44 - rgit[ed8d43cfed102049]::tests::run_acceptance
[INFO] [stdout]   13:     0x566d40944e04 - serial_test[e1f445d0b7f843f0]::serial_core
[INFO] [stdout]   14:     0x566d408e6e08 - <rgit[ed8d43cfed102049]::tests::cli::switch::switch_if_branch_does_not_exists_on_change_outputs_unrecognised_branch_error::{closure#0} as core[a373ad73a504971]::ops::function::FnOnce<()>>::call_once
[INFO] [stdout]   15:     0x566d408f2a5b - test[aada8e7e76ba119b]::__rust_begin_short_backtrace::<core[a373ad73a504971]::result::Result<(), alloc[2e1b2a31b91974c5]::string::String>, fn() -> core[a373ad73a504971]::result::Result<(), alloc[2e1b2a31b91974c5]::string::String>>
[INFO] [stdout]   16:     0x566d408ffc35 - test[aada8e7e76ba119b]::run_test::{closure#0}
[INFO] [stdout]   17:     0x566d408f9524 - std[617be2ca0a6fd877]::sys::backtrace::__rust_begin_short_backtrace::<test[aada8e7e76ba119b]::run_test::{closure#1}, ()>
[INFO] [stdout]   18:     0x566d40902cc2 - <std[617be2ca0a6fd877]::thread::lifecycle::spawn_unchecked<test[aada8e7e76ba119b]::run_test::{closure#1}, ()>::{closure#1} as core[a373ad73a504971]::ops::function::FnOnce<()>>::call_once::{shim:vtable#0}
[INFO] [stdout]   19:     0x566d4099a3ff - <std[617be2ca0a6fd877]::sys::thread::unix::Thread>::new::thread_start
[INFO] [stdout]   20:     0x782e61c6ddfa - <unknown>
[INFO] [stdout]   21:     0x782e61d013d4 - clone
[INFO] [stdout]   22:                0x0 - <unknown>
[INFO] [stdout] 
[INFO] [stdout] ---- tests::cli::status::status_handles_default_call stdout ----
[INFO] [stdout] 
[INFO] [stdout] thread 'tests::cli::status::status_handles_default_call' (1681) panicked at src/tests/mod.rs:25:48:
[INFO] [stdout] called `Result::unwrap()` on an `Err` value: CargoError { cause: Some(NotFoundError { path: "/opt/rustwide/target/release/build/rgit/1cde02170f7d091c/out/rgit" }) }
[INFO] [stdout] stack backtrace:
[INFO] [stdout]    0:     0x566d4099ac21 - <<std[617be2ca0a6fd877]::sys::backtrace::BacktraceLock>::print::DisplayBacktrace as core[a373ad73a504971]::fmt::Display>::fmt
[INFO] [stdout]    1:     0x566d409b1f2a - core[a373ad73a504971]::fmt::write
[INFO] [stdout]    2:     0x566d409a082c - <alloc[2e1b2a31b91974c5]::vec::Vec<u8> as core[a373ad73a504971]::io::write::Write>::write_fmt
[INFO] [stdout]    3:     0x566d409749b6 - std[617be2ca0a6fd877]::panicking::default_hook::{closure#0}
[INFO] [stdout]    4:     0x566d40992599 - std[617be2ca0a6fd877]::panicking::default_hook
[INFO] [stdout]    5:     0x566d408ff610 - test[aada8e7e76ba119b]::test_main_inner::{closure#0}
[INFO] [stdout]    6:     0x566d40992752 - std[617be2ca0a6fd877]::panicking::panic_with_hook
[INFO] [stdout]    7:     0x566d40974a62 - std[617be2ca0a6fd877]::panicking::panic_handler::{closure#0}
[INFO] [stdout]    8:     0x566d4096d3f9 - std[617be2ca0a6fd877]::sys::backtrace::__rust_end_short_backtrace::<std[617be2ca0a6fd877]::panicking::panic_handler::{closure#0}, !>
[INFO] [stdout]    9:     0x566d4097570d - __rustc[ea4f61d10b84890b]::rust_begin_unwind
[INFO] [stdout]   10:     0x566d409b265c - core[a373ad73a504971]::panicking::panic_fmt
[INFO] [stdout]   11:     0x566d409b2432 - core[a373ad73a504971]::result::unwrap_failed
[INFO] [stdout]   12:     0x566d408eae44 - rgit[ed8d43cfed102049]::tests::run_acceptance
[INFO] [stdout]   13:     0x566d40944e04 - serial_test[e1f445d0b7f843f0]::serial_core
[INFO] [stdout]   14:     0x566d408e9f18 - <rgit[ed8d43cfed102049]::tests::cli::status::status_handles_default_call::{closure#0} as core[a373ad73a504971]::ops::function::FnOnce<()>>::call_once
[INFO] [stdout]   15:     0x566d408f2a5b - test[aada8e7e76ba119b]::__rust_begin_short_backtrace::<core[a373ad73a504971]::result::Result<(), alloc[2e1b2a31b91974c5]::string::String>, fn() -> core[a373ad73a504971]::result::Result<(), alloc[2e1b2a31b91974c5]::string::String>>
[INFO] [stdout]   16:     0x566d408ffc35 - test[aada8e7e76ba119b]::run_test::{closure#0}
[INFO] [stdout]   17:     0x566d408f9524 - std[617be2ca0a6fd877]::sys::backtrace::__rust_begin_short_backtrace::<test[aada8e7e76ba119b]::run_test::{closure#1}, ()>
[INFO] [stdout]   18:     0x566d40902cc2 - <std[617be2ca0a6fd877]::thread::lifecycle::spawn_unchecked<test[aada8e7e76ba119b]::run_test::{closure#1}, ()>::{closure#1} as core[a373ad73a504971]::ops::function::FnOnce<()>>::call_once::{shim:vtable#0}
[INFO] [stdout]   19:     0x566d4099a3ff - <std[617be2ca0a6fd877]::sys::thread::unix::Thread>::new::thread_start
[INFO] [stdout]   20:     0x782e61c6ddfa - <unknown>
[INFO] [stdout]   21:     0x782e61d013d4 - clone
[INFO] [stdout]   22:                0x0 - <unknown>
[INFO] [stdout] 
[INFO] [stdout] 
[INFO] [stdout] failures:
[INFO] [stdout]     tests::cli::add::add_does_not_handle_empty_arguments
[INFO] [stdout]     tests::cli::add::add_does_not_handle_options
[INFO] [stdout]     tests::cli::add::add_handles_multiple_arguments
[INFO] [stdout]     tests::cli::add::add_outputs_unrecognized_path_on_no_matching_path
[INFO] [stdout]     tests::cli::commit::commit_creates_a_new_commit
[INFO] [stdout]     tests::cli::commit::commit_does_not_handle_empty_arguments
[INFO] [stdout]     tests::cli::commit::commit_does_not_handle_message_option_with_multiple_arguments
[INFO] [stdout]     tests::cli::commit::commit_does_not_handle_message_option_without_argument
[INFO] [stdout]     tests::cli::commit::commit_does_not_handle_random_options
[INFO] [stdout]     tests::cli::commit::commit_handles_message_option_with_single_argument
[INFO] [stdout]     tests::cli::commit::it_outputs_staging_status_on_empty_index
[INFO] [stdout]     tests::cli::config::config_does_not_handle_any_arguments
[INFO] [stdout]     tests::cli::config::config_does_not_handle_empty_options
[INFO] [stdout]     tests::cli::config::config_handles_both_options
[INFO] [stdout]     tests::cli::config::config_handles_single_email_option
[INFO] [stdout]     tests::cli::config::config_handles_single_username_option
[INFO] [stdout]     tests::cli::config::config_updates_the_user_credentials
[INFO] [stdout]     tests::cli::init::init_given_argument_fails
[INFO] [stdout]     tests::cli::init::init_given_no_arguments_and_options_succeeds
[INFO] [stdout]     tests::cli::init::init_given_option_fails
[INFO] [stdout]     tests::cli::init::init_if_no_repository_exists_succeeds_creating_repository
[INFO] [stdout]     tests::cli::init::init_if_repository_exists_fails_with_error
[INFO] [stdout]     tests::cli::restore::restore_does_not_handle_empty_arguments
[INFO] [stdout]     tests::cli::restore::restore_does_not_handle_options
[INFO] [stdout]     tests::cli::restore::restore_handles_multiple_arguments
[INFO] [stdout]     tests::cli::status::status_does_not_handle_any_arguments
[INFO] [stdout]     tests::cli::status::status_does_not_handle_any_options
[INFO] [stdout]     tests::cli::status::status_handles_default_call
[INFO] [stdout]     tests::cli::status::status_prints_current_working_tree_status
[INFO] [stdout]     tests::cli::switch::switch_changes_to_a_branch
[INFO] [stdout]     tests::cli::switch::switch_changes_to_a_commit_in_headless_mode
[INFO] [stdout]     tests::cli::switch::switch_creates_a_new_branch
[INFO] [stdout]     tests::cli::switch::switch_does_not_handle_commit_and_new_options_at_the_same_time
[INFO] [stdout]     tests::cli::switch::switch_does_not_handle_empty_arguments
[INFO] [stdout]     tests::cli::switch::switch_does_not_handle_multiple_arguments
[INFO] [stdout]     tests::cli::switch::switch_does_not_handle_random_options
[INFO] [stdout]     tests::cli::switch::switch_handles_commit_option
[INFO] [stdout]     tests::cli::switch::switch_handles_new_option
[INFO] [stdout]     tests::cli::switch::switch_handles_single_argument
[INFO] [stdout]     tests::cli::switch::switch_if_branch_already_exists_on_create_outputs_unrecognised_branch_error
[INFO] [stdout]     tests::cli::switch::switch_if_branch_does_not_exists_on_change_outputs_unrecognised_branch_error
[INFO] [stdout]     tests::cli::switch::switch_if_commit_does_not_exists_on_change_outputs_unrecognised_object_error
[INFO] [stdout] 
[INFO] [stdout] test result: FAILED. 54 passed; 42 failed; 0 ignored; 0 measured; 0 filtered out; finished in 1.07s
[INFO] [stdout] 
[INFO] running `Command { std: "docker" "inspect" "4790dab31f8fe9b956681db6f459b4a1d3b066e4a3207501b2db241948858b23", kill_on_drop: false }`
[INFO] running `Command { std: "docker" "rm" "-f" "4790dab31f8fe9b956681db6f459b4a1d3b066e4a3207501b2db241948858b23", kill_on_drop: false }`
[INFO] [stdout] 4790dab31f8fe9b956681db6f459b4a1d3b066e4a3207501b2db241948858b23
