[INFO] cloning repository https://github.com/yoyota/github-move-repos
[INFO] running `Command { std: "git" "-c" "credential.helper=" "-c" "credential.helper=/workspace/cargo-home/bin/git-credential-null" "clone" "--bare" "https://github.com/yoyota/github-move-repos" "/workspace/cache/git-repos/https%3A%2F%2Fgithub.com%2Fyoyota%2Fgithub-move-repos", kill_on_drop: false }`
[INFO] [stderr] Cloning into bare repository '/workspace/cache/git-repos/https%3A%2F%2Fgithub.com%2Fyoyota%2Fgithub-move-repos'...
[INFO] running `Command { std: "git" "rev-parse" "HEAD", kill_on_drop: false }`
[INFO] [stdout] 0f167a8c2415c43eafa2b686c95b13bf1d57a060
[INFO] testing yoyota/github-move-repos against 1.100.0-beta.1+cargoflags=--release for beta-release-1.100-3
[INFO] running `Command { std: "git" "clone" "/workspace/cache/git-repos/https%3A%2F%2Fgithub.com%2Fyoyota%2Fgithub-move-repos" "/workspace/builds/worker-7-tc2/source", kill_on_drop: false }`
[INFO] [stderr] Cloning into '/workspace/builds/worker-7-tc2/source'...
[INFO] [stderr] done.
[INFO] started tweaking git repo https://github.com/yoyota/github-move-repos
[INFO] finished tweaking git repo https://github.com/yoyota/github-move-repos
[INFO] tweaked toml for git repo https://github.com/yoyota/github-move-repos written to /workspace/builds/worker-7-tc2/source/Cargo.toml
[INFO] validating manifest of git repo https://github.com/yoyota/github-move-repos on toolchain 1.100.0-beta.1
[INFO] running `Command { std: CARGO_HOME="/workspace/cargo-home" RUSTUP_HOME="/workspace/rustup-home" "/workspace/cargo-home/bin/cargo" "+1.100.0-beta.1" "metadata" "--manifest-path" "Cargo.toml" "--no-deps", kill_on_drop: false }`
[INFO] crate git repo https://github.com/yoyota/github-move-repos already has a lockfile, it will not be regenerated
[INFO] running `Command { std: CARGO_HOME="/workspace/cargo-home" RUSTUP_HOME="/workspace/rustup-home" "/workspace/cargo-home/bin/cargo" "+1.100.0-beta.1" "fetch" "--manifest-path" "Cargo.toml", kill_on_drop: false }`
[INFO] running `Command { std: "docker" "create" "-v" "/var/lib/crater-agent-workspace/builds/worker-7-tc2/source:/opt/rustwide/workdir:ro,Z" "-v" "/var/lib/crater-agent-workspace/builds/worker-7-tc2/target:/opt/rustwide/target:rw,Z" "-v" "/var/lib/crater-agent-workspace/cargo-home:/opt/rustwide/cargo-home:ro,Z" "-v" "/var/lib/crater-agent-workspace/rustup-home:/opt/rustwide/rustup-home:ro,Z" "-m" "1610612736" "--network" "none" "ghcr.io/rust-lang/crates-build-env/linux@sha256:77db811e55d90add9212f6832c23229e3de5f1c1f9905e8cb07319ea15df73ac" "sleep" "infinity", kill_on_drop: false }`
[INFO] [stdout] ede0578792b1c8a016bc64c54fb58708fc1e46645d7e4aa3f7ebdf64774c38d6
[INFO] running `Command { std: "docker" "start" "ede0578792b1c8a016bc64c54fb58708fc1e46645d7e4aa3f7ebdf64774c38d6", kill_on_drop: false }`
[INFO] running `Command { std: "docker" "inspect" "ede0578792b1c8a016bc64c54fb58708fc1e46645d7e4aa3f7ebdf64774c38d6", kill_on_drop: false }`
[INFO] running `Command { std: "docker" "exec" "-e" "SOURCE_DIR=/opt/rustwide/workdir" "-e" "CARGO_HOME=/opt/rustwide/cargo-home" "-e" "RUSTUP_HOME=/opt/rustwide/rustup-home" "-e" "CARGO_TARGET_DIR=/opt/rustwide/target" "-w" "/opt/rustwide/workdir" "--user" "0:0" "ede0578792b1c8a016bc64c54fb58708fc1e46645d7e4aa3f7ebdf64774c38d6" "/opt/rustwide/cargo-home/bin/cargo" "+1.100.0-beta.1" "metadata" "--no-deps" "--format-version=1", kill_on_drop: false }`
[INFO] running `Command { std: "docker" "inspect" "ede0578792b1c8a016bc64c54fb58708fc1e46645d7e4aa3f7ebdf64774c38d6", kill_on_drop: false }`
[INFO] running `Command { std: "docker" "exec" "-e" "SOURCE_DIR=/opt/rustwide/workdir" "-e" "CARGO_HOME=/opt/rustwide/cargo-home" "-e" "RUSTUP_HOME=/opt/rustwide/rustup-home" "-e" "CARGO_TARGET_DIR=/opt/rustwide/target" "-e" "CARGO_INCREMENTAL=0" "-e" "RUST_BACKTRACE=full" "-e" "RUSTFLAGS=--cap-lints=warn" "-e" "RUSTDOCFLAGS=--cap-lints=warn" "-w" "/opt/rustwide/workdir" "--user" "0:0" "ede0578792b1c8a016bc64c54fb58708fc1e46645d7e4aa3f7ebdf64774c38d6" "/opt/rustwide/cargo-home/bin/cargo" "+1.100.0-beta.1" "build" "--frozen" "--message-format=json" "--release", kill_on_drop: false }`
[INFO] [stderr]    Compiling find-msvc-tools v0.1.9
[INFO] [stderr]    Compiling shlex v1.3.0
[INFO] [stderr]    Compiling serde_core v1.0.228
[INFO] [stderr]    Compiling futures-channel v0.3.32
[INFO] [stderr]    Compiling autocfg v1.5.0
[INFO] [stderr]    Compiling futures-task v0.3.32
[INFO] [stderr]    Compiling slab v0.4.12
[INFO] [stderr]    Compiling futures-io v0.3.32
[INFO] [stderr]    Compiling zeroize v1.8.2
[INFO] [stderr]    Compiling untrusted v0.9.0
[INFO] [stderr]    Compiling tokio-macros v2.7.0
[INFO] [stderr]    Compiling futures-macro v0.3.32
[INFO] [stderr]    Compiling getrandom v0.2.17
[INFO] [stderr]    Compiling try-lock v0.2.5
[INFO] [stderr]    Compiling time-core v0.1.8
[INFO] [stderr]    Compiling num-conv v0.2.1
[INFO] [stderr]    Compiling rustls-pki-types v1.14.0
[INFO] [stderr]    Compiling rustls v0.23.38
[INFO] [stderr]    Compiling want v0.3.1
[INFO] [stderr]    Compiling powerfmt v0.2.0
[INFO] [stderr]    Compiling thiserror v2.0.18
[INFO] [stderr]    Compiling heck v0.5.0
[INFO] [stderr]    Compiling time-macros v0.2.27
[INFO] [stderr]    Compiling thiserror-impl v2.0.18
[INFO] [stderr]    Compiling cc v1.2.60
[INFO] [stderr]    Compiling serde_json v1.0.149
[INFO] [stderr]    Compiling deranged v0.5.8
[INFO] [stderr]    Compiling utf8parse v0.2.2
[INFO] [stderr]    Compiling rustversion v1.0.22
[INFO] [stderr]    Compiling subtle v2.6.1
[INFO] [stderr]    Compiling anstyle-parse v1.0.0
[INFO] [stderr]    Compiling anstyle-query v1.1.5
[INFO] [stderr]    Compiling regex-syntax v0.8.10
[INFO] [stderr]    Compiling base64 v0.22.1
[INFO] [stderr]    Compiling num-traits v0.2.19
[INFO] [stderr]    Compiling portable-atomic v1.13.1
[INFO] [stderr]    Compiling openssl-probe v0.2.1
[INFO] [stderr]    Compiling is_terminal_polyfill v1.70.2
[INFO] [stderr]    Compiling tokio v1.51.1
[INFO] [stderr]    Compiling anstyle v1.0.14
[INFO] [stderr]    Compiling colorchoice v1.0.5
[INFO] [stderr]    Compiling rustls-native-certs v0.8.3
[INFO] [stderr]    Compiling futures-util v0.3.32
[INFO] [stderr]    Compiling snafu-derive v0.8.9
[INFO] [stderr]    Compiling anstream v1.0.0
[INFO] [stderr]    Compiling pem v3.0.6
[INFO] [stderr]    Compiling pin-project-internal v1.1.11
[INFO] [stderr]    Compiling unicode-width v0.2.2
[INFO] [stderr]    Compiling anyhow v1.0.102
[INFO] [stderr]    Compiling iana-time-zone v0.1.65
[INFO] [stderr]    Compiling clap_lex v1.1.0
[INFO] [stderr]    Compiling strsim v0.11.1
[INFO] [stderr]    Compiling iri-string v0.7.12
[INFO] [stderr]    Compiling clap_builder v4.6.0
[INFO] [stderr]    Compiling console v0.15.11
[INFO] [stderr]    Compiling arc-swap v1.9.1
[INFO] [stderr]    Compiling clap_derive v4.6.0
[INFO] [stderr]    Compiling ring v0.17.14
[INFO] [stderr]    Compiling num-integer v0.1.46
[INFO] [stderr]    Compiling time v0.3.47
[INFO] [stderr]    Compiling regex-automata v0.4.14
[INFO] [stderr]    Compiling pin-project v1.1.11
[INFO] [stderr]    Compiling secrecy v0.10.3
[INFO] [stderr]    Compiling either v1.15.0
[INFO] [stderr]    Compiling num-bigint v0.4.6
[INFO] [stderr]    Compiling web-time v1.1.0
[INFO] [stderr]    Compiling number_prefix v0.4.0
[INFO] [stderr]    Compiling indicatif v0.17.11
[INFO] [stderr]    Compiling snafu v0.8.9
[INFO] [stderr]    Compiling serde v1.0.228
[INFO] [stderr]    Compiling serde_path_to_error v0.1.20
[INFO] [stderr]    Compiling clap v4.6.0
[INFO] [stderr]    Compiling futures-executor v0.3.32
[INFO] [stderr]    Compiling simple_asn1 v0.6.4
[INFO] [stderr]    Compiling url v2.5.8
[INFO] [stderr]    Compiling chrono v0.4.44
[INFO] [stderr]    Compiling serde_urlencoded v0.7.1
[INFO] [stderr]    Compiling futures v0.3.32
[INFO] [stderr]    Compiling matchers v0.2.0
[INFO] [stderr]    Compiling tracing-subscriber v0.3.23
[INFO] [stderr]    Compiling hyper v1.9.0
[INFO] [stderr]    Compiling tokio-util v0.7.18
[INFO] [stderr]    Compiling tower v0.5.3
[INFO] [stderr]    Compiling hyper-util v0.1.20
[INFO] [stderr]    Compiling tower-http v0.6.8
[INFO] [stderr]    Compiling hyper-timeout v0.5.2
[INFO] [stderr]    Compiling rustls-webpki v0.103.11
[INFO] [stderr]    Compiling jsonwebtoken v9.3.1
[INFO] [stderr]    Compiling tokio-rustls v0.26.4
[INFO] [stderr]    Compiling hyper-rustls v0.27.8
[INFO] [stderr]    Compiling octocrab v0.44.1
[INFO] [stderr]    Compiling move-repos v0.1.0 (/opt/rustwide/workdir)
[INFO] [stderr] warning: unused dependency `anyhow`
[INFO] [stderr]  --> Cargo.toml:2:1
[INFO] [stderr]   |
[INFO] [stderr] 2 | anyhow = "1"
[INFO] [stderr]   | ^^^^^^^^^^^^
[INFO] [stderr]   |
[INFO] [stderr]   = note: `cargo::unused_dependencies` is set to `warn` by default
[INFO] [stderr] help: consider removing the dependency on `anyhow`
[INFO] [stderr] warning: unused dependency `indicatif`
[INFO] [stderr]  --> Cargo.toml:3:1
[INFO] [stderr]   |
[INFO] [stderr] 3 | indicatif = "0.17"
[INFO] [stderr]   | ^^^^^^^^^^^^^^^^^^
[INFO] [stderr]   |
[INFO] [stderr] help: consider removing the dependency on `indicatif`
[INFO] [stderr] warning: unused dependency `tracing-subscriber`
[INFO] [stderr]   --> Cargo.toml:21:15
[INFO] [stderr]    |
[INFO] [stderr] 21 | [dependencies.tracing-subscriber]
[INFO] [stderr]    |               ^^^^^^^^^^^^^^^^^^^
[INFO] [stderr]    |
[INFO] [stderr] help: consider removing the dependency on `tracing-subscriber`
[INFO] [stderr] warning: `move-repos` (manifest) generated 3 warnings
[INFO] [stderr]     Finished `release` profile [optimized] target(s) in 1m 33s
[INFO] running `Command { std: "docker" "inspect" "ede0578792b1c8a016bc64c54fb58708fc1e46645d7e4aa3f7ebdf64774c38d6", kill_on_drop: false }`
[INFO] running `Command { std: "docker" "exec" "-e" "SOURCE_DIR=/opt/rustwide/workdir" "-e" "CARGO_HOME=/opt/rustwide/cargo-home" "-e" "RUSTUP_HOME=/opt/rustwide/rustup-home" "-e" "CARGO_TARGET_DIR=/opt/rustwide/target" "-e" "CARGO_INCREMENTAL=0" "-e" "RUST_BACKTRACE=full" "-e" "RUSTFLAGS=--cap-lints=warn" "-e" "RUSTDOCFLAGS=--cap-lints=warn" "-w" "/opt/rustwide/workdir" "--user" "0:0" "ede0578792b1c8a016bc64c54fb58708fc1e46645d7e4aa3f7ebdf64774c38d6" "/opt/rustwide/cargo-home/bin/cargo" "+1.100.0-beta.1" "test" "--frozen" "--no-run" "--message-format=json" "--release", kill_on_drop: false }`
[INFO] [stderr]    Compiling slab v0.4.12
[INFO] [stderr]    Compiling equivalent v1.0.2
[INFO] [stderr]    Compiling hashbrown v0.17.0
[INFO] [stderr]    Compiling tokio v1.51.1
[INFO] [stderr]    Compiling aho-corasick v1.1.4
[INFO] [stderr]    Compiling regex-syntax v0.8.10
[INFO] [stderr]    Compiling num_cpus v1.17.0
[INFO] [stderr]    Compiling deadpool-runtime v0.1.4
[INFO] [stderr]    Compiling assert-json-diff v2.0.2
[INFO] [stderr]    Compiling futures-util v0.3.32
[INFO] [stderr]    Compiling indexmap v2.14.0
[INFO] [stderr]    Compiling regex-automata v0.4.14
[INFO] [stderr]    Compiling futures-executor v0.3.32
[INFO] [stderr]    Compiling futures v0.3.32
[INFO] [stderr]    Compiling tokio-util v0.7.18
[INFO] [stderr]    Compiling tokio-rustls v0.26.4
[INFO] [stderr]    Compiling deadpool v0.12.3
[INFO] [stderr]    Compiling h2 v0.4.13
[INFO] [stderr]    Compiling tower v0.5.3
[INFO] [stderr]    Compiling matchers v0.2.0
[INFO] [stderr]    Compiling regex v1.12.3
[INFO] [stderr]    Compiling tracing-subscriber v0.3.23
[INFO] [stderr]    Compiling tower-http v0.6.8
[INFO] [stderr]    Compiling hyper v1.9.0
[INFO] [stderr]    Compiling hyper-util v0.1.20
[INFO] [stderr]    Compiling hyper-timeout v0.5.2
[INFO] [stderr]    Compiling hyper-rustls v0.27.8
[INFO] [stderr]    Compiling wiremock v0.6.5
[INFO] [stderr]    Compiling octocrab v0.44.1
[INFO] [stderr]    Compiling move-repos v0.1.0 (/opt/rustwide/workdir)
[INFO] [stderr]     Finished `release` profile [optimized] target(s) in 56.34s
[INFO] running `Command { std: "docker" "inspect" "ede0578792b1c8a016bc64c54fb58708fc1e46645d7e4aa3f7ebdf64774c38d6", kill_on_drop: false }`
[INFO] running `Command { std: "docker" "exec" "-e" "SOURCE_DIR=/opt/rustwide/workdir" "-e" "CARGO_HOME=/opt/rustwide/cargo-home" "-e" "RUSTUP_HOME=/opt/rustwide/rustup-home" "-e" "CARGO_TARGET_DIR=/opt/rustwide/target" "-e" "CARGO_INCREMENTAL=0" "-e" "RUST_BACKTRACE=full" "-e" "RUSTFLAGS=--cap-lints=warn" "-e" "RUSTDOCFLAGS=--cap-lints=warn" "-w" "/opt/rustwide/workdir" "--user" "0:0" "ede0578792b1c8a016bc64c54fb58708fc1e46645d7e4aa3f7ebdf64774c38d6" "/opt/rustwide/cargo-home/bin/cargo" "+1.100.0-beta.1" "test" "--frozen" "--release", kill_on_drop: false }`
[INFO] [stderr]     Finished `release` profile [optimized] target(s) in 0.20s
[INFO] [stderr]      Running unittests src/main.rs (/opt/rustwide/target/release/build/move-repos/59cf34a5264b4903/out/move_repos-59cf34a5264b4903)
[INFO] [stdout] 
[INFO] [stdout] running 14 tests
[INFO] [stdout] test config::tests::trailing_slash_stripped_from_api_base_url ... ok
[INFO] [stdout] test config::tests::empty_token_returns_config_error ... ok
[INFO] [stdout] test config::tests::valid_args_produce_well_formed_config ... ok
[INFO] [stdout] test error::tests::map_409_returns_destination_conflict ... ok
[INFO] [stdout] test github::tests::single_page_no_link_header_returns_3_repos ... ok
[INFO] [stdout] test error::tests::map_500_returns_api_error_with_status_500 ... ok
[INFO] [stdout] test transfer::tests::permission_denied_produces_failed_and_remaining_repos_processed ... ok
[INFO] [stdout] test error::tests::map_403_secondary_rate_limit_returns_secondary_rate_limit_exceeded ... ok
[INFO] [stdout] test transfer::tests::dry_run_never_calls_transfer_all_outcomes_are_dry_run ... ok
[INFO] [stdout] test transfer::tests::success_one_repo_transferred_summary_transferred_1_failed_0 ... ok
[INFO] [stdout] test transfer::tests::destination_conflict_produces_skipped_outcome_skipped_1 ... ok
[INFO] [stdout] test github::tests::org_404_falls_back_to_user_endpoint ... ok
[INFO] [stdout] test github::tests::two_pages_with_link_header_returns_combined_list ... ok
[INFO] [stdout] test error::tests::map_401_returns_unauthorized ... ok
[INFO] [stdout] 
[INFO] [stdout] test result: ok. 14 passed; 0 failed; 0 ignored; 0 measured; 0 filtered out; finished in 0.03s
[INFO] [stdout] 
[INFO] [stderr]      Running tests/cli_integration.rs (/opt/rustwide/target/release/build/move-repos/441fe56f837484ac/out/cli_integration-441fe56f837484ac)
[INFO] [stdout] 
[INFO] [stdout] running 8 tests
[INFO] [stdout] test missing_token_non_zero_exit_stderr_message ... FAILED
[INFO] [stdout] test all_fail_exit_1 ... FAILED
[INFO] [stdout] test happy_path_two_repos_exit_0_stdout_2_transferred ... FAILED
[INFO] [stdout] test invalid_source_404_non_zero_exit ... FAILED
[INFO] [stdout] test yes_flag_skips_confirmation ... FAILED
[INFO] [stdout] test dry_run_no_transfer_requests_exit_0_output_dry_run ... FAILED
[INFO] [stdout] test api_base_url_routes_to_mock_server ... FAILED
[INFO] [stdout] test mixed_3_repos_1_conflict_2_succeed_exit_0_1_skipped ... FAILED
[INFO] [stdout] 
[INFO] [stdout] failures:
[INFO] [stdout] 
[INFO] [stdout] ---- missing_token_non_zero_exit_stderr_message stdout ----
[INFO] [stdout] 
[INFO] [stdout] thread 'missing_token_non_zero_exit_stderr_message' (2763) panicked at tests/cli_integration.rs:329:10:
[INFO] [stdout] called `Result::unwrap()` on an `Err` value: Os { code: 2, kind: NotFound, message: "No such file or directory" }
[INFO] [stdout] stack backtrace:
[INFO] [stdout]    0:     0x5c937b4ca791 - <<std[617be2ca0a6fd877]::sys::backtrace::BacktraceLock>::print::DisplayBacktrace as core[a373ad73a504971]::fmt::Display>::fmt
[INFO] [stdout]    1:     0x5c937b4e19fa - core[a373ad73a504971]::fmt::write
[INFO] [stdout]    2:     0x5c937b4cf11c - <alloc[2e1b2a31b91974c5]::vec::Vec<u8> as core[a373ad73a504971]::io::write::Write>::write_fmt
[INFO] [stdout]    3:     0x5c937b4a49a6 - std[617be2ca0a6fd877]::panicking::default_hook::{closure#0}
[INFO] [stdout]    4:     0x5c937b4c2559 - std[617be2ca0a6fd877]::panicking::default_hook
[INFO] [stdout]    5:     0x5c937b3b0ef0 - test[aada8e7e76ba119b]::test_main_inner::{closure#0}
[INFO] [stdout]    6:     0x5c937b4c2882 - std[617be2ca0a6fd877]::panicking::panic_with_hook
[INFO] [stdout]    7:     0x5c937b4a4a52 - std[617be2ca0a6fd877]::panicking::panic_handler::{closure#0}
[INFO] [stdout]    8:     0x5c937b49d689 - std[617be2ca0a6fd877]::sys::backtrace::__rust_end_short_backtrace::<std[617be2ca0a6fd877]::panicking::panic_handler::{closure#0}, !>
[INFO] [stdout]    9:     0x5c937b4a584d - __rustc[ea4f61d10b84890b]::rust_begin_unwind
[INFO] [stdout]   10:     0x5c937b4e215c - core[a373ad73a504971]::panicking::panic_fmt
[INFO] [stdout]   11:     0x5c937b4e1f32 - core[a373ad73a504971]::result::unwrap_failed
[INFO] [stdout]   12:     0x5c937b330112 - cli_integration[c9146a6fdc8487b3]::missing_token_non_zero_exit_stderr_message::{closure#0}
[INFO] [stdout]   13:     0x5c937b36de23 - <tokio[8f287480f682321a]::runtime::scheduler::current_thread::Context>::enter::<core[a373ad73a504971]::task::poll::Poll<()>, <tokio[8f287480f682321a]::runtime::scheduler::current_thread::CoreGuard>::block_on<core[a373ad73a504971]::pin::Pin<&mut core[a373ad73a504971]::pin::Pin<&mut dyn core[a373ad73a504971]::future::future::Future<Output = ()>>>>::{closure#0}::{closure#0}>
[INFO] [stdout]   14:     0x5c937b39dcec - <tokio[8f287480f682321a]::runtime::context::scoped::Scoped<tokio[8f287480f682321a]::runtime::scheduler::Context>>::set::<<tokio[8f287480f682321a]::runtime::scheduler::current_thread::CoreGuard>::enter<<tokio[8f287480f682321a]::runtime::scheduler::current_thread::CoreGuard>::block_on<core[a373ad73a504971]::pin::Pin<&mut core[a373ad73a504971]::pin::Pin<&mut dyn core[a373ad73a504971]::future::future::Future<Output = ()>>>>::{closure#0}, core[a373ad73a504971]::option::Option<()>>::{closure#0}, (alloc[2e1b2a31b91974c5]::boxed::Box<tokio[8f287480f682321a]::runtime::scheduler::current_thread::Core>, core[a373ad73a504971]::option::Option<()>)>
[INFO] [stdout]   15:     0x5c937b36ebb7 - <tokio[8f287480f682321a]::runtime::scheduler::current_thread::CoreGuard>::block_on::<core[a373ad73a504971]::pin::Pin<&mut core[a373ad73a504971]::pin::Pin<&mut dyn core[a373ad73a504971]::future::future::Future<Output = ()>>>>
[INFO] [stdout]   16:     0x5c937b36c017 - tokio[8f287480f682321a]::runtime::context::runtime::enter_runtime::<<tokio[8f287480f682321a]::runtime::scheduler::current_thread::CurrentThread>::block_on<core[a373ad73a504971]::pin::Pin<&mut dyn core[a373ad73a504971]::future::future::Future<Output = ()>>>::{closure#0}, ()>
[INFO] [stdout]   17:     0x5c937b366e4a - <tokio[8f287480f682321a]::runtime::runtime::Runtime>::block_on::<core[a373ad73a504971]::pin::Pin<&mut dyn core[a373ad73a504971]::future::future::Future<Output = ()>>>
[INFO] [stdout]   18:     0x5c937b33911e - <cli_integration[c9146a6fdc8487b3]::missing_token_non_zero_exit_stderr_message::{closure#0} as core[a373ad73a504971]::ops::function::FnOnce<()>>::call_once
[INFO] [stdout]   19:     0x5c937b3a433b - test[aada8e7e76ba119b]::__rust_begin_short_backtrace::<core[a373ad73a504971]::result::Result<(), alloc[2e1b2a31b91974c5]::string::String>, fn() -> core[a373ad73a504971]::result::Result<(), alloc[2e1b2a31b91974c5]::string::String>>
[INFO] [stdout]   20:     0x5c937b3b1515 - test[aada8e7e76ba119b]::run_test::{closure#0}
[INFO] [stdout]   21:     0x5c937b3aae04 - std[617be2ca0a6fd877]::sys::backtrace::__rust_begin_short_backtrace::<test[aada8e7e76ba119b]::run_test::{closure#1}, ()>
[INFO] [stdout]   22:     0x5c937b3b45a2 - <std[617be2ca0a6fd877]::thread::lifecycle::spawn_unchecked<test[aada8e7e76ba119b]::run_test::{closure#1}, ()>::{closure#1} as core[a373ad73a504971]::ops::function::FnOnce<()>>::call_once::{shim:vtable#0}
[INFO] [stdout]   23:     0x5c937b4c99ef - <std[617be2ca0a6fd877]::sys::thread::unix::Thread>::new::thread_start
[INFO] [stdout]   24:     0x747d59897dfa - <unknown>
[INFO] [stdout]   25:     0x747d5992b3d4 - clone
[INFO] [stdout]   26:                0x0 - <unknown>
[INFO] [stdout] 
[INFO] [stdout] ---- all_fail_exit_1 stdout ----
[INFO] [stdout] 
[INFO] [stdout] thread 'all_fail_exit_1' (2758) panicked at tests/cli_integration.rs:451:10:
[INFO] [stdout] called `Result::unwrap()` on an `Err` value: Os { code: 2, kind: NotFound, message: "No such file or directory" }
[INFO] [stdout] stack backtrace:
[INFO] [stdout]    0:     0x5c937b4ca791 - <<std[617be2ca0a6fd877]::sys::backtrace::BacktraceLock>::print::DisplayBacktrace as core[a373ad73a504971]::fmt::Display>::fmt
[INFO] [stdout]    1:     0x5c937b4e19fa - core[a373ad73a504971]::fmt::write
[INFO] [stdout]    2:     0x5c937b4cf11c - <alloc[2e1b2a31b91974c5]::vec::Vec<u8> as core[a373ad73a504971]::io::write::Write>::write_fmt
[INFO] [stdout]    3:     0x5c937b4a49a6 - std[617be2ca0a6fd877]::panicking::default_hook::{closure#0}
[INFO] [stdout]    4:     0x5c937b4c2559 - std[617be2ca0a6fd877]::panicking::default_hook
[INFO] [stdout]    5:     0x5c937b3b0ef0 - test[aada8e7e76ba119b]::test_main_inner::{closure#0}
[INFO] [stdout]    6:     0x5c937b4c2882 - std[617be2ca0a6fd877]::panicking::panic_with_hook
[INFO] [stdout]    7:     0x5c937b4a4a52 - std[617be2ca0a6fd877]::panicking::panic_handler::{closure#0}
[INFO] [stdout]    8:     0x5c937b49d689 - std[617be2ca0a6fd877]::sys::backtrace::__rust_end_short_backtrace::<std[617be2ca0a6fd877]::panicking::panic_handler::{closure#0}, !>
[INFO] [stdout]    9:     0x5c937b4a584d - __rustc[ea4f61d10b84890b]::rust_begin_unwind
[INFO] [stdout]   10:     0x5c937b4e215c - core[a373ad73a504971]::panicking::panic_fmt
[INFO] [stdout]   11:     0x5c937b4e1f32 - core[a373ad73a504971]::result::unwrap_failed
[INFO] [stdout]   12:     0x5c937b32e3e1 - cli_integration[c9146a6fdc8487b3]::all_fail_exit_1::{closure#0}
[INFO] [stdout]   13:     0x5c937b36de23 - <tokio[8f287480f682321a]::runtime::scheduler::current_thread::Context>::enter::<core[a373ad73a504971]::task::poll::Poll<()>, <tokio[8f287480f682321a]::runtime::scheduler::current_thread::CoreGuard>::block_on<core[a373ad73a504971]::pin::Pin<&mut core[a373ad73a504971]::pin::Pin<&mut dyn core[a373ad73a504971]::future::future::Future<Output = ()>>>>::{closure#0}::{closure#0}>
[INFO] [stdout]   14:     0x5c937b39dcec - <tokio[8f287480f682321a]::runtime::context::scoped::Scoped<tokio[8f287480f682321a]::runtime::scheduler::Context>>::set::<<tokio[8f287480f682321a]::runtime::scheduler::current_thread::CoreGuard>::enter<<tokio[8f287480f682321a]::runtime::scheduler::current_thread::CoreGuard>::block_on<core[a373ad73a504971]::pin::Pin<&mut core[a373ad73a504971]::pin::Pin<&mut dyn core[a373ad73a504971]::future::future::Future<Output = ()>>>>::{closure#0}, core[a373ad73a504971]::option::Option<()>>::{closure#0}, (alloc[2e1b2a31b91974c5]::boxed::Box<tokio[8f287480f682321a]::runtime::scheduler::current_thread::Core>, core[a373ad73a504971]::option::Option<()>)>
[INFO] [stderr] error: test failed, to rerun pass `--test cli_integration`
[INFO] [stdout]   15:     0x5c937b36ebb7 - <tokio[8f287480f682321a]::runtime::scheduler::current_thread::CoreGuard>::block_on::<core[a373ad73a504971]::pin::Pin<&mut core[a373ad73a504971]::pin::Pin<&mut dyn core[a373ad73a504971]::future::future::Future<Output = ()>>>>
[INFO] [stdout]   16:     0x5c937b36c017 - tokio[8f287480f682321a]::runtime::context::runtime::enter_runtime::<<tokio[8f287480f682321a]::runtime::scheduler::current_thread::CurrentThread>::block_on<core[a373ad73a504971]::pin::Pin<&mut dyn core[a373ad73a504971]::future::future::Future<Output = ()>>>::{closure#0}, ()>
[INFO] [stdout]   17:     0x5c937b366e4a - <tokio[8f287480f682321a]::runtime::runtime::Runtime>::block_on::<core[a373ad73a504971]::pin::Pin<&mut dyn core[a373ad73a504971]::future::future::Future<Output = ()>>>
[INFO] [stdout]   18:     0x5c937b338b9e - <cli_integration[c9146a6fdc8487b3]::all_fail_exit_1::{closure#0} as core[a373ad73a504971]::ops::function::FnOnce<()>>::call_once
[INFO] [stdout]   19:     0x5c937b3a433b - test[aada8e7e76ba119b]::__rust_begin_short_backtrace::<core[a373ad73a504971]::result::Result<(), alloc[2e1b2a31b91974c5]::string::String>, fn() -> core[a373ad73a504971]::result::Result<(), alloc[2e1b2a31b91974c5]::string::String>>
[INFO] [stdout]   20:     0x5c937b3b1515 - test[aada8e7e76ba119b]::run_test::{closure#0}
[INFO] [stdout]   21:     0x5c937b3aae04 - std[617be2ca0a6fd877]::sys::backtrace::__rust_begin_short_backtrace::<test[aada8e7e76ba119b]::run_test::{closure#1}, ()>
[INFO] [stdout]   22:     0x5c937b3b45a2 - <std[617be2ca0a6fd877]::thread::lifecycle::spawn_unchecked<test[aada8e7e76ba119b]::run_test::{closure#1}, ()>::{closure#1} as core[a373ad73a504971]::ops::function::FnOnce<()>>::call_once::{shim:vtable#0}
[INFO] [stdout]   23:     0x5c937b4c99ef - <std[617be2ca0a6fd877]::sys::thread::unix::Thread>::new::thread_start
[INFO] [stdout]   24:     0x747d59897dfa - <unknown>
[INFO] [stdout]   25:     0x747d5992b3d4 - clone
[INFO] [stdout]   26:                0x0 - <unknown>
[INFO] [stdout] 
[INFO] [stdout] ---- happy_path_two_repos_exit_0_stdout_2_transferred stdout ----
[INFO] [stdout] 
[INFO] [stdout] thread 'happy_path_two_repos_exit_0_stdout_2_transferred' (2761) panicked at tests/cli_integration.rs:257:10:
[INFO] [stdout] called `Result::unwrap()` on an `Err` value: Os { code: 2, kind: NotFound, message: "No such file or directory" }
[INFO] [stdout] stack backtrace:
[INFO] [stdout]    0:     0x5c937b4ca791 - <<std[617be2ca0a6fd877]::sys::backtrace::BacktraceLock>::print::DisplayBacktrace as core[a373ad73a504971]::fmt::Display>::fmt
[INFO] [stdout]    1:     0x5c937b4e19fa - core[a373ad73a504971]::fmt::write
[INFO] [stdout]    2:     0x5c937b4cf11c - <alloc[2e1b2a31b91974c5]::vec::Vec<u8> as core[a373ad73a504971]::io::write::Write>::write_fmt
[INFO] [stdout]    3:     0x5c937b4a49a6 - std[617be2ca0a6fd877]::panicking::default_hook::{closure#0}
[INFO] [stdout]    4:     0x5c937b4c2559 - std[617be2ca0a6fd877]::panicking::default_hook
[INFO] [stdout]    5:     0x5c937b3b0ef0 - test[aada8e7e76ba119b]::test_main_inner::{closure#0}
[INFO] [stdout]    6:     0x5c937b4c2882 - std[617be2ca0a6fd877]::panicking::panic_with_hook
[INFO] [stdout]    7:     0x5c937b4a4a52 - std[617be2ca0a6fd877]::panicking::panic_handler::{closure#0}
[INFO] [stdout]    8:     0x5c937b49d689 - std[617be2ca0a6fd877]::sys::backtrace::__rust_end_short_backtrace::<std[617be2ca0a6fd877]::panicking::panic_handler::{closure#0}, !>
[INFO] [stdout]    9:     0x5c937b4a584d - __rustc[ea4f61d10b84890b]::rust_begin_unwind
[INFO] [stdout]   10:     0x5c937b4e215c - core[a373ad73a504971]::panicking::panic_fmt
[INFO] [stdout]   11:     0x5c937b4e1f32 - core[a373ad73a504971]::result::unwrap_failed
[INFO] [stdout]   12:     0x5c937b330819 - cli_integration[c9146a6fdc8487b3]::happy_path_two_repos_exit_0_stdout_2_transferred::{closure#0}
[INFO] [stdout]   13:     0x5c937b36de23 - <tokio[8f287480f682321a]::runtime::scheduler::current_thread::Context>::enter::<core[a373ad73a504971]::task::poll::Poll<()>, <tokio[8f287480f682321a]::runtime::scheduler::current_thread::CoreGuard>::block_on<core[a373ad73a504971]::pin::Pin<&mut core[a373ad73a504971]::pin::Pin<&mut dyn core[a373ad73a504971]::future::future::Future<Output = ()>>>>::{closure#0}::{closure#0}>
[INFO] [stdout]   14:     0x5c937b39dcec - <tokio[8f287480f682321a]::runtime::context::scoped::Scoped<tokio[8f287480f682321a]::runtime::scheduler::Context>>::set::<<tokio[8f287480f682321a]::runtime::scheduler::current_thread::CoreGuard>::enter<<tokio[8f287480f682321a]::runtime::scheduler::current_thread::CoreGuard>::block_on<core[a373ad73a504971]::pin::Pin<&mut core[a373ad73a504971]::pin::Pin<&mut dyn core[a373ad73a504971]::future::future::Future<Output = ()>>>>::{closure#0}, core[a373ad73a504971]::option::Option<()>>::{closure#0}, (alloc[2e1b2a31b91974c5]::boxed::Box<tokio[8f287480f682321a]::runtime::scheduler::current_thread::Core>, core[a373ad73a504971]::option::Option<()>)>
[INFO] [stdout]   15:     0x5c937b36ebb7 - <tokio[8f287480f682321a]::runtime::scheduler::current_thread::CoreGuard>::block_on::<core[a373ad73a504971]::pin::Pin<&mut core[a373ad73a504971]::pin::Pin<&mut dyn core[a373ad73a504971]::future::future::Future<Output = ()>>>>
[INFO] [stdout]   16:     0x5c937b36c017 - tokio[8f287480f682321a]::runtime::context::runtime::enter_runtime::<<tokio[8f287480f682321a]::runtime::scheduler::current_thread::CurrentThread>::block_on<core[a373ad73a504971]::pin::Pin<&mut dyn core[a373ad73a504971]::future::future::Future<Output = ()>>>::{closure#0}, ()>
[INFO] [stdout]   17:     0x5c937b366e4a - <tokio[8f287480f682321a]::runtime::runtime::Runtime>::block_on::<core[a373ad73a504971]::pin::Pin<&mut dyn core[a373ad73a504971]::future::future::Future<Output = ()>>>
[INFO] [stdout]   18:     0x5c937b33925e - <cli_integration[c9146a6fdc8487b3]::happy_path_two_repos_exit_0_stdout_2_transferred::{closure#0} as core[a373ad73a504971]::ops::function::FnOnce<()>>::call_once
[INFO] [stdout]   19:     0x5c937b3a433b - test[aada8e7e76ba119b]::__rust_begin_short_backtrace::<core[a373ad73a504971]::result::Result<(), alloc[2e1b2a31b91974c5]::string::String>, fn() -> core[a373ad73a504971]::result::Result<(), alloc[2e1b2a31b91974c5]::string::String>>
[INFO] [stdout]   20:     0x5c937b3b1515 - test[aada8e7e76ba119b]::run_test::{closure#0}
[INFO] [stdout]   21:     0x5c937b3aae04 - std[617be2ca0a6fd877]::sys::backtrace::__rust_begin_short_backtrace::<test[aada8e7e76ba119b]::run_test::{closure#1}, ()>
[INFO] [stdout]   22:     0x5c937b3b45a2 - <std[617be2ca0a6fd877]::thread::lifecycle::spawn_unchecked<test[aada8e7e76ba119b]::run_test::{closure#1}, ()>::{closure#1} as core[a373ad73a504971]::ops::function::FnOnce<()>>::call_once::{shim:vtable#0}
[INFO] [stdout]   23:     0x5c937b4c99ef - <std[617be2ca0a6fd877]::sys::thread::unix::Thread>::new::thread_start
[INFO] [stdout]   24:     0x747d59897dfa - <unknown>
[INFO] [stdout]   25:     0x747d5992b3d4 - clone
[INFO] [stdout]   26:                0x0 - <unknown>
[INFO] [stdout] 
[INFO] [stdout] ---- invalid_source_404_non_zero_exit stdout ----
[INFO] [stdout] 
[INFO] [stdout] thread 'invalid_source_404_non_zero_exit' (2762) panicked at tests/cli_integration.rs:367:10:
[INFO] [stdout] called `Result::unwrap()` on an `Err` value: Os { code: 2, kind: NotFound, message: "No such file or directory" }
[INFO] [stdout] stack backtrace:
[INFO] [stdout]    0:     0x5c937b4ca791 - <<std[617be2ca0a6fd877]::sys::backtrace::BacktraceLock>::print::DisplayBacktrace as core[a373ad73a504971]::fmt::Display>::fmt
[INFO] [stdout]    1:     0x5c937b4e19fa - core[a373ad73a504971]::fmt::write
[INFO] [stdout]    2:     0x5c937b4cf11c - <alloc[2e1b2a31b91974c5]::vec::Vec<u8> as core[a373ad73a504971]::io::write::Write>::write_fmt
[INFO] [stdout]    3:     0x5c937b4a49a6 - std[617be2ca0a6fd877]::panicking::default_hook::{closure#0}
[INFO] [stdout]    4:     0x5c937b4c2559 - std[617be2ca0a6fd877]::panicking::default_hook
[INFO] [stdout]    5:     0x5c937b3b0ef0 - test[aada8e7e76ba119b]::test_main_inner::{closure#0}
[INFO] [stdout]    6:     0x5c937b4c2882 - std[617be2ca0a6fd877]::panicking::panic_with_hook
[INFO] [stdout]    7:     0x5c937b4a4a52 - std[617be2ca0a6fd877]::panicking::panic_handler::{closure#0}
[INFO] [stdout]    8:     0x5c937b49d689 - std[617be2ca0a6fd877]::sys::backtrace::__rust_end_short_backtrace::<std[617be2ca0a6fd877]::panicking::panic_handler::{closure#0}, !>
[INFO] [stdout]    9:     0x5c937b4a584d - __rustc[ea4f61d10b84890b]::rust_begin_unwind
[INFO] [stdout]   10:     0x5c937b4e215c - core[a373ad73a504971]::panicking::panic_fmt
[INFO] [stdout]   11:     0x5c937b4e1f32 - core[a373ad73a504971]::result::unwrap_failed
[INFO] [stdout]   12:     0x5c937b32f4e3 - cli_integration[c9146a6fdc8487b3]::invalid_source_404_non_zero_exit::{closure#0}
[INFO] [stdout]   13:     0x5c937b36de23 - <tokio[8f287480f682321a]::runtime::scheduler::current_thread::Context>::enter::<core[a373ad73a504971]::task::poll::Poll<()>, <tokio[8f287480f682321a]::runtime::scheduler::current_thread::CoreGuard>::block_on<core[a373ad73a504971]::pin::Pin<&mut core[a373ad73a504971]::pin::Pin<&mut dyn core[a373ad73a504971]::future::future::Future<Output = ()>>>>::{closure#0}::{closure#0}>
[INFO] [stdout]   14:     0x5c937b39dcec - <tokio[8f287480f682321a]::runtime::context::scoped::Scoped<tokio[8f287480f682321a]::runtime::scheduler::Context>>::set::<<tokio[8f287480f682321a]::runtime::scheduler::current_thread::CoreGuard>::enter<<tokio[8f287480f682321a]::runtime::scheduler::current_thread::CoreGuard>::block_on<core[a373ad73a504971]::pin::Pin<&mut core[a373ad73a504971]::pin::Pin<&mut dyn core[a373ad73a504971]::future::future::Future<Output = ()>>>>::{closure#0}, core[a373ad73a504971]::option::Option<()>>::{closure#0}, (alloc[2e1b2a31b91974c5]::boxed::Box<tokio[8f287480f682321a]::runtime::scheduler::current_thread::Core>, core[a373ad73a504971]::option::Option<()>)>
[INFO] [stdout]   15:     0x5c937b36ebb7 - <tokio[8f287480f682321a]::runtime::scheduler::current_thread::CoreGuard>::block_on::<core[a373ad73a504971]::pin::Pin<&mut core[a373ad73a504971]::pin::Pin<&mut dyn core[a373ad73a504971]::future::future::Future<Output = ()>>>>
[INFO] [stdout]   16:     0x5c937b36c017 - tokio[8f287480f682321a]::runtime::context::runtime::enter_runtime::<<tokio[8f287480f682321a]::runtime::scheduler::current_thread::CurrentThread>::block_on<core[a373ad73a504971]::pin::Pin<&mut dyn core[a373ad73a504971]::future::future::Future<Output = ()>>>::{closure#0}, ()>
[INFO] [stdout]   17:     0x5c937b366e4a - <tokio[8f287480f682321a]::runtime::runtime::Runtime>::block_on::<core[a373ad73a504971]::pin::Pin<&mut dyn core[a373ad73a504971]::future::future::Future<Output = ()>>>
[INFO] [stdout]   18:     0x5c937b338e5e - <cli_integration[c9146a6fdc8487b3]::invalid_source_404_non_zero_exit::{closure#0} as core[a373ad73a504971]::ops::function::FnOnce<()>>::call_once
[INFO] [stdout]   19:     0x5c937b3a433b - test[aada8e7e76ba119b]::__rust_begin_short_backtrace::<core[a373ad73a504971]::result::Result<(), alloc[2e1b2a31b91974c5]::string::String>, fn() -> core[a373ad73a504971]::result::Result<(), alloc[2e1b2a31b91974c5]::string::String>>
[INFO] [stdout]   20:     0x5c937b3b1515 - test[aada8e7e76ba119b]::run_test::{closure#0}
[INFO] [stdout]   21:     0x5c937b3aae04 - std[617be2ca0a6fd877]::sys::backtrace::__rust_begin_short_backtrace::<test[aada8e7e76ba119b]::run_test::{closure#1}, ()>
[INFO] [stdout]   22:     0x5c937b3b45a2 - <std[617be2ca0a6fd877]::thread::lifecycle::spawn_unchecked<test[aada8e7e76ba119b]::run_test::{closure#1}, ()>::{closure#1} as core[a373ad73a504971]::ops::function::FnOnce<()>>::call_once::{shim:vtable#0}
[INFO] [stdout]   23:     0x5c937b4c99ef - <std[617be2ca0a6fd877]::sys::thread::unix::Thread>::new::thread_start
[INFO] [stdout]   24:     0x747d59897dfa - <unknown>
[INFO] [stdout]   25:     0x747d5992b3d4 - clone
[INFO] [stdout]   26:                0x0 - <unknown>
[INFO] [stdout] 
[INFO] [stdout] ---- yes_flag_skips_confirmation stdout ----
[INFO] [stdout] 
[INFO] [stdout] thread 'yes_flag_skips_confirmation' (2765) panicked at tests/cli_integration.rs:478:10:
[INFO] [stdout] called `Result::unwrap()` on an `Err` value: Os { code: 2, kind: NotFound, message: "No such file or directory" }
[INFO] [stdout] stack backtrace:
[INFO] [stdout]    0:     0x5c937b4ca791 - <<std[617be2ca0a6fd877]::sys::backtrace::BacktraceLock>::print::DisplayBacktrace as core[a373ad73a504971]::fmt::Display>::fmt
[INFO] [stdout]    1:     0x5c937b4e19fa - core[a373ad73a504971]::fmt::write
[INFO] [stdout]    2:     0x5c937b4cf11c - <alloc[2e1b2a31b91974c5]::vec::Vec<u8> as core[a373ad73a504971]::io::write::Write>::write_fmt
[INFO] [stdout]    3:     0x5c937b4a49a6 - std[617be2ca0a6fd877]::panicking::default_hook::{closure#0}
[INFO] [stdout]    4:     0x5c937b4c2559 - std[617be2ca0a6fd877]::panicking::default_hook
[INFO] [stdout]    5:     0x5c937b3b0ef0 - test[aada8e7e76ba119b]::test_main_inner::{closure#0}
[INFO] [stdout]    6:     0x5c937b4c2882 - std[617be2ca0a6fd877]::panicking::panic_with_hook
[INFO] [stdout]    7:     0x5c937b4a4a52 - std[617be2ca0a6fd877]::panicking::panic_handler::{closure#0}
[INFO] [stdout]    8:     0x5c937b49d689 - std[617be2ca0a6fd877]::sys::backtrace::__rust_end_short_backtrace::<std[617be2ca0a6fd877]::panicking::panic_handler::{closure#0}, !>
[INFO] [stdout]    9:     0x5c937b4a584d - __rustc[ea4f61d10b84890b]::rust_begin_unwind
[INFO] [stdout]   10:     0x5c937b4e215c - core[a373ad73a504971]::panicking::panic_fmt
[INFO] [stdout]   11:     0x5c937b4e1f32 - core[a373ad73a504971]::result::unwrap_failed
[INFO] [stdout]   12:     0x5c937b32eb4b - cli_integration[c9146a6fdc8487b3]::yes_flag_skips_confirmation::{closure#0}
[INFO] [stdout]   13:     0x5c937b36de23 - <tokio[8f287480f682321a]::runtime::scheduler::current_thread::Context>::enter::<core[a373ad73a504971]::task::poll::Poll<()>, <tokio[8f287480f682321a]::runtime::scheduler::current_thread::CoreGuard>::block_on<core[a373ad73a504971]::pin::Pin<&mut core[a373ad73a504971]::pin::Pin<&mut dyn core[a373ad73a504971]::future::future::Future<Output = ()>>>>::{closure#0}::{closure#0}>
[INFO] [stdout]   14:     0x5c937b39dcec - <tokio[8f287480f682321a]::runtime::context::scoped::Scoped<tokio[8f287480f682321a]::runtime::scheduler::Context>>::set::<<tokio[8f287480f682321a]::runtime::scheduler::current_thread::CoreGuard>::enter<<tokio[8f287480f682321a]::runtime::scheduler::current_thread::CoreGuard>::block_on<core[a373ad73a504971]::pin::Pin<&mut core[a373ad73a504971]::pin::Pin<&mut dyn core[a373ad73a504971]::future::future::Future<Output = ()>>>>::{closure#0}, core[a373ad73a504971]::option::Option<()>>::{closure#0}, (alloc[2e1b2a31b91974c5]::boxed::Box<tokio[8f287480f682321a]::runtime::scheduler::current_thread::Core>, core[a373ad73a504971]::option::Option<()>)>
[INFO] [stdout]   15:     0x5c937b36ebb7 - <tokio[8f287480f682321a]::runtime::scheduler::current_thread::CoreGuard>::block_on::<core[a373ad73a504971]::pin::Pin<&mut core[a373ad73a504971]::pin::Pin<&mut dyn core[a373ad73a504971]::future::future::Future<Output = ()>>>>
[INFO] [stdout]   16:     0x5c937b36c017 - tokio[8f287480f682321a]::runtime::context::runtime::enter_runtime::<<tokio[8f287480f682321a]::runtime::scheduler::current_thread::CurrentThread>::block_on<core[a373ad73a504971]::pin::Pin<&mut dyn core[a373ad73a504971]::future::future::Future<Output = ()>>>::{closure#0}, ()>
[INFO] [stdout]   17:     0x5c937b366e4a - <tokio[8f287480f682321a]::runtime::runtime::Runtime>::block_on::<core[a373ad73a504971]::pin::Pin<&mut dyn core[a373ad73a504971]::future::future::Future<Output = ()>>>
[INFO] [stdout]   18:     0x5c937b338cfe - <cli_integration[c9146a6fdc8487b3]::yes_flag_skips_confirmation::{closure#0} as core[a373ad73a504971]::ops::function::FnOnce<()>>::call_once
[INFO] [stdout]   19:     0x5c937b3a433b - test[aada8e7e76ba119b]::__rust_begin_short_backtrace::<core[a373ad73a504971]::result::Result<(), alloc[2e1b2a31b91974c5]::string::String>, fn() -> core[a373ad73a504971]::result::Result<(), alloc[2e1b2a31b91974c5]::string::String>>
[INFO] [stdout]   20:     0x5c937b3b1515 - test[aada8e7e76ba119b]::run_test::{closure#0}
[INFO] [stdout]   21:     0x5c937b3aae04 - std[617be2ca0a6fd877]::sys::backtrace::__rust_begin_short_backtrace::<test[aada8e7e76ba119b]::run_test::{closure#1}, ()>
[INFO] [stdout]   22:     0x5c937b3b45a2 - <std[617be2ca0a6fd877]::thread::lifecycle::spawn_unchecked<test[aada8e7e76ba119b]::run_test::{closure#1}, ()>::{closure#1} as core[a373ad73a504971]::ops::function::FnOnce<()>>::call_once::{shim:vtable#0}
[INFO] [stdout]   23:     0x5c937b4c99ef - <std[617be2ca0a6fd877]::sys::thread::unix::Thread>::new::thread_start
[INFO] [stdout]   24:     0x747d59897dfa - <unknown>
[INFO] [stdout]   25:     0x747d5992b3d4 - clone
[INFO] [stdout]   26:                0x0 - <unknown>
[INFO] [stdout] 
[INFO] [stdout] ---- dry_run_no_transfer_requests_exit_0_output_dry_run stdout ----
[INFO] [stdout] 
[INFO] [stdout] thread 'dry_run_no_transfer_requests_exit_0_output_dry_run' (2760) panicked at tests/cli_integration.rs:293:10:
[INFO] [stdout] called `Result::unwrap()` on an `Err` value: Os { code: 2, kind: NotFound, message: "No such file or directory" }
[INFO] [stdout] stack backtrace:
[INFO] [stdout]    0:     0x5c937b4ca791 - <<std[617be2ca0a6fd877]::sys::backtrace::BacktraceLock>::print::DisplayBacktrace as core[a373ad73a504971]::fmt::Display>::fmt
[INFO] [stdout]    1:     0x5c937b4e19fa - core[a373ad73a504971]::fmt::write
[INFO] [stdout]    2:     0x5c937b4cf11c - <alloc[2e1b2a31b91974c5]::vec::Vec<u8> as core[a373ad73a504971]::io::write::Write>::write_fmt
[INFO] [stdout]    3:     0x5c937b4a49a6 - std[617be2ca0a6fd877]::panicking::default_hook::{closure#0}
[INFO] [stdout]    4:     0x5c937b4c2559 - std[617be2ca0a6fd877]::panicking::default_hook
[INFO] [stdout]    5:     0x5c937b3b0ef0 - test[aada8e7e76ba119b]::test_main_inner::{closure#0}
[INFO] [stdout]    6:     0x5c937b4c2882 - std[617be2ca0a6fd877]::panicking::panic_with_hook
[INFO] [stdout]    7:     0x5c937b4a4a52 - std[617be2ca0a6fd877]::panicking::panic_handler::{closure#0}
[INFO] [stdout]    8:     0x5c937b49d689 - std[617be2ca0a6fd877]::sys::backtrace::__rust_end_short_backtrace::<std[617be2ca0a6fd877]::panicking::panic_handler::{closure#0}, !>
[INFO] [stdout]    9:     0x5c937b4a584d - __rustc[ea4f61d10b84890b]::rust_begin_unwind
[INFO] [stdout]   10:     0x5c937b4e215c - core[a373ad73a504971]::panicking::panic_fmt
[INFO] [stdout]   11:     0x5c937b4e1f32 - core[a373ad73a504971]::result::unwrap_failed
[INFO] [stdout]   12:     0x5c937b330fa3 - cli_integration[c9146a6fdc8487b3]::dry_run_no_transfer_requests_exit_0_output_dry_run::{closure#0}
[INFO] [stdout]   13:     0x5c937b36de23 - <tokio[8f287480f682321a]::runtime::scheduler::current_thread::Context>::enter::<core[a373ad73a504971]::task::poll::Poll<()>, <tokio[8f287480f682321a]::runtime::scheduler::current_thread::CoreGuard>::block_on<core[a373ad73a504971]::pin::Pin<&mut core[a373ad73a504971]::pin::Pin<&mut dyn core[a373ad73a504971]::future::future::Future<Output = ()>>>>::{closure#0}::{closure#0}>
[INFO] [stdout]   14:     0x5c937b39dcec - <tokio[8f287480f682321a]::runtime::context::scoped::Scoped<tokio[8f287480f682321a]::runtime::scheduler::Context>>::set::<<tokio[8f287480f682321a]::runtime::scheduler::current_thread::CoreGuard>::enter<<tokio[8f287480f682321a]::runtime::scheduler::current_thread::CoreGuard>::block_on<core[a373ad73a504971]::pin::Pin<&mut core[a373ad73a504971]::pin::Pin<&mut dyn core[a373ad73a504971]::future::future::Future<Output = ()>>>>::{closure#0}, core[a373ad73a504971]::option::Option<()>>::{closure#0}, (alloc[2e1b2a31b91974c5]::boxed::Box<tokio[8f287480f682321a]::runtime::scheduler::current_thread::Core>, core[a373ad73a504971]::option::Option<()>)>
[INFO] [stdout]   15:     0x5c937b36ebb7 - <tokio[8f287480f682321a]::runtime::scheduler::current_thread::CoreGuard>::block_on::<core[a373ad73a504971]::pin::Pin<&mut core[a373ad73a504971]::pin::Pin<&mut dyn core[a373ad73a504971]::future::future::Future<Output = ()>>>>
[INFO] [stdout]   16:     0x5c937b36c017 - tokio[8f287480f682321a]::runtime::context::runtime::enter_runtime::<<tokio[8f287480f682321a]::runtime::scheduler::current_thread::CurrentThread>::block_on<core[a373ad73a504971]::pin::Pin<&mut dyn core[a373ad73a504971]::future::future::Future<Output = ()>>>::{closure#0}, ()>
[INFO] [stdout]   17:     0x5c937b366e4a - <tokio[8f287480f682321a]::runtime::runtime::Runtime>::block_on::<core[a373ad73a504971]::pin::Pin<&mut dyn core[a373ad73a504971]::future::future::Future<Output = ()>>>
[INFO] [stdout]   18:     0x5c937b3393be - <cli_integration[c9146a6fdc8487b3]::dry_run_no_transfer_requests_exit_0_output_dry_run::{closure#0} as core[a373ad73a504971]::ops::function::FnOnce<()>>::call_once
[INFO] [stdout]   19:     0x5c937b3a433b - test[aada8e7e76ba119b]::__rust_begin_short_backtrace::<core[a373ad73a504971]::result::Result<(), alloc[2e1b2a31b91974c5]::string::String>, fn() -> core[a373ad73a504971]::result::Result<(), alloc[2e1b2a31b91974c5]::string::String>>
[INFO] [stdout]   20:     0x5c937b3b1515 - test[aada8e7e76ba119b]::run_test::{closure#0}
[INFO] [stdout]   21:     0x5c937b3aae04 - std[617be2ca0a6fd877]::sys::backtrace::__rust_begin_short_backtrace::<test[aada8e7e76ba119b]::run_test::{closure#1}, ()>
[INFO] [stdout]   22:     0x5c937b3b45a2 - <std[617be2ca0a6fd877]::thread::lifecycle::spawn_unchecked<test[aada8e7e76ba119b]::run_test::{closure#1}, ()>::{closure#1} as core[a373ad73a504971]::ops::function::FnOnce<()>>::call_once::{shim:vtable#0}
[INFO] [stdout]   23:     0x5c937b4c99ef - <std[617be2ca0a6fd877]::sys::thread::unix::Thread>::new::thread_start
[INFO] [stdout]   24:     0x747d59897dfa - <unknown>
[INFO] [stdout]   25:     0x747d5992b3d4 - clone
[INFO] [stdout]   26:                0x0 - <unknown>
[INFO] [stdout] 
[INFO] [stdout] ---- api_base_url_routes_to_mock_server stdout ----
[INFO] [stdout] 
[INFO] [stdout] thread 'api_base_url_routes_to_mock_server' (2759) panicked at tests/cli_integration.rs:514:10:
[INFO] [stdout] called `Result::unwrap()` on an `Err` value: Os { code: 2, kind: NotFound, message: "No such file or directory" }
[INFO] [stdout] stack backtrace:
[INFO] [stdout]    0:     0x5c937b4ca791 - <<std[617be2ca0a6fd877]::sys::backtrace::BacktraceLock>::print::DisplayBacktrace as core[a373ad73a504971]::fmt::Display>::fmt
[INFO] [stdout]    1:     0x5c937b4e19fa - core[a373ad73a504971]::fmt::write
[INFO] [stdout]    2:     0x5c937b4cf11c - <alloc[2e1b2a31b91974c5]::vec::Vec<u8> as core[a373ad73a504971]::io::write::Write>::write_fmt
[INFO] [stdout]    3:     0x5c937b4a49a6 - std[617be2ca0a6fd877]::panicking::default_hook::{closure#0}
[INFO] [stdout]    4:     0x5c937b4c2559 - std[617be2ca0a6fd877]::panicking::default_hook
[INFO] [stdout]    5:     0x5c937b3b0ef0 - test[aada8e7e76ba119b]::test_main_inner::{closure#0}
[INFO] [stdout]    6:     0x5c937b4c2882 - std[617be2ca0a6fd877]::panicking::panic_with_hook
[INFO] [stdout]    7:     0x5c937b4a4a52 - std[617be2ca0a6fd877]::panicking::panic_handler::{closure#0}
[INFO] [stdout]    8:     0x5c937b49d689 - std[617be2ca0a6fd877]::sys::backtrace::__rust_end_short_backtrace::<std[617be2ca0a6fd877]::panicking::panic_handler::{closure#0}, !>
[INFO] [stdout]    9:     0x5c937b4a584d - __rustc[ea4f61d10b84890b]::rust_begin_unwind
[INFO] [stdout]   10:     0x5c937b4e215c - core[a373ad73a504971]::panicking::panic_fmt
[INFO] [stdout]   11:     0x5c937b4e1f32 - core[a373ad73a504971]::result::unwrap_failed
[INFO] [stdout]   12:     0x5c937b32fcb0 - cli_integration[c9146a6fdc8487b3]::api_base_url_routes_to_mock_server::{closure#0}
[INFO] [stdout]   13:     0x5c937b36de23 - <tokio[8f287480f682321a]::runtime::scheduler::current_thread::Context>::enter::<core[a373ad73a504971]::task::poll::Poll<()>, <tokio[8f287480f682321a]::runtime::scheduler::current_thread::CoreGuard>::block_on<core[a373ad73a504971]::pin::Pin<&mut core[a373ad73a504971]::pin::Pin<&mut dyn core[a373ad73a504971]::future::future::Future<Output = ()>>>>::{closure#0}::{closure#0}>
[INFO] [stdout]   14:     0x5c937b39dcec - <tokio[8f287480f682321a]::runtime::context::scoped::Scoped<tokio[8f287480f682321a]::runtime::scheduler::Context>>::set::<<tokio[8f287480f682321a]::runtime::scheduler::current_thread::CoreGuard>::enter<<tokio[8f287480f682321a]::runtime::scheduler::current_thread::CoreGuard>::block_on<core[a373ad73a504971]::pin::Pin<&mut core[a373ad73a504971]::pin::Pin<&mut dyn core[a373ad73a504971]::future::future::Future<Output = ()>>>>::{closure#0}, core[a373ad73a504971]::option::Option<()>>::{closure#0}, (alloc[2e1b2a31b91974c5]::boxed::Box<tokio[8f287480f682321a]::runtime::scheduler::current_thread::Core>, core[a373ad73a504971]::option::Option<()>)>
[INFO] [stdout]   15:     0x5c937b36ebb7 - <tokio[8f287480f682321a]::runtime::scheduler::current_thread::CoreGuard>::block_on::<core[a373ad73a504971]::pin::Pin<&mut core[a373ad73a504971]::pin::Pin<&mut dyn core[a373ad73a504971]::future::future::Future<Output = ()>>>>
[INFO] [stdout]   16:     0x5c937b36c017 - tokio[8f287480f682321a]::runtime::context::runtime::enter_runtime::<<tokio[8f287480f682321a]::runtime::scheduler::current_thread::CurrentThread>::block_on<core[a373ad73a504971]::pin::Pin<&mut dyn core[a373ad73a504971]::future::future::Future<Output = ()>>>::{closure#0}, ()>
[INFO] [stdout]   17:     0x5c937b366e4a - <tokio[8f287480f682321a]::runtime::runtime::Runtime>::block_on::<core[a373ad73a504971]::pin::Pin<&mut dyn core[a373ad73a504971]::future::future::Future<Output = ()>>>
[INFO] [stdout]   18:     0x5c937b338fbe - <cli_integration[c9146a6fdc8487b3]::api_base_url_routes_to_mock_server::{closure#0} as core[a373ad73a504971]::ops::function::FnOnce<()>>::call_once
[INFO] [stdout]   19:     0x5c937b3a433b - test[aada8e7e76ba119b]::__rust_begin_short_backtrace::<core[a373ad73a504971]::result::Result<(), alloc[2e1b2a31b91974c5]::string::String>, fn() -> core[a373ad73a504971]::result::Result<(), alloc[2e1b2a31b91974c5]::string::String>>
[INFO] [stdout]   20:     0x5c937b3b1515 - test[aada8e7e76ba119b]::run_test::{closure#0}
[INFO] [stdout]   21:     0x5c937b3aae04 - std[617be2ca0a6fd877]::sys::backtrace::__rust_begin_short_backtrace::<test[aada8e7e76ba119b]::run_test::{closure#1}, ()>
[INFO] [stdout]   22:     0x5c937b3b45a2 - <std[617be2ca0a6fd877]::thread::lifecycle::spawn_unchecked<test[aada8e7e76ba119b]::run_test::{closure#1}, ()>::{closure#1} as core[a373ad73a504971]::ops::function::FnOnce<()>>::call_once::{shim:vtable#0}
[INFO] [stdout]   23:     0x5c937b4c99ef - <std[617be2ca0a6fd877]::sys::thread::unix::Thread>::new::thread_start
[INFO] [stdout]   24:     0x747d59897dfa - <unknown>
[INFO] [stdout]   25:     0x747d5992b3d4 - clone
[INFO] [stdout]   26:                0x0 - <unknown>
[INFO] [stdout] 
[INFO] [stdout] ---- mixed_3_repos_1_conflict_2_succeed_exit_0_1_skipped stdout ----
[INFO] [stdout] 
[INFO] [stdout] thread 'mixed_3_repos_1_conflict_2_succeed_exit_0_1_skipped' (2764) panicked at tests/cli_integration.rs:403:10:
[INFO] [stdout] called `Result::unwrap()` on an `Err` value: Os { code: 2, kind: NotFound, message: "No such file or directory" }
[INFO] [stdout] stack backtrace:
[INFO] [stdout]    0:     0x5c937b4ca791 - <<std[617be2ca0a6fd877]::sys::backtrace::BacktraceLock>::print::DisplayBacktrace as core[a373ad73a504971]::fmt::Display>::fmt
[INFO] [stdout]    1:     0x5c937b4e19fa - core[a373ad73a504971]::fmt::write
[INFO] [stdout]    2:     0x5c937b4cf11c - <alloc[2e1b2a31b91974c5]::vec::Vec<u8> as core[a373ad73a504971]::io::write::Write>::write_fmt
[INFO] [stdout]    3:     0x5c937b4a49a6 - std[617be2ca0a6fd877]::panicking::default_hook::{closure#0}
[INFO] [stdout]    4:     0x5c937b4c2559 - std[617be2ca0a6fd877]::panicking::default_hook
[INFO] [stdout]    5:     0x5c937b3b0ef0 - test[aada8e7e76ba119b]::test_main_inner::{closure#0}
[INFO] [stdout]    6:     0x5c937b4c2882 - std[617be2ca0a6fd877]::panicking::panic_with_hook
[INFO] [stdout]    7:     0x5c937b4a4a52 - std[617be2ca0a6fd877]::panicking::panic_handler::{closure#0}
[INFO] [stdout]    8:     0x5c937b49d689 - std[617be2ca0a6fd877]::sys::backtrace::__rust_end_short_backtrace::<std[617be2ca0a6fd877]::panicking::panic_handler::{closure#0}, !>
[INFO] [stdout]    9:     0x5c937b4a584d - __rustc[ea4f61d10b84890b]::rust_begin_unwind
[INFO] [stdout]   10:     0x5c937b4e215c - core[a373ad73a504971]::panicking::panic_fmt
[INFO] [stdout]   11:     0x5c937b4e1f32 - core[a373ad73a504971]::result::unwrap_failed
[INFO] [stdout]   12:     0x5c937b331c9c - cli_integration[c9146a6fdc8487b3]::mixed_3_repos_1_conflict_2_succeed_exit_0_1_skipped::{closure#0}
[INFO] [stdout]   13:     0x5c937b36de23 - <tokio[8f287480f682321a]::runtime::scheduler::current_thread::Context>::enter::<core[a373ad73a504971]::task::poll::Poll<()>, <tokio[8f287480f682321a]::runtime::scheduler::current_thread::CoreGuard>::block_on<core[a373ad73a504971]::pin::Pin<&mut core[a373ad73a504971]::pin::Pin<&mut dyn core[a373ad73a504971]::future::future::Future<Output = ()>>>>::{closure#0}::{closure#0}>
[INFO] [stdout]   14:     0x5c937b39dcec - <tokio[8f287480f682321a]::runtime::context::scoped::Scoped<tokio[8f287480f682321a]::runtime::scheduler::Context>>::set::<<tokio[8f287480f682321a]::runtime::scheduler::current_thread::CoreGuard>::enter<<tokio[8f287480f682321a]::runtime::scheduler::current_thread::CoreGuard>::block_on<core[a373ad73a504971]::pin::Pin<&mut core[a373ad73a504971]::pin::Pin<&mut dyn core[a373ad73a504971]::future::future::Future<Output = ()>>>>::{closure#0}, core[a373ad73a504971]::option::Option<()>>::{closure#0}, (alloc[2e1b2a31b91974c5]::boxed::Box<tokio[8f287480f682321a]::runtime::scheduler::current_thread::Core>, core[a373ad73a504971]::option::Option<()>)>
[INFO] [stdout]   15:     0x5c937b36ebb7 - <tokio[8f287480f682321a]::runtime::scheduler::current_thread::CoreGuard>::block_on::<core[a373ad73a504971]::pin::Pin<&mut core[a373ad73a504971]::pin::Pin<&mut dyn core[a373ad73a504971]::future::future::Future<Output = ()>>>>
[INFO] [stdout]   16:     0x5c937b36c017 - tokio[8f287480f682321a]::runtime::context::runtime::enter_runtime::<<tokio[8f287480f682321a]::runtime::scheduler::current_thread::CurrentThread>::block_on<core[a373ad73a504971]::pin::Pin<&mut dyn core[a373ad73a504971]::future::future::Future<Output = ()>>>::{closure#0}, ()>
[INFO] [stdout]   17:     0x5c937b366e4a - <tokio[8f287480f682321a]::runtime::runtime::Runtime>::block_on::<core[a373ad73a504971]::pin::Pin<&mut dyn core[a373ad73a504971]::future::future::Future<Output = ()>>>
[INFO] [stdout]   18:     0x5c937b33951e - <cli_integration[c9146a6fdc8487b3]::mixed_3_repos_1_conflict_2_succeed_exit_0_1_skipped::{closure#0} as core[a373ad73a504971]::ops::function::FnOnce<()>>::call_once
[INFO] [stdout]   19:     0x5c937b3a433b - test[aada8e7e76ba119b]::__rust_begin_short_backtrace::<core[a373ad73a504971]::result::Result<(), alloc[2e1b2a31b91974c5]::string::String>, fn() -> core[a373ad73a504971]::result::Result<(), alloc[2e1b2a31b91974c5]::string::String>>
[INFO] [stdout]   20:     0x5c937b3b1515 - test[aada8e7e76ba119b]::run_test::{closure#0}
[INFO] [stdout]   21:     0x5c937b3aae04 - std[617be2ca0a6fd877]::sys::backtrace::__rust_begin_short_backtrace::<test[aada8e7e76ba119b]::run_test::{closure#1}, ()>
[INFO] [stdout]   22:     0x5c937b3b45a2 - <std[617be2ca0a6fd877]::thread::lifecycle::spawn_unchecked<test[aada8e7e76ba119b]::run_test::{closure#1}, ()>::{closure#1} as core[a373ad73a504971]::ops::function::FnOnce<()>>::call_once::{shim:vtable#0}
[INFO] [stdout]   23:     0x5c937b4c99ef - <std[617be2ca0a6fd877]::sys::thread::unix::Thread>::new::thread_start
[INFO] [stdout]   24:     0x747d59897dfa - <unknown>
[INFO] [stdout]   25:     0x747d5992b3d4 - clone
[INFO] [stdout]   26:                0x0 - <unknown>
[INFO] [stdout] 
[INFO] [stdout] 
[INFO] [stdout] failures:
[INFO] [stdout]     all_fail_exit_1
[INFO] [stdout]     api_base_url_routes_to_mock_server
[INFO] [stdout]     dry_run_no_transfer_requests_exit_0_output_dry_run
[INFO] [stdout]     happy_path_two_repos_exit_0_stdout_2_transferred
[INFO] [stdout]     invalid_source_404_non_zero_exit
[INFO] [stdout]     missing_token_non_zero_exit_stderr_message
[INFO] [stdout]     mixed_3_repos_1_conflict_2_succeed_exit_0_1_skipped
[INFO] [stdout]     yes_flag_skips_confirmation
[INFO] [stdout] 
[INFO] [stdout] test result: FAILED. 0 passed; 8 failed; 0 ignored; 0 measured; 0 filtered out; finished in 0.01s
[INFO] [stdout] 
[INFO] running `Command { std: "docker" "inspect" "ede0578792b1c8a016bc64c54fb58708fc1e46645d7e4aa3f7ebdf64774c38d6", kill_on_drop: false }`
[INFO] running `Command { std: "docker" "rm" "-f" "ede0578792b1c8a016bc64c54fb58708fc1e46645d7e4aa3f7ebdf64774c38d6", kill_on_drop: false }`
[INFO] [stdout] ede0578792b1c8a016bc64c54fb58708fc1e46645d7e4aa3f7ebdf64774c38d6
