[INFO] cloning repository https://github.com/yagince/rust-app-example
[INFO] running `Command { std: "git" "-c" "credential.helper=" "-c" "credential.helper=/workspace/cargo-home/bin/git-credential-null" "clone" "--bare" "https://github.com/yagince/rust-app-example" "/workspace/cache/git-repos/https%3A%2F%2Fgithub.com%2Fyagince%2Frust-app-example", kill_on_drop: false }`
[INFO] [stderr] Cloning into bare repository '/workspace/cache/git-repos/https%3A%2F%2Fgithub.com%2Fyagince%2Frust-app-example'...
[INFO] running `Command { std: "git" "rev-parse" "HEAD", kill_on_drop: false }`
[INFO] [stdout] eabc9f79766bfa4b484d3da94009cbc88fef8c69
[INFO] testing yagince/rust-app-example against 1.99.0-beta.8+cargoflags=--release for beta-release-1.100-3
[INFO] running `Command { std: "git" "clone" "/workspace/cache/git-repos/https%3A%2F%2Fgithub.com%2Fyagince%2Frust-app-example" "/workspace/builds/worker-3-tc1/source", kill_on_drop: false }`
[INFO] [stderr] Cloning into '/workspace/builds/worker-3-tc1/source'...
[INFO] [stderr] done.
[INFO] started tweaking git repo https://github.com/yagince/rust-app-example
[INFO] finished tweaking git repo https://github.com/yagince/rust-app-example
[INFO] tweaked toml for git repo https://github.com/yagince/rust-app-example written to /workspace/builds/worker-3-tc1/source/Cargo.toml
[INFO] validating manifest of git repo https://github.com/yagince/rust-app-example on toolchain 1.99.0-beta.8
[INFO] running `Command { std: CARGO_HOME="/workspace/cargo-home" RUSTUP_HOME="/workspace/rustup-home" "/workspace/cargo-home/bin/cargo" "+1.99.0-beta.8" "metadata" "--manifest-path" "Cargo.toml" "--no-deps", kill_on_drop: false }`
[INFO] crate git repo https://github.com/yagince/rust-app-example already has a lockfile, it will not be regenerated
[INFO] running `Command { std: CARGO_HOME="/workspace/cargo-home" RUSTUP_HOME="/workspace/rustup-home" "/workspace/cargo-home/bin/cargo" "+1.99.0-beta.8" "fetch" "--manifest-path" "Cargo.toml", kill_on_drop: false }`
[INFO] [stderr]     Blocking waiting for file lock on package cache
[INFO] [stderr]     Updating crates.io index
[INFO] [stderr]  Downloading crates ...
[INFO] [stderr]   Downloaded parking_lot_core v0.9.7
[INFO] [stderr]   Downloaded windows-targets v0.42.1
[INFO] [stderr]   Downloaded serial_test_derive v1.0.0
[INFO] [stderr]   Downloaded serial_test v1.0.0
[INFO] [stderr]   Downloaded sea-strum v0.23.0
[INFO] [stderr]   Downloaded borsh-derive v0.9.3
[INFO] [stderr]   Downloaded sea-query-binder v0.2.2
[INFO] [stderr]   Downloaded ouroboros v0.15.5
[INFO] [stderr]   Downloaded rend v0.3.6
[INFO] [stderr]   Downloaded sea-query-derive v0.2.0
[INFO] [stderr]   Downloaded borsh-schema-derive-internal v0.9.3
[INFO] [stderr]   Downloaded cxxbridge-flags v1.0.89
[INFO] [stderr]   Downloaded float-cmp v0.9.0
[INFO] [stderr]   Downloaded is-terminal v0.4.3
[INFO] [stderr]   Downloaded borsh-derive-internal v0.9.3
[INFO] [stderr]   Downloaded predicates-core v1.0.5
[INFO] [stderr]   Downloaded difflib v0.4.0
[INFO] [stderr]   Downloaded fragile v2.0.0
[INFO] [stderr]   Downloaded assert-json-diff v2.0.2
[INFO] [stderr]   Downloaded bae v0.1.7
[INFO] [stderr]   Downloaded downcast v0.11.0
[INFO] [stderr]   Downloaded clap_lex v0.3.1
[INFO] [stderr]   Downloaded output_vt100 v0.1.3
[INFO] [stderr]   Downloaded termtree v0.4.0
[INFO] [stderr]   Downloaded normalize-line-endings v0.3.0
[INFO] [stderr]   Downloaded hermit-abi v0.3.0
[INFO] [stderr]   Downloaded assert_matches v1.5.0
[INFO] [stderr]   Downloaded bytecheck_derive v0.6.9
[INFO] [stderr]   Downloaded aliasable v0.1.3
[INFO] [stderr]   Downloaded rustc_version v0.4.0
[INFO] [stderr]   Downloaded rkyv_derive v0.7.39
[INFO] [stderr]   Downloaded bytecheck v0.6.9
[INFO] [stderr]   Downloaded dashmap v5.4.0
[INFO] [stderr]   Downloaded sea-orm-macros v0.10.7
[INFO] [stderr]   Downloaded predicates-tree v1.0.7
[INFO] [stderr]   Downloaded borsh v0.9.3
[INFO] [stderr]   Downloaded ouroboros_macro v0.15.5
[INFO] [stderr]   Downloaded rstest v0.16.0
[INFO] [stderr]   Downloaded semver v1.0.16
[INFO] [stderr]   Downloaded futures-timer v3.0.2
[INFO] [stderr]   Downloaded mockall v0.11.3
[INFO] [stderr]   Downloaded predicates v2.1.5
[INFO] [stderr]   Downloaded errno v0.2.8
[INFO] [stderr]   Downloaded os_str_bytes v6.4.1
[INFO] [stderr]   Downloaded clap_derive v4.1.0
[INFO] [stderr]   Downloaded sea-strum_macros v0.23.0
[INFO] [stderr]   Downloaded rstest_macros v0.16.0
[INFO] [stderr]   Downloaded diff v0.1.13
[INFO] [stderr]   Downloaded mockall_derive v0.11.3
[INFO] [stderr]   Downloaded io-lifetimes v1.0.5
[INFO] [stderr]   Downloaded anyhow v1.0.68
[INFO] [stderr]   Downloaded cxxbridge-macro v1.0.89
[INFO] [stderr]   Downloaded pretty_assertions v1.3.0
[INFO] [stderr]   Downloaded uuid v1.3.0
[INFO] [stderr]   Downloaded cxx-build v1.0.89
[INFO] [stderr]   Downloaded tokio-util v0.7.4
[INFO] [stderr]   Downloaded rkyv v0.7.39
[INFO] [stderr]   Downloaded rust_decimal v1.28.0
[INFO] [stderr]   Downloaded sea-query v0.27.2
[INFO] [stderr]   Downloaded hyper v0.14.24
[INFO] [stderr]   Downloaded clap v4.1.4
[INFO] [stderr]   Downloaded rustix v0.36.8
[INFO] [stderr]   Downloaded tokio v1.25.0
[INFO] [stderr]   Downloaded sea-orm v0.10.7
[INFO] [stderr]   Downloaded cxx v1.0.89
[INFO] [stderr]   Downloaded linux-raw-sys v0.1.4
[INFO] running `Command { std: "docker" "create" "-v" "/var/lib/crater-agent-workspace/builds/worker-3-tc1/source:/opt/rustwide/workdir:ro,Z" "-v" "/var/lib/crater-agent-workspace/builds/worker-3-tc1/target:/opt/rustwide/target:rw,Z" "-v" "/var/lib/crater-agent-workspace/cargo-home:/opt/rustwide/cargo-home:ro,Z" "-v" "/var/lib/crater-agent-workspace/rustup-home:/opt/rustwide/rustup-home:ro,Z" "-m" "1610612736" "--network" "none" "ghcr.io/rust-lang/crates-build-env/linux@sha256:77db811e55d90add9212f6832c23229e3de5f1c1f9905e8cb07319ea15df73ac" "sleep" "infinity", kill_on_drop: false }`
[INFO] [stdout] e6683e7e93b73459baa0d98d23701c75f90193d24b185330e485bd76c15bc952
[INFO] running `Command { std: "docker" "start" "e6683e7e93b73459baa0d98d23701c75f90193d24b185330e485bd76c15bc952", kill_on_drop: false }`
[INFO] running `Command { std: "docker" "inspect" "e6683e7e93b73459baa0d98d23701c75f90193d24b185330e485bd76c15bc952", kill_on_drop: false }`
[INFO] running `Command { std: "docker" "exec" "-e" "SOURCE_DIR=/opt/rustwide/workdir" "-e" "CARGO_HOME=/opt/rustwide/cargo-home" "-e" "RUSTUP_HOME=/opt/rustwide/rustup-home" "-e" "CARGO_TARGET_DIR=/opt/rustwide/target" "-w" "/opt/rustwide/workdir" "--user" "0:0" "e6683e7e93b73459baa0d98d23701c75f90193d24b185330e485bd76c15bc952" "/opt/rustwide/cargo-home/bin/cargo" "+1.99.0-beta.8" "metadata" "--no-deps" "--format-version=1", kill_on_drop: false }`
[INFO] running `Command { std: "docker" "inspect" "e6683e7e93b73459baa0d98d23701c75f90193d24b185330e485bd76c15bc952", kill_on_drop: false }`
[INFO] running `Command { std: "docker" "exec" "-e" "SOURCE_DIR=/opt/rustwide/workdir" "-e" "CARGO_HOME=/opt/rustwide/cargo-home" "-e" "RUSTUP_HOME=/opt/rustwide/rustup-home" "-e" "CARGO_TARGET_DIR=/opt/rustwide/target" "-e" "CARGO_INCREMENTAL=0" "-e" "RUST_BACKTRACE=full" "-e" "RUSTFLAGS=--cap-lints=warn" "-e" "RUSTDOCFLAGS=--cap-lints=warn" "-w" "/opt/rustwide/workdir" "--user" "0:0" "e6683e7e93b73459baa0d98d23701c75f90193d24b185330e485bd76c15bc952" "/opt/rustwide/cargo-home/bin/cargo" "+1.99.0-beta.8" "build" "--frozen" "--message-format=json" "--release", kill_on_drop: false }`
[INFO] [stderr]    Compiling autocfg v1.1.0
[INFO] [stderr]    Compiling proc-macro2 v1.0.50
[INFO] [stderr]    Compiling quote v1.0.23
[INFO] [stderr]    Compiling unicode-ident v1.0.6
[INFO] [stderr]    Compiling syn v1.0.107
[INFO] [stderr]    Compiling version_check v0.9.4
[INFO] [stderr]    Compiling libc v0.2.139
[INFO] [stderr]    Compiling memchr v2.5.0
[INFO] [stderr]    Compiling futures-core v0.3.26
[INFO] [stderr]    Compiling typenum v1.16.0
[INFO] [stderr]    Compiling once_cell v1.17.0
[INFO] [stderr]    Compiling cc v1.0.79
[INFO] [stderr]    Compiling serde_derive v1.0.152
[INFO] [stderr]    Compiling log v0.4.17
[INFO] [stderr]    Compiling pin-project-lite v0.2.9
[INFO] [stderr]    Compiling smallvec v1.10.0
[INFO] [stderr]    Compiling scopeguard v1.1.0
[INFO] [stderr]    Compiling lock_api v0.4.9
[INFO] [stderr]    Compiling num-traits v0.2.15
[INFO] [stderr]    Compiling parking_lot_core v0.9.7
[INFO] [stderr]    Compiling bytes v1.4.0
[INFO] [stderr]    Compiling generic-array v0.14.6
[INFO] [stderr]    Compiling ahash v0.7.6
[INFO] [stderr]    Compiling itoa v1.0.5
[INFO] [stderr]    Compiling unicode-segmentation v1.10.1
[INFO] [stderr]    Compiling serde v1.0.152
[INFO] [stderr]    Compiling tokio v1.25.0
[INFO] [stderr]    Compiling slab v0.4.7
[INFO] [stderr]    Compiling num-integer v0.1.45
[INFO] [stderr]    Compiling futures-channel v0.3.26
[INFO] [stderr]    Compiling futures-task v0.3.26
[INFO] [stderr]    Compiling futures-sink v0.3.26
[INFO] [stderr]    Compiling futures-util v0.3.26
[INFO] [stderr]    Compiling parking_lot_core v0.8.6
[INFO] [stderr]    Compiling rustls v0.20.8
[INFO] [stderr]    Compiling serde_json v1.0.91
[INFO] [stderr]    Compiling futures-io v0.3.26
[INFO] [stderr]    Compiling proc-macro-error-attr v1.0.4
[INFO] [stderr]    Compiling spin v0.5.2
[INFO] [stderr]    Compiling thiserror v1.0.38
[INFO] [stderr]    Compiling untrusted v0.7.1
[INFO] [stderr]    Compiling crossbeam-utils v0.8.14
[INFO] [stderr]    Compiling getrandom v0.2.8
[INFO] [stderr]    Compiling proc-macro-error v1.0.4
[INFO] [stderr]    Compiling rust_decimal v1.28.0
[INFO] [stderr]    Compiling subtle v2.4.1
[INFO] [stderr]    Compiling rustversion v1.0.11
[INFO] [stderr]    Compiling tinyvec v1.6.0
[INFO] [stderr]    Compiling num-bigint v0.4.3
[INFO] [stderr]    Compiling tracing-core v0.1.30
[INFO] [stderr]    Compiling time-core v0.1.0
[INFO] [stderr]    Compiling crossbeam-queue v0.3.8
[INFO] [stderr]    Compiling time-macros v0.2.6
[INFO] [stderr]    Compiling mio v0.8.5
[INFO] [stderr]    Compiling ring v0.16.20
[INFO] [stderr]    Compiling socket2 v0.4.7
[INFO] [stderr]    Compiling num_cpus v1.15.0
[INFO] [stderr]    Compiling indexmap v1.9.2
[INFO] [stderr]    Compiling signal-hook-registry v1.4.0
[INFO] [stderr]    Compiling parking_lot v0.12.1
[INFO] [stderr]    Compiling unicode-normalization v0.1.22
[INFO] [stderr]    Compiling block-buffer v0.10.3
[INFO] [stderr]    Compiling crypto-common v0.1.6
[INFO] [stderr]    Compiling hashbrown v0.12.3
[INFO] [stderr]    Compiling percent-encoding v2.2.0
[INFO] [stderr]    Compiling digest v0.10.6
[INFO] [stderr]    Compiling ryu v1.0.12
[INFO] [stderr]    Compiling unicode-bidi v0.3.10
[INFO] [stderr]    Compiling bitflags v1.3.2
[INFO] [stderr]    Compiling form_urlencoded v1.1.0
[INFO] [stderr]    Compiling heck v0.4.1
[INFO] [stderr]    Compiling heck v0.3.3
[INFO] [stderr]    Compiling instant v0.1.12
[INFO] [stderr]    Compiling paste v1.0.11
[INFO] [stderr]    Compiling rand_core v0.6.4
[INFO] [stderr]    Compiling either v1.8.1
[INFO] [stderr]    Compiling ppv-lite86 v0.2.17
[INFO] [stderr]    Compiling cpufeatures v0.2.5
[INFO] [stderr]    Compiling http v0.2.8
[INFO] [stderr]    Compiling itertools v0.10.5
[INFO] [stderr]    Compiling nom v7.1.3
[INFO] [stderr]    Compiling rand_chacha v0.3.1
[INFO] [stderr]    Compiling parking_lot v0.11.2
[INFO] [stderr]    Compiling idna v0.3.0
[INFO] [stderr]    Compiling hmac v0.12.1
[INFO] [stderr]    Compiling dirs-sys v0.3.7
[INFO] [stderr]    Compiling arrayvec v0.7.2
[INFO] [stderr]    Compiling crc-catalog v2.2.0
[INFO] [stderr]    Compiling iana-time-zone v0.1.53
[INFO] [stderr]    Compiling base64 v0.21.0
[INFO] [stderr]    Compiling chrono v0.4.23
[INFO] [stderr]    Compiling url v2.3.1
[INFO] [stderr]    Compiling rustls-pemfile v1.0.2
[INFO] [stderr]    Compiling crc v3.0.1
[INFO] [stderr]    Compiling dirs v4.0.0
[INFO] [stderr]    Compiling sqlformat v0.2.1
[INFO] [stderr]    Compiling hkdf v0.12.3
[INFO] [stderr]    Compiling rand v0.8.5
[INFO] [stderr]    Compiling futures-intrusive v0.4.2
[INFO] [stderr]    Compiling webpki v0.22.0
[INFO] [stderr]    Compiling sct v0.7.0
[INFO] [stderr]    Compiling hashlink v0.8.1
[INFO] [stderr]    Compiling time v0.3.17
[INFO] [stderr]    Compiling sha1 v0.10.5
[INFO] [stderr]    Compiling sha2 v0.10.6
[INFO] [stderr]    Compiling stringprep v0.1.2
[INFO] [stderr]    Compiling webpki-roots v0.22.6
[INFO] [stderr]    Compiling md-5 v0.10.5
[INFO] [stderr]    Compiling atoi v1.0.0
[INFO] [stderr]    Compiling dotenvy v0.15.6
[INFO] [stderr]    Compiling async-trait v0.1.64
[INFO] [stderr]    Compiling byteorder v1.4.3
[INFO] [stderr]    Compiling base64 v0.13.1
[INFO] [stderr]    Compiling io-lifetimes v1.0.5
[INFO] [stderr]    Compiling uuid v1.3.0
[INFO] [stderr]    Compiling whoami v1.3.0
[INFO] [stderr]    Compiling event-listener v2.5.3
[INFO] [stderr]    Compiling tokio-stream v0.1.11
[INFO] [stderr]    Compiling http-body v0.4.5
[INFO] [stderr]    Compiling lazy_static v1.4.0
[INFO] [stderr]    Compiling hex v0.4.3
[INFO] [stderr]    Compiling httparse v1.8.0
[INFO] [stderr]    Compiling rustix v0.36.8
[INFO] [stderr]    Compiling tokio-macros v1.8.2
[INFO] [stderr]    Compiling futures-macro v0.3.26
[INFO] [stderr]    Compiling thiserror-impl v1.0.38
[INFO] [stderr]    Compiling tracing-attributes v0.1.23
[INFO] [stderr]    Compiling pin-project-internal v1.0.12
[INFO] [stderr]    Compiling axum-core v0.3.2
[INFO] [stderr]    Compiling tokio-rustls v0.23.4
[INFO] [stderr]    Compiling aho-corasick v0.7.20
[INFO] [stderr]    Compiling sqlx-rt v0.6.2
[INFO] [stderr]    Compiling Inflector v0.11.4
[INFO] [stderr]    Compiling try-lock v0.2.4
[INFO] [stderr]    Compiling regex-syntax v0.6.28
[INFO] [stderr]    Compiling linux-raw-sys v0.1.4
[INFO] [stderr]    Compiling ouroboros_macro v0.15.5
[INFO] [stderr]    Compiling want v0.3.0
[INFO] [stderr]    Compiling pin-project v1.0.12
[INFO] [stderr]    Compiling sea-strum_macros v0.23.0
[INFO] [stderr]    Compiling tracing v0.1.37
[INFO] [stderr]    Compiling sea-query-derive v0.2.0
[INFO] [stderr]    Compiling bae v0.1.7
[INFO] [stderr]    Compiling async-stream-impl v0.3.3
[INFO] [stderr]    Compiling validator_types v0.16.0
[INFO] [stderr]    Compiling axum v0.6.4
[INFO] [stderr]    Compiling http-range-header v0.3.0
[INFO] [stderr]    Compiling mime v0.3.16
[INFO] [stderr]    Compiling anyhow v1.0.68
[INFO] [stderr]    Compiling os_str_bytes v6.4.1
[INFO] [stderr]    Compiling aliasable v0.1.3
[INFO] [stderr]    Compiling matches v0.1.10
[INFO] [stderr]    Compiling if_chain v1.0.2
[INFO] [stderr]    Compiling httpdate v1.0.2
[INFO] [stderr]    Compiling ouroboros v0.15.5
[INFO] [stderr]    Compiling clap_lex v0.3.1
[INFO] [stderr]    Compiling idna v0.2.3
[INFO] [stderr]    Compiling sea-strum v0.23.0
[INFO] [stderr]    Compiling async-stream v0.3.3
[INFO] [stderr]    Compiling sea-orm-macros v0.10.7
[INFO] [stderr]    Compiling clap_derive v4.1.0
[INFO] [stderr]    Compiling axum-macros v0.3.2
[INFO] [stderr]    Compiling tracing-log v0.1.3
[INFO] [stderr]    Compiling regex v1.7.1
[INFO] [stderr]    Compiling is-terminal v0.4.3
[INFO] [stderr]    Compiling sharded-slab v0.1.4
[INFO] [stderr]    Compiling thread_local v1.1.4
[INFO] [stderr]    Compiling strsim v0.10.0
[INFO] [stderr]    Compiling termcolor v1.2.0
[INFO] [stderr]    Compiling matchit v0.7.0
[INFO] [stderr]    Compiling tracing-subscriber v0.3.16
[INFO] [stderr]    Compiling clap v4.1.4
[INFO] [stderr]    Compiling validator_derive v0.16.0
[INFO] [stderr]    Compiling tokio-util v0.7.4
[INFO] [stderr]    Compiling futures-executor v0.3.26
[INFO] [stderr]    Compiling tower v0.4.13
[INFO] [stderr]    Compiling futures v0.3.26
[INFO] [stderr]    Compiling tower-http v0.3.5
[INFO] [stderr]    Compiling h2 v0.3.15
[INFO] [stderr]    Compiling sqlx-core v0.6.2
[INFO] [stderr]    Compiling serde_urlencoded v0.7.1
[INFO] [stderr]    Compiling serde_path_to_error v0.1.9
[INFO] [stderr]    Compiling validator v0.16.0
[INFO] [stderr]    Compiling sea-query v0.27.2
[INFO] [stderr]    Compiling hyper v0.14.24
[INFO] [stderr]    Compiling sqlx-macros v0.6.2
[INFO] [stderr]    Compiling sqlx v0.6.2
[INFO] [stderr]    Compiling sea-query-binder v0.2.2
[INFO] [stderr]    Compiling sea-orm v0.10.7
[INFO] [stderr]    Compiling rust-app-example v0.1.0 (/opt/rustwide/workdir)
[INFO] [stderr]     Finished `release` profile [optimized] target(s) in 1m 49s
[INFO] [stderr] warning: the following packages contain code that will be rejected by a future version of Rust: sqlx-core v0.6.2
[INFO] [stderr] note: to see what the problems were, use the option `--future-incompat-report`, or run `cargo report future-incompatibilities --id 1`
[INFO] running `Command { std: "docker" "inspect" "e6683e7e93b73459baa0d98d23701c75f90193d24b185330e485bd76c15bc952", kill_on_drop: false }`
[INFO] running `Command { std: "docker" "exec" "-e" "SOURCE_DIR=/opt/rustwide/workdir" "-e" "CARGO_HOME=/opt/rustwide/cargo-home" "-e" "RUSTUP_HOME=/opt/rustwide/rustup-home" "-e" "CARGO_TARGET_DIR=/opt/rustwide/target" "-e" "CARGO_INCREMENTAL=0" "-e" "RUST_BACKTRACE=full" "-e" "RUSTFLAGS=--cap-lints=warn" "-e" "RUSTDOCFLAGS=--cap-lints=warn" "-w" "/opt/rustwide/workdir" "--user" "0:0" "e6683e7e93b73459baa0d98d23701c75f90193d24b185330e485bd76c15bc952" "/opt/rustwide/cargo-home/bin/cargo" "+1.99.0-beta.8" "test" "--frozen" "--no-run" "--message-format=json" "--release", kill_on_drop: false }`
[INFO] [stderr]    Compiling semver v1.0.16
[INFO] [stderr]    Compiling predicates-core v1.0.5
[INFO] [stderr]    Compiling float-cmp v0.9.0
[INFO] [stderr]    Compiling difflib v0.4.0
[INFO] [stderr]    Compiling termtree v0.4.0
[INFO] [stderr]    Compiling normalize-line-endings v0.3.0
[INFO] [stderr]    Compiling dashmap v5.4.0
[INFO] [stderr]    Compiling serial_test_derive v1.0.0
[INFO] [stderr]    Compiling mockall_derive v0.11.3
[INFO] [stderr]    Compiling futures-timer v3.0.2
[INFO] [stderr]    Compiling fragile v2.0.0
[INFO] [stderr]    Compiling yansi v0.5.1
[INFO] [stderr]    Compiling downcast v0.11.0
[INFO] [stderr]    Compiling diff v0.1.13
[INFO] [stderr]    Compiling assert-json-diff v2.0.2
[INFO] [stderr]    Compiling assert_matches v1.5.0
[INFO] [stderr]    Compiling predicates-tree v1.0.7
[INFO] [stderr]    Compiling pretty_assertions v1.3.0
[INFO] [stderr]    Compiling predicates v2.1.5
[INFO] [stderr]    Compiling rustc_version v0.4.0
[INFO] [stderr]    Compiling serial_test v1.0.0
[INFO] [stderr]    Compiling rstest_macros v0.16.0
[INFO] [stderr]    Compiling mockall v0.11.3
[INFO] [stderr]    Compiling rstest v0.16.0
[INFO] [stderr]    Compiling rust-app-example v0.1.0 (/opt/rustwide/workdir)
[INFO] [stderr]     Finished `release` profile [optimized] target(s) in 15.21s
[INFO] [stderr] warning: the following packages contain code that will be rejected by a future version of Rust: sqlx-core v0.6.2
[INFO] [stderr] note: to see what the problems were, use the option `--future-incompat-report`, or run `cargo report future-incompatibilities --id 1`
[INFO] running `Command { std: "docker" "inspect" "e6683e7e93b73459baa0d98d23701c75f90193d24b185330e485bd76c15bc952", kill_on_drop: false }`
[INFO] running `Command { std: "docker" "exec" "-e" "SOURCE_DIR=/opt/rustwide/workdir" "-e" "CARGO_HOME=/opt/rustwide/cargo-home" "-e" "RUSTUP_HOME=/opt/rustwide/rustup-home" "-e" "CARGO_TARGET_DIR=/opt/rustwide/target" "-e" "CARGO_INCREMENTAL=0" "-e" "RUST_BACKTRACE=full" "-e" "RUSTFLAGS=--cap-lints=warn" "-e" "RUSTDOCFLAGS=--cap-lints=warn" "-w" "/opt/rustwide/workdir" "--user" "0:0" "e6683e7e93b73459baa0d98d23701c75f90193d24b185330e485bd76c15bc952" "/opt/rustwide/cargo-home/bin/cargo" "+1.99.0-beta.8" "test" "--frozen" "--release", kill_on_drop: false }`
[INFO] [stderr]     Finished `release` profile [optimized] target(s) in 0.28s
[INFO] [stderr] warning: the following packages contain code that will be rejected by a future version of Rust: sqlx-core v0.6.2
[INFO] [stderr] note: to see what the problems were, use the option `--future-incompat-report`, or run `cargo report future-incompatibilities --id 1`
[INFO] [stderr]      Running unittests src/lib.rs (/opt/rustwide/target/release/deps/rust_app_example-08ddf67cbab243a5)
[INFO] [stdout] 
[INFO] [stdout] running 15 tests
[INFO] [stdout] test domain::user::tests::test_deserialize_from_json ... ok
[INFO] [stdout] test domain::user::tests::test_validate_name::case_1 ... ok
[INFO] [stdout] test infrastructure::repository::memory::tests::test_get_users ... ok
[INFO] [stdout] test infrastructure::repository::memory::tests::test_create_user ... ok
[INFO] [stdout] test infrastructure::repository::memory::tests::test_get_user ... ok
[INFO] [stdout] test usecase::user::create::tests::test_create_user_if_validation_error ... ok
[INFO] [stdout] test usecase::user::create::tests::test_create_user ... ok
[INFO] [stdout] test infrastructure::repository::rdb::user::tests::test_get_users ... FAILED
[INFO] [stdout] test web::api::tests::test_api_v1_get_user_400 ... FAILED
[INFO] [stdout] test infrastructure::repository::rdb::user::tests::test_get_user_exists ... FAILED
[INFO] [stdout] test web::api::tests::test_api_v1_get_users ... FAILED
[INFO] [stdout] test infrastructure::repository::rdb::user::tests::test_create_user_if_validation_error ... FAILED
[INFO] [stdout] test infrastructure::repository::rdb::user::tests::test_create_user ... FAILED
[INFO] [stdout] test web::api::tests::test_api_v1_get_user ... FAILED
[INFO] [stdout] test domain::user::tests::test_validate_name::case_2 ... ok
[INFO] [stdout] 
[INFO] [stdout] failures:
[INFO] [stdout] 
[INFO] [stdout] ---- infrastructure::repository::rdb::user::tests::test_get_users stdout ----
[INFO] [stdout] 
[INFO] [stdout] thread 'infrastructure::repository::rdb::user::tests::test_get_users' (6139) panicked at /opt/rustwide/cargo-home/registry/src/index.crates.io-1949cf8c6b5b557f/once_cell-1.17.0/src/lib.rs:1276:25:
[INFO] [stdout] Lazy instance has previously been poisoned
[INFO] [stdout] stack backtrace:
[INFO] [stdout]    0:     0x5a20f1157c81 - <<std[70759c8f55707aa4]::sys::backtrace::BacktraceLock>::print::DisplayBacktrace as core[df12db4294e9bfd3]::fmt::Display>::fmt
[INFO] [stdout]    1:     0x5a20f117066a - core[df12db4294e9bfd3]::fmt::write
[INFO] [stdout]    2:     0x5a20f115c72c - <alloc[2182bb758b4b3781]::vec::Vec<u8> as core[df12db4294e9bfd3]::io::write::Write>::write_fmt
[INFO] [stdout]    3:     0x5a20f1132e36 - std[70759c8f55707aa4]::panicking::default_hook::{closure#0}
[INFO] [stdout]    4:     0x5a20f114f929 - std[70759c8f55707aa4]::panicking::default_hook
[INFO] [stdout]    5:     0x5a20f0ea3b10 - test[9d35eded1c95d3be]::test_main_inner::<test[9d35eded1c95d3be]::test_main_static::{closure#0}>::{closure#0}
[INFO] [stdout]    6:     0x5a20f114fc52 - std[70759c8f55707aa4]::panicking::panic_with_hook
[INFO] [stdout]    7:     0x5a20f1132f14 - std[70759c8f55707aa4]::panicking::panic_handler::{closure#0}
[INFO] [stdout]    8:     0x5a20f112b9f9 - std[70759c8f55707aa4]::sys::backtrace::__rust_end_short_backtrace::<std[70759c8f55707aa4]::panicking::panic_handler::{closure#0}, !>
[INFO] [stdout]    9:     0x5a20f1133ccd - __rustc[8fa7c3cbc660c2b3]::rust_begin_unwind
[INFO] [stdout]   10:     0x5a20f1170dcc - core[df12db4294e9bfd3]::panicking::panic_fmt
[INFO] [stdout]   11:     0x5a20f0e2a147 - <once_cell[83bca1e97e00b8c3]::imp::OnceCell<rust_app_example[567d26fd3cdd0faf]::config::Config>>::initialize::<<once_cell[83bca1e97e00b8c3]::sync::OnceCell<rust_app_example[567d26fd3cdd0faf]::config::Config>>::get_or_init<<once_cell[83bca1e97e00b8c3]::sync::Lazy<rust_app_example[567d26fd3cdd0faf]::config::Config>>::force::{closure#0}>::{closure#0}, <once_cell[83bca1e97e00b8c3]::sync::OnceCell<_>>::get_or_init::Void>::{closure#0}
[INFO] [stdout]   12:     0x5a20f111ec1f - once_cell[83bca1e97e00b8c3]::imp::initialize_or_wait
[INFO] [stdout]   13:     0x5a20f0e245b2 - <once_cell[83bca1e97e00b8c3]::imp::OnceCell<rust_app_example[567d26fd3cdd0faf]::config::Config>>::initialize::<<once_cell[83bca1e97e00b8c3]::sync::OnceCell<rust_app_example[567d26fd3cdd0faf]::config::Config>>::get_or_init<<once_cell[83bca1e97e00b8c3]::sync::Lazy<rust_app_example[567d26fd3cdd0faf]::config::Config>>::force::{closure#0}>::{closure#0}, <once_cell[83bca1e97e00b8c3]::sync::OnceCell<_>>::get_or_init::Void>
[INFO] [stdout]   14:     0x5a20f0e70c5f - rust_app_example[567d26fd3cdd0faf]::infrastructure::repository::rdb::user::tests::create_transaction::{closure#0}
[INFO] [stdout]   15:     0x5a20f0e71edc - rust_app_example[567d26fd3cdd0faf]::infrastructure::repository::rdb::user::tests::test_get_users::{closure#0}
[INFO] [stdout]   16:     0x5a20f0e1b139 - <tokio[e198bce011ac181a]::runtime::scheduler::current_thread::CurrentThread>::block_on::<core[df12db4294e9bfd3]::pin::Pin<&mut dyn core[df12db4294e9bfd3]::future::future::Future<Output = core[df12db4294e9bfd3]::result::Result<(), anyhow[4080f8a6fae20da9]::Error>>>>
[INFO] [stdout]   17:     0x5a20f0e4f947 - <tokio[e198bce011ac181a]::runtime::runtime::Runtime>::block_on::<core[df12db4294e9bfd3]::pin::Pin<&mut dyn core[df12db4294e9bfd3]::future::future::Future<Output = core[df12db4294e9bfd3]::result::Result<(), anyhow[4080f8a6fae20da9]::Error>>>>
[INFO] [stdout]   18:     0x5a20f0e75843 - rust_app_example[567d26fd3cdd0faf]::infrastructure::repository::rdb::user::tests::test_get_users
[INFO] [stdout]   19:     0x5a20f0e1855f - <rust_app_example[567d26fd3cdd0faf]::infrastructure::repository::rdb::user::tests::test_get_users::{closure#0} as core[df12db4294e9bfd3]::ops::function::FnOnce<()>>::call_once
[INFO] [stdout]   20:     0x5a20f0e96dfb - test[9d35eded1c95d3be]::__rust_begin_short_backtrace::<core[df12db4294e9bfd3]::result::Result<(), alloc[2182bb758b4b3781]::string::String>, fn() -> core[df12db4294e9bfd3]::result::Result<(), alloc[2182bb758b4b3781]::string::String>>
[INFO] [stdout]   21:     0x5a20f0ea4465 - test[9d35eded1c95d3be]::run_test::{closure#0}
[INFO] [stdout]   22:     0x5a20f0e9dd24 - std[70759c8f55707aa4]::sys::backtrace::__rust_begin_short_backtrace::<test[9d35eded1c95d3be]::run_test::{closure#1}, ()>
[INFO] [stdout]   23:     0x5a20f0ea75c2 - <std[70759c8f55707aa4]::thread::lifecycle::spawn_unchecked<test[9d35eded1c95d3be]::run_test::{closure#1}, ()>::{closure#1} as core[df12db4294e9bfd3]::ops::function::FnOnce<()>>::call_once::{shim:vtable#0}
[INFO] [stdout]   24:     0x5a20f1156e89 - <std[70759c8f55707aa4]::sys::thread::unix::Thread>::new::thread_start
[INFO] [stdout]   25:     0x74bd092d6dfa - <unknown>
[INFO] [stdout]   26:     0x74bd0936a3d4 - clone
[INFO] [stdout]   27:                0x0 - <unknown>
[INFO] [stdout] 
[INFO] [stdout] ---- web::api::tests::test_api_v1_get_user_400 stdout ----
[INFO] [stdout] 
[INFO] [stdout] thread 'web::api::tests::test_api_v1_get_user_400' (6143) panicked at src/config.rs:4:51:
[INFO] [stdout] called `Result::unwrap()` on an `Err` value: NotPresent
[INFO] [stdout] stack backtrace:
[INFO] [stdout]    0:     0x5a20f1157c81 - <<std[70759c8f55707aa4]::sys::backtrace::BacktraceLock>::print::DisplayBacktrace as core[df12db4294e9bfd3]::fmt::Display>::fmt
[INFO] [stdout]    1:     0x5a20f117066a - core[df12db4294e9bfd3]::fmt::write
[INFO] [stdout]    2:     0x5a20f115c72c - <alloc[2182bb758b4b3781]::vec::Vec<u8> as core[df12db4294e9bfd3]::io::write::Write>::write_fmt
[INFO] [stdout]    3:     0x5a20f1132e36 - std[70759c8f55707aa4]::panicking::default_hook::{closure#0}
[INFO] [stdout]    4:     0x5a20f114f929 - std[70759c8f55707aa4]::panicking::default_hook
[INFO] [stdout]    5:     0x5a20f0ea3b10 - test[9d35eded1c95d3be]::test_main_inner::<test[9d35eded1c95d3be]::test_main_static::{closure#0}>::{closure#0}
[INFO] [stdout]    6:     0x5a20f114fc52 - std[70759c8f55707aa4]::panicking::panic_with_hook
[INFO] [stdout]    7:     0x5a20f1132ee2 - std[70759c8f55707aa4]::panicking::panic_handler::{closure#0}
[INFO] [stdout]    8:     0x5a20f112b9f9 - std[70759c8f55707aa4]::sys::backtrace::__rust_end_short_backtrace::<std[70759c8f55707aa4]::panicking::panic_handler::{closure#0}, !>
[INFO] [stdout]    9:     0x5a20f1133ccd - __rustc[8fa7c3cbc660c2b3]::rust_begin_unwind
[INFO] [stdout]   10:     0x5a20f1170dcc - core[df12db4294e9bfd3]::panicking::panic_fmt
[INFO] [stdout]   11:     0x5a20f1170ba2 - core[df12db4294e9bfd3]::result::unwrap_failed
[INFO] [stdout]   12:     0x5a20f0e8546d - <rust_app_example[567d26fd3cdd0faf]::config::CONFIG::{closure#0} as core[df12db4294e9bfd3]::ops::function::FnOnce<()>>::call_once
[INFO] [stdout]   13:     0x5a20f0e2a057 - <once_cell[83bca1e97e00b8c3]::imp::OnceCell<rust_app_example[567d26fd3cdd0faf]::config::Config>>::initialize::<<once_cell[83bca1e97e00b8c3]::sync::OnceCell<rust_app_example[567d26fd3cdd0faf]::config::Config>>::get_or_init<<once_cell[83bca1e97e00b8c3]::sync::Lazy<rust_app_example[567d26fd3cdd0faf]::config::Config>>::force::{closure#0}>::{closure#0}, <once_cell[83bca1e97e00b8c3]::sync::OnceCell<_>>::get_or_init::Void>::{closure#0}
[INFO] [stdout]   14:     0x5a20f111ec1f - once_cell[83bca1e97e00b8c3]::imp::initialize_or_wait
[INFO] [stdout]   15:     0x5a20f0e245b2 - <once_cell[83bca1e97e00b8c3]::imp::OnceCell<rust_app_example[567d26fd3cdd0faf]::config::Config>>::initialize::<<once_cell[83bca1e97e00b8c3]::sync::OnceCell<rust_app_example[567d26fd3cdd0faf]::config::Config>>::get_or_init<<once_cell[83bca1e97e00b8c3]::sync::Lazy<rust_app_example[567d26fd3cdd0faf]::config::Config>>::force::{closure#0}>::{closure#0}, <once_cell[83bca1e97e00b8c3]::sync::OnceCell<_>>::get_or_init::Void>
[INFO] [stdout]   16:     0x5a20f0e46f7c - rust_app_example[567d26fd3cdd0faf]::web::api::tests::connection::{closure#0}
[INFO] [stdout]   17:     0x5a20f0e4d391 - rust_app_example[567d26fd3cdd0faf]::web::api::tests::test_api_v1_get_user_400::{closure#0}
[INFO] [stdout]   18:     0x5a20f0e1b139 - <tokio[e198bce011ac181a]::runtime::scheduler::current_thread::CurrentThread>::block_on::<core[df12db4294e9bfd3]::pin::Pin<&mut dyn core[df12db4294e9bfd3]::future::future::Future<Output = core[df12db4294e9bfd3]::result::Result<(), anyhow[4080f8a6fae20da9]::Error>>>>
[INFO] [stdout]   19:     0x5a20f0e4f947 - <tokio[e198bce011ac181a]::runtime::runtime::Runtime>::block_on::<core[df12db4294e9bfd3]::pin::Pin<&mut dyn core[df12db4294e9bfd3]::future::future::Future<Output = core[df12db4294e9bfd3]::result::Result<(), anyhow[4080f8a6fae20da9]::Error>>>>
[INFO] [stdout]   20:     0x5a20f0e4e612 - rust_app_example[567d26fd3cdd0faf]::web::api::tests::test_api_v1_get_user_400
[INFO] [stdout]   21:     0x5a20f0e1802f - <rust_app_example[567d26fd3cdd0faf]::web::api::tests::test_api_v1_get_user_400::{closure#0} as core[df12db4294e9bfd3]::ops::function::FnOnce<()>>::call_once
[INFO] [stdout]   22:     0x5a20f0e96dfb - test[9d35eded1c95d3be]::__rust_begin_short_backtrace::<core[df12db4294e9bfd3]::result::Result<(), alloc[2182bb758b4b3781]::string::String>, fn() -> core[df12db4294e9bfd3]::result::Result<(), alloc[2182bb758b4b3781]::string::String>>
[INFO] [stdout]   23:     0x5a20f0ea4465 - test[9d35eded1c95d3be]::run_test::{closure#0}
[INFO] [stdout]   24:     0x5a20f0e9dd24 - std[70759c8f55707aa4]::sys::backtrace::__rust_begin_short_backtrace::<test[9d35eded1c95d3be]::run_test::{closure#1}, ()>
[INFO] [stdout]   25:     0x5a20f0ea75c2 - <std[70759c8f55707aa4]::thread::lifecycle::spawn_unchecked<test[9d35eded1c95d3be]::run_test::{closure#1}, ()>::{closure#1} as core[df12db4294e9bfd3]::ops::function::FnOnce<()>>::call_once::{shim:vtable#0}
[INFO] [stdout]   26:     0x5a20f1156e89 - <std[70759c8f55707aa4]::sys::thread::unix::Thread>::new::thread_start
[INFO] [stdout]   27:     0x74bd092d6dfa - <unknown>
[INFO] [stdout]   28:     0x74bd0936a3d4 - clone
[INFO] [stdout]   29:                0x0 - <unknown>
[INFO] [stdout] 
[INFO] [stdout] ---- infrastructure::repository::rdb::user::tests::test_get_user_exists stdout ----
[INFO] [stdout] 
[INFO] [stdout] thread 'infrastructure::repository::rdb::user::tests::test_get_user_exists' (6138) panicked at /opt/rustwide/cargo-home/registry/src/index.crates.io-1949cf8c6b5b557f/once_cell-1.17.0/src/lib.rs:1276:25:
[INFO] [stdout] Lazy instance has previously been poisoned
[INFO] [stdout] stack backtrace:
[INFO] [stdout]    0:     0x5a20f1157c81 - <<std[70759c8f55707aa4]::sys::backtrace::BacktraceLock>::print::DisplayBacktrace as core[df12db4294e9bfd3]::fmt::Display>::fmt
[INFO] [stdout]    1:     0x5a20f117066a - core[df12db4294e9bfd3]::fmt::write
[INFO] [stdout]    2:     0x5a20f115c72c - <alloc[2182bb758b4b3781]::vec::Vec<u8> as core[df12db4294e9bfd3]::io::write::Write>::write_fmt
[INFO] [stdout]    3:     0x5a20f1132e36 - std[70759c8f55707aa4]::panicking::default_hook::{closure#0}
[INFO] [stdout]    4:     0x5a20f114f929 - std[70759c8f55707aa4]::panicking::default_hook
[INFO] [stdout]    5:     0x5a20f0ea3b10 - test[9d35eded1c95d3be]::test_main_inner::<test[9d35eded1c95d3be]::test_main_static::{closure#0}>::{closure#0}
[INFO] [stdout]    6:     0x5a20f114fc52 - std[70759c8f55707aa4]::panicking::panic_with_hook
[INFO] [stdout]    7:     0x5a20f1132f14 - std[70759c8f55707aa4]::panicking::panic_handler::{closure#0}
[INFO] [stdout]    8:     0x5a20f112b9f9 - std[70759c8f55707aa4]::sys::backtrace::__rust_end_short_backtrace::<std[70759c8f55707aa4]::panicking::panic_handler::{closure#0}, !>
[INFO] [stdout]    9:     0x5a20f1133ccd - __rustc[8fa7c3cbc660c2b3]::rust_begin_unwind
[INFO] [stdout]   10:     0x5a20f1170dcc - core[df12db4294e9bfd3]::panicking::panic_fmt
[INFO] [stdout]   11:     0x5a20f0e2a147 - <once_cell[83bca1e97e00b8c3]::imp::OnceCell<rust_app_example[567d26fd3cdd0faf]::config::Config>>::initialize::<<once_cell[83bca1e97e00b8c3]::sync::OnceCell<rust_app_example[567d26fd3cdd0faf]::config::Config>>::get_or_init<<once_cell[83bca1e97e00b8c3]::sync::Lazy<rust_app_example[567d26fd3cdd0faf]::config::Config>>::force::{closure#0}>::{closure#0}, <once_cell[83bca1e97e00b8c3]::sync::OnceCell<_>>::get_or_init::Void>::{closure#0}
[INFO] [stdout]   12:     0x5a20f111ec1f - once_cell[83bca1e97e00b8c3]::imp::initialize_or_wait
[INFO] [stdout]   13:     0x5a20f0e245b2 - <once_cell[83bca1e97e00b8c3]::imp::OnceCell<rust_app_example[567d26fd3cdd0faf]::config::Config>>::initialize::<<once_cell[83bca1e97e00b8c3]::sync::OnceCell<rust_app_example[567d26fd3cdd0faf]::config::Config>>::get_or_init<<once_cell[83bca1e97e00b8c3]::sync::Lazy<rust_app_example[567d26fd3cdd0faf]::config::Config>>::force::{closure#0}>::{closure#0}, <once_cell[83bca1e97e00b8c3]::sync::OnceCell<_>>::get_or_init::Void>
[INFO] [stdout]   14:     0x5a20f0e70c5f - rust_app_example[567d26fd3cdd0faf]::infrastructure::repository::rdb::user::tests::create_transaction::{closure#0}
[INFO] [stdout]   15:     0x5a20f0e72adc - rust_app_example[567d26fd3cdd0faf]::infrastructure::repository::rdb::user::tests::test_get_user_exists::{closure#0}
[INFO] [stdout]   16:     0x5a20f0e1b139 - <tokio[e198bce011ac181a]::runtime::scheduler::current_thread::CurrentThread>::block_on::<core[df12db4294e9bfd3]::pin::Pin<&mut dyn core[df12db4294e9bfd3]::future::future::Future<Output = core[df12db4294e9bfd3]::result::Result<(), anyhow[4080f8a6fae20da9]::Error>>>>
[INFO] [stdout]   17:     0x5a20f0e4f947 - <tokio[e198bce011ac181a]::runtime::runtime::Runtime>::block_on::<core[df12db4294e9bfd3]::pin::Pin<&mut dyn core[df12db4294e9bfd3]::future::future::Future<Output = core[df12db4294e9bfd3]::result::Result<(), anyhow[4080f8a6fae20da9]::Error>>>>
[INFO] [stdout]   18:     0x5a20f0e75b63 - rust_app_example[567d26fd3cdd0faf]::infrastructure::repository::rdb::user::tests::test_get_user_exists
[INFO] [stdout]   19:     0x5a20f0e186bf - <rust_app_example[567d26fd3cdd0faf]::infrastructure::repository::rdb::user::tests::test_get_user_exists::{closure#0} as core[df12db4294e9bfd3]::ops::function::FnOnce<()>>::call_once
[INFO] [stdout]   20:     0x5a20f0e96dfb - test[9d35eded1c95d3be]::__rust_begin_short_backtrace::<core[df12db4294e9bfd3]::result::Result<(), alloc[2182bb758b4b3781]::string::String>, fn() -> core[df12db4294e9bfd3]::result::Result<(), alloc[2182bb758b4b3781]::string::String>>
[INFO] [stdout]   21:     0x5a20f0ea4465 - test[9d35eded1c95d3be]::run_test::{closure#0}
[INFO] [stdout]   22:     0x5a20f0e9dd24 - std[70759c8f55707aa4]::sys::backtrace::__rust_begin_short_backtrace::<test[9d35eded1c95d3be]::run_test::{closure#1}, ()>
[INFO] [stdout]   23:     0x5a20f0ea75c2 - <std[70759c8f55707aa4]::thread::lifecycle::spawn_unchecked<test[9d35eded1c95d3be]::run_test::{closure#1}, ()>::{closure#1} as core[df12db4294e9bfd3]::ops::function::FnOnce<()>>::call_once::{shim:vtable#0}
[INFO] [stdout]   24:     0x5a20f1156e89 - <std[70759c8f55707aa4]::sys::thread::unix::Thread>::new::thread_start
[INFO] [stdout]   25:     0x74bd092d6dfa - <unknown>
[INFO] [stdout]   26:     0x74bd0936a3d4 - clone
[INFO] [stdout]   27:                0x0 - <unknown>
[INFO] [stdout] 
[INFO] [stdout] ---- web::api::tests::test_api_v1_get_users stdout ----
[INFO] [stdout] 
[INFO] [stdout] thread 'web::api::tests::test_api_v1_get_users' (6144) panicked at /opt/rustwide/cargo-home/registry/src/index.crates.io-1949cf8c6b5b557f/once_cell-1.17.0/src/lib.rs:1276:25:
[INFO] [stdout] Lazy instance has previously been poisoned
[INFO] [stdout] stack backtrace:
[INFO] [stdout]    0:     0x5a20f1157c81 - <<std[70759c8f55707aa4]::sys::backtrace::BacktraceLock>::print::DisplayBacktrace as core[df12db4294e9bfd3]::fmt::Display>::fmt
[INFO] [stdout]    1:     0x5a20f117066a - core[df12db4294e9bfd3]::fmt::write
[INFO] [stdout]    2:     0x5a20f115c72c - <alloc[2182bb758b4b3781]::vec::Vec<u8> as core[df12db4294e9bfd3]::io::write::Write>::write_fmt
[INFO] [stdout]    3:     0x5a20f1132e36 - std[70759c8f55707aa4]::panicking::default_hook::{closure#0}
[INFO] [stdout]    4:     0x5a20f114f929 - std[70759c8f55707aa4]::panicking::default_hook
[INFO] [stdout]    5:     0x5a20f0ea3b10 - test[9d35eded1c95d3be]::test_main_inner::<test[9d35eded1c95d3be]::test_main_static::{closure#0}>::{closure#0}
[INFO] [stdout]    6:     0x5a20f114fc52 - std[70759c8f55707aa4]::panicking::panic_with_hook
[INFO] [stdout]    7:     0x5a20f1132f14 - std[70759c8f55707aa4]::panicking::panic_handler::{closure#0}
[INFO] [stdout]    8:     0x5a20f112b9f9 - std[70759c8f55707aa4]::sys::backtrace::__rust_end_short_backtrace::<std[70759c8f55707aa4]::panicking::panic_handler::{closure#0}, !>
[INFO] [stdout]    9:     0x5a20f1133ccd - __rustc[8fa7c3cbc660c2b3]::rust_begin_unwind
[INFO] [stdout]   10:     0x5a20f1170dcc - core[df12db4294e9bfd3]::panicking::panic_fmt
[INFO] [stdout]   11:     0x5a20f0e2a147 - <once_cell[83bca1e97e00b8c3]::imp::OnceCell<rust_app_example[567d26fd3cdd0faf]::config::Config>>::initialize::<<once_cell[83bca1e97e00b8c3]::sync::OnceCell<rust_app_example[567d26fd3cdd0faf]::config::Config>>::get_or_init<<once_cell[83bca1e97e00b8c3]::sync::Lazy<rust_app_example[567d26fd3cdd0faf]::config::Config>>::force::{closure#0}>::{closure#0}, <once_cell[83bca1e97e00b8c3]::sync::OnceCell<_>>::get_or_init::Void>::{closure#0}
[INFO] [stdout]   12:     0x5a20f111ec1f - once_cell[83bca1e97e00b8c3]::imp::initialize_or_wait
[INFO] [stdout]   13:     0x5a20f0e245b2 - <once_cell[83bca1e97e00b8c3]::imp::OnceCell<rust_app_example[567d26fd3cdd0faf]::config::Config>>::initialize::<<once_cell[83bca1e97e00b8c3]::sync::OnceCell<rust_app_example[567d26fd3cdd0faf]::config::Config>>::get_or_init<<once_cell[83bca1e97e00b8c3]::sync::Lazy<rust_app_example[567d26fd3cdd0faf]::config::Config>>::force::{closure#0}>::{closure#0}, <once_cell[83bca1e97e00b8c3]::sync::OnceCell<_>>::get_or_init::Void>
[INFO] [stdout]   14:     0x5a20f0e46f7c - rust_app_example[567d26fd3cdd0faf]::web::api::tests::connection::{closure#0}
[INFO] [stdout]   15:     0x5a20f0e4b738 - rust_app_example[567d26fd3cdd0faf]::web::api::tests::test_api_v1_get_users::{closure#0}
[INFO] [stdout]   16:     0x5a20f0e1b139 - <tokio[e198bce011ac181a]::runtime::scheduler::current_thread::CurrentThread>::block_on::<core[df12db4294e9bfd3]::pin::Pin<&mut dyn core[df12db4294e9bfd3]::future::future::Future<Output = core[df12db4294e9bfd3]::result::Result<(), anyhow[4080f8a6fae20da9]::Error>>>>
[INFO] [stdout]   17:     0x5a20f0e4f947 - <tokio[e198bce011ac181a]::runtime::runtime::Runtime>::block_on::<core[df12db4294e9bfd3]::pin::Pin<&mut dyn core[df12db4294e9bfd3]::future::future::Future<Output = core[df12db4294e9bfd3]::result::Result<(), anyhow[4080f8a6fae20da9]::Error>>>>
[INFO] [stdout]   18:     0x5a20f0e4e461 - rust_app_example[567d26fd3cdd0faf]::web::api::tests::test_api_v1_get_users
[INFO] [stdout]   19:     0x5a20f0e17f7f - <rust_app_example[567d26fd3cdd0faf]::web::api::tests::test_api_v1_get_users::{closure#0} as core[df12db4294e9bfd3]::ops::function::FnOnce<()>>::call_once
[INFO] [stdout]   20:     0x5a20f0e96dfb - test[9d35eded1c95d3be]::__rust_begin_short_backtrace::<core[df12db4294e9bfd3]::result::Result<(), alloc[2182bb758b4b3781]::string::String>, fn() -> core[df12db4294e9bfd3]::result::Result<(), alloc[2182bb758b4b3781]::string::String>>
[INFO] [stdout]   21:     0x5a20f0ea4465 - test[9d35eded1c95d3be]::run_test::{closure#0}
[INFO] [stdout]   22:     0x5a20f0e9dd24 - std[70759c8f55707aa4]::sys::backtrace::__rust_begin_short_backtrace::<test[9d35eded1c95d3be]::run_test::{closure#1}, ()>
[INFO] [stdout]   23:     0x5a20f0ea75c2 - <std[70759c8f55707aa4]::thread::lifecycle::spawn_unchecked<test[9d35eded1c95d3be]::run_test::{closure#1}, ()>::{closure#1} as core[df12db4294e9bfd3]::ops::function::FnOnce<()>>::call_once::{shim:vtable#0}
[INFO] [stdout]   24:     0x5a20f1156e89 - <std[70759c8f55707aa4]::sys::thread::unix::Thread>::new::thread_start
[INFO] [stdout]   25:     0x74bd092d6dfa - <unknown>
[INFO] [stdout]   26:     0x74bd0936a3d4 - clone
[INFO] [stdout]   27:                0x0 - <unknown>
[INFO] [stdout] 
[INFO] [stdout] ---- infrastructure::repository::rdb::user::tests::test_create_user_if_validation_error stdout ----
[INFO] [stdout] 
[INFO] [stdout] thread 'infrastructure::repository::rdb::user::tests::test_create_user_if_validation_error' (6137) panicked at /opt/rustwide/cargo-home/registry/src/index.crates.io-1949cf8c6b5b557f/once_cell-1.17.0/src/lib.rs:1276:25:
[INFO] [stdout] Lazy instance has previously been poisoned
[INFO] [stdout] stack backtrace:
[INFO] [stdout]    0:     0x5a20f1157c81 - <<std[70759c8f55707aa4]::sys::backtrace::BacktraceLock>::print::DisplayBacktrace as core[df12db4294e9bfd3]::fmt::Display>::fmt
[INFO] [stdout]    1:     0x5a20f117066a - core[df12db4294e9bfd3]::fmt::write
[INFO] [stdout]    2:     0x5a20f115c72c - <alloc[2182bb758b4b3781]::vec::Vec<u8> as core[df12db4294e9bfd3]::io::write::Write>::write_fmt
[INFO] [stdout]    3:     0x5a20f1132e36 - std[70759c8f55707aa4]::panicking::default_hook::{closure#0}
[INFO] [stdout]    4:     0x5a20f114f929 - std[70759c8f55707aa4]::panicking::default_hook
[INFO] [stdout]    5:     0x5a20f0ea3b10 - test[9d35eded1c95d3be]::test_main_inner::<test[9d35eded1c95d3be]::test_main_static::{closure#0}>::{closure#0}
[INFO] [stdout]    6:     0x5a20f114fc52 - std[70759c8f55707aa4]::panicking::panic_with_hook
[INFO] [stdout]    7:     0x5a20f1132f14 - std[70759c8f55707aa4]::panicking::panic_handler::{closure#0}
[INFO] [stdout]    8:     0x5a20f112b9f9 - std[70759c8f55707aa4]::sys::backtrace::__rust_end_short_backtrace::<std[70759c8f55707aa4]::panicking::panic_handler::{closure#0}, !>
[INFO] [stdout]    9:     0x5a20f1133ccd - __rustc[8fa7c3cbc660c2b3]::rust_begin_unwind
[INFO] [stdout]   10:     0x5a20f1170dcc - core[df12db4294e9bfd3]::panicking::panic_fmt
[INFO] [stdout]   11:     0x5a20f0e2a147 - <once_cell[83bca1e97e00b8c3]::imp::OnceCell<rust_app_example[567d26fd3cdd0faf]::config::Config>>::initialize::<<once_cell[83bca1e97e00b8c3]::sync::OnceCell<rust_app_example[567d26fd3cdd0faf]::config::Config>>::get_or_init<<once_cell[83bca1e97e00b8c3]::sync::Lazy<rust_app_example[567d26fd3cdd0faf]::config::Config>>::force::{closure#0}>::{closure#0}, <once_cell[83bca1e97e00b8c3]::sync::OnceCell<_>>::get_or_init::Void>::{closure#0}
[INFO] [stdout]   12:     0x5a20f111ec1f - once_cell[83bca1e97e00b8c3]::imp::initialize_or_wait
[INFO] [stdout]   13:     0x5a20f0e245b2 - <once_cell[83bca1e97e00b8c3]::imp::OnceCell<rust_app_example[567d26fd3cdd0faf]::config::Config>>::initialize::<<once_cell[83bca1e97e00b8c3]::sync::OnceCell<rust_app_example[567d26fd3cdd0faf]::config::Config>>::get_or_init<<once_cell[83bca1e97e00b8c3]::sync::Lazy<rust_app_example[567d26fd3cdd0faf]::config::Config>>::force::{closure#0}>::{closure#0}, <once_cell[83bca1e97e00b8c3]::sync::OnceCell<_>>::get_or_init::Void>
[INFO] [stdout]   14:     0x5a20f0e70c5f - rust_app_example[567d26fd3cdd0faf]::infrastructure::repository::rdb::user::tests::create_transaction::{closure#0}
[INFO] [stdout]   15:     0x5a20f0e733a6 - rust_app_example[567d26fd3cdd0faf]::infrastructure::repository::rdb::user::tests::test_create_user_if_validation_error::{closure#0}
[INFO] [stdout]   16:     0x5a20f0e1b139 - <tokio[e198bce011ac181a]::runtime::scheduler::current_thread::CurrentThread>::block_on::<core[df12db4294e9bfd3]::pin::Pin<&mut dyn core[df12db4294e9bfd3]::future::future::Future<Output = core[df12db4294e9bfd3]::result::Result<(), anyhow[4080f8a6fae20da9]::Error>>>>
[INFO] [stdout]   17:     0x5a20f0e4f947 - <tokio[e198bce011ac181a]::runtime::runtime::Runtime>::block_on::<core[df12db4294e9bfd3]::pin::Pin<&mut dyn core[df12db4294e9bfd3]::future::future::Future<Output = core[df12db4294e9bfd3]::result::Result<(), anyhow[4080f8a6fae20da9]::Error>>>>
[INFO] [stdout]   18:     0x5a20f0e75cf3 - rust_app_example[567d26fd3cdd0faf]::infrastructure::repository::rdb::user::tests::test_create_user_if_validation_error
[INFO] [stdout]   19:     0x5a20f0e1876f - <rust_app_example[567d26fd3cdd0faf]::infrastructure::repository::rdb::user::tests::test_create_user_if_validation_error::{closure#0} as core[df12db4294e9bfd3]::ops::function::FnOnce<()>>::call_once
[INFO] [stderr] error: test failed, to rerun pass `--lib`
[INFO] [stdout]   20:     0x5a20f0e96dfb - test[9d35eded1c95d3be]::__rust_begin_short_backtrace::<core[df12db4294e9bfd3]::result::Result<(), alloc[2182bb758b4b3781]::string::String>, fn() -> core[df12db4294e9bfd3]::result::Result<(), alloc[2182bb758b4b3781]::string::String>>
[INFO] [stdout]   21:     0x5a20f0ea4465 - test[9d35eded1c95d3be]::run_test::{closure#0}
[INFO] [stdout]   22:     0x5a20f0e9dd24 - std[70759c8f55707aa4]::sys::backtrace::__rust_begin_short_backtrace::<test[9d35eded1c95d3be]::run_test::{closure#1}, ()>
[INFO] [stdout]   23:     0x5a20f0ea75c2 - <std[70759c8f55707aa4]::thread::lifecycle::spawn_unchecked<test[9d35eded1c95d3be]::run_test::{closure#1}, ()>::{closure#1} as core[df12db4294e9bfd3]::ops::function::FnOnce<()>>::call_once::{shim:vtable#0}
[INFO] [stdout]   24:     0x5a20f1156e89 - <std[70759c8f55707aa4]::sys::thread::unix::Thread>::new::thread_start
[INFO] [stdout]   25:     0x74bd092d6dfa - <unknown>
[INFO] [stdout]   26:     0x74bd0936a3d4 - clone
[INFO] [stdout]   27:                0x0 - <unknown>
[INFO] [stdout] 
[INFO] [stdout] ---- infrastructure::repository::rdb::user::tests::test_create_user stdout ----
[INFO] [stdout] 
[INFO] [stdout] thread 'infrastructure::repository::rdb::user::tests::test_create_user' (6136) panicked at /opt/rustwide/cargo-home/registry/src/index.crates.io-1949cf8c6b5b557f/once_cell-1.17.0/src/lib.rs:1276:25:
[INFO] [stdout] Lazy instance has previously been poisoned
[INFO] [stdout] stack backtrace:
[INFO] [stdout]    0:     0x5a20f1157c81 - <<std[70759c8f55707aa4]::sys::backtrace::BacktraceLock>::print::DisplayBacktrace as core[df12db4294e9bfd3]::fmt::Display>::fmt
[INFO] [stdout]    1:     0x5a20f117066a - core[df12db4294e9bfd3]::fmt::write
[INFO] [stdout]    2:     0x5a20f115c72c - <alloc[2182bb758b4b3781]::vec::Vec<u8> as core[df12db4294e9bfd3]::io::write::Write>::write_fmt
[INFO] [stdout]    3:     0x5a20f1132e36 - std[70759c8f55707aa4]::panicking::default_hook::{closure#0}
[INFO] [stdout]    4:     0x5a20f114f929 - std[70759c8f55707aa4]::panicking::default_hook
[INFO] [stdout]    5:     0x5a20f0ea3b10 - test[9d35eded1c95d3be]::test_main_inner::<test[9d35eded1c95d3be]::test_main_static::{closure#0}>::{closure#0}
[INFO] [stdout]    6:     0x5a20f114fc52 - std[70759c8f55707aa4]::panicking::panic_with_hook
[INFO] [stdout]    7:     0x5a20f1132f14 - std[70759c8f55707aa4]::panicking::panic_handler::{closure#0}
[INFO] [stdout]    8:     0x5a20f112b9f9 - std[70759c8f55707aa4]::sys::backtrace::__rust_end_short_backtrace::<std[70759c8f55707aa4]::panicking::panic_handler::{closure#0}, !>
[INFO] [stdout]    9:     0x5a20f1133ccd - __rustc[8fa7c3cbc660c2b3]::rust_begin_unwind
[INFO] [stdout]   10:     0x5a20f1170dcc - core[df12db4294e9bfd3]::panicking::panic_fmt
[INFO] [stdout]   11:     0x5a20f0e2a147 - <once_cell[83bca1e97e00b8c3]::imp::OnceCell<rust_app_example[567d26fd3cdd0faf]::config::Config>>::initialize::<<once_cell[83bca1e97e00b8c3]::sync::OnceCell<rust_app_example[567d26fd3cdd0faf]::config::Config>>::get_or_init<<once_cell[83bca1e97e00b8c3]::sync::Lazy<rust_app_example[567d26fd3cdd0faf]::config::Config>>::force::{closure#0}>::{closure#0}, <once_cell[83bca1e97e00b8c3]::sync::OnceCell<_>>::get_or_init::Void>::{closure#0}
[INFO] [stdout]   12:     0x5a20f111ec1f - once_cell[83bca1e97e00b8c3]::imp::initialize_or_wait
[INFO] [stdout]   13:     0x5a20f0e245b2 - <once_cell[83bca1e97e00b8c3]::imp::OnceCell<rust_app_example[567d26fd3cdd0faf]::config::Config>>::initialize::<<once_cell[83bca1e97e00b8c3]::sync::OnceCell<rust_app_example[567d26fd3cdd0faf]::config::Config>>::get_or_init<<once_cell[83bca1e97e00b8c3]::sync::Lazy<rust_app_example[567d26fd3cdd0faf]::config::Config>>::force::{closure#0}>::{closure#0}, <once_cell[83bca1e97e00b8c3]::sync::OnceCell<_>>::get_or_init::Void>
[INFO] [stdout]   14:     0x5a20f0e70c5f - rust_app_example[567d26fd3cdd0faf]::infrastructure::repository::rdb::user::tests::create_transaction::{closure#0}
[INFO] [stdout]   15:     0x5a20f0e72688 - rust_app_example[567d26fd3cdd0faf]::infrastructure::repository::rdb::user::tests::test_create_user::{closure#0}
[INFO] [stdout]   16:     0x5a20f0e1b139 - <tokio[e198bce011ac181a]::runtime::scheduler::current_thread::CurrentThread>::block_on::<core[df12db4294e9bfd3]::pin::Pin<&mut dyn core[df12db4294e9bfd3]::future::future::Future<Output = core[df12db4294e9bfd3]::result::Result<(), anyhow[4080f8a6fae20da9]::Error>>>>
[INFO] [stdout]   17:     0x5a20f0e4f947 - <tokio[e198bce011ac181a]::runtime::runtime::Runtime>::block_on::<core[df12db4294e9bfd3]::pin::Pin<&mut dyn core[df12db4294e9bfd3]::future::future::Future<Output = core[df12db4294e9bfd3]::result::Result<(), anyhow[4080f8a6fae20da9]::Error>>>>
[INFO] [stdout]   18:     0x5a20f0e759d3 - rust_app_example[567d26fd3cdd0faf]::infrastructure::repository::rdb::user::tests::test_create_user
[INFO] [stdout]   19:     0x5a20f0e1860f - <rust_app_example[567d26fd3cdd0faf]::infrastructure::repository::rdb::user::tests::test_create_user::{closure#0} as core[df12db4294e9bfd3]::ops::function::FnOnce<()>>::call_once
[INFO] [stdout]   20:     0x5a20f0e96dfb - test[9d35eded1c95d3be]::__rust_begin_short_backtrace::<core[df12db4294e9bfd3]::result::Result<(), alloc[2182bb758b4b3781]::string::String>, fn() -> core[df12db4294e9bfd3]::result::Result<(), alloc[2182bb758b4b3781]::string::String>>
[INFO] [stdout]   21:     0x5a20f0ea4465 - test[9d35eded1c95d3be]::run_test::{closure#0}
[INFO] [stdout]   22:     0x5a20f0e9dd24 - std[70759c8f55707aa4]::sys::backtrace::__rust_begin_short_backtrace::<test[9d35eded1c95d3be]::run_test::{closure#1}, ()>
[INFO] [stdout]   23:     0x5a20f0ea75c2 - <std[70759c8f55707aa4]::thread::lifecycle::spawn_unchecked<test[9d35eded1c95d3be]::run_test::{closure#1}, ()>::{closure#1} as core[df12db4294e9bfd3]::ops::function::FnOnce<()>>::call_once::{shim:vtable#0}
[INFO] [stdout]   24:     0x5a20f1156e89 - <std[70759c8f55707aa4]::sys::thread::unix::Thread>::new::thread_start
[INFO] [stdout]   25:     0x74bd092d6dfa - <unknown>
[INFO] [stdout]   26:     0x74bd0936a3d4 - clone
[INFO] [stdout]   27:                0x0 - <unknown>
[INFO] [stdout] 
[INFO] [stdout] ---- web::api::tests::test_api_v1_get_user stdout ----
[INFO] [stdout] 
[INFO] [stdout] thread 'web::api::tests::test_api_v1_get_user' (6142) panicked at /opt/rustwide/cargo-home/registry/src/index.crates.io-1949cf8c6b5b557f/once_cell-1.17.0/src/lib.rs:1276:25:
[INFO] [stdout] Lazy instance has previously been poisoned
[INFO] [stdout] stack backtrace:
[INFO] [stdout]    0:     0x5a20f1157c81 - <<std[70759c8f55707aa4]::sys::backtrace::BacktraceLock>::print::DisplayBacktrace as core[df12db4294e9bfd3]::fmt::Display>::fmt
[INFO] [stdout]    1:     0x5a20f117066a - core[df12db4294e9bfd3]::fmt::write
[INFO] [stdout]    2:     0x5a20f115c72c - <alloc[2182bb758b4b3781]::vec::Vec<u8> as core[df12db4294e9bfd3]::io::write::Write>::write_fmt
[INFO] [stdout]    3:     0x5a20f1132e36 - std[70759c8f55707aa4]::panicking::default_hook::{closure#0}
[INFO] [stdout]    4:     0x5a20f114f929 - std[70759c8f55707aa4]::panicking::default_hook
[INFO] [stdout]    5:     0x5a20f0ea3b10 - test[9d35eded1c95d3be]::test_main_inner::<test[9d35eded1c95d3be]::test_main_static::{closure#0}>::{closure#0}
[INFO] [stdout]    6:     0x5a20f114fc52 - std[70759c8f55707aa4]::panicking::panic_with_hook
[INFO] [stdout]    7:     0x5a20f1132f14 - std[70759c8f55707aa4]::panicking::panic_handler::{closure#0}
[INFO] [stdout]    8:     0x5a20f112b9f9 - std[70759c8f55707aa4]::sys::backtrace::__rust_end_short_backtrace::<std[70759c8f55707aa4]::panicking::panic_handler::{closure#0}, !>
[INFO] [stdout]    9:     0x5a20f1133ccd - __rustc[8fa7c3cbc660c2b3]::rust_begin_unwind
[INFO] [stdout]   10:     0x5a20f1170dcc - core[df12db4294e9bfd3]::panicking::panic_fmt
[INFO] [stdout]   11:     0x5a20f0e2a147 - <once_cell[83bca1e97e00b8c3]::imp::OnceCell<rust_app_example[567d26fd3cdd0faf]::config::Config>>::initialize::<<once_cell[83bca1e97e00b8c3]::sync::OnceCell<rust_app_example[567d26fd3cdd0faf]::config::Config>>::get_or_init<<once_cell[83bca1e97e00b8c3]::sync::Lazy<rust_app_example[567d26fd3cdd0faf]::config::Config>>::force::{closure#0}>::{closure#0}, <once_cell[83bca1e97e00b8c3]::sync::OnceCell<_>>::get_or_init::Void>::{closure#0}
[INFO] [stdout]   12:     0x5a20f111ec1f - once_cell[83bca1e97e00b8c3]::imp::initialize_or_wait
[INFO] [stdout]   13:     0x5a20f0e245b2 - <once_cell[83bca1e97e00b8c3]::imp::OnceCell<rust_app_example[567d26fd3cdd0faf]::config::Config>>::initialize::<<once_cell[83bca1e97e00b8c3]::sync::OnceCell<rust_app_example[567d26fd3cdd0faf]::config::Config>>::get_or_init<<once_cell[83bca1e97e00b8c3]::sync::Lazy<rust_app_example[567d26fd3cdd0faf]::config::Config>>::force::{closure#0}>::{closure#0}, <once_cell[83bca1e97e00b8c3]::sync::OnceCell<_>>::get_or_init::Void>
[INFO] [stdout]   14:     0x5a20f0e46f7c - rust_app_example[567d26fd3cdd0faf]::web::api::tests::connection::{closure#0}
[INFO] [stdout]   15:     0x5a20f0e49415 - rust_app_example[567d26fd3cdd0faf]::web::api::tests::test_api_v1_get_user::{closure#0}
[INFO] [stdout]   16:     0x5a20f0e1b139 - <tokio[e198bce011ac181a]::runtime::scheduler::current_thread::CurrentThread>::block_on::<core[df12db4294e9bfd3]::pin::Pin<&mut dyn core[df12db4294e9bfd3]::future::future::Future<Output = core[df12db4294e9bfd3]::result::Result<(), anyhow[4080f8a6fae20da9]::Error>>>>
[INFO] [stdout]   17:     0x5a20f0e4f947 - <tokio[e198bce011ac181a]::runtime::runtime::Runtime>::block_on::<core[df12db4294e9bfd3]::pin::Pin<&mut dyn core[df12db4294e9bfd3]::future::future::Future<Output = core[df12db4294e9bfd3]::result::Result<(), anyhow[4080f8a6fae20da9]::Error>>>>
[INFO] [stdout]   18:     0x5a20f0e4e2a1 - rust_app_example[567d26fd3cdd0faf]::web::api::tests::test_api_v1_get_user
[INFO] [stdout]   19:     0x5a20f0e17ecf - <rust_app_example[567d26fd3cdd0faf]::web::api::tests::test_api_v1_get_user::{closure#0} as core[df12db4294e9bfd3]::ops::function::FnOnce<()>>::call_once
[INFO] [stdout]   20:     0x5a20f0e96dfb - test[9d35eded1c95d3be]::__rust_begin_short_backtrace::<core[df12db4294e9bfd3]::result::Result<(), alloc[2182bb758b4b3781]::string::String>, fn() -> core[df12db4294e9bfd3]::result::Result<(), alloc[2182bb758b4b3781]::string::String>>
[INFO] [stdout]   21:     0x5a20f0ea4465 - test[9d35eded1c95d3be]::run_test::{closure#0}
[INFO] [stdout]   22:     0x5a20f0e9dd24 - std[70759c8f55707aa4]::sys::backtrace::__rust_begin_short_backtrace::<test[9d35eded1c95d3be]::run_test::{closure#1}, ()>
[INFO] [stdout]   23:     0x5a20f0ea75c2 - <std[70759c8f55707aa4]::thread::lifecycle::spawn_unchecked<test[9d35eded1c95d3be]::run_test::{closure#1}, ()>::{closure#1} as core[df12db4294e9bfd3]::ops::function::FnOnce<()>>::call_once::{shim:vtable#0}
[INFO] [stdout]   24:     0x5a20f1156e89 - <std[70759c8f55707aa4]::sys::thread::unix::Thread>::new::thread_start
[INFO] [stdout]   25:     0x74bd092d6dfa - <unknown>
[INFO] [stdout]   26:     0x74bd0936a3d4 - clone
[INFO] [stdout]   27:                0x0 - <unknown>
[INFO] [stdout] 
[INFO] [stdout] 
[INFO] [stdout] failures:
[INFO] [stdout]     infrastructure::repository::rdb::user::tests::test_create_user
[INFO] [stdout]     infrastructure::repository::rdb::user::tests::test_create_user_if_validation_error
[INFO] [stdout]     infrastructure::repository::rdb::user::tests::test_get_user_exists
[INFO] [stdout]     infrastructure::repository::rdb::user::tests::test_get_users
[INFO] [stdout]     web::api::tests::test_api_v1_get_user
[INFO] [stdout]     web::api::tests::test_api_v1_get_user_400
[INFO] [stdout]     web::api::tests::test_api_v1_get_users
[INFO] [stdout] 
[INFO] [stdout] test result: FAILED. 8 passed; 7 failed; 0 ignored; 0 measured; 0 filtered out; finished in 0.06s
[INFO] [stdout] 
[INFO] running `Command { std: "docker" "inspect" "e6683e7e93b73459baa0d98d23701c75f90193d24b185330e485bd76c15bc952", kill_on_drop: false }`
[INFO] running `Command { std: "docker" "rm" "-f" "e6683e7e93b73459baa0d98d23701c75f90193d24b185330e485bd76c15bc952", kill_on_drop: false }`
[INFO] [stdout] e6683e7e93b73459baa0d98d23701c75f90193d24b185330e485bd76c15bc952
