[INFO] cloning repository https://github.com/xiaolitongxue666/build-rust-mini-coding-agent
[INFO] running `Command { std: "git" "-c" "credential.helper=" "-c" "credential.helper=/workspace/cargo-home/bin/git-credential-null" "clone" "--bare" "https://github.com/xiaolitongxue666/build-rust-mini-coding-agent" "/workspace/cache/git-repos/https%3A%2F%2Fgithub.com%2Fxiaolitongxue666%2Fbuild-rust-mini-coding-agent", kill_on_drop: false }`
[INFO] [stderr] Cloning into bare repository '/workspace/cache/git-repos/https%3A%2F%2Fgithub.com%2Fxiaolitongxue666%2Fbuild-rust-mini-coding-agent'...
[INFO] running `Command { std: "git" "rev-parse" "HEAD", kill_on_drop: false }`
[INFO] [stdout] 1269720dc35dacb4f8f224680eb0aa4c78b5b3a0
[INFO] testing xiaolitongxue666/build-rust-mini-coding-agent against 1.100.0-beta.1+cargoflags=--release for beta-release-1.100-3
[INFO] running `Command { std: "git" "clone" "/workspace/cache/git-repos/https%3A%2F%2Fgithub.com%2Fxiaolitongxue666%2Fbuild-rust-mini-coding-agent" "/workspace/builds/worker-5-tc2/source", kill_on_drop: false }`
[INFO] [stderr] Cloning into '/workspace/builds/worker-5-tc2/source'...
[INFO] [stderr] done.
[INFO] removed /workspace/builds/worker-5-tc2/source/rust-toolchain.toml
[INFO] started tweaking git repo https://github.com/xiaolitongxue666/build-rust-mini-coding-agent
[INFO] removed 0 missing examples
[INFO] finished tweaking git repo https://github.com/xiaolitongxue666/build-rust-mini-coding-agent
[INFO] tweaked toml for git repo https://github.com/xiaolitongxue666/build-rust-mini-coding-agent written to /workspace/builds/worker-5-tc2/source/Cargo.toml
[INFO] validating manifest of git repo https://github.com/xiaolitongxue666/build-rust-mini-coding-agent on toolchain 1.100.0-beta.1
[INFO] running `Command { std: CARGO_HOME="/workspace/cargo-home" RUSTUP_HOME="/workspace/rustup-home" "/workspace/cargo-home/bin/cargo" "+1.100.0-beta.1" "metadata" "--manifest-path" "Cargo.toml" "--no-deps", kill_on_drop: false }`
[INFO] crate git repo https://github.com/xiaolitongxue666/build-rust-mini-coding-agent already has a lockfile, it will not be regenerated
[INFO] running `Command { std: CARGO_HOME="/workspace/cargo-home" RUSTUP_HOME="/workspace/rustup-home" "/workspace/cargo-home/bin/cargo" "+1.100.0-beta.1" "fetch" "--manifest-path" "Cargo.toml", kill_on_drop: false }`
[INFO] running `Command { std: "docker" "create" "-v" "/var/lib/crater-agent-workspace/builds/worker-5-tc2/source:/opt/rustwide/workdir:ro,Z" "-v" "/var/lib/crater-agent-workspace/builds/worker-5-tc2/target:/opt/rustwide/target:rw,Z" "-v" "/var/lib/crater-agent-workspace/cargo-home:/opt/rustwide/cargo-home:ro,Z" "-v" "/var/lib/crater-agent-workspace/rustup-home:/opt/rustwide/rustup-home:ro,Z" "-m" "1610612736" "--network" "none" "ghcr.io/rust-lang/crates-build-env/linux@sha256:77db811e55d90add9212f6832c23229e3de5f1c1f9905e8cb07319ea15df73ac" "sleep" "infinity", kill_on_drop: false }`
[INFO] [stdout] 4e656496f3c99839555021fe2366723463a431fdbf0481080f79217b2199dd90
[INFO] running `Command { std: "docker" "start" "4e656496f3c99839555021fe2366723463a431fdbf0481080f79217b2199dd90", kill_on_drop: false }`
[INFO] running `Command { std: "docker" "inspect" "4e656496f3c99839555021fe2366723463a431fdbf0481080f79217b2199dd90", kill_on_drop: false }`
[INFO] running `Command { std: "docker" "exec" "-e" "SOURCE_DIR=/opt/rustwide/workdir" "-e" "CARGO_HOME=/opt/rustwide/cargo-home" "-e" "RUSTUP_HOME=/opt/rustwide/rustup-home" "-e" "CARGO_TARGET_DIR=/opt/rustwide/target" "-w" "/opt/rustwide/workdir" "--user" "0:0" "4e656496f3c99839555021fe2366723463a431fdbf0481080f79217b2199dd90" "/opt/rustwide/cargo-home/bin/cargo" "+1.100.0-beta.1" "metadata" "--no-deps" "--format-version=1", kill_on_drop: false }`
[INFO] running `Command { std: "docker" "inspect" "4e656496f3c99839555021fe2366723463a431fdbf0481080f79217b2199dd90", kill_on_drop: false }`
[INFO] running `Command { std: "docker" "exec" "-e" "SOURCE_DIR=/opt/rustwide/workdir" "-e" "CARGO_HOME=/opt/rustwide/cargo-home" "-e" "RUSTUP_HOME=/opt/rustwide/rustup-home" "-e" "CARGO_TARGET_DIR=/opt/rustwide/target" "-e" "CARGO_INCREMENTAL=0" "-e" "RUST_BACKTRACE=full" "-e" "RUSTFLAGS=--cap-lints=warn" "-e" "RUSTDOCFLAGS=--cap-lints=warn" "-w" "/opt/rustwide/workdir" "--user" "0:0" "4e656496f3c99839555021fe2366723463a431fdbf0481080f79217b2199dd90" "/opt/rustwide/cargo-home/bin/cargo" "+1.100.0-beta.1" "build" "--frozen" "--message-format=json" "--release", kill_on_drop: false }`
[INFO] [stderr]    Compiling proc-macro2 v1.0.107
[INFO] [stderr]    Compiling unicode-ident v1.0.26
[INFO] [stderr]    Compiling quote v1.0.47
[INFO] [stderr]    Compiling libc v0.2.189
[INFO] [stderr]    Compiling futures-core v0.3.34
[INFO] [stderr]    Compiling bytes v1.12.1
[INFO] [stderr]    Compiling log v0.4.34
[INFO] [stderr]    Compiling futures-sink v0.3.34
[INFO] [stderr]    Compiling serde_core v1.0.229
[INFO] [stderr]    Compiling cfg-if v1.0.5
[INFO] [stderr]    Compiling smallvec v1.16.1
[INFO] [stderr]    Compiling memchr v2.8.3
[INFO] [stderr]    Compiling futures-io v0.3.34
[INFO] [stderr]    Compiling futures-task v0.3.34
[INFO] [stderr]    Compiling litemap v0.8.3
[INFO] [stderr]    Compiling writeable v0.6.4
[INFO] [stderr]    Compiling icu_properties_data v2.3.0
[INFO] [stderr]    Compiling find-msvc-tools v0.1.13
[INFO] [stderr]    Compiling shlex v2.0.1
[INFO] [stderr]    Compiling futures-channel v0.3.34
[INFO] [stderr]    Compiling icu_normalizer_data v2.3.0
[INFO] [stderr]    Compiling hashbrown v0.17.1
[INFO] [stderr]    Compiling bitflags v2.13.2
[INFO] [stderr]    Compiling cc v1.4.7
[INFO] [stderr]    Compiling atomic-waker v1.1.2
[INFO] [stderr]    Compiling tower-service v0.3.3
[INFO] [stderr]    Compiling try-lock v0.2.5
[INFO] [stderr]    Compiling serde v1.0.229
[INFO] [stderr]    Compiling zeroize v1.9.0
[INFO] [stderr]    Compiling zmij v1.0.23
[INFO] [stderr]    Compiling untrusted v0.9.0
[INFO] [stderr]    Compiling sync_wrapper v1.0.2
[INFO] [stderr]    Compiling want v0.3.1
[INFO] [stderr]    Compiling ipnet v2.12.2
[INFO] [stderr]    Compiling rustls v0.23.45
[INFO] [stderr]    Compiling tower-layer v0.3.3
[INFO] [stderr]    Compiling cfg_aliases v0.2.2
[INFO] [stderr]    Compiling rustls-pki-types v1.15.1
[INFO] [stderr]    Compiling autocfg v1.5.1
[INFO] [stderr]    Compiling serde_json v1.0.151
[INFO] [stderr]    Compiling nix v0.31.3
[INFO] [stderr]    Compiling subtle v2.6.1
[INFO] [stderr]    Compiling signal-hook v0.3.18
[INFO] [stderr]    Compiling rustix v0.38.44
[INFO] [stderr]    Compiling thiserror v2.0.20
[INFO] [stderr]    Compiling linux-raw-sys v0.4.15
[INFO] [stderr]    Compiling base64 v0.23.1
[INFO] [stderr]    Compiling rmcp v3.4.0
[INFO] [stderr]    Compiling encoding_rs v0.8.35
[INFO] [stderr]    Compiling num-traits v0.2.19
[INFO] [stderr]    Compiling syn v3.0.6
[INFO] [stderr]    Compiling syn v2.0.119
[INFO] [stderr]    Compiling webpki-roots v1.0.9
[INFO] [stderr]    Compiling http v1.5.0
[INFO] [stderr]    Compiling ring v0.17.14
[INFO] [stderr]    Compiling errno v0.3.14
[INFO] [stderr]    Compiling mio v1.2.3
[INFO] [stderr]    Compiling socket2 v0.6.5
[INFO] [stderr]    Compiling getrandom v0.2.17
[INFO] [stderr]    Compiling parking_lot_core v0.9.12
[INFO] [stderr]    Compiling signal-hook-registry v1.4.8
[INFO] [stderr]    Compiling parking_lot v0.12.5
[INFO] [stderr]    Compiling http-body v1.1.0
[INFO] [stderr]    Compiling http-body-util v0.1.5
[INFO] [stderr]    Compiling signal-hook-mio v0.2.5
[INFO] [stderr]    Compiling crossterm v0.28.1
[INFO] [stderr]    Compiling indexmap v2.14.0
[INFO] [stderr]    Compiling synstructure v0.14.0
[INFO] [stderr]    Compiling tracing-attributes v0.1.31
[INFO] [stderr]    Compiling zerofrom-derive v0.1.8
[INFO] [stderr]    Compiling yoke-derive v0.8.3
[INFO] [stderr]    Compiling zerovec-derive v0.11.6
[INFO] [stderr]    Compiling displaydoc v0.2.7
[INFO] [stderr]    Compiling tokio-macros v2.7.2
[INFO] [stderr]    Compiling futures-macro v0.3.34
[INFO] [stderr]    Compiling serde_derive v1.0.229
[INFO] [stderr]    Compiling thiserror-impl v2.0.20
[INFO] [stderr]    Compiling tokio v1.53.1
[INFO] [stderr]    Compiling futures-util v0.3.34
[INFO] [stderr]    Compiling zerofrom v0.1.8
[INFO] [stderr]    Compiling tracing v0.1.44
[INFO] [stderr]    Compiling yoke v0.8.3
[INFO] [stderr]    Compiling zerotrie v0.2.5
[INFO] [stderr]    Compiling zerovec v0.11.8
[INFO] [stderr]    Compiling tinystr v0.8.4
[INFO] [stderr]    Compiling potential_utf v0.1.6
[INFO] [stderr]    Compiling icu_collections v2.3.0
[INFO] [stderr]    Compiling icu_locale_core v2.3.0
[INFO] [stderr]    Compiling serde_urlencoded v0.7.1
[INFO] [stderr]    Compiling chrono v0.4.45
[INFO] [stderr]    Compiling icu_provider v2.3.1
[INFO] [stderr]    Compiling futures-executor v0.3.34
[INFO] [stderr]    Compiling sse-stream v0.2.6
[INFO] [stderr]    Compiling futures v0.3.34
[INFO] [stderr]    Compiling icu_properties v2.3.0
[INFO] [stderr]    Compiling icu_normalizer v2.3.0
[INFO] [stderr]    Compiling idna_adapter v1.2.2
[INFO] [stderr]    Compiling idna v1.1.0
[INFO] [stderr]    Compiling url v2.5.8
[INFO] [stderr]    Compiling tokio-util v0.7.18
[INFO] [stderr]    Compiling tower v0.5.3
[INFO] [stderr]    Compiling process-wrap v10.0.1
[INFO] [stderr]    Compiling tokio-stream v0.1.19
[INFO] [stderr]    Compiling tower-http v0.6.11
[INFO] [stderr]    Compiling h2 v0.4.15
[INFO] [stderr]    Compiling rustls-webpki v0.103.15
[INFO] [stderr]    Compiling hyper v1.11.1
[INFO] [stderr]    Compiling hyper-util v0.1.20
[INFO] [stderr]    Compiling reqwest v0.13.5
[INFO] [stderr]    Compiling tokio-rustls v0.26.5
[INFO] [stderr]    Compiling hyper-rustls v0.27.10
[INFO] [stderr]    Compiling reqwest v0.12.28
[INFO] [stderr]    Compiling build-rust-mini-coding-agent v0.1.0 (/opt/rustwide/workdir)
[INFO] [stderr]     Finished `release` profile [optimized] target(s) in 59.16s
[INFO] running `Command { std: "docker" "inspect" "4e656496f3c99839555021fe2366723463a431fdbf0481080f79217b2199dd90", kill_on_drop: false }`
[INFO] running `Command { std: "docker" "exec" "-e" "SOURCE_DIR=/opt/rustwide/workdir" "-e" "CARGO_HOME=/opt/rustwide/cargo-home" "-e" "RUSTUP_HOME=/opt/rustwide/rustup-home" "-e" "CARGO_TARGET_DIR=/opt/rustwide/target" "-e" "CARGO_INCREMENTAL=0" "-e" "RUST_BACKTRACE=full" "-e" "RUSTFLAGS=--cap-lints=warn" "-e" "RUSTDOCFLAGS=--cap-lints=warn" "-w" "/opt/rustwide/workdir" "--user" "0:0" "4e656496f3c99839555021fe2366723463a431fdbf0481080f79217b2199dd90" "/opt/rustwide/cargo-home/bin/cargo" "+1.100.0-beta.1" "test" "--frozen" "--no-run" "--message-format=json" "--release", kill_on_drop: false }`
[INFO] [stderr]    Compiling build-rust-mini-coding-agent v0.1.0 (/opt/rustwide/workdir)
[INFO] [stderr]     Finished `release` profile [optimized] target(s) in 17.76s
[INFO] running `Command { std: "docker" "inspect" "4e656496f3c99839555021fe2366723463a431fdbf0481080f79217b2199dd90", kill_on_drop: false }`
[INFO] running `Command { std: "docker" "exec" "-e" "SOURCE_DIR=/opt/rustwide/workdir" "-e" "CARGO_HOME=/opt/rustwide/cargo-home" "-e" "RUSTUP_HOME=/opt/rustwide/rustup-home" "-e" "CARGO_TARGET_DIR=/opt/rustwide/target" "-e" "CARGO_INCREMENTAL=0" "-e" "RUST_BACKTRACE=full" "-e" "RUSTFLAGS=--cap-lints=warn" "-e" "RUSTDOCFLAGS=--cap-lints=warn" "-w" "/opt/rustwide/workdir" "--user" "0:0" "4e656496f3c99839555021fe2366723463a431fdbf0481080f79217b2199dd90" "/opt/rustwide/cargo-home/bin/cargo" "+1.100.0-beta.1" "test" "--frozen" "--release", kill_on_drop: false }`
[INFO] [stderr]     Finished `release` profile [optimized] target(s) in 0.11s
[INFO] [stderr]      Running unittests src/lib.rs (/opt/rustwide/target/release/build/build-rust-mini-coding-agent/baa7bb14178d8134/out/build_rust_mini_coding_agent-baa7bb14178d8134)
[INFO] [stdout] 
[INFO] [stdout] running 82 tests
[INFO] [stdout] test agents_context::tests::missing_file_is_empty ... ok
[INFO] [stdout] test compact::tests::safe_split_at_clean_boundary ... ok
[INFO] [stdout] test compact::tests::safe_split_edges ... ok
[INFO] [stdout] test compact::tests::safe_split_gives_up_at_zero ... ok
[INFO] [stdout] test compact::tests::safe_split_walks_back_over_tool_pair ... ok
[INFO] [stdout] test compact::tests::sliding_window_below_threshold_is_noop ... ok
[INFO] [stdout] test compact::tests::sliding_window_drops_prefix ... ok
[INFO] [stdout] test compact::tests::no_compaction_is_passthrough ... ok
[INFO] [stdout] test compact::tests::sliding_window_never_splits_tool_pair ... ok
[INFO] [stdout] test compact::tests::summarize_replaces_old_half ... ok
[INFO] [stdout] test agents_context::tests::present_file_is_appended_under_the_header ... ok
[INFO] [stdout] test compact::tests::summarize_below_threshold_is_noop ... ok
[INFO] [stdout] test loop_ctl::tests::advance_pass_fail_and_max ... ok
[INFO] [stdout] test graph_ctl::tests::route_fail_then_pass_then_approve ... ok
[INFO] [stdout] test graph_ctl::tests::checkpoint_roundtrip ... ok
[INFO] [stdout] test loop_ctl::tests::parse_interval_units ... ok
[INFO] [stdout] test loop_ctl::tests::placeholder_blocks_run ... ok
[INFO] [stdout] test mcp::register::tests::expand_env_refs_and_dollar ... ok
[INFO] [stdout] test mcp::register::tests::exposed_names_do_not_collide ... ok
[INFO] [stdout] test mcp::register::tests::missing_config_is_opt_in ... ok
[INFO] [stdout] test mcp::register::tests::ref_schema_skips_one_tool ... ok
[INFO] [stdout] test mcp::register::tests::bad_json_is_config_error ... ok
[INFO] [stdout] test pricing::tests::beijing_midnight_is_utc_plus_8_not_local ... ok
[INFO] [stdout] test pricing::tests::civil_epoch_and_known_weekdays ... ok
[INFO] [stdout] test pricing::tests::commas_group_thousands ... ok
[INFO] [stdout] test pricing::tests::flash_cny_is_the_published_rmb_table ... ok
[INFO] [stdout] test pricing::tests::ledger_prices_each_call_and_hides_zero_cache ... ok
[INFO] [stdout] test pricing::tests::peak_windows_holidays_and_makeup_days ... ok
[INFO] [stdout] test mcp::register::tests::unknown_transport_skips_server ... ok
[INFO] [stdout] test provider::deepseek::tests::prompt_without_cache_fields_is_a_miss ... ok
[INFO] [stdout] test provider::deepseek::tests::openai_cached_tokens_count_as_a_read ... ok
[INFO] [stdout] test provider::deepseek::tests::tool_json_is_stable_when_the_caller_shuffles_names ... ok
[INFO] [stdout] test provider::deepseek::tests::deepseek_hit_miss_wins_when_both_shapes_are_present ... ok
[INFO] [stdout] test provider::deepseek::tests::system_message_stays_the_first_prefix_byte ... ok
[INFO] [stdout] test provider::deepseek::tests::clones_share_the_ledger ... ok
[INFO] [stdout] test subagent::tests::begin_increments_until_drop ... ok
[INFO] [stdout] test provider::deepseek::tests::project_context_survives_model_and_research_system ... ok
[INFO] [stdout] test subagent::tests::all_is_sorted_by_name ... ok
[INFO] [stdout] test loop_ctl::tests::arm_patrol_keeps_interval ... ok
[INFO] [stdout] test tests::agent_loop_empty_messages_with_mock ... ok
[INFO] [stdout] test tests::banner_wide_uses_block_art ... ok
[INFO] [stdout] test tests::chat_input_down_restores_draft ... ok
[INFO] [stdout] test tests::chat_url_uses_official_completions_path ... ok
[INFO] [stdout] test tests::confirm_default_is_no ... ok
[INFO] [stdout] test tests::confirm_yes_variants ... ok
[INFO] [stdout] test tests::banner_narrow_uses_wordmark ... ok
[INFO] [stdout] test tests::ctrl_c_once_clears_twice_quits ... ok
[INFO] [stdout] test tests::conversation_dump_and_pairing ... ok
[INFO] [stdout] test tests::conversation_system_stays_off_slice ... ok
[INFO] [stdout] test tests::deepseek_to_tools_wraps_function_schema ... ok
[INFO] [stdout] test tests::finish_reason_maps_to_generic_stop ... ok
[INFO] [stdout] test tests::json_field_missing_is_error_string ... ok
[INFO] [stdout] test graph_ctl::tests::arm_writes_checkpoint ... ok
[INFO] [stdout] test tests::deepseek_to_messages_splits_tool_result ... ok
[INFO] [stdout] test tests::dispatch_write_then_read_roundtrip ... ok
[INFO] [stdout] test loop_ctl::tests::arm_goal_writes_run_copy ... ok
[INFO] [stdout] test tests::render_transcript_includes_block_kinds ... ok
[INFO] [stdout] test tests::slash_clear_empties_messages ... ok
[INFO] [stdout] test tests::slash_exit_is_quit ... ok
[INFO] [stdout] test tests::mock_set_model ... ok
[INFO] [stdout] test tests::slash_graph_is_handled ... ok
[INFO] [stdout] test tests::slash_loop_needs_interval_and_task ... ok
[INFO] [stdout] test tools::tests::definitions_are_sorted_by_name ... ok
[INFO] [stdout] test tests::redact_error_keeps_type_not_key ... ok
[INFO] [stdout] test tools::tests::register_is_additive ... ok
[INFO] [stdout] test tools::tests::subset_is_curation_not_sandbox ... ok
[INFO] [stdout] test tools::tests::unknown_tool_is_error_result ... ok
[INFO] [stdout] test ui::chat_input::tests::render_box_has_border_and_hint ... ok
[INFO] [stdout] test ui::chat_input::tests::up_saves_buffer_down_restores ... ok
[INFO] [stdout] test ui::program::tests::approval_then_yes_replies_and_runs ... ok
[INFO] [stdout] test ui::program::tests::approval_view_is_yellow ... ok
[INFO] [stdout] test ui::chat_input::tests::history_file_roundtrip ... ok
[INFO] [stdout] test ui::program::tests::done_returns_idle ... ok
[INFO] [stdout] test ui::program::tests::idle_status_shows_usage_and_running_keeps_the_spinner ... ok
[INFO] [stdout] test ui::program::tests::status_shows_subagent_when_running ... ok
[INFO] [stdout] test ui::program::tests::page_up_stops_follow_end_resumes ... ok
[INFO] [stdout] test ui::program::tests::write_diff_fills_the_viewport_and_scrolls ... ok
[INFO] [stdout] test ui::program::tests::submit_moves_idle_to_running ... ok
[INFO] [stdout] test write_diff::tests::changed_line_keeps_three_lines_of_context ... ok
[INFO] [stdout] test write_diff::tests::other_tool_names_skip_the_diff ... ok
[INFO] [stdout] test write_diff::tests::missing_file_is_all_additions ... ok
[INFO] [stdout] test write_diff::tests::identical_file_says_no_changes ... ok
[INFO] [stdout] 
[INFO] [stdout] test result: ok. 82 passed; 0 failed; 0 ignored; 0 measured; 0 filtered out; finished in 0.01s
[INFO] [stdout] 
[INFO] [stderr]      Running unittests src/main.rs (/opt/rustwide/target/release/build/build-rust-mini-coding-agent/ee0df3d287cec7d7/out/build_rust_mini_coding_agent-ee0df3d287cec7d7)
[INFO] [stdout] 
[INFO] [stdout] running 0 tests
[INFO] [stdout] 
[INFO] [stdout] test result: ok. 0 passed; 0 failed; 0 ignored; 0 measured; 0 filtered out; finished in 0.00s
[INFO] [stdout] 
[INFO] [stderr]      Running unittests src/bin/loop-ctl.rs (/opt/rustwide/target/release/build/build-rust-mini-coding-agent/30682737e50c94cf/out/loop_ctl-30682737e50c94cf)
[INFO] [stdout] 
[INFO] [stdout] running 0 tests
[INFO] [stdout] 
[INFO] [stdout] test result: ok. 0 passed; 0 failed; 0 ignored; 0 measured; 0 filtered out; finished in 0.00s
[INFO] [stdout] 
[INFO] [stderr]      Running unittests src/bin/mcp-stdio-fixture.rs (/opt/rustwide/target/release/build/build-rust-mini-coding-agent/3e43d0ea64761b7a/out/mcp_stdio_fixture-3e43d0ea64761b7a)
[INFO] [stdout] 
[INFO] [stdout] running 0 tests
[INFO] [stdout] 
[INFO] [stdout] test result: ok. 0 passed; 0 failed; 0 ignored; 0 measured; 0 filtered out; finished in 0.00s
[INFO] [stdout] 
[INFO] [stderr]      Running tests/mcp_stdio.rs (/opt/rustwide/target/release/build/build-rust-mini-coding-agent/9267d2be19f4bf04/out/mcp_stdio-9267d2be19f4bf04)
[INFO] [stdout] 
[INFO] [stdout] running 1 test
[INFO] [stdout] test stdio_fixture_registers_and_calls ... FAILED
[INFO] [stdout] 
[INFO] [stdout] failures:
[INFO] [stdout] 
[INFO] [stdout] ---- stdio_fixture_registers_and_calls stdout ----
[INFO] [stdout] 
[INFO] [stdout] thread 'stdio_fixture_registers_and_calls' (3318) panicked at tests/mcp_stdio.rs:24:5:
[INFO] [stdout] missing fixture bin /opt/rustwide/target/release/build/build-rust-mini-coding-agent/9267d2be19f4bf04/mcp-stdio-fixture
[INFO] [stdout] stack backtrace:
[INFO] [stdout]    0:     0x5f0c230aac91 - <<std[617be2ca0a6fd877]::sys::backtrace::BacktraceLock>::print::DisplayBacktrace as core[a373ad73a504971]::fmt::Display>::fmt
[INFO] [stdout]    1:     0x5f0c230c24fa - core[a373ad73a504971]::fmt::write
[INFO] [stdout]    2:     0x5f0c230af9cc - <alloc[2e1b2a31b91974c5]::vec::Vec<u8> as core[a373ad73a504971]::io::write::Write>::write_fmt
[INFO] [stdout]    3:     0x5f0c230849e6 - std[617be2ca0a6fd877]::panicking::default_hook::{closure#0}
[INFO] [stdout]    4:     0x5f0c230a2039 - std[617be2ca0a6fd877]::panicking::default_hook
[INFO] [stdout]    5:     0x5f0c22b96010 - test[aada8e7e76ba119b]::test_main_inner::{closure#0}
[INFO] [stdout]    6:     0x5f0c230a2362 - std[617be2ca0a6fd877]::panicking::panic_with_hook
[INFO] [stdout]    7:     0x5f0c23084a92 - std[617be2ca0a6fd877]::panicking::panic_handler::{closure#0}
[INFO] [stdout]    8:     0x5f0c2307d489 - std[617be2ca0a6fd877]::sys::backtrace::__rust_end_short_backtrace::<std[617be2ca0a6fd877]::panicking::panic_handler::{closure#0}, !>
[INFO] [stdout]    9:     0x5f0c2308588d - __rustc[ea4f61d10b84890b]::rust_begin_unwind
[INFO] [stdout]   10:     0x5f0c230c2c5c - core[a373ad73a504971]::panicking::panic_fmt
[INFO] [stdout]   11:     0x5f0c22b86687 - <mcp_stdio[a2584bdf8306d54f]::stdio_fixture_registers_and_calls::{closure#0} as core[a373ad73a504971]::ops::function::FnOnce<()>>::call_once
[INFO] [stdout]   12:     0x5f0c22b8945b - test[aada8e7e76ba119b]::__rust_begin_short_backtrace::<core[a373ad73a504971]::result::Result<(), alloc[2e1b2a31b91974c5]::string::String>, fn() -> core[a373ad73a504971]::result::Result<(), alloc[2e1b2a31b91974c5]::string::String>>
[INFO] [stdout]   13:     0x5f0c22b96635 - test[aada8e7e76ba119b]::run_test::{closure#0}
[INFO] [stdout]   14:     0x5f0c22b8ff24 - std[617be2ca0a6fd877]::sys::backtrace::__rust_begin_short_backtrace::<test[aada8e7e76ba119b]::run_test::{closure#1}, ()>
[INFO] [stdout]   15:     0x5f0c22b996c2 - <std[617be2ca0a6fd877]::thread::lifecycle::spawn_unchecked<test[aada8e7e76ba119b]::run_test::{closure#1}, ()>::{closure#1} as core[a373ad73a504971]::ops::function::FnOnce<()>>::call_once::{shim:vtable#0}
[INFO] [stdout]   16:     0x5f0c230a9c4f - <std[617be2ca0a6fd877]::sys::thread::unix::Thread>::new::thread_start
[INFO] [stdout]   17:     0x7b40c26d7dfa - <unknown>
[INFO] [stdout]   18:     0x7b40c276b3d4 - clone
[INFO] [stdout]   19:                0x0 - <unknown>
[INFO] [stdout] 
[INFO] [stdout] 
[INFO] [stdout] failures:
[INFO] [stdout]     stdio_fixture_registers_and_calls
[INFO] [stdout] 
[INFO] [stdout] test result: FAILED. 0 passed; 1 failed; 0 ignored; 0 measured; 0 filtered out; finished in 0.00s
[INFO] [stdout] 
[INFO] [stderr] error: test failed, to rerun pass `--test mcp_stdio`
[INFO] running `Command { std: "docker" "inspect" "4e656496f3c99839555021fe2366723463a431fdbf0481080f79217b2199dd90", kill_on_drop: false }`
[INFO] running `Command { std: "docker" "rm" "-f" "4e656496f3c99839555021fe2366723463a431fdbf0481080f79217b2199dd90", kill_on_drop: false }`
[INFO] [stdout] 4e656496f3c99839555021fe2366723463a431fdbf0481080f79217b2199dd90
