[INFO] cloning repository https://github.com/xevrion/cutback
[INFO] running `Command { std: "git" "-c" "credential.helper=" "-c" "credential.helper=/workspace/cargo-home/bin/git-credential-null" "clone" "--bare" "https://github.com/xevrion/cutback" "/workspace/cache/git-repos/https%3A%2F%2Fgithub.com%2Fxevrion%2Fcutback", kill_on_drop: false }`
[INFO] [stderr] Cloning into bare repository '/workspace/cache/git-repos/https%3A%2F%2Fgithub.com%2Fxevrion%2Fcutback'...
[INFO] running `Command { std: "git" "rev-parse" "HEAD", kill_on_drop: false }`
[INFO] [stdout] 51d2a1719a4e0c8def487223d76ebd7d13468798
[INFO] testing xevrion/cutback against 1.100.0-beta.1+cargoflags=--release for beta-release-1.100-3
[INFO] running `Command { std: "git" "clone" "/workspace/cache/git-repos/https%3A%2F%2Fgithub.com%2Fxevrion%2Fcutback" "/workspace/builds/worker-5-tc2/source", kill_on_drop: false }`
[INFO] [stderr] Cloning into '/workspace/builds/worker-5-tc2/source'...
[INFO] [stderr] done.
[INFO] started tweaking git repo https://github.com/xevrion/cutback
[INFO] finished tweaking git repo https://github.com/xevrion/cutback
[INFO] tweaked toml for git repo https://github.com/xevrion/cutback written to /workspace/builds/worker-5-tc2/source/Cargo.toml
[INFO] validating manifest of git repo https://github.com/xevrion/cutback on toolchain 1.100.0-beta.1
[INFO] running `Command { std: CARGO_HOME="/workspace/cargo-home" RUSTUP_HOME="/workspace/rustup-home" "/workspace/cargo-home/bin/cargo" "+1.100.0-beta.1" "metadata" "--manifest-path" "Cargo.toml" "--no-deps", kill_on_drop: false }`
[INFO] crate git repo https://github.com/xevrion/cutback already has a lockfile, it will not be regenerated
[INFO] running `Command { std: CARGO_HOME="/workspace/cargo-home" RUSTUP_HOME="/workspace/rustup-home" "/workspace/cargo-home/bin/cargo" "+1.100.0-beta.1" "fetch" "--manifest-path" "Cargo.toml", kill_on_drop: false }`
[INFO] running `Command { std: "docker" "create" "-v" "/var/lib/crater-agent-workspace/builds/worker-5-tc2/source:/opt/rustwide/workdir:ro,Z" "-v" "/var/lib/crater-agent-workspace/builds/worker-5-tc2/target:/opt/rustwide/target:rw,Z" "-v" "/var/lib/crater-agent-workspace/cargo-home:/opt/rustwide/cargo-home:ro,Z" "-v" "/var/lib/crater-agent-workspace/rustup-home:/opt/rustwide/rustup-home:ro,Z" "-m" "1610612736" "--network" "none" "ghcr.io/rust-lang/crates-build-env/linux@sha256:77db811e55d90add9212f6832c23229e3de5f1c1f9905e8cb07319ea15df73ac" "sleep" "infinity", kill_on_drop: false }`
[INFO] [stdout] 39ebb8aea2650e2f8cdc3692243ab7536add112530bc88c14342b66c1264ff91
[INFO] running `Command { std: "docker" "start" "39ebb8aea2650e2f8cdc3692243ab7536add112530bc88c14342b66c1264ff91", kill_on_drop: false }`
[INFO] running `Command { std: "docker" "inspect" "39ebb8aea2650e2f8cdc3692243ab7536add112530bc88c14342b66c1264ff91", kill_on_drop: false }`
[INFO] running `Command { std: "docker" "exec" "-e" "SOURCE_DIR=/opt/rustwide/workdir" "-e" "CARGO_HOME=/opt/rustwide/cargo-home" "-e" "RUSTUP_HOME=/opt/rustwide/rustup-home" "-e" "CARGO_TARGET_DIR=/opt/rustwide/target" "-w" "/opt/rustwide/workdir" "--user" "0:0" "39ebb8aea2650e2f8cdc3692243ab7536add112530bc88c14342b66c1264ff91" "/opt/rustwide/cargo-home/bin/cargo" "+1.100.0-beta.1" "metadata" "--no-deps" "--format-version=1", kill_on_drop: false }`
[INFO] running `Command { std: "docker" "inspect" "39ebb8aea2650e2f8cdc3692243ab7536add112530bc88c14342b66c1264ff91", kill_on_drop: false }`
[INFO] running `Command { std: "docker" "exec" "-e" "SOURCE_DIR=/opt/rustwide/workdir" "-e" "CARGO_HOME=/opt/rustwide/cargo-home" "-e" "RUSTUP_HOME=/opt/rustwide/rustup-home" "-e" "CARGO_TARGET_DIR=/opt/rustwide/target" "-e" "CARGO_INCREMENTAL=0" "-e" "RUST_BACKTRACE=full" "-e" "RUSTFLAGS=--cap-lints=warn" "-e" "RUSTDOCFLAGS=--cap-lints=warn" "-w" "/opt/rustwide/workdir" "--user" "0:0" "39ebb8aea2650e2f8cdc3692243ab7536add112530bc88c14342b66c1264ff91" "/opt/rustwide/cargo-home/bin/cargo" "+1.100.0-beta.1" "build" "--frozen" "--message-format=json" "--release", kill_on_drop: false }`
[INFO] [stderr]    Compiling proc-macro2 v1.0.107
[INFO] [stderr]    Compiling unicode-ident v1.0.24
[INFO] [stderr]    Compiling quote v1.0.47
[INFO] [stderr]    Compiling libc v0.2.186
[INFO] [stderr]    Compiling stable_deref_trait v1.2.1
[INFO] [stderr]    Compiling litemap v0.8.2
[INFO] [stderr]    Compiling writeable v0.6.3
[INFO] [stderr]    Compiling find-msvc-tools v0.1.9
[INFO] [stderr]    Compiling shlex v2.0.1
[INFO] [stderr]    Compiling pkg-config v0.3.33
[INFO] [stderr]    Compiling utf8_iter v1.0.4
[INFO] [stderr]    Compiling icu_normalizer_data v2.2.0
[INFO] [stderr]    Compiling icu_properties_data v2.2.0
[INFO] [stderr]    Compiling vcpkg v0.2.15
[INFO] [stderr]    Compiling smallvec v1.15.2
[INFO] [stderr]    Compiling utf8parse v0.2.2
[INFO] [stderr]    Compiling inotify-sys v0.1.8
[INFO] [stderr]    Compiling anstyle-parse v1.0.0
[INFO] [stderr]    Compiling colorchoice v1.0.5
[INFO] [stderr]    Compiling anstyle-query v1.1.5
[INFO] [stderr]    Compiling is_terminal_polyfill v1.70.2
[INFO] [stderr]    Compiling anstyle v1.0.14
[INFO] [stderr]    Compiling crossbeam-utils v0.8.22
[INFO] [stderr]    Compiling strsim v0.11.1
[INFO] [stderr]    Compiling heck v0.5.0
[INFO] [stderr]    Compiling log v0.4.33
[INFO] [stderr]    Compiling anstream v1.0.0
[INFO] [stderr]    Compiling percent-encoding v2.3.2
[INFO] [stderr]    Compiling clap_lex v1.1.0
[INFO] [stderr]    Compiling form_urlencoded v1.2.2
[INFO] [stderr]    Compiling syn v2.0.119
[INFO] [stderr]    Compiling bitflags v1.3.2
[INFO] [stderr]    Compiling clap_builder v4.6.2
[INFO] [stderr]    Compiling same-file v1.0.6
[INFO] [stderr]    Compiling cfg-if v1.0.4
[INFO] [stderr]    Compiling anyhow v1.0.104
[INFO] [stderr]    Compiling thiserror v1.0.69
[INFO] [stderr]    Compiling walkdir v2.5.0
[INFO] [stderr]    Compiling bitflags v2.13.1
[INFO] [stderr]    Compiling jobserver v0.1.35
[INFO] [stderr]    Compiling roxmltree v0.20.0
[INFO] [stderr]    Compiling filetime v0.2.29
[INFO] [stderr]    Compiling cc v1.3.0
[INFO] [stderr]    Compiling crossbeam-channel v0.5.16
[INFO] [stderr]    Compiling inotify v0.9.6
[INFO] [stderr]    Compiling mio v0.8.11
[INFO] [stderr]    Compiling notify v6.1.1
[INFO] [stderr]    Compiling libz-sys v1.1.29
[INFO] [stderr]    Compiling libgit2-sys v0.17.0+1.8.1
[INFO] [stderr]    Compiling synstructure v0.13.2
[INFO] [stderr]    Compiling zerofrom-derive v0.1.7
[INFO] [stderr]    Compiling yoke-derive v0.8.2
[INFO] [stderr]    Compiling zerofrom v0.1.8
[INFO] [stderr]    Compiling zerovec-derive v0.11.3
[INFO] [stderr]    Compiling displaydoc v0.2.6
[INFO] [stderr]    Compiling clap_derive v4.6.1
[INFO] [stderr]    Compiling thiserror-impl v1.0.69
[INFO] [stderr]    Compiling yoke v0.8.3
[INFO] [stderr]    Compiling zerotrie v0.2.4
[INFO] [stderr]    Compiling zerovec v0.11.6
[INFO] [stderr]    Compiling tinystr v0.8.3
[INFO] [stderr]    Compiling potential_utf v0.1.5
[INFO] [stderr]    Compiling clap v4.6.2
[INFO] [stderr]    Compiling icu_collections v2.2.0
[INFO] [stderr]    Compiling clap_complete v4.6.7
[INFO] [stderr]    Compiling icu_locale_core v2.2.0
[INFO] [stderr]    Compiling icu_provider v2.2.0
[INFO] [stderr]    Compiling icu_properties v2.2.0
[INFO] [stderr]    Compiling icu_normalizer v2.2.0
[INFO] [stderr]    Compiling idna_adapter v1.2.2
[INFO] [stderr]    Compiling idna v1.1.0
[INFO] [stderr]    Compiling url v2.5.8
[INFO] [stderr]    Compiling git2 v0.19.0
[INFO] [stderr]    Compiling cutback v0.1.0 (/opt/rustwide/workdir)
[INFO] [stderr]     Finished `release` profile [optimized] target(s) in 1m 44s
[INFO] running `Command { std: "docker" "inspect" "39ebb8aea2650e2f8cdc3692243ab7536add112530bc88c14342b66c1264ff91", kill_on_drop: false }`
[INFO] running `Command { std: "docker" "exec" "-e" "SOURCE_DIR=/opt/rustwide/workdir" "-e" "CARGO_HOME=/opt/rustwide/cargo-home" "-e" "RUSTUP_HOME=/opt/rustwide/rustup-home" "-e" "CARGO_TARGET_DIR=/opt/rustwide/target" "-e" "CARGO_INCREMENTAL=0" "-e" "RUST_BACKTRACE=full" "-e" "RUSTFLAGS=--cap-lints=warn" "-e" "RUSTDOCFLAGS=--cap-lints=warn" "-w" "/opt/rustwide/workdir" "--user" "0:0" "39ebb8aea2650e2f8cdc3692243ab7536add112530bc88c14342b66c1264ff91" "/opt/rustwide/cargo-home/bin/cargo" "+1.100.0-beta.1" "test" "--frozen" "--no-run" "--message-format=json" "--release", kill_on_drop: false }`
[INFO] [stderr]    Compiling cutback v0.1.0 (/opt/rustwide/workdir)
[INFO] [stderr]     Finished `release` profile [optimized] target(s) in 37.93s
[INFO] running `Command { std: "docker" "inspect" "39ebb8aea2650e2f8cdc3692243ab7536add112530bc88c14342b66c1264ff91", kill_on_drop: false }`
[INFO] running `Command { std: "docker" "exec" "-e" "SOURCE_DIR=/opt/rustwide/workdir" "-e" "CARGO_HOME=/opt/rustwide/cargo-home" "-e" "RUSTUP_HOME=/opt/rustwide/rustup-home" "-e" "CARGO_TARGET_DIR=/opt/rustwide/target" "-e" "CARGO_INCREMENTAL=0" "-e" "RUST_BACKTRACE=full" "-e" "RUSTFLAGS=--cap-lints=warn" "-e" "RUSTDOCFLAGS=--cap-lints=warn" "-w" "/opt/rustwide/workdir" "--user" "0:0" "39ebb8aea2650e2f8cdc3692243ab7536add112530bc88c14342b66c1264ff91" "/opt/rustwide/cargo-home/bin/cargo" "+1.100.0-beta.1" "test" "--frozen" "--release", kill_on_drop: false }`
[INFO] [stderr]     Finished `release` profile [optimized] target(s) in 0.13s
[INFO] [stderr]      Running unittests src/lib.rs (/opt/rustwide/target/release/build/cutback/dc1b546dbe3394d1/out/cutback-dc1b546dbe3394d1)
[INFO] [stdout] 
[INFO] [stdout] running 15 tests
[INFO] [stdout] test term::tests::pad_accounts_for_wide_characters ... ok
[INFO] [stdout] test xml_parser::json_lite::tests::rejects_non_arrays ... ok
[INFO] [stdout] test term::tests::ellipsize_keeps_both_ends ... ok
[INFO] [stdout] test term::tests::ellipsize_leaves_short_text_alone ... ok
[INFO] [stdout] test xml_parser::json_lite::tests::reads_an_empty_array ... ok
[INFO] [stdout] test xml_parser::json_lite::tests::reads_a_real_marker_array ... ok
[INFO] [stdout] test xml_parser::json_lite::tests::handles_escapes_and_unicode ... ok
[INFO] [stdout] test term::tests::width_ignores_escapes ... ok
[INFO] [stdout] test xml_parser::timecode::tests::rejects_garbage ... ok
[INFO] [stdout] test xml_parser::timecode::tests::hours_carry ... ok
[INFO] [stdout] test xml_parser::timecode::tests::bare_frame_count ... ok
[INFO] [stdout] test term::tests::wide_characters_count_double ... ok
[INFO] [stdout] test xml_parser::timecode::tests::clock_time_at_25fps ... ok
[INFO] [stderr]      Running unittests src/main.rs (/opt/rustwide/target/release/build/cutback/7afe793d869ae0b6/out/cutback-7afe793d869ae0b6)
[INFO] [stdout] test xml_parser::timecode::tests::clock_time_at_30fps ... ok
[INFO] [stdout] test xml_parser::timecode::tests::durations_read_like_a_timeline ... ok
[INFO] [stdout] 
[INFO] [stdout] test result: ok. 15 passed; 0 failed; 0 ignored; 0 measured; 0 filtered out; finished in 0.01s
[INFO] [stdout] 
[INFO] [stdout] 
[INFO] [stderr]      Running tests/cli.rs (/opt/rustwide/target/release/build/cutback/fa2c72de6019054e/out/cli-fa2c72de6019054e)
[INFO] [stdout] running 0 tests
[INFO] [stdout] 
[INFO] [stdout] test result: ok. 0 passed; 0 failed; 0 ignored; 0 measured; 0 filtered out; finished in 0.00s
[INFO] [stdout] 
[INFO] [stdout] 
[INFO] [stdout] running 11 tests
[INFO] [stdout] test a_directory_with_no_project_says_so ... FAILED
[INFO] [stdout] test a_directory_with_two_projects_asks_which_one ... FAILED
[INFO] [stdout] test help_and_version_work ... FAILED
[INFO] [stdout] test log_reads_as_sentences ... FAILED
[INFO] [stdout] test log_limit_is_respected ... FAILED
[INFO] [stdout] test branch_and_checkout_round_trip ... FAILED
[INFO] [stdout] test restore_records_the_current_state_first ... FAILED
[INFO] [stdout] test restore_returns_the_exact_original_bytes ... FAILED
[INFO] [stdout] test edits_made_while_not_watching_are_described ... FAILED
[INFO] [stdout] test an_unknown_revision_is_reported_clearly ... FAILED
[INFO] [stdout] test diff_defaults_to_the_last_two_saves ... FAILED
[INFO] [stdout] 
[INFO] [stdout] failures:
[INFO] [stdout] 
[INFO] [stdout] ---- a_directory_with_no_project_says_so stdout ----
[INFO] [stdout] 
[INFO] [stdout] thread 'a_directory_with_no_project_says_so' (1945) panicked at tests/cli.rs:66:10:
[INFO] [stdout] running cutback: Os { code: 2, kind: NotFound, message: "No such file or directory" }
[INFO] [stdout] stack backtrace:
[INFO] [stdout]    0:     0x5f39fdeeb8d5 - <unknown>
[INFO] [stdout]    1:     0x5f39fde9456a - <unknown>
[INFO] [stdout]    2:     0x5f39fdeeaf6b - <unknown>
[INFO] [stdout]    3:     0x5f39fdeeaa4f - <unknown>
[INFO] [stdout]    4:     0x5f39fdeea67a - <unknown>
[INFO] [stdout]    5:     0x5f39fdeea1b5 - <unknown>
[INFO] [stdout]    6:     0x5f39fdf10fe1 - <unknown>
[INFO] [stdout]    7:     0x5f39fdf10f99 - <unknown>
[INFO] [stdout]    8:     0x5f39fdf1149c - <unknown>
[INFO] [stdout]    9:     0x5f39fde943fb - <unknown>
[INFO] [stdout]   10:     0x5f39fde980c1 - <unknown>
[INFO] [stdout]   11:     0x5f39fde881b7 - <unknown>
[INFO] [stdout]   12:     0x5f39fde8d1b4 - <unknown>
[INFO] [stdout]   13:     0x5f39fdf2bc0b - <unknown>
[INFO] [stdout]   14:     0x5f39fdf27bd1 - <unknown>
[INFO] [stdout]   15:     0x5f39fdf273bc - <unknown>
[INFO] [stdout]   16:     0x5f39fdf4705c - <unknown>
[INFO] [stdout]   17:     0x5f39fdf12ba4 - <unknown>
[INFO] [stdout]   18:     0x7a6e20771dfa - <unknown>
[INFO] [stdout]   19:     0x7a6e208053d4 - clone
[INFO] [stdout]   20:                0x0 - <unknown>
[INFO] [stdout] 
[INFO] [stdout] ---- a_directory_with_two_projects_asks_which_one stdout ----
[INFO] [stdout] 
[INFO] [stdout] thread 'a_directory_with_two_projects_asks_which_one' (1946) panicked at tests/cli.rs:66:10:
[INFO] [stdout] running cutback: Os { code: 2, kind: NotFound, message: "No such file or directory" }
[INFO] [stdout] stack backtrace:
[INFO] [stdout]    0:     0x5f39fdeeb8d5 - <unknown>
[INFO] [stdout]    1:     0x5f39fde9456a - <unknown>
[INFO] [stdout]    2:     0x5f39fdeeaf6b - <unknown>
[INFO] [stdout]    3:     0x5f39fdeeaa4f - <unknown>
[INFO] [stdout]    4:     0x5f39fdeea67a - <unknown>
[INFO] [stdout]    5:     0x5f39fdeea1b5 - <unknown>
[INFO] [stdout]    6:     0x5f39fdf10fe1 - <unknown>
[INFO] [stdout]    7:     0x5f39fdf10f99 - <unknown>
[INFO] [stdout]    8:     0x5f39fdf1149c - <unknown>
[INFO] [stdout]    9:     0x5f39fde943fb - <unknown>
[INFO] [stdout]   10:     0x5f39fde980c1 - <unknown>
[INFO] [stdout]   11:     0x5f39fde881b7 - <unknown>
[INFO] [stdout]   12:     0x5f39fde8eca0 - <unknown>
[INFO] [stdout]   13:     0x5f39fdf2bc0b - <unknown>
[INFO] [stdout]   14:     0x5f39fdf27bd1 - <unknown>
[INFO] [stdout]   15:     0x5f39fdf273bc - <unknown>
[INFO] [stdout]   16:     0x5f39fdf4705c - <unknown>
[INFO] [stdout]   17:     0x5f39fdf12ba4 - <unknown>
[INFO] [stdout]   18:     0x7a6e20771dfa - <unknown>
[INFO] [stdout]   19:     0x7a6e208053d4 - clone
[INFO] [stdout]   20:                0x0 - <unknown>
[INFO] [stdout] 
[INFO] [stdout] ---- help_and_version_work stdout ----
[INFO] [stdout] 
[INFO] [stdout] thread 'help_and_version_work' (1951) panicked at tests/cli.rs:66:10:
[INFO] [stdout] running cutback: Os { code: 2, kind: NotFound, message: "No such file or directory" }
[INFO] [stdout] stack backtrace:
[INFO] [stdout]    0:     0x5f39fdeeb8d5 - <unknown>
[INFO] [stdout]    1:     0x5f39fde9456a - <unknown>
[INFO] [stdout]    2:     0x5f39fdeeaf6b - <unknown>
[INFO] [stdout]    3:     0x5f39fdeeaa4f - <unknown>
[INFO] [stdout]    4:     0x5f39fdeea67a - <unknown>
[INFO] [stdout]    5:     0x5f39fdeea1b5 - <unknown>
[INFO] [stdout]    6:     0x5f39fdf10fe1 - <unknown>
[INFO] [stdout]    7:     0x5f39fdf10f99 - <unknown>
[INFO] [stdout]    8:     0x5f39fdf1149c - <unknown>
[INFO] [stdout]    9:     0x5f39fde943fb - <unknown>
[INFO] [stdout]   10:     0x5f39fde980c1 - <unknown>
[INFO] [stdout]   11:     0x5f39fde881b7 - <unknown>
[INFO] [stdout]   12:     0x5f39fde8bd21 - <unknown>
[INFO] [stdout]   13:     0x5f39fdf2bc0b - <unknown>
[INFO] [stdout]   14:     0x5f39fdf27bd1 - <unknown>
[INFO] [stdout]   15:     0x5f39fdf273bc - <unknown>
[INFO] [stdout]   16:     0x5f39fdf4705c - <unknown>
[INFO] [stdout]   17:     0x5f39fdf12ba4 - <unknown>
[INFO] [stdout]   18:     0x7a6e20771dfa - <unknown>
[INFO] [stdout]   19:     0x7a6e208053d4 - clone
[INFO] [stdout]   20:                0x0 - <unknown>
[INFO] [stdout] 
[INFO] [stdout] ---- log_reads_as_sentences stdout ----
[INFO] [stdout] 
[INFO] [stdout] thread 'log_reads_as_sentences' (1956) panicked at tests/cli.rs:66:10:
[INFO] [stdout] running cutback: Os { code: 2, kind: NotFound, message: "No such file or directory" }
[INFO] [stdout] stack backtrace:
[INFO] [stdout]    0:     0x5f39fdeeb8d5 - <unknown>
[INFO] [stdout]    1:     0x5f39fde9456a - <unknown>
[INFO] [stdout]    2:     0x5f39fdeeaf6b - <unknown>
[INFO] [stdout]    3:     0x5f39fdeeaa4f - <unknown>
[INFO] [stdout]    4:     0x5f39fdeea67a - <unknown>
[INFO] [stdout]    5:     0x5f39fdeea1b5 - <unknown>
[INFO] [stdout]    6:     0x5f39fdf10fe1 - <unknown>
[INFO] [stdout]    7:     0x5f39fdf10f99 - <unknown>
[INFO] [stdout]    8:     0x5f39fdf1149c - <unknown>
[INFO] [stdout]    9:     0x5f39fde943fb - <unknown>
[INFO] [stdout]   10:     0x5f39fde980c1 - <unknown>
[INFO] [stdout]   11:     0x5f39fde881b7 - <unknown>
[INFO] [stdout]   12:     0x5f39fde8c0e3 - <unknown>
[INFO] [stdout]   13:     0x5f39fdf2bc0b - <unknown>
[INFO] [stdout]   14:     0x5f39fdf27bd1 - <unknown>
[INFO] [stdout]   15:     0x5f39fdf273bc - <unknown>
[INFO] [stdout]   16:     0x5f39fdf4705c - <unknown>
[INFO] [stdout]   17:     0x5f39fdf12ba4 - <unknown>
[INFO] [stdout]   18:     0x7a6e20771dfa - <unknown>
[INFO] [stdout]   19:     0x7a6e208053d4 - clone
[INFO] [stdout]   20:                0x0 - <unknown>
[INFO] [stdout] 
[INFO] [stdout] ---- log_limit_is_respected stdout ----
[INFO] [stdout] 
[INFO] [stdout] thread 'log_limit_is_respected' (1952) panicked at tests/cli.rs:66:10:
[INFO] [stdout] running cutback: Os { code: 2, kind: NotFound, message: "No such file or directory" }
[INFO] [stdout] stack backtrace:
[INFO] [stdout]    0:     0x5f39fdeeb8d5 - <unknown>
[INFO] [stdout]    1:     0x5f39fde9456a - <unknown>
[INFO] [stdout]    2:     0x5f39fdeeaf6b - <unknown>
[INFO] [stdout]    3:     0x5f39fdeeaa4f - <unknown>
[INFO] [stdout]    4:     0x5f39fdeea67a - <unknown>
[INFO] [stdout]    5:     0x5f39fdeea1b5 - <unknown>
[INFO] [stdout]    6:     0x5f39fdf10fe1 - <unknown>
[INFO] [stdout]    7:     0x5f39fdf10f99 - <unknown>
[INFO] [stdout]    8:     0x5f39fdf1149c - <unknown>
[INFO] [stdout]    9:     0x5f39fde943fb - <unknown>
[INFO] [stdout]   10:     0x5f39fde980c1 - <unknown>
[INFO] [stdout]   11:     0x5f39fde881b7 - <unknown>
[INFO] [stdout]   12:     0x5f39fde8becb - <unknown>
[INFO] [stdout]   13:     0x5f39fdf2bc0b - <unknown>
[INFO] [stdout]   14:     0x5f39fdf27bd1 - <unknown>
[INFO] [stdout]   15:     0x5f39fdf273bc - <unknown>
[INFO] [stdout]   16:     0x5f39fdf4705c - <unknown>
[INFO] [stdout]   17:     0x5f39fdf12ba4 - <unknown>
[INFO] [stdout]   18:     0x7a6e20771dfa - <unknown>
[INFO] [stdout]   19:     0x7a6e208053d4 - clone
[INFO] [stdout]   20:                0x0 - <unknown>
[INFO] [stdout] 
[INFO] [stdout] ---- branch_and_checkout_round_trip stdout ----
[INFO] [stdout] 
[INFO] [stdout] thread 'branch_and_checkout_round_trip' (1948) panicked at tests/cli.rs:66:10:
[INFO] [stdout] running cutback: Os { code: 2, kind: NotFound, message: "No such file or directory" }
[INFO] [stdout] stack backtrace:
[INFO] [stdout]    0:     0x5f39fdeeb8d5 - <unknown>
[INFO] [stdout]    1:     0x5f39fde9456a - <unknown>
[INFO] [stdout]    2:     0x5f39fdeeaf6b - <unknown>
[INFO] [stdout]    3:     0x5f39fdeeaa4f - <unknown>
[INFO] [stdout]    4:     0x5f39fdeea67a - <unknown>
[INFO] [stdout]    5:     0x5f39fdeea1b5 - <unknown>
[INFO] [stdout]    6:     0x5f39fdf10fe1 - <unknown>
[INFO] [stdout]    7:     0x5f39fdf10f99 - <unknown>
[INFO] [stdout]    8:     0x5f39fdf1149c - <unknown>
[INFO] [stdout]    9:     0x5f39fde943fb - <unknown>
[INFO] [stdout]   10:     0x5f39fde980c1 - <unknown>
[INFO] [stdout]   11:     0x5f39fde881b7 - <unknown>
[INFO] [stdout]   12:     0x5f39fde8c4ef - <unknown>
[INFO] [stdout]   13:     0x5f39fdf2bc0b - <unknown>
[INFO] [stdout]   14:     0x5f39fdf27bd1 - <unknown>
[INFO] [stdout]   15:     0x5f39fdf273bc - <unknown>
[INFO] [stdout]   16:     0x5f39fdf4705c - <unknown>
[INFO] [stdout]   17:     0x5f39fdf12ba4 - <unknown>
[INFO] [stdout]   18:     0x7a6e20771dfa - <unknown>
[INFO] [stdout]   19:     0x7a6e208053d4 - clone
[INFO] [stdout]   20:                0x0 - <unknown>
[INFO] [stdout] 
[INFO] [stdout] ---- restore_records_the_current_state_first stdout ----
[INFO] [stdout] 
[INFO] [stdout] thread 'restore_records_the_current_state_first' (1957) panicked at tests/cli.rs:66:10:
[INFO] [stdout] running cutback: Os { code: 2, kind: NotFound, message: "No such file or directory" }
[INFO] [stdout] stack backtrace:
[INFO] [stdout]    0:     0x5f39fdeeb8d5 - <unknown>
[INFO] [stdout]    1:     0x5f39fde9456a - <unknown>
[INFO] [stdout]    2:     0x5f39fdeeaf6b - <unknown>
[INFO] [stdout]    3:     0x5f39fdeeaa4f - <unknown>
[INFO] [stdout]    4:     0x5f39fdeea67a - <unknown>
[INFO] [stdout]    5:     0x5f39fdeea1b5 - <unknown>
[INFO] [stdout]    6:     0x5f39fdf10fe1 - <unknown>
[INFO] [stdout]    7:     0x5f39fdf10f99 - <unknown>
[INFO] [stdout]    8:     0x5f39fdf1149c - <unknown>
[INFO] [stdout]    9:     0x5f39fde943fb - <unknown>
[INFO] [stdout]   10:     0x5f39fde980c1 - <unknown>
[INFO] [stdout]   11:     0x5f39fde881b7 - <unknown>
[INFO] [stdout]   12:     0x5f39fde8d8ec - <unknown>
[INFO] [stdout]   13:     0x5f39fdf2bc0b - <unknown>
[INFO] [stdout]   14:     0x5f39fdf27bd1 - <unknown>
[INFO] [stdout]   15:     0x5f39fdf273bc - <unknown>
[INFO] [stdout]   16:     0x5f39fdf4705c - <unknown>
[INFO] [stdout]   17:     0x5f39fdf12ba4 - <unknown>
[INFO] [stdout]   18:     0x7a6e20771dfa - <unknown>
[INFO] [stdout]   19:     0x7a6e208053d4 - clone
[INFO] [stdout]   20:                0x0 - <unknown>
[INFO] [stdout] 
[INFO] [stdout] ---- restore_returns_the_exact_original_bytes stdout ----
[INFO] [stdout] 
[INFO] [stdout] thread 'restore_returns_the_exact_original_bytes' (1958) panicked at tests/cli.rs:66:10:
[INFO] [stdout] running cutback: Os { code: 2, kind: NotFound, message: "No such file or directory" }
[INFO] [stdout] stack backtrace:
[INFO] [stdout]    0:     0x5f39fdeeb8d5 - <unknown>
[INFO] [stdout]    1:     0x5f39fde9456a - <unknown>
[INFO] [stdout]    2:     0x5f39fdeeaf6b - <unknown>
[INFO] [stdout]    3:     0x5f39fdeeaa4f - <unknown>
[INFO] [stdout]    4:     0x5f39fdeea67a - <unknown>
[INFO] [stdout]    5:     0x5f39fdeea1b5 - <unknown>
[INFO] [stdout]    6:     0x5f39fdf10fe1 - <unknown>
[INFO] [stdout]    7:     0x5f39fdf10f99 - <unknown>
[INFO] [stdout]    8:     0x5f39fdf1149c - <unknown>
[INFO] [stdout]    9:     0x5f39fde943fb - <unknown>
[INFO] [stdout]   10:     0x5f39fde980c1 - <unknown>
[INFO] [stdout]   11:     0x5f39fde881b7 - <unknown>
[INFO] [stdout]   12:     0x5f39fde89f04 - <unknown>
[INFO] [stdout]   13:     0x5f39fde8ddb7 - <unknown>
[INFO] [stdout]   14:     0x5f39fdf2bc0b - <unknown>
[INFO] [stdout]   15:     0x5f39fdf27bd1 - <unknown>
[INFO] [stdout]   16:     0x5f39fdf273bc - <unknown>
[INFO] [stdout]   17:     0x5f39fdf4705c - <unknown>
[INFO] [stdout]   18:     0x5f39fdf12ba4 - <unknown>
[INFO] [stdout]   19:     0x7a6e20771dfa - <unknown>
[INFO] [stdout]   20:     0x7a6e208053d4 - clone
[INFO] [stdout]   21:                0x0 - <unknown>
[INFO] [stdout] 
[INFO] [stdout] ---- edits_made_while_not_watching_are_described stdout ----
[INFO] [stdout] 
[INFO] [stdout] thread 'edits_made_while_not_watching_are_described' (1950) panicked at tests/cli.rs:227:10:
[INFO] [stdout] spawn watch: Os { code: 2, kind: NotFound, message: "No such file or directory" }
[INFO] [stdout] stack backtrace:
[INFO] [stdout]    0:     0x5f39fdeeb8d5 - <unknown>
[INFO] [stdout]    1:     0x5f39fde9456a - <unknown>
[INFO] [stdout]    2:     0x5f39fdeeaf6b - <unknown>
[INFO] [stdout]    3:     0x5f39fdeeaa4f - <unknown>
[INFO] [stdout]    4:     0x5f39fdeea67a - <unknown>
[INFO] [stdout]    5:     0x5f39fdeea1b5 - <unknown>
[INFO] [stdout]    6:     0x5f39fdf10fe1 - <unknown>
[INFO] [stdout]    7:     0x5f39fdf10f99 - <unknown>
[INFO] [stdout]    8:     0x5f39fdf1149c - <unknown>
[INFO] [stdout]    9:     0x5f39fde943fb - <unknown>
[INFO] [stdout]   10:     0x5f39fde980c1 - <unknown>
[INFO] [stdout]   11:     0x5f39fde8e95f - <unknown>
[INFO] [stdout]   12:     0x5f39fdf2bc0b - <unknown>
[INFO] [stdout]   13:     0x5f39fdf27bd1 - <unknown>
[INFO] [stdout]   14:     0x5f39fdf273bc - <unknown>
[INFO] [stdout]   15:     0x5f39fdf4705c - <unknown>
[INFO] [stdout]   16:     0x5f39fdf12ba4 - <unknown>
[INFO] [stdout]   17:     0x7a6e20771dfa - <unknown>
[INFO] [stdout]   18:     0x7a6e208053d4 - clone
[INFO] [stdout]   19:                0x0 - <unknown>
[INFO] [stdout] 
[INFO] [stdout] ---- an_unknown_revision_is_reported_clearly stdout ----
[INFO] [stdout] 
[INFO] [stdout] thread 'an_unknown_revision_is_reported_clearly' (1947) panicked at tests/cli.rs:66:10:
[INFO] [stdout] running cutback: Os { code: 2, kind: NotFound, message: "No such file or directory" }
[INFO] [stdout] stack backtrace:
[INFO] [stdout]    0:     0x5f39fdeeb8d5 - <unknown>
[INFO] [stdout]    1:     0x5f39fde9456a - <unknown>
[INFO] [stdout]    2:     0x5f39fdeeaf6b - <unknown>
[INFO] [stdout]    3:     0x5f39fdeeaa4f - <unknown>
[INFO] [stdout]    4:     0x5f39fdeea67a - <unknown>
[INFO] [stdout]    5:     0x5f39fdeea1b5 - <unknown>
[INFO] [stdout]    6:     0x5f39fdf10fe1 - <unknown>
[INFO] [stdout]    7:     0x5f39fdf10f99 - <unknown>
[INFO] [stdout]    8:     0x5f39fdf1149c - <unknown>
[INFO] [stdout]    9:     0x5f39fde943fb - <unknown>
[INFO] [stdout]   10:     0x5f39fde980c1 - <unknown>
[INFO] [stdout]   11:     0x5f39fde881b7 - <unknown>
[INFO] [stdout]   12:     0x5f39fde8d6be - <unknown>
[INFO] [stdout]   13:     0x5f39fdf2bc0b - <unknown>
[INFO] [stdout]   14:     0x5f39fdf27bd1 - <unknown>
[INFO] [stdout]   15:     0x5f39fdf273bc - <unknown>
[INFO] [stdout]   16:     0x5f39fdf4705c - <unknown>
[INFO] [stdout]   17:     0x5f39fdf12ba4 - <unknown>
[INFO] [stdout]   18:     0x7a6e20771dfa - <unknown>
[INFO] [stdout]   19:     0x7a6e208053d4 - clone
[INFO] [stdout]   20:                0x0 - <unknown>
[INFO] [stdout] 
[INFO] [stdout] ---- diff_defaults_to_the_last_two_saves stdout ----
[INFO] [stdout] 
[INFO] [stdout] thread 'diff_defaults_to_the_last_two_saves' (1949) panicked at tests/cli.rs:66:10:
[INFO] [stdout] running cutback: Os { code: 2, kind: NotFound, message: "No such file or directory" }
[INFO] [stdout] stack backtrace:
[INFO] [stdout]    0:     0x5f39fdeeb8d5 - <unknown>
[INFO] [stdout]    1:     0x5f39fde9456a - <unknown>
[INFO] [stdout]    2:     0x5f39fdeeaf6b - <unknown>
[INFO] [stdout]    3:     0x5f39fdeeaa4f - <unknown>
[INFO] [stdout]    4:     0x5f39fdeea67a - <unknown>
[INFO] [stdout]    5:     0x5f39fdeea1b5 - <unknown>
[INFO] [stdout]    6:     0x5f39fdf10fe1 - <unknown>
[INFO] [stdout]    7:     0x5f39fdf10f99 - <unknown>
[INFO] [stdout]    8:     0x5f39fdf1149c - <unknown>
[INFO] [stdout]    9:     0x5f39fde943fb - <unknown>
[INFO] [stdout]   10:     0x5f39fde980c1 - <unknown>
[INFO] [stdout]   11:     0x5f39fde881b7 - <unknown>
[INFO] [stdout]   12:     0x5f39fde8d396 - <unknown>
[INFO] [stdout]   13:     0x5f39fdf2bc0b - <unknown>
[INFO] [stdout]   14:     0x5f39fdf27bd1 - <unknown>
[INFO] [stdout]   15:     0x5f39fdf273bc - <unknown>
[INFO] [stdout]   16:     0x5f39fdf4705c - <unknown>
[INFO] [stdout]   17:     0x5f39fdf12ba4 - <unknown>
[INFO] [stdout]   18:     0x7a6e20771dfa - <unknown>
[INFO] [stdout]   19:     0x7a6e208053d4 - clone
[INFO] [stdout]   20:                0x0 - <unknown>
[INFO] [stdout] 
[INFO] [stdout] 
[INFO] [stdout] failures:
[INFO] [stdout]     a_directory_with_no_project_says_so
[INFO] [stdout]     a_directory_with_two_projects_asks_which_one
[INFO] [stdout]     an_unknown_revision_is_reported_clearly
[INFO] [stdout]     branch_and_checkout_round_trip
[INFO] [stdout]     diff_defaults_to_the_last_two_saves
[INFO] [stdout]     edits_made_while_not_watching_are_described
[INFO] [stdout]     help_and_version_work
[INFO] [stdout]     log_limit_is_respected
[INFO] [stdout]     log_reads_as_sentences
[INFO] [stdout]     restore_records_the_current_state_first
[INFO] [stdout]     restore_returns_the_exact_original_bytes
[INFO] [stdout] 
[INFO] [stdout] test result: FAILED. 0 passed; 11 failed; 0 ignored; 0 measured; 0 filtered out; finished in 0.06s
[INFO] [stdout] 
[INFO] [stderr] error: test failed, to rerun pass `--test cli`
[INFO] running `Command { std: "docker" "inspect" "39ebb8aea2650e2f8cdc3692243ab7536add112530bc88c14342b66c1264ff91", kill_on_drop: false }`
[INFO] running `Command { std: "docker" "rm" "-f" "39ebb8aea2650e2f8cdc3692243ab7536add112530bc88c14342b66c1264ff91", kill_on_drop: false }`
[INFO] [stdout] 39ebb8aea2650e2f8cdc3692243ab7536add112530bc88c14342b66c1264ff91
