[INFO] cloning repository https://github.com/vthib/ripit
[INFO] running `Command { std: "git" "-c" "credential.helper=" "-c" "credential.helper=/workspace/cargo-home/bin/git-credential-null" "clone" "--bare" "https://github.com/vthib/ripit" "/workspace/cache/git-repos/https%3A%2F%2Fgithub.com%2Fvthib%2Fripit", kill_on_drop: false }`
[INFO] [stderr] Cloning into bare repository '/workspace/cache/git-repos/https%3A%2F%2Fgithub.com%2Fvthib%2Fripit'...
[INFO] running `Command { std: "git" "rev-parse" "HEAD", kill_on_drop: false }`
[INFO] [stdout] 07e1f426dce05d1795af80907865ecd8560e0b6a
[INFO] testing vthib/ripit against 1.100.0-beta.1+cargoflags=--release for beta-release-1.100-3
[INFO] running `Command { std: "git" "clone" "/workspace/cache/git-repos/https%3A%2F%2Fgithub.com%2Fvthib%2Fripit" "/workspace/builds/worker-3-tc2/source", kill_on_drop: false }`
[INFO] [stderr] Cloning into '/workspace/builds/worker-3-tc2/source'...
[INFO] [stderr] done.
[INFO] started tweaking git repo https://github.com/vthib/ripit
[INFO] finished tweaking git repo https://github.com/vthib/ripit
[INFO] tweaked toml for git repo https://github.com/vthib/ripit written to /workspace/builds/worker-3-tc2/source/Cargo.toml
[INFO] validating manifest of git repo https://github.com/vthib/ripit on toolchain 1.100.0-beta.1
[INFO] running `Command { std: CARGO_HOME="/workspace/cargo-home" RUSTUP_HOME="/workspace/rustup-home" "/workspace/cargo-home/bin/cargo" "+1.100.0-beta.1" "metadata" "--manifest-path" "Cargo.toml" "--no-deps", kill_on_drop: false }`
[INFO] crate git repo https://github.com/vthib/ripit already has a lockfile, it will not be regenerated
[INFO] running `Command { std: CARGO_HOME="/workspace/cargo-home" RUSTUP_HOME="/workspace/rustup-home" "/workspace/cargo-home/bin/cargo" "+1.100.0-beta.1" "fetch" "--manifest-path" "Cargo.toml", kill_on_drop: false }`
[INFO] running `Command { std: "docker" "create" "-v" "/var/lib/crater-agent-workspace/builds/worker-3-tc2/source:/opt/rustwide/workdir:ro,Z" "-v" "/var/lib/crater-agent-workspace/builds/worker-3-tc2/target:/opt/rustwide/target:rw,Z" "-v" "/var/lib/crater-agent-workspace/cargo-home:/opt/rustwide/cargo-home:ro,Z" "-v" "/var/lib/crater-agent-workspace/rustup-home:/opt/rustwide/rustup-home:ro,Z" "-m" "1610612736" "--network" "none" "ghcr.io/rust-lang/crates-build-env/linux@sha256:77db811e55d90add9212f6832c23229e3de5f1c1f9905e8cb07319ea15df73ac" "sleep" "infinity", kill_on_drop: false }`
[INFO] [stdout] 2dfc00733d3b11d7fee5b0d1fc182feb87aa7698f017878ff9f8ad99e6454234
[INFO] running `Command { std: "docker" "start" "2dfc00733d3b11d7fee5b0d1fc182feb87aa7698f017878ff9f8ad99e6454234", kill_on_drop: false }`
[INFO] running `Command { std: "docker" "inspect" "2dfc00733d3b11d7fee5b0d1fc182feb87aa7698f017878ff9f8ad99e6454234", kill_on_drop: false }`
[INFO] running `Command { std: "docker" "exec" "-e" "SOURCE_DIR=/opt/rustwide/workdir" "-e" "CARGO_HOME=/opt/rustwide/cargo-home" "-e" "RUSTUP_HOME=/opt/rustwide/rustup-home" "-e" "CARGO_TARGET_DIR=/opt/rustwide/target" "-w" "/opt/rustwide/workdir" "--user" "0:0" "2dfc00733d3b11d7fee5b0d1fc182feb87aa7698f017878ff9f8ad99e6454234" "/opt/rustwide/cargo-home/bin/cargo" "+1.100.0-beta.1" "metadata" "--no-deps" "--format-version=1", kill_on_drop: false }`
[INFO] running `Command { std: "docker" "inspect" "2dfc00733d3b11d7fee5b0d1fc182feb87aa7698f017878ff9f8ad99e6454234", kill_on_drop: false }`
[INFO] running `Command { std: "docker" "exec" "-e" "SOURCE_DIR=/opt/rustwide/workdir" "-e" "CARGO_HOME=/opt/rustwide/cargo-home" "-e" "RUSTUP_HOME=/opt/rustwide/rustup-home" "-e" "CARGO_TARGET_DIR=/opt/rustwide/target" "-e" "CARGO_INCREMENTAL=0" "-e" "RUST_BACKTRACE=full" "-e" "RUSTFLAGS=--cap-lints=warn" "-e" "RUSTDOCFLAGS=--cap-lints=warn" "-w" "/opt/rustwide/workdir" "--user" "0:0" "2dfc00733d3b11d7fee5b0d1fc182feb87aa7698f017878ff9f8ad99e6454234" "/opt/rustwide/cargo-home/bin/cargo" "+1.100.0-beta.1" "build" "--frozen" "--message-format=json" "--release", kill_on_drop: false }`
[INFO] [stderr]    Compiling libc v0.2.139
[INFO] [stderr]    Compiling pkg-config v0.3.26
[INFO] [stderr]    Compiling autocfg v1.1.0
[INFO] [stderr]    Compiling proc-macro2 v1.0.49
[INFO] [stderr]    Compiling unicode-ident v1.0.6
[INFO] [stderr]    Compiling quote v1.0.23
[INFO] [stderr]    Compiling io-lifetimes v1.0.3
[INFO] [stderr]    Compiling tinyvec_macros v0.1.0
[INFO] [stderr]    Compiling syn v1.0.107
[INFO] [stderr]    Compiling memchr v2.5.0
[INFO] [stderr]    Compiling serde_derive v1.0.152
[INFO] [stderr]    Compiling rustix v0.36.6
[INFO] [stderr]    Compiling bitflags v1.3.2
[INFO] [stderr]    Compiling unicode-bidi v0.3.8
[INFO] [stderr]    Compiling serde v1.0.152
[INFO] [stderr]    Compiling linux-raw-sys v0.1.4
[INFO] [stderr]    Compiling tinyvec v1.6.0
[INFO] [stderr]    Compiling log v0.4.17
[INFO] [stderr]    Compiling percent-encoding v2.2.0
[INFO] [stderr]    Compiling os_str_bytes v6.4.1
[INFO] [stderr]    Compiling unsafe-libyaml v0.2.5
[INFO] [stderr]    Compiling indexmap v1.9.2
[INFO] [stderr]    Compiling form_urlencoded v1.1.0
[INFO] [stderr]    Compiling clap_lex v0.3.0
[INFO] [stderr]    Compiling itoa v1.0.5
[INFO] [stderr]    Compiling termcolor v1.1.3
[INFO] [stderr]    Compiling regex-syntax v0.6.28
[INFO] [stderr]    Compiling ryu v1.0.12
[INFO] [stderr]    Compiling strsim v0.10.0
[INFO] [stderr]    Compiling unicode-normalization v0.1.22
[INFO] [stderr]    Compiling aho-corasick v0.7.20
[INFO] [stderr]    Compiling idna v0.3.0
[INFO] [stderr]    Compiling jobserver v0.1.25
[INFO] [stderr]    Compiling cc v1.0.78
[INFO] [stderr]    Compiling url v2.3.1
[INFO] [stderr]    Compiling is-terminal v0.4.2
[INFO] [stderr]    Compiling clap v4.0.32
[INFO] [stderr]    Compiling openssl-sys v0.9.80
[INFO] [stderr]    Compiling libz-sys v1.1.8
[INFO] [stderr]    Compiling libssh2-sys v0.2.23
[INFO] [stderr]    Compiling libgit2-sys v0.14.0+1.5.0
[INFO] [stderr]    Compiling regex v1.7.0
[INFO] [stderr]    Compiling serde_yaml v0.9.16
[INFO] [stderr]    Compiling git2 v0.15.0
[INFO] [stderr]    Compiling ripit v1.0.0 (/opt/rustwide/workdir)
[INFO] [stdout] warning: hiding a lifetime that's elided elsewhere is confusing
[INFO] [stdout]    --> src/commits_map.rs:100:16
[INFO] [stdout]     |
[INFO] [stdout] 100 |     pub fn get(&self, oid: git2::Oid) -> Option<&SyncedCommit> {
[INFO] [stdout]     |                ^^^^^                            ^^^^^^^^^^^^^
[INFO] [stdout]     |                |                                ||
[INFO] [stdout]     |                |                                |the same lifetime is hidden here
[INFO] [stdout]     |                |                                the same lifetime is elided here
[INFO] [stdout]     |                the lifetime is elided here
[INFO] [stdout]     |
[INFO] [stdout]     = help: the same lifetime is referred to in inconsistent ways, making the signature confusing
[INFO] [stdout]     = note: `#[warn(mismatched_lifetime_syntaxes)]` on by default
[INFO] [stdout] help: use `'_` for type paths
[INFO] [stdout]     |
[INFO] [stdout] 100 |     pub fn get(&self, oid: git2::Oid) -> Option<&SyncedCommit<'_>> {
[INFO] [stdout]     |                                                              ++++
[INFO] [stdout] 
[INFO] [stdout] 
[INFO] [stderr]     Finished `release` profile [optimized] target(s) in 1m 11s
[INFO] running `Command { std: "docker" "inspect" "2dfc00733d3b11d7fee5b0d1fc182feb87aa7698f017878ff9f8ad99e6454234", kill_on_drop: false }`
[INFO] running `Command { std: "docker" "exec" "-e" "SOURCE_DIR=/opt/rustwide/workdir" "-e" "CARGO_HOME=/opt/rustwide/cargo-home" "-e" "RUSTUP_HOME=/opt/rustwide/rustup-home" "-e" "CARGO_TARGET_DIR=/opt/rustwide/target" "-e" "CARGO_INCREMENTAL=0" "-e" "RUST_BACKTRACE=full" "-e" "RUSTFLAGS=--cap-lints=warn" "-e" "RUSTDOCFLAGS=--cap-lints=warn" "-w" "/opt/rustwide/workdir" "--user" "0:0" "2dfc00733d3b11d7fee5b0d1fc182feb87aa7698f017878ff9f8ad99e6454234" "/opt/rustwide/cargo-home/bin/cargo" "+1.100.0-beta.1" "test" "--frozen" "--no-run" "--message-format=json" "--release", kill_on_drop: false }`
[INFO] [stderr]    Compiling fastrand v1.8.0
[INFO] [stderr]    Compiling remove_dir_all v0.5.3
[INFO] [stdout] warning: hiding a lifetime that's elided elsewhere is confusing
[INFO] [stdout]    --> src/commits_map.rs:100:16
[INFO] [stdout]     |
[INFO] [stdout] 100 |     pub fn get(&self, oid: git2::Oid) -> Option<&SyncedCommit> {
[INFO] [stdout]     |                ^^^^^                            ^^^^^^^^^^^^^
[INFO] [stdout]     |                |                                ||
[INFO] [stdout]     |                |                                |the same lifetime is hidden here
[INFO] [stdout]     |                |                                the same lifetime is elided here
[INFO] [stdout]     |                the lifetime is elided here
[INFO] [stdout]     |
[INFO] [stdout]     = help: the same lifetime is referred to in inconsistent ways, making the signature confusing
[INFO] [stdout]     = note: `#[warn(mismatched_lifetime_syntaxes)]` on by default
[INFO] [stdout] help: use `'_` for type paths
[INFO] [stdout]     |
[INFO] [stdout] 100 |     pub fn get(&self, oid: git2::Oid) -> Option<&SyncedCommit<'_>> {
[INFO] [stdout]     |                                                              ++++
[INFO] [stdout] 
[INFO] [stdout] 
[INFO] [stderr]    Compiling tempfile v3.3.0
[INFO] [stderr]    Compiling ripit v1.0.0 (/opt/rustwide/workdir)
[INFO] [stdout] warning: hiding a lifetime that's elided elsewhere is confusing
[INFO] [stdout]   --> tests/env/mod.rs:54:22
[INFO] [stdout]    |
[INFO] [stdout] 54 |     pub fn do_commit(&self, msg: &str) -> git2::Commit {
[INFO] [stdout]    |                      ^^^^^                ^^^^^^^^^^^^ the same lifetime is hidden here
[INFO] [stdout]    |                      |
[INFO] [stdout]    |                      the lifetime is elided here
[INFO] [stdout]    |
[INFO] [stdout]    = help: the same lifetime is referred to in inconsistent ways, making the signature confusing
[INFO] [stdout]    = note: `#[warn(mismatched_lifetime_syntaxes)]` on by default
[INFO] [stdout] help: use `'_` for type paths
[INFO] [stdout]    |
[INFO] [stdout] 54 |     pub fn do_commit(&self, msg: &str) -> git2::Commit<'_> {
[INFO] [stdout]    |                                                       ++++
[INFO] [stdout] 
[INFO] [stdout] 
[INFO] [stdout] warning: hiding a lifetime that's elided elsewhere is confusing
[INFO] [stdout]   --> tests/env/mod.rs:86:24
[INFO] [stdout]    |
[INFO] [stdout] 86 |     pub fn commit_file(&self, filename: &str, commit_msg: &str) -> git2::Commit {
[INFO] [stdout]    |                        ^^^^^ the lifetime is elided here           ^^^^^^^^^^^^ the same lifetime is hidden here
[INFO] [stdout]    |
[INFO] [stdout]    = help: the same lifetime is referred to in inconsistent ways, making the signature confusing
[INFO] [stdout] help: use `'_` for type paths
[INFO] [stdout]    |
[INFO] [stdout] 86 |     pub fn commit_file(&self, filename: &str, commit_msg: &str) -> git2::Commit<'_> {
[INFO] [stdout]    |                                                                                ++++
[INFO] [stdout] 
[INFO] [stdout] 
[INFO] [stdout] warning: hiding a lifetime that's elided elsewhere is confusing
[INFO] [stdout]   --> tests/env/mod.rs:91:40
[INFO] [stdout]    |
[INFO] [stdout] 91 |     pub fn resolve_conflict_and_commit(&self, filename: &str) -> git2::Commit {
[INFO] [stdout]    |                                        ^^^^^                     ^^^^^^^^^^^^ the same lifetime is hidden here
[INFO] [stdout]    |                                        |
[INFO] [stdout]    |                                        the lifetime is elided here
[INFO] [stdout]    |
[INFO] [stdout]    = help: the same lifetime is referred to in inconsistent ways, making the signature confusing
[INFO] [stdout] help: use `'_` for type paths
[INFO] [stdout]    |
[INFO] [stdout] 91 |     pub fn resolve_conflict_and_commit(&self, filename: &str) -> git2::Commit<'_> {
[INFO] [stdout]    |                                                                              ++++
[INFO] [stdout] 
[INFO] [stdout] 
[INFO] [stdout] warning: hiding a lifetime that's elided elsewhere is confusing
[INFO] [stdout]    --> tests/env/mod.rs:117:28
[INFO] [stdout]     |
[INFO] [stdout] 117 |     fn commit_file_and_tag(&self, filename: &str, tag: &str) -> git2::Commit {
[INFO] [stdout]     |                            ^^^^^ the lifetime is elided here    ^^^^^^^^^^^^ the same lifetime is hidden here
[INFO] [stdout]     |
[INFO] [stdout]     = help: the same lifetime is referred to in inconsistent ways, making the signature confusing
[INFO] [stdout] help: use `'_` for type paths
[INFO] [stdout]     |
[INFO] [stdout] 117 |     fn commit_file_and_tag(&self, filename: &str, tag: &str) -> git2::Commit<'_> {
[INFO] [stdout]     |                                                                             ++++
[INFO] [stdout] 
[INFO] [stdout] 
[INFO] [stdout] warning: hiding a lifetime that's elided elsewhere is confusing
[INFO] [stdout]    --> tests/env/mod.rs:140:24
[INFO] [stdout]     |
[INFO] [stdout] 140 |     fn do_merge_commit(&self, theirs: &git2::Commit, content: &str) -> git2::Commit {
[INFO] [stdout]     |                        ^^^^^ the lifetime is elided here               ^^^^^^^^^^^^ the same lifetime is hidden here
[INFO] [stdout]     |
[INFO] [stdout]     = help: the same lifetime is referred to in inconsistent ways, making the signature confusing
[INFO] [stdout] help: use `'_` for type paths
[INFO] [stdout]     |
[INFO] [stdout] 140 |     fn do_merge_commit(&self, theirs: &git2::Commit, content: &str) -> git2::Commit<'_> {
[INFO] [stdout]     |                                                                                    ++++
[INFO] [stdout] 
[INFO] [stdout] 
[INFO] [stdout] warning: hiding a lifetime that's elided elsewhere is confusing
[INFO] [stdout]    --> tests/env/mod.rs:192:17
[INFO] [stdout]     |
[INFO] [stdout] 192 |     fn do_merge(&self, theirs: &git2::Commit, content: &str) -> git2::Commit {
[INFO] [stdout]     |                 ^^^^^ the lifetime is elided here               ^^^^^^^^^^^^ the same lifetime is hidden here
[INFO] [stdout]     |
[INFO] [stdout]     = help: the same lifetime is referred to in inconsistent ways, making the signature confusing
[INFO] [stdout] help: use `'_` for type paths
[INFO] [stdout]     |
[INFO] [stdout] 192 |     fn do_merge(&self, theirs: &git2::Commit, content: &str) -> git2::Commit<'_> {
[INFO] [stdout]     |                                                                             ++++
[INFO] [stdout] 
[INFO] [stdout] 
[INFO] [stdout] warning: hiding a lifetime that's elided elsewhere is confusing
[INFO] [stdout]    --> src/commits_map.rs:100:16
[INFO] [stdout]     |
[INFO] [stdout] 100 |     pub fn get(&self, oid: git2::Oid) -> Option<&SyncedCommit> {
[INFO] [stdout]     |                ^^^^^                            ^^^^^^^^^^^^^
[INFO] [stdout]     |                |                                ||
[INFO] [stdout]     |                |                                |the same lifetime is hidden here
[INFO] [stdout]     |                |                                the same lifetime is elided here
[INFO] [stdout]     |                the lifetime is elided here
[INFO] [stdout]     |
[INFO] [stdout]     = help: the same lifetime is referred to in inconsistent ways, making the signature confusing
[INFO] [stdout]     = note: `#[warn(mismatched_lifetime_syntaxes)]` on by default
[INFO] [stdout] help: use `'_` for type paths
[INFO] [stdout]     |
[INFO] [stdout] 100 |     pub fn get(&self, oid: git2::Oid) -> Option<&SyncedCommit<'_>> {
[INFO] [stdout]     |                                                              ++++
[INFO] [stdout] 
[INFO] [stdout] 
[INFO] [stderr]     Finished `release` profile [optimized] target(s) in 2.70s
[INFO] running `Command { std: "docker" "inspect" "2dfc00733d3b11d7fee5b0d1fc182feb87aa7698f017878ff9f8ad99e6454234", kill_on_drop: false }`
[INFO] running `Command { std: "docker" "exec" "-e" "SOURCE_DIR=/opt/rustwide/workdir" "-e" "CARGO_HOME=/opt/rustwide/cargo-home" "-e" "RUSTUP_HOME=/opt/rustwide/rustup-home" "-e" "CARGO_TARGET_DIR=/opt/rustwide/target" "-e" "CARGO_INCREMENTAL=0" "-e" "RUST_BACKTRACE=full" "-e" "RUSTFLAGS=--cap-lints=warn" "-e" "RUSTDOCFLAGS=--cap-lints=warn" "-w" "/opt/rustwide/workdir" "--user" "0:0" "2dfc00733d3b11d7fee5b0d1fc182feb87aa7698f017878ff9f8ad99e6454234" "/opt/rustwide/cargo-home/bin/cargo" "+1.100.0-beta.1" "test" "--frozen" "--release", kill_on_drop: false }`
[INFO] [stderr] warning: hiding a lifetime that's elided elsewhere is confusing
[INFO] [stderr]    --> src/commits_map.rs:100:16
[INFO] [stderr]     |
[INFO] [stderr] 100 |     pub fn get(&self, oid: git2::Oid) -> Option<&SyncedCommit> {
[INFO] [stderr]     |                ^^^^^                            ^^^^^^^^^^^^^
[INFO] [stderr]     |                |                                ||
[INFO] [stderr]     |                |                                |the same lifetime is hidden here
[INFO] [stderr]     |                |                                the same lifetime is elided here
[INFO] [stderr]     |                the lifetime is elided here
[INFO] [stderr]     |
[INFO] [stderr]     = help: the same lifetime is referred to in inconsistent ways, making the signature confusing
[INFO] [stderr]     = note: `#[warn(mismatched_lifetime_syntaxes)]` on by default
[INFO] [stderr] help: use `'_` for type paths
[INFO] [stderr]     |
[INFO] [stderr] 100 |     pub fn get(&self, oid: git2::Oid) -> Option<&SyncedCommit<'_>> {
[INFO] [stderr]     |                                                              ++++
[INFO] [stderr] 
[INFO] [stderr] warning: hiding a lifetime that's elided elsewhere is confusing
[INFO] [stderr]   --> tests/env/mod.rs:54:22
[INFO] [stderr]    |
[INFO] [stderr] 54 |     pub fn do_commit(&self, msg: &str) -> git2::Commit {
[INFO] [stderr]    |                      ^^^^^                ^^^^^^^^^^^^ the same lifetime is hidden here
[INFO] [stderr]    |                      |
[INFO] [stderr]    |                      the lifetime is elided here
[INFO] [stderr]    |
[INFO] [stderr]    = help: the same lifetime is referred to in inconsistent ways, making the signature confusing
[INFO] [stderr]    = note: `#[warn(mismatched_lifetime_syntaxes)]` on by default
[INFO] [stderr] help: use `'_` for type paths
[INFO] [stderr]    |
[INFO] [stderr] 54 |     pub fn do_commit(&self, msg: &str) -> git2::Commit<'_> {
[INFO] [stderr]    |                                                       ++++
[INFO] [stderr] 
[INFO] [stderr] warning: hiding a lifetime that's elided elsewhere is confusing
[INFO] [stderr]   --> tests/env/mod.rs:86:24
[INFO] [stderr]    |
[INFO] [stderr] 86 |     pub fn commit_file(&self, filename: &str, commit_msg: &str) -> git2::Commit {
[INFO] [stderr]    |                        ^^^^^ the lifetime is elided here           ^^^^^^^^^^^^ the same lifetime is hidden here
[INFO] [stderr]    |
[INFO] [stderr]    = help: the same lifetime is referred to in inconsistent ways, making the signature confusing
[INFO] [stderr] help: use `'_` for type paths
[INFO] [stderr]    |
[INFO] [stderr] 86 |     pub fn commit_file(&self, filename: &str, commit_msg: &str) -> git2::Commit<'_> {
[INFO] [stderr]    |                                                                                ++++
[INFO] [stderr] 
[INFO] [stderr] warning: hiding a lifetime that's elided elsewhere is confusing
[INFO] [stderr]   --> tests/env/mod.rs:91:40
[INFO] [stderr]    |
[INFO] [stderr] 91 |     pub fn resolve_conflict_and_commit(&self, filename: &str) -> git2::Commit {
[INFO] [stderr]    |                                        ^^^^^                     ^^^^^^^^^^^^ the same lifetime is hidden here
[INFO] [stderr]    |                                        |
[INFO] [stderr]    |                                        the lifetime is elided here
[INFO] [stderr]    |
[INFO] [stderr]    = help: the same lifetime is referred to in inconsistent ways, making the signature confusing
[INFO] [stderr] help: use `'_` for type paths
[INFO] [stderr]    |
[INFO] [stderr] 91 |     pub fn resolve_conflict_and_commit(&self, filename: &str) -> git2::Commit<'_> {
[INFO] [stderr]    |                                                                              ++++
[INFO] [stderr] 
[INFO] [stderr] warning: hiding a lifetime that's elided elsewhere is confusing
[INFO] [stderr]    --> tests/env/mod.rs:117:28
[INFO] [stderr]     |
[INFO] [stderr] 117 |     fn commit_file_and_tag(&self, filename: &str, tag: &str) -> git2::Commit {
[INFO] [stderr]     |                            ^^^^^ the lifetime is elided here    ^^^^^^^^^^^^ the same lifetime is hidden here
[INFO] [stderr]     |
[INFO] [stderr]     = help: the same lifetime is referred to in inconsistent ways, making the signature confusing
[INFO] [stderr] help: use `'_` for type paths
[INFO] [stderr]     |
[INFO] [stderr] 117 |     fn commit_file_and_tag(&self, filename: &str, tag: &str) -> git2::Commit<'_> {
[INFO] [stderr]     |                                                                             ++++
[INFO] [stderr] 
[INFO] [stderr] warning: hiding a lifetime that's elided elsewhere is confusing
[INFO] [stderr]    --> tests/env/mod.rs:140:24
[INFO] [stderr]     |
[INFO] [stderr] 140 |     fn do_merge_commit(&self, theirs: &git2::Commit, content: &str) -> git2::Commit {
[INFO] [stderr]     |                        ^^^^^ the lifetime is elided here               ^^^^^^^^^^^^ the same lifetime is hidden here
[INFO] [stderr]     |
[INFO] [stderr]     = help: the same lifetime is referred to in inconsistent ways, making the signature confusing
[INFO] [stderr] help: use `'_` for type paths
[INFO] [stderr]     |
[INFO] [stderr] 140 |     fn do_merge_commit(&self, theirs: &git2::Commit, content: &str) -> git2::Commit<'_> {
[INFO] [stderr]     |                                                                                    ++++
[INFO] [stderr] 
[INFO] [stderr] warning: hiding a lifetime that's elided elsewhere is confusing
[INFO] [stderr]    --> tests/env/mod.rs:192:17
[INFO] [stderr]     |
[INFO] [stderr] 192 |     fn do_merge(&self, theirs: &git2::Commit, content: &str) -> git2::Commit {
[INFO] [stderr]     |                 ^^^^^ the lifetime is elided here               ^^^^^^^^^^^^ the same lifetime is hidden here
[INFO] [stderr]     |
[INFO] [stderr]     = help: the same lifetime is referred to in inconsistent ways, making the signature confusing
[INFO] [stderr] help: use `'_` for type paths
[INFO] [stderr]     |
[INFO] [stderr] 192 |     fn do_merge(&self, theirs: &git2::Commit, content: &str) -> git2::Commit<'_> {
[INFO] [stderr]     |                                                                             ++++
[INFO] [stderr] 
[INFO] [stderr] warning: `ripit` (bin "ripit" test) generated 1 warning (run `cargo fix --bin "ripit" -p ripit --tests` to apply 1 suggestion)
[INFO] [stderr] warning: `ripit` (bin "ripit") generated 1 warning (1 duplicate)
[INFO] [stderr] warning: `ripit` (test "tests") generated 6 warnings (run `cargo fix --test "tests" -p ripit` to apply 6 suggestions)
[INFO] [stderr]     Finished `release` profile [optimized] target(s) in 0.08s
[INFO] [stderr]      Running unittests src/main.rs (/opt/rustwide/target/release/build/ripit/cc666b25bbc83fc7/out/ripit-cc666b25bbc83fc7)
[INFO] [stdout] 
[INFO] [stdout] running 1 test
[INFO] [stdout] test app::verify_app ... ok
[INFO] [stdout] 
[INFO] [stdout] test result: ok. 1 passed; 0 failed; 0 ignored; 0 measured; 0 filtered out; finished in 0.00s
[INFO] [stdout] 
[INFO] [stderr]      Running tests/tests.rs (/opt/rustwide/target/release/build/ripit/dece5aa3c78cdca2/out/tests-dece5aa3c78cdca2)
[INFO] [stdout] 
[INFO] [stdout] running 14 tests
[INFO] [stdout] test test_commits_filtering ... FAILED
[INFO] [stdout] test test_abort_on_local_changes ... FAILED
[INFO] [stdout] test test_merge_solving_conflicts ... FAILED
[INFO] [stdout] test test_uproot_merge ... FAILED
[INFO] [stdout] test test_uproot_merge_with_conflicts ... FAILED
[INFO] [stdout] test test_basic_sync ... FAILED
[INFO] [stdout] test test_uproot_sync_with_conflicts ... FAILED
[INFO] [stdout] test test_uproot_sync ... FAILED
[INFO] [stdout] test test_bootstrap ... FAILED
[INFO] [stdout] test test_cache_file ... FAILED
[INFO] [stdout] test test_sync_specific_branch ... FAILED
[INFO] [stdout] test test_resync_uprooted_merge ... FAILED
[INFO] [stdout] test test_merge_sync ... FAILED
[INFO] [stdout] test test_merge_multiple_branches ... FAILED
[INFO] [stdout] 
[INFO] [stdout] failures:
[INFO] [stdout] 
[INFO] [stdout] ---- test_commits_filtering stdout ----
[INFO] [stdout] remote dir: TempDir { path: "/tmp/.tmppseBS8" }
[INFO] [stdout] local dir: TempDir { path: "/tmp/.tmpY9NMyp" }
[INFO] [stdout] 
[INFO] [stdout] thread 'test_commits_filtering' (2455) panicked at tests/env/mod.rs:426:35:
[INFO] [stdout] ripit command: Os { code: 2, kind: NotFound, message: "No such file or directory" }
[INFO] [stdout] stack backtrace:
[INFO] [stdout]    0:     0x61df8e3e73c1 - <<std[617be2ca0a6fd877]::sys::backtrace::BacktraceLock>::print::DisplayBacktrace as core[a373ad73a504971]::fmt::Display>::fmt
[INFO] [stdout]    1:     0x61df8e3fb96a - core[a373ad73a504971]::fmt::write
[INFO] [stdout]    2:     0x61df8e3eb8ac - <alloc[2e1b2a31b91974c5]::vec::Vec<u8> as core[a373ad73a504971]::io::write::Write>::write_fmt
[INFO] [stdout]    3:     0x61df8e3c1896 - std[617be2ca0a6fd877]::panicking::default_hook::{closure#0}
[INFO] [stdout]    4:     0x61df8e3deb09 - std[617be2ca0a6fd877]::panicking::default_hook
[INFO] [stdout]    5:     0x61df8e379760 - test[aada8e7e76ba119b]::test_main_inner::{closure#0}
[INFO] [stdout]    6:     0x61df8e3dee32 - std[617be2ca0a6fd877]::panicking::panic_with_hook
[INFO] [stdout]    7:     0x61df8e3c1942 - std[617be2ca0a6fd877]::panicking::panic_handler::{closure#0}
[INFO] [stdout]    8:     0x61df8e3ba1b9 - std[617be2ca0a6fd877]::sys::backtrace::__rust_end_short_backtrace::<std[617be2ca0a6fd877]::panicking::panic_handler::{closure#0}, !>
[INFO] [stdout]    9:     0x61df8e3c26dd - __rustc[ea4f61d10b84890b]::rust_begin_unwind
[INFO] [stdout]   10:     0x61df8e3fc0cc - core[a373ad73a504971]::panicking::panic_fmt
[INFO] [stdout]   11:     0x61df8e3fbea2 - core[a373ad73a504971]::result::unwrap_failed
[INFO] [stdout]   12:     0x61df8e2c9054 - <tests[6a8947da5ffc080c]::env::TestEnv>::run_ripit
[INFO] [stdout]   13:     0x61df8e2c6602 - <tests[6a8947da5ffc080c]::env::TestEnv>::run_ripit_success
[INFO] [stdout]   14:     0x61df8e2c120a - <tests[6a8947da5ffc080c]::test_commits_filtering::{closure#0} as core[a373ad73a504971]::ops::function::FnOnce<()>>::call_once
[INFO] [stdout]   15:     0x61df8e36cbab - test[aada8e7e76ba119b]::__rust_begin_short_backtrace::<core[a373ad73a504971]::result::Result<(), alloc[2e1b2a31b91974c5]::string::String>, fn() -> core[a373ad73a504971]::result::Result<(), alloc[2e1b2a31b91974c5]::string::String>>
[INFO] [stdout]   16:     0x61df8e379d85 - test[aada8e7e76ba119b]::run_test::{closure#0}
[INFO] [stdout]   17:     0x61df8e373674 - std[617be2ca0a6fd877]::sys::backtrace::__rust_begin_short_backtrace::<test[aada8e7e76ba119b]::run_test::{closure#1}, ()>
[INFO] [stdout]   18:     0x61df8e37ce12 - <std[617be2ca0a6fd877]::thread::lifecycle::spawn_unchecked<test[aada8e7e76ba119b]::run_test::{closure#1}, ()>::{closure#1} as core[a373ad73a504971]::ops::function::FnOnce<()>>::call_once::{shim:vtable#0}
[INFO] [stdout]   19:     0x61df8e3e68af - <std[617be2ca0a6fd877]::sys::thread::unix::Thread>::new::thread_start
[INFO] [stdout]   20:     0x76857a80ddfa - <unknown>
[INFO] [stdout]   21:     0x76857a8a13d4 - clone
[INFO] [stdout]   22:                0x0 - <unknown>
[INFO] [stdout] 
[INFO] [stdout] ---- test_abort_on_local_changes stdout ----
[INFO] [stdout] remote dir: TempDir { path: "/tmp/.tmpVfn3t6" }
[INFO] [stdout] local dir: TempDir { path: "/tmp/.tmp48Iw05" }
[INFO] [stdout] 
[INFO] [stdout] thread 'test_abort_on_local_changes' (2451) panicked at tests/env/mod.rs:426:35:
[INFO] [stdout] ripit command: Os { code: 2, kind: NotFound, message: "No such file or directory" }
[INFO] [stdout] stack backtrace:
[INFO] [stdout]    0:     0x61df8e3e73c1 - <<std[617be2ca0a6fd877]::sys::backtrace::BacktraceLock>::print::DisplayBacktrace as core[a373ad73a504971]::fmt::Display>::fmt
[INFO] [stdout]    1:     0x61df8e3fb96a - core[a373ad73a504971]::fmt::write
[INFO] [stdout]    2:     0x61df8e3eb8ac - <alloc[2e1b2a31b91974c5]::vec::Vec<u8> as core[a373ad73a504971]::io::write::Write>::write_fmt
[INFO] [stdout]    3:     0x61df8e3c1896 - std[617be2ca0a6fd877]::panicking::default_hook::{closure#0}
[INFO] [stdout]    4:     0x61df8e3deb09 - std[617be2ca0a6fd877]::panicking::default_hook
[INFO] [stdout]    5:     0x61df8e379760 - test[aada8e7e76ba119b]::test_main_inner::{closure#0}
[INFO] [stdout]    6:     0x61df8e3dee32 - std[617be2ca0a6fd877]::panicking::panic_with_hook
[INFO] [stdout]    7:     0x61df8e3c1942 - std[617be2ca0a6fd877]::panicking::panic_handler::{closure#0}
[INFO] [stdout]    8:     0x61df8e3ba1b9 - std[617be2ca0a6fd877]::sys::backtrace::__rust_end_short_backtrace::<std[617be2ca0a6fd877]::panicking::panic_handler::{closure#0}, !>
[INFO] [stdout]    9:     0x61df8e3c26dd - __rustc[ea4f61d10b84890b]::rust_begin_unwind
[INFO] [stdout]   10:     0x61df8e3fc0cc - core[a373ad73a504971]::panicking::panic_fmt
[INFO] [stdout]   11:     0x61df8e3fbea2 - core[a373ad73a504971]::result::unwrap_failed
[INFO] [stdout]   12:     0x61df8e2c9054 - <tests[6a8947da5ffc080c]::env::TestEnv>::run_ripit
[INFO] [stdout]   13:     0x61df8e2c2b20 - <tests[6a8947da5ffc080c]::test_abort_on_local_changes::{closure#0} as core[a373ad73a504971]::ops::function::FnOnce<()>>::call_once
[INFO] [stdout]   14:     0x61df8e36cbab - test[aada8e7e76ba119b]::__rust_begin_short_backtrace::<core[a373ad73a504971]::result::Result<(), alloc[2e1b2a31b91974c5]::string::String>, fn() -> core[a373ad73a504971]::result::Result<(), alloc[2e1b2a31b91974c5]::string::String>>
[INFO] [stdout]   15:     0x61df8e379d85 - test[aada8e7e76ba119b]::run_test::{closure#0}
[INFO] [stdout]   16:     0x61df8e373674 - std[617be2ca0a6fd877]::sys::backtrace::__rust_begin_short_backtrace::<test[aada8e7e76ba119b]::run_test::{closure#1}, ()>
[INFO] [stdout]   17:     0x61df8e37ce12 - <std[617be2ca0a6fd877]::thread::lifecycle::spawn_unchecked<test[aada8e7e76ba119b]::run_test::{closure#1}, ()>::{closure#1} as core[a373ad73a504971]::ops::function::FnOnce<()>>::call_once::{shim:vtable#0}
[INFO] [stdout]   18:     0x61df8e3e68af - <std[617be2ca0a6fd877]::sys::thread::unix::Thread>::new::thread_start
[INFO] [stdout]   19:     0x76857a80ddfa - <unknown>
[INFO] [stdout]   20:     0x76857a8a13d4 - clone
[INFO] [stdout]   21:                0x0 - <unknown>
[INFO] [stdout] 
[INFO] [stdout] ---- test_merge_solving_conflicts stdout ----
[INFO] [stdout] remote dir: TempDir { path: "/tmp/.tmpUsdFRM" }
[INFO] [stdout] local dir: TempDir { path: "/tmp/.tmpKQO5Vl" }
[INFO] [stdout] 
[INFO] [stdout] thread 'test_merge_solving_conflicts' (2457) panicked at tests/env/mod.rs:426:35:
[INFO] [stdout] ripit command: Os { code: 2, kind: NotFound, message: "No such file or directory" }
[INFO] [stdout] stack backtrace:
[INFO] [stdout]    0:     0x61df8e3e73c1 - <<std[617be2ca0a6fd877]::sys::backtrace::BacktraceLock>::print::DisplayBacktrace as core[a373ad73a504971]::fmt::Display>::fmt
[INFO] [stdout]    1:     0x61df8e3fb96a - core[a373ad73a504971]::fmt::write
[INFO] [stdout]    2:     0x61df8e3eb8ac - <alloc[2e1b2a31b91974c5]::vec::Vec<u8> as core[a373ad73a504971]::io::write::Write>::write_fmt
[INFO] [stdout]    3:     0x61df8e3c1896 - std[617be2ca0a6fd877]::panicking::default_hook::{closure#0}
[INFO] [stdout]    4:     0x61df8e3deb09 - std[617be2ca0a6fd877]::panicking::default_hook
[INFO] [stdout]    5:     0x61df8e379760 - test[aada8e7e76ba119b]::test_main_inner::{closure#0}
[INFO] [stdout]    6:     0x61df8e3dee32 - std[617be2ca0a6fd877]::panicking::panic_with_hook
[INFO] [stdout]    7:     0x61df8e3c1942 - std[617be2ca0a6fd877]::panicking::panic_handler::{closure#0}
[INFO] [stdout]    8:     0x61df8e3ba1b9 - std[617be2ca0a6fd877]::sys::backtrace::__rust_end_short_backtrace::<std[617be2ca0a6fd877]::panicking::panic_handler::{closure#0}, !>
[INFO] [stdout]    9:     0x61df8e3c26dd - __rustc[ea4f61d10b84890b]::rust_begin_unwind
[INFO] [stdout]   10:     0x61df8e3fc0cc - core[a373ad73a504971]::panicking::panic_fmt
[INFO] [stdout]   11:     0x61df8e3fbea2 - core[a373ad73a504971]::result::unwrap_failed
[INFO] [stdout]   12:     0x61df8e2c9054 - <tests[6a8947da5ffc080c]::env::TestEnv>::run_ripit
[INFO] [stdout]   13:     0x61df8e2c6602 - <tests[6a8947da5ffc080c]::env::TestEnv>::run_ripit_success
[INFO] [stdout]   14:     0x61df8e2c3b16 - <tests[6a8947da5ffc080c]::test_merge_solving_conflicts::{closure#0} as core[a373ad73a504971]::ops::function::FnOnce<()>>::call_once
[INFO] [stdout]   15:     0x61df8e36cbab - test[aada8e7e76ba119b]::__rust_begin_short_backtrace::<core[a373ad73a504971]::result::Result<(), alloc[2e1b2a31b91974c5]::string::String>, fn() -> core[a373ad73a504971]::result::Result<(), alloc[2e1b2a31b91974c5]::string::String>>
[INFO] [stdout]   16:     0x61df8e379d85 - test[aada8e7e76ba119b]::run_test::{closure#0}
[INFO] [stdout]   17:     0x61df8e373674 - std[617be2ca0a6fd877]::sys::backtrace::__rust_begin_short_backtrace::<test[aada8e7e76ba119b]::run_test::{closure#1}, ()>
[INFO] [stdout]   18:     0x61df8e37ce12 - <std[617be2ca0a6fd877]::thread::lifecycle::spawn_unchecked<test[aada8e7e76ba119b]::run_test::{closure#1}, ()>::{closure#1} as core[a373ad73a504971]::ops::function::FnOnce<()>>::call_once::{shim:vtable#0}
[INFO] [stdout]   19:     0x61df8e3e68af - <std[617be2ca0a6fd877]::sys::thread::unix::Thread>::new::thread_start
[INFO] [stdout]   20:     0x76857a80ddfa - <unknown>
[INFO] [stdout]   21:     0x76857a8a13d4 - clone
[INFO] [stdout]   22:                0x0 - <unknown>
[INFO] [stdout] 
[INFO] [stdout] ---- test_uproot_merge stdout ----
[INFO] [stdout] remote dir: TempDir { path: "/tmp/.tmpxgEHOh" }
[INFO] [stdout] local dir: TempDir { path: "/tmp/.tmpCDq3oO" }
[INFO] [stdout] 
[INFO] [stdout] thread 'test_uproot_merge' (2461) panicked at tests/env/mod.rs:426:35:
[INFO] [stdout] ripit command: Os { code: 2, kind: NotFound, message: "No such file or directory" }
[INFO] [stdout] stack backtrace:
[INFO] [stdout]    0:     0x61df8e3e73c1 - <<std[617be2ca0a6fd877]::sys::backtrace::BacktraceLock>::print::DisplayBacktrace as core[a373ad73a504971]::fmt::Display>::fmt
[INFO] [stdout]    1:     0x61df8e3fb96a - core[a373ad73a504971]::fmt::write
[INFO] [stdout]    2:     0x61df8e3eb8ac - <alloc[2e1b2a31b91974c5]::vec::Vec<u8> as core[a373ad73a504971]::io::write::Write>::write_fmt
[INFO] [stdout]    3:     0x61df8e3c1896 - std[617be2ca0a6fd877]::panicking::default_hook::{closure#0}
[INFO] [stdout]    4:     0x61df8e3deb09 - std[617be2ca0a6fd877]::panicking::default_hook
[INFO] [stdout]    5:     0x61df8e379760 - test[aada8e7e76ba119b]::test_main_inner::{closure#0}
[INFO] [stdout]    6:     0x61df8e3dee32 - std[617be2ca0a6fd877]::panicking::panic_with_hook
[INFO] [stdout]    7:     0x61df8e3c1942 - std[617be2ca0a6fd877]::panicking::panic_handler::{closure#0}
[INFO] [stdout]    8:     0x61df8e3ba1b9 - std[617be2ca0a6fd877]::sys::backtrace::__rust_end_short_backtrace::<std[617be2ca0a6fd877]::panicking::panic_handler::{closure#0}, !>
[INFO] [stdout]    9:     0x61df8e3c26dd - __rustc[ea4f61d10b84890b]::rust_begin_unwind
[INFO] [stdout]   10:     0x61df8e3fc0cc - core[a373ad73a504971]::panicking::panic_fmt
[INFO] [stdout]   11:     0x61df8e3fbea2 - core[a373ad73a504971]::result::unwrap_failed
[INFO] [stdout]   12:     0x61df8e2c9054 - <tests[6a8947da5ffc080c]::env::TestEnv>::run_ripit
[INFO] [stdout]   13:     0x61df8e2c6602 - <tests[6a8947da5ffc080c]::env::TestEnv>::run_ripit_success
[INFO] [stdout]   14:     0x61df8e2c0808 - <tests[6a8947da5ffc080c]::test_uproot_merge::{closure#0} as core[a373ad73a504971]::ops::function::FnOnce<()>>::call_once
[INFO] [stdout]   15:     0x61df8e36cbab - test[aada8e7e76ba119b]::__rust_begin_short_backtrace::<core[a373ad73a504971]::result::Result<(), alloc[2e1b2a31b91974c5]::string::String>, fn() -> core[a373ad73a504971]::result::Result<(), alloc[2e1b2a31b91974c5]::string::String>>
[INFO] [stdout]   16:     0x61df8e379d85 - test[aada8e7e76ba119b]::run_test::{closure#0}
[INFO] [stdout]   17:     0x61df8e373674 - std[617be2ca0a6fd877]::sys::backtrace::__rust_begin_short_backtrace::<test[aada8e7e76ba119b]::run_test::{closure#1}, ()>
[INFO] [stdout]   18:     0x61df8e37ce12 - <std[617be2ca0a6fd877]::thread::lifecycle::spawn_unchecked<test[aada8e7e76ba119b]::run_test::{closure#1}, ()>::{closure#1} as core[a373ad73a504971]::ops::function::FnOnce<()>>::call_once::{shim:vtable#0}
[INFO] [stdout]   19:     0x61df8e3e68af - <std[617be2ca0a6fd877]::sys::thread::unix::Thread>::new::thread_start
[INFO] [stdout]   20:     0x76857a80ddfa - <unknown>
[INFO] [stdout]   21:     0x76857a8a13d4 - clone
[INFO] [stdout]   22:                0x0 - <unknown>
[INFO] [stdout] 
[INFO] [stdout] ---- test_uproot_merge_with_conflicts stdout ----
[INFO] [stdout] remote dir: TempDir { path: "/tmp/.tmpvtFdyD" }
[INFO] [stdout] local dir: TempDir { path: "/tmp/.tmpoiOIQV" }
[INFO] [stdout] 
[INFO] [stdout] thread 'test_uproot_merge_with_conflicts' (2462) panicked at tests/env/mod.rs:426:35:
[INFO] [stdout] ripit command: Os { code: 2, kind: NotFound, message: "No such file or directory" }
[INFO] [stdout] stack backtrace:
[INFO] [stdout]    0:     0x61df8e3e73c1 - <<std[617be2ca0a6fd877]::sys::backtrace::BacktraceLock>::print::DisplayBacktrace as core[a373ad73a504971]::fmt::Display>::fmt
[INFO] [stdout]    1:     0x61df8e3fb96a - core[a373ad73a504971]::fmt::write
[INFO] [stdout]    2:     0x61df8e3eb8ac - <alloc[2e1b2a31b91974c5]::vec::Vec<u8> as core[a373ad73a504971]::io::write::Write>::write_fmt
[INFO] [stdout]    3:     0x61df8e3c1896 - std[617be2ca0a6fd877]::panicking::default_hook::{closure#0}
[INFO] [stdout]    4:     0x61df8e3deb09 - std[617be2ca0a6fd877]::panicking::default_hook
[INFO] [stdout]    5:     0x61df8e379760 - test[aada8e7e76ba119b]::test_main_inner::{closure#0}
[INFO] [stdout]    6:     0x61df8e3dee32 - std[617be2ca0a6fd877]::panicking::panic_with_hook
[INFO] [stdout]    7:     0x61df8e3c1942 - std[617be2ca0a6fd877]::panicking::panic_handler::{closure#0}
[INFO] [stdout]    8:     0x61df8e3ba1b9 - std[617be2ca0a6fd877]::sys::backtrace::__rust_end_short_backtrace::<std[617be2ca0a6fd877]::panicking::panic_handler::{closure#0}, !>
[INFO] [stdout]    9:     0x61df8e3c26dd - __rustc[ea4f61d10b84890b]::rust_begin_unwind
[INFO] [stdout]   10:     0x61df8e3fc0cc - core[a373ad73a504971]::panicking::panic_fmt
[INFO] [stdout]   11:     0x61df8e3fbea2 - core[a373ad73a504971]::result::unwrap_failed
[INFO] [stdout]   12:     0x61df8e2c9054 - <tests[6a8947da5ffc080c]::env::TestEnv>::run_ripit
[INFO] [stdout]   13:     0x61df8e2c6602 - <tests[6a8947da5ffc080c]::env::TestEnv>::run_ripit_success
[INFO] [stdout]   14:     0x61df8e2c4ec8 - <tests[6a8947da5ffc080c]::test_uproot_merge_with_conflicts::{closure#0} as core[a373ad73a504971]::ops::function::FnOnce<()>>::call_once
[INFO] [stdout]   15:     0x61df8e36cbab - test[aada8e7e76ba119b]::__rust_begin_short_backtrace::<core[a373ad73a504971]::result::Result<(), alloc[2e1b2a31b91974c5]::string::String>, fn() -> core[a373ad73a504971]::result::Result<(), alloc[2e1b2a31b91974c5]::string::String>>
[INFO] [stdout]   16:     0x61df8e379d85 - test[aada8e7e76ba119b]::run_test::{closure#0}
[INFO] [stdout]   17:     0x61df8e373674 - std[617be2ca0a6fd877]::sys::backtrace::__rust_begin_short_backtrace::<test[aada8e7e76ba119b]::run_test::{closure#1}, ()>
[INFO] [stdout]   18:     0x61df8e37ce12 - <std[617be2ca0a6fd877]::thread::lifecycle::spawn_unchecked<test[aada8e7e76ba119b]::run_test::{closure#1}, ()>::{closure#1} as core[a373ad73a504971]::ops::function::FnOnce<()>>::call_once::{shim:vtable#0}
[INFO] [stdout]   19:     0x61df8e3e68af - <std[617be2ca0a6fd877]::sys::thread::unix::Thread>::new::thread_start
[INFO] [stdout]   20:     0x76857a80ddfa - <unknown>
[INFO] [stdout]   21:     0x76857a8a13d4 - clone
[INFO] [stdout]   22:                0x0 - <unknown>
[INFO] [stdout] 
[INFO] [stdout] ---- test_basic_sync stdout ----
[INFO] [stdout] remote dir: TempDir { path: "/tmp/.tmpIK1Npq" }
[INFO] [stdout] local dir: TempDir { path: "/tmp/.tmpTFEK0u" }
[INFO] [stdout] 
[INFO] [stdout] thread 'test_basic_sync' (2452) panicked at tests/env/mod.rs:426:35:
[INFO] [stdout] ripit command: Os { code: 2, kind: NotFound, message: "No such file or directory" }
[INFO] [stdout] stack backtrace:
[INFO] [stdout]    0:     0x61df8e3e73c1 - <<std[617be2ca0a6fd877]::sys::backtrace::BacktraceLock>::print::DisplayBacktrace as core[a373ad73a504971]::fmt::Display>::fmt
[INFO] [stdout]    1:     0x61df8e3fb96a - core[a373ad73a504971]::fmt::write
[INFO] [stdout]    2:     0x61df8e3eb8ac - <alloc[2e1b2a31b91974c5]::vec::Vec<u8> as core[a373ad73a504971]::io::write::Write>::write_fmt
[INFO] [stdout]    3:     0x61df8e3c1896 - std[617be2ca0a6fd877]::panicking::default_hook::{closure#0}
[INFO] [stdout]    4:     0x61df8e3deb09 - std[617be2ca0a6fd877]::panicking::default_hook
[INFO] [stdout]    5:     0x61df8e379760 - test[aada8e7e76ba119b]::test_main_inner::{closure#0}
[INFO] [stdout]    6:     0x61df8e3dee32 - std[617be2ca0a6fd877]::panicking::panic_with_hook
[INFO] [stdout]    7:     0x61df8e3c1942 - std[617be2ca0a6fd877]::panicking::panic_handler::{closure#0}
[INFO] [stdout]    8:     0x61df8e3ba1b9 - std[617be2ca0a6fd877]::sys::backtrace::__rust_end_short_backtrace::<std[617be2ca0a6fd877]::panicking::panic_handler::{closure#0}, !>
[INFO] [stdout]    9:     0x61df8e3c26dd - __rustc[ea4f61d10b84890b]::rust_begin_unwind
[INFO] [stdout]   10:     0x61df8e3fc0cc - core[a373ad73a504971]::panicking::panic_fmt
[INFO] [stdout]   11:     0x61df8e3fbea2 - core[a373ad73a504971]::result::unwrap_failed
[INFO] [stdout]   12:     0x61df8e2c9054 - <tests[6a8947da5ffc080c]::env::TestEnv>::run_ripit
[INFO] [stdout]   13:     0x61df8e2c6602 - <tests[6a8947da5ffc080c]::env::TestEnv>::run_ripit_success
[INFO] [stdout]   14:     0x61df8e2bd35f - <tests[6a8947da5ffc080c]::test_basic_sync::{closure#0} as core[a373ad73a504971]::ops::function::FnOnce<()>>::call_once
[INFO] [stdout]   15:     0x61df8e36cbab - test[aada8e7e76ba119b]::__rust_begin_short_backtrace::<core[a373ad73a504971]::result::Result<(), alloc[2e1b2a31b91974c5]::string::String>, fn() -> core[a373ad73a504971]::result::Result<(), alloc[2e1b2a31b91974c5]::string::String>>
[INFO] [stdout]   16:     0x61df8e379d85 - test[aada8e7e76ba119b]::run_test::{closure#0}
[INFO] [stdout]   17:     0x61df8e373674 - std[617be2ca0a6fd877]::sys::backtrace::__rust_begin_short_backtrace::<test[aada8e7e76ba119b]::run_test::{closure#1}, ()>
[INFO] [stdout]   18:     0x61df8e37ce12 - <std[617be2ca0a6fd877]::thread::lifecycle::spawn_unchecked<test[aada8e7e76ba119b]::run_test::{closure#1}, ()>::{closure#1} as core[a373ad73a504971]::ops::function::FnOnce<()>>::call_once::{shim:vtable#0}
[INFO] [stdout]   19:     0x61df8e3e68af - <std[617be2ca0a6fd877]::sys::thread::unix::Thread>::new::thread_start
[INFO] [stdout]   20:     0x76857a80ddfa - <unknown>
[INFO] [stdout]   21:     0x76857a8a13d4 - clone
[INFO] [stdout]   22:                0x0 - <unknown>
[INFO] [stdout] 
[INFO] [stdout] ---- test_uproot_sync_with_conflicts stdout ----
[INFO] [stdout] remote dir: TempDir { path: "/tmp/.tmp4rTtzD" }
[INFO] [stdout] local dir: TempDir { path: "/tmp/.tmpXVdD5J" }
[INFO] [stdout] 
[INFO] [stdout] thread 'test_uproot_sync_with_conflicts' (2464) panicked at tests/env/mod.rs:426:35:
[INFO] [stdout] ripit command: Os { code: 2, kind: NotFound, message: "No such file or directory" }
[INFO] [stdout] stack backtrace:
[INFO] [stdout]    0:     0x61df8e3e73c1 - <<std[617be2ca0a6fd877]::sys::backtrace::BacktraceLock>::print::DisplayBacktrace as core[a373ad73a504971]::fmt::Display>::fmt
[INFO] [stdout]    1:     0x61df8e3fb96a - core[a373ad73a504971]::fmt::write
[INFO] [stdout]    2:     0x61df8e3eb8ac - <alloc[2e1b2a31b91974c5]::vec::Vec<u8> as core[a373ad73a504971]::io::write::Write>::write_fmt
[INFO] [stdout]    3:     0x61df8e3c1896 - std[617be2ca0a6fd877]::panicking::default_hook::{closure#0}
[INFO] [stdout]    4:     0x61df8e3deb09 - std[617be2ca0a6fd877]::panicking::default_hook
[INFO] [stdout]    5:     0x61df8e379760 - test[aada8e7e76ba119b]::test_main_inner::{closure#0}
[INFO] [stdout]    6:     0x61df8e3dee32 - std[617be2ca0a6fd877]::panicking::panic_with_hook
[INFO] [stdout]    7:     0x61df8e3c1942 - std[617be2ca0a6fd877]::panicking::panic_handler::{closure#0}
[INFO] [stdout]    8:     0x61df8e3ba1b9 - std[617be2ca0a6fd877]::sys::backtrace::__rust_end_short_backtrace::<std[617be2ca0a6fd877]::panicking::panic_handler::{closure#0}, !>
[INFO] [stdout]    9:     0x61df8e3c26dd - __rustc[ea4f61d10b84890b]::rust_begin_unwind
[INFO] [stdout]   10:     0x61df8e3fc0cc - core[a373ad73a504971]::panicking::panic_fmt
[INFO] [stdout]   11:     0x61df8e3fbea2 - core[a373ad73a504971]::result::unwrap_failed
[INFO] [stdout]   12:     0x61df8e2c9054 - <tests[6a8947da5ffc080c]::env::TestEnv>::run_ripit
[INFO] [stdout]   13:     0x61df8e2c6602 - <tests[6a8947da5ffc080c]::env::TestEnv>::run_ripit_success
[INFO] [stdout]   14:     0x61df8e2c4346 - <tests[6a8947da5ffc080c]::test_uproot_sync_with_conflicts::{closure#0} as core[a373ad73a504971]::ops::function::FnOnce<()>>::call_once
[INFO] [stdout]   15:     0x61df8e36cbab - test[aada8e7e76ba119b]::__rust_begin_short_backtrace::<core[a373ad73a504971]::result::Result<(), alloc[2e1b2a31b91974c5]::string::String>, fn() -> core[a373ad73a504971]::result::Result<(), alloc[2e1b2a31b91974c5]::string::String>>
[INFO] [stdout]   16:     0x61df8e379d85 - test[aada8e7e76ba119b]::run_test::{closure#0}
[INFO] [stdout]   17:     0x61df8e373674 - std[617be2ca0a6fd877]::sys::backtrace::__rust_begin_short_backtrace::<test[aada8e7e76ba119b]::run_test::{closure#1}, ()>
[INFO] [stdout]   18:     0x61df8e37ce12 - <std[617be2ca0a6fd877]::thread::lifecycle::spawn_unchecked<test[aada8e7e76ba119b]::run_test::{closure#1}, ()>::{closure#1} as core[a373ad73a504971]::ops::function::FnOnce<()>>::call_once::{shim:vtable#0}
[INFO] [stdout]   19:     0x61df8e3e68af - <std[617be2ca0a6fd877]::sys::thread::unix::Thread>::new::thread_start
[INFO] [stdout]   20:     0x76857a80ddfa - <unknown>
[INFO] [stdout]   21:     0x76857a8a13d4 - clone
[INFO] [stdout]   22:                0x0 - <unknown>
[INFO] [stdout] 
[INFO] [stdout] ---- test_uproot_sync stdout ----
[INFO] [stdout] remote dir: TempDir { path: "/tmp/.tmp9tp1kV" }
[INFO] [stdout] local dir: TempDir { path: "/tmp/.tmpHTlN66" }
[INFO] [stdout] 
[INFO] [stdout] thread 'test_uproot_sync' (2463) panicked at tests/env/mod.rs:426:35:
[INFO] [stdout] ripit command: Os { code: 2, kind: NotFound, message: "No such file or directory" }
[INFO] [stdout] stack backtrace:
[INFO] [stdout]    0:     0x61df8e3e73c1 - <<std[617be2ca0a6fd877]::sys::backtrace::BacktraceLock>::print::DisplayBacktrace as core[a373ad73a504971]::fmt::Display>::fmt
[INFO] [stdout]    1:     0x61df8e3fb96a - core[a373ad73a504971]::fmt::write
[INFO] [stdout]    2:     0x61df8e3eb8ac - <alloc[2e1b2a31b91974c5]::vec::Vec<u8> as core[a373ad73a504971]::io::write::Write>::write_fmt
[INFO] [stdout]    3:     0x61df8e3c1896 - std[617be2ca0a6fd877]::panicking::default_hook::{closure#0}
[INFO] [stdout]    4:     0x61df8e3deb09 - std[617be2ca0a6fd877]::panicking::default_hook
[INFO] [stdout]    5:     0x61df8e379760 - test[aada8e7e76ba119b]::test_main_inner::{closure#0}
[INFO] [stdout]    6:     0x61df8e3dee32 - std[617be2ca0a6fd877]::panicking::panic_with_hook
[INFO] [stdout]    7:     0x61df8e3c1942 - std[617be2ca0a6fd877]::panicking::panic_handler::{closure#0}
[INFO] [stdout]    8:     0x61df8e3ba1b9 - std[617be2ca0a6fd877]::sys::backtrace::__rust_end_short_backtrace::<std[617be2ca0a6fd877]::panicking::panic_handler::{closure#0}, !>
[INFO] [stdout]    9:     0x61df8e3c26dd - __rustc[ea4f61d10b84890b]::rust_begin_unwind
[INFO] [stdout]   10:     0x61df8e3fc0cc - core[a373ad73a504971]::panicking::panic_fmt
[INFO] [stdout]   11:     0x61df8e3fbea2 - core[a373ad73a504971]::result::unwrap_failed
[INFO] [stdout]   12:     0x61df8e2c9054 - <tests[6a8947da5ffc080c]::env::TestEnv>::run_ripit
[INFO] [stdout]   13:     0x61df8e2c6602 - <tests[6a8947da5ffc080c]::env::TestEnv>::run_ripit_success
[INFO] [stdout]   14:     0x61df8e2bfeb6 - <tests[6a8947da5ffc080c]::test_uproot_sync::{closure#0} as core[a373ad73a504971]::ops::function::FnOnce<()>>::call_once
[INFO] [stdout]   15:     0x61df8e36cbab - test[aada8e7e76ba119b]::__rust_begin_short_backtrace::<core[a373ad73a504971]::result::Result<(), alloc[2e1b2a31b91974c5]::string::String>, fn() -> core[a373ad73a504971]::result::Result<(), alloc[2e1b2a31b91974c5]::string::String>>
[INFO] [stdout]   16:     0x61df8e379d85 - test[aada8e7e76ba119b]::run_test::{closure#0}
[INFO] [stdout]   17:     0x61df8e373674 - std[617be2ca0a6fd877]::sys::backtrace::__rust_begin_short_backtrace::<test[aada8e7e76ba119b]::run_test::{closure#1}, ()>
[INFO] [stdout]   18:     0x61df8e37ce12 - <std[617be2ca0a6fd877]::thread::lifecycle::spawn_unchecked<test[aada8e7e76ba119b]::run_test::{closure#1}, ()>::{closure#1} as core[a373ad73a504971]::ops::function::FnOnce<()>>::call_once::{shim:vtable#0}
[INFO] [stdout]   19:     0x61df8e3e68af - <std[617be2ca0a6fd877]::sys::thread::unix::Thread>::new::thread_start
[INFO] [stdout]   20:     0x76857a80ddfa - <unknown>
[INFO] [stdout]   21:     0x76857a8a13d4 - clone
[INFO] [stdout]   22:                0x0 - <unknown>
[INFO] [stdout] 
[INFO] [stdout] ---- test_bootstrap stdout ----
[INFO] [stdout] remote dir: TempDir { path: "/tmp/.tmpfeY52q" }
[INFO] [stdout] local dir: TempDir { path: "/tmp/.tmpQXxorS" }
[INFO] [stdout] 
[INFO] [stdout] thread 'test_bootstrap' (2453) panicked at tests/env/mod.rs:426:35:
[INFO] [stdout] ripit command: Os { code: 2, kind: NotFound, message: "No such file or directory" }
[INFO] [stdout] stack backtrace:
[INFO] [stdout]    0:     0x61df8e3e73c1 - <<std[617be2ca0a6fd877]::sys::backtrace::BacktraceLock>::print::DisplayBacktrace as core[a373ad73a504971]::fmt::Display>::fmt
[INFO] [stdout]    1:     0x61df8e3fb96a - core[a373ad73a504971]::fmt::write
[INFO] [stdout]    2:     0x61df8e3eb8ac - <alloc[2e1b2a31b91974c5]::vec::Vec<u8> as core[a373ad73a504971]::io::write::Write>::write_fmt
[INFO] [stdout]    3:     0x61df8e3c1896 - std[617be2ca0a6fd877]::panicking::default_hook::{closure#0}
[INFO] [stdout]    4:     0x61df8e3deb09 - std[617be2ca0a6fd877]::panicking::default_hook
[INFO] [stdout]    5:     0x61df8e379760 - test[aada8e7e76ba119b]::test_main_inner::{closure#0}
[INFO] [stdout]    6:     0x61df8e3dee32 - std[617be2ca0a6fd877]::panicking::panic_with_hook
[INFO] [stdout]    7:     0x61df8e3c1942 - std[617be2ca0a6fd877]::panicking::panic_handler::{closure#0}
[INFO] [stdout]    8:     0x61df8e3ba1b9 - std[617be2ca0a6fd877]::sys::backtrace::__rust_end_short_backtrace::<std[617be2ca0a6fd877]::panicking::panic_handler::{closure#0}, !>
[INFO] [stdout]    9:     0x61df8e3c26dd - __rustc[ea4f61d10b84890b]::rust_begin_unwind
[INFO] [stdout]   10:     0x61df8e3fc0cc - core[a373ad73a504971]::panicking::panic_fmt
[INFO] [stdout]   11:     0x61df8e3fbea2 - core[a373ad73a504971]::result::unwrap_failed
[INFO] [stdout]   12:     0x61df8e2c9054 - <tests[6a8947da5ffc080c]::env::TestEnv>::run_ripit
[INFO] [stdout]   13:     0x61df8e2bd1d7 - <tests[6a8947da5ffc080c]::test_bootstrap::{closure#0} as core[a373ad73a504971]::ops::function::FnOnce<()>>::call_once
[INFO] [stdout]   14:     0x61df8e36cbab - test[aada8e7e76ba119b]::__rust_begin_short_backtrace::<core[a373ad73a504971]::result::Result<(), alloc[2e1b2a31b91974c5]::string::String>, fn() -> core[a373ad73a504971]::result::Result<(), alloc[2e1b2a31b91974c5]::string::String>>
[INFO] [stdout]   15:     0x61df8e379d85 - test[aada8e7e76ba119b]::run_test::{closure#0}
[INFO] [stdout]   16:     0x61df8e373674 - std[617be2ca0a6fd877]::sys::backtrace::__rust_begin_short_backtrace::<test[aada8e7e76ba119b]::run_test::{closure#1}, ()>
[INFO] [stdout]   17:     0x61df8e37ce12 - <std[617be2ca0a6fd877]::thread::lifecycle::spawn_unchecked<test[aada8e7e76ba119b]::run_test::{closure#1}, ()>::{closure#1} as core[a373ad73a504971]::ops::function::FnOnce<()>>::call_once::{shim:vtable#0}
[INFO] [stdout]   18:     0x61df8e3e68af - <std[617be2ca0a6fd877]::sys::thread::unix::Thread>::new::thread_start
[INFO] [stdout]   19:     0x76857a80ddfa - <unknown>
[INFO] [stdout]   20:     0x76857a8a13d4 - clone
[INFO] [stdout]   21:                0x0 - <unknown>
[INFO] [stdout] 
[INFO] [stdout] ---- test_cache_file stdout ----
[INFO] [stdout] remote dir: TempDir { path: "/tmp/.tmpwk7Egd" }
[INFO] [stdout] local dir: TempDir { path: "/tmp/.tmpq6x3O2" }
[INFO] [stdout] 
[INFO] [stdout] thread 'test_cache_file' (2454) panicked at tests/env/mod.rs:426:35:
[INFO] [stdout] ripit command: Os { code: 2, kind: NotFound, message: "No such file or directory" }
[INFO] [stdout] stack backtrace:
[INFO] [stdout]    0:     0x61df8e3e73c1 - <<std[617be2ca0a6fd877]::sys::backtrace::BacktraceLock>::print::DisplayBacktrace as core[a373ad73a504971]::fmt::Display>::fmt
[INFO] [stdout]    1:     0x61df8e3fb96a - core[a373ad73a504971]::fmt::write
[INFO] [stdout]    2:     0x61df8e3eb8ac - <alloc[2e1b2a31b91974c5]::vec::Vec<u8> as core[a373ad73a504971]::io::write::Write>::write_fmt
[INFO] [stdout]    3:     0x61df8e3c1896 - std[617be2ca0a6fd877]::panicking::default_hook::{closure#0}
[INFO] [stdout]    4:     0x61df8e3deb09 - std[617be2ca0a6fd877]::panicking::default_hook
[INFO] [stdout]    5:     0x61df8e379760 - test[aada8e7e76ba119b]::test_main_inner::{closure#0}
[INFO] [stdout]    6:     0x61df8e3dee32 - std[617be2ca0a6fd877]::panicking::panic_with_hook
[INFO] [stdout]    7:     0x61df8e3c1942 - std[617be2ca0a6fd877]::panicking::panic_handler::{closure#0}
[INFO] [stdout]    8:     0x61df8e3ba1b9 - std[617be2ca0a6fd877]::sys::backtrace::__rust_end_short_backtrace::<std[617be2ca0a6fd877]::panicking::panic_handler::{closure#0}, !>
[INFO] [stdout]    9:     0x61df8e3c26dd - __rustc[ea4f61d10b84890b]::rust_begin_unwind
[INFO] [stdout]   10:     0x61df8e3fc0cc - core[a373ad73a504971]::panicking::panic_fmt
[INFO] [stdout]   11:     0x61df8e3fbea2 - core[a373ad73a504971]::result::unwrap_failed
[INFO] [stdout]   12:     0x61df8e2c9054 - <tests[6a8947da5ffc080c]::env::TestEnv>::run_ripit
[INFO] [stdout]   13:     0x61df8e2c6602 - <tests[6a8947da5ffc080c]::env::TestEnv>::run_ripit_success
[INFO] [stdout]   14:     0x61df8e2be36b - <tests[6a8947da5ffc080c]::test_cache_file::{closure#0} as core[a373ad73a504971]::ops::function::FnOnce<()>>::call_once
[INFO] [stdout]   15:     0x61df8e36cbab - test[aada8e7e76ba119b]::__rust_begin_short_backtrace::<core[a373ad73a504971]::result::Result<(), alloc[2e1b2a31b91974c5]::string::String>, fn() -> core[a373ad73a504971]::result::Result<(), alloc[2e1b2a31b91974c5]::string::String>>
[INFO] [stdout]   16:     0x61df8e379d85 - test[aada8e7e76ba119b]::run_test::{closure#0}
[INFO] [stdout]   17:     0x61df8e373674 - std[617be2ca0a6fd877]::sys::backtrace::__rust_begin_short_backtrace::<test[aada8e7e76ba119b]::run_test::{closure#1}, ()>
[INFO] [stdout]   18:     0x61df8e37ce12 - <std[617be2ca0a6fd877]::thread::lifecycle::spawn_unchecked<test[aada8e7e76ba119b]::run_test::{closure#1}, ()>::{closure#1} as core[a373ad73a504971]::ops::function::FnOnce<()>>::call_once::{shim:vtable#0}
[INFO] [stdout]   19:     0x61df8e3e68af - <std[617be2ca0a6fd877]::sys::thread::unix::Thread>::new::thread_start
[INFO] [stdout]   20:     0x76857a80ddfa - <unknown>
[INFO] [stdout]   21:     0x76857a8a13d4 - clone
[INFO] [stdout]   22:                0x0 - <unknown>
[INFO] [stdout] 
[INFO] [stdout] ---- test_sync_specific_branch stdout ----
[INFO] [stdout] remote dir: TempDir { path: "/tmp/.tmpih7O9D" }
[INFO] [stdout] local dir: TempDir { path: "/tmp/.tmp2rNfer" }
[INFO] [stdout] 
[INFO] [stdout] thread 'test_sync_specific_branch' (2460) panicked at tests/env/mod.rs:426:35:
[INFO] [stdout] ripit command: Os { code: 2, kind: NotFound, message: "No such file or directory" }
[INFO] [stdout] stack backtrace:
[INFO] [stdout]    0:     0x61df8e3e73c1 - <<std[617be2ca0a6fd877]::sys::backtrace::BacktraceLock>::print::DisplayBacktrace as core[a373ad73a504971]::fmt::Display>::fmt
[INFO] [stdout]    1:     0x61df8e3fb96a - core[a373ad73a504971]::fmt::write
[INFO] [stdout]    2:     0x61df8e3eb8ac - <alloc[2e1b2a31b91974c5]::vec::Vec<u8> as core[a373ad73a504971]::io::write::Write>::write_fmt
[INFO] [stdout]    3:     0x61df8e3c1896 - std[617be2ca0a6fd877]::panicking::default_hook::{closure#0}
[INFO] [stdout]    4:     0x61df8e3deb09 - std[617be2ca0a6fd877]::panicking::default_hook
[INFO] [stdout]    5:     0x61df8e379760 - test[aada8e7e76ba119b]::test_main_inner::{closure#0}
[INFO] [stdout]    6:     0x61df8e3dee32 - std[617be2ca0a6fd877]::panicking::panic_with_hook
[INFO] [stdout]    7:     0x61df8e3c1942 - std[617be2ca0a6fd877]::panicking::panic_handler::{closure#0}
[INFO] [stdout]    8:     0x61df8e3ba1b9 - std[617be2ca0a6fd877]::sys::backtrace::__rust_end_short_backtrace::<std[617be2ca0a6fd877]::panicking::panic_handler::{closure#0}, !>
[INFO] [stdout]    9:     0x61df8e3c26dd - __rustc[ea4f61d10b84890b]::rust_begin_unwind
[INFO] [stdout]   10:     0x61df8e3fc0cc - core[a373ad73a504971]::panicking::panic_fmt
[INFO] [stdout]   11:     0x61df8e3fbea2 - core[a373ad73a504971]::result::unwrap_failed
[INFO] [stdout]   12:     0x61df8e2c9054 - <tests[6a8947da5ffc080c]::env::TestEnv>::run_ripit
[INFO] [stdout]   13:     0x61df8e2c6602 - <tests[6a8947da5ffc080c]::env::TestEnv>::run_ripit_success
[INFO] [stdout]   14:     0x61df8e2c1861 - <tests[6a8947da5ffc080c]::test_sync_specific_branch::{closure#0} as core[a373ad73a504971]::ops::function::FnOnce<()>>::call_once
[INFO] [stdout]   15:     0x61df8e36cbab - test[aada8e7e76ba119b]::__rust_begin_short_backtrace::<core[a373ad73a504971]::result::Result<(), alloc[2e1b2a31b91974c5]::string::String>, fn() -> core[a373ad73a504971]::result::Result<(), alloc[2e1b2a31b91974c5]::string::String>>
[INFO] [stdout]   16:     0x61df8e379d85 - test[aada8e7e76ba119b]::run_test::{closure#0}
[INFO] [stdout]   17:     0x61df8e373674 - std[617be2ca0a6fd877]::sys::backtrace::__rust_begin_short_backtrace::<test[aada8e7e76ba119b]::run_test::{closure#1}, ()>
[INFO] [stdout]   18:     0x61df8e37ce12 - <std[617be2ca0a6fd877]::thread::lifecycle::spawn_unchecked<test[aada8e7e76ba119b]::run_test::{closure#1}, ()>::{closure#1} as core[a373ad73a504971]::ops::function::FnOnce<()>>::call_once::{shim:vtable#0}
[INFO] [stdout]   19:     0x61df8e3e68af - <std[617be2ca0a6fd877]::sys::thread::unix::Thread>::new::thread_start
[INFO] [stdout]   20:     0x76857a80ddfa - <unknown>
[INFO] [stdout]   21:     0x76857a8a13d4 - clone
[INFO] [stdout]   22:                0x0 - <unknown>
[INFO] [stdout] 
[INFO] [stdout] ---- test_resync_uprooted_merge stdout ----
[INFO] [stdout] remote dir: TempDir { path: "/tmp/.tmp4XV2BX" }
[INFO] [stdout] local dir: TempDir { path: "/tmp/.tmpZpgCT2" }
[INFO] [stdout] 
[INFO] [stdout] thread 'test_resync_uprooted_merge' (2459) panicked at tests/env/mod.rs:426:35:
[INFO] [stdout] ripit command: Os { code: 2, kind: NotFound, message: "No such file or directory" }
[INFO] [stdout] stack backtrace:
[INFO] [stdout]    0:     0x61df8e3e73c1 - <<std[617be2ca0a6fd877]::sys::backtrace::BacktraceLock>::print::DisplayBacktrace as core[a373ad73a504971]::fmt::Display>::fmt
[INFO] [stdout]    1:     0x61df8e3fb96a - core[a373ad73a504971]::fmt::write
[INFO] [stdout]    2:     0x61df8e3eb8ac - <alloc[2e1b2a31b91974c5]::vec::Vec<u8> as core[a373ad73a504971]::io::write::Write>::write_fmt
[INFO] [stdout]    3:     0x61df8e3c1896 - std[617be2ca0a6fd877]::panicking::default_hook::{closure#0}
[INFO] [stdout]    4:     0x61df8e3deb09 - std[617be2ca0a6fd877]::panicking::default_hook
[INFO] [stdout]    5:     0x61df8e379760 - test[aada8e7e76ba119b]::test_main_inner::{closure#0}
[INFO] [stdout]    6:     0x61df8e3dee32 - std[617be2ca0a6fd877]::panicking::panic_with_hook
[INFO] [stdout]    7:     0x61df8e3c1942 - std[617be2ca0a6fd877]::panicking::panic_handler::{closure#0}
[INFO] [stdout]    8:     0x61df8e3ba1b9 - std[617be2ca0a6fd877]::sys::backtrace::__rust_end_short_backtrace::<std[617be2ca0a6fd877]::panicking::panic_handler::{closure#0}, !>
[INFO] [stdout]    9:     0x61df8e3c26dd - __rustc[ea4f61d10b84890b]::rust_begin_unwind
[INFO] [stdout]   10:     0x61df8e3fc0cc - core[a373ad73a504971]::panicking::panic_fmt
[INFO] [stdout]   11:     0x61df8e3fbea2 - core[a373ad73a504971]::result::unwrap_failed
[INFO] [stdout]   12:     0x61df8e2c9054 - <tests[6a8947da5ffc080c]::env::TestEnv>::run_ripit
[INFO] [stdout]   13:     0x61df8e2c6602 - <tests[6a8947da5ffc080c]::env::TestEnv>::run_ripit_success
[INFO] [stdout]   14:     0x61df8e2c1f30 - <tests[6a8947da5ffc080c]::test_resync_uprooted_merge::{closure#0} as core[a373ad73a504971]::ops::function::FnOnce<()>>::call_once
[INFO] [stdout]   15:     0x61df8e36cbab - test[aada8e7e76ba119b]::__rust_begin_short_backtrace::<core[a373ad73a504971]::result::Result<(), alloc[2e1b2a31b91974c5]::string::String>, fn() -> core[a373ad73a504971]::result::Result<(), alloc[2e1b2a31b91974c5]::string::String>>
[INFO] [stdout]   16:     0x61df8e379d85 - test[aada8e7e76ba119b]::run_test::{closure#0}
[INFO] [stdout]   17:     0x61df8e373674 - std[617be2ca0a6fd877]::sys::backtrace::__rust_begin_short_backtrace::<test[aada8e7e76ba119b]::run_test::{closure#1}, ()>
[INFO] [stdout]   18:     0x61df8e37ce12 - <std[617be2ca0a6fd877]::thread::lifecycle::spawn_unchecked<test[aada8e7e76ba119b]::run_test::{closure#1}, ()>::{closure#1} as core[a373ad73a504971]::ops::function::FnOnce<()>>::call_once::{shim:vtable#0}
[INFO] [stdout]   19:     0x61df8e3e68af - <std[617be2ca0a6fd877]::sys::thread::unix::Thread>::new::thread_start
[INFO] [stdout]   20:     0x76857a80ddfa - <unknown>
[INFO] [stdout]   21:     0x76857a8a13d4 - clone
[INFO] [stdout]   22:                0x0 - <unknown>
[INFO] [stdout] 
[INFO] [stdout] ---- test_merge_sync stdout ----
[INFO] [stdout] remote dir: TempDir { path: "/tmp/.tmpRemEdo" }
[INFO] [stdout] local dir: TempDir { path: "/tmp/.tmpRN6EAO" }
[INFO] [stdout] 
[INFO] [stdout] thread 'test_merge_sync' (2458) panicked at tests/env/mod.rs:426:35:
[INFO] [stdout] ripit command: Os { code: 2, kind: NotFound, message: "No such file or directory" }
[INFO] [stdout] stack backtrace:
[INFO] [stdout]    0:     0x61df8e3e73c1 - <<std[617be2ca0a6fd877]::sys::backtrace::BacktraceLock>::print::DisplayBacktrace as core[a373ad73a504971]::fmt::Display>::fmt
[INFO] [stdout]    1:     0x61df8e3fb96a - core[a373ad73a504971]::fmt::write
[INFO] [stdout]    2:     0x61df8e3eb8ac - <alloc[2e1b2a31b91974c5]::vec::Vec<u8> as core[a373ad73a504971]::io::write::Write>::write_fmt
[INFO] [stdout]    3:     0x61df8e3c1896 - std[617be2ca0a6fd877]::panicking::default_hook::{closure#0}
[INFO] [stdout]    4:     0x61df8e3deb09 - std[617be2ca0a6fd877]::panicking::default_hook
[INFO] [stdout]    5:     0x61df8e379760 - test[aada8e7e76ba119b]::test_main_inner::{closure#0}
[INFO] [stdout]    6:     0x61df8e3dee32 - std[617be2ca0a6fd877]::panicking::panic_with_hook
[INFO] [stdout]    7:     0x61df8e3c1942 - std[617be2ca0a6fd877]::panicking::panic_handler::{closure#0}
[INFO] [stdout]    8:     0x61df8e3ba1b9 - std[617be2ca0a6fd877]::sys::backtrace::__rust_end_short_backtrace::<std[617be2ca0a6fd877]::panicking::panic_handler::{closure#0}, !>
[INFO] [stdout]    9:     0x61df8e3c26dd - __rustc[ea4f61d10b84890b]::rust_begin_unwind
[INFO] [stdout]   10:     0x61df8e3fc0cc - core[a373ad73a504971]::panicking::panic_fmt
[INFO] [stdout]   11:     0x61df8e3fbea2 - core[a373ad73a504971]::result::unwrap_failed
[INFO] [stdout]   12:     0x61df8e2c9054 - <tests[6a8947da5ffc080c]::env::TestEnv>::run_ripit
[INFO] [stdout]   13:     0x61df8e2c6602 - <tests[6a8947da5ffc080c]::env::TestEnv>::run_ripit_success
[INFO] [stdout]   14:     0x61df8e2bf606 - <tests[6a8947da5ffc080c]::test_merge_sync::{closure#0} as core[a373ad73a504971]::ops::function::FnOnce<()>>::call_once
[INFO] [stdout]   15:     0x61df8e36cbab - test[aada8e7e76ba119b]::__rust_begin_short_backtrace::<core[a373ad73a504971]::result::Result<(), alloc[2e1b2a31b91974c5]::string::String>, fn() -> core[a373ad73a504971]::result::Result<(), alloc[2e1b2a31b91974c5]::string::String>>
[INFO] [stdout]   16:     0x61df8e379d85 - test[aada8e7e76ba119b]::run_test::{closure#0}
[INFO] [stdout]   17:     0x61df8e373674 - std[617be2ca0a6fd877]::sys::backtrace::__rust_begin_short_backtrace::<test[aada8e7e76ba119b]::run_test::{closure#1}, ()>
[INFO] [stdout]   18:     0x61df8e37ce12 - <std[617be2ca0a6fd877]::thread::lifecycle::spawn_unchecked<test[aada8e7e76ba119b]::run_test::{closure#1}, ()>::{closure#1} as core[a373ad73a504971]::ops::function::FnOnce<()>>::call_once::{shim:vtable#0}
[INFO] [stdout]   19:     0x61df8e3e68af - <std[617be2ca0a6fd877]::sys::thread::unix::Thread>::new::thread_start
[INFO] [stdout]   20:     0x76857a80ddfa - <unknown>
[INFO] [stdout]   21:     0x76857a8a13d4 - clone
[INFO] [stdout]   22:                0x0 - <unknown>
[INFO] [stdout] 
[INFO] [stdout] ---- test_merge_multiple_branches stdout ----
[INFO] [stdout] remote dir: TempDir { path: "/tmp/.tmp6DzkKu" }
[INFO] [stdout] local dir: TempDir { path: "/tmp/.tmp0ZU9Vd" }
[INFO] [stdout] 
[INFO] [stdout] thread 'test_merge_multiple_branches' (2456) panicked at tests/env/mod.rs:426:35:
[INFO] [stdout] ripit command: Os { code: 2, kind: NotFound, message: "No such file or directory" }
[INFO] [stdout] stack backtrace:
[INFO] [stdout]    0:     0x61df8e3e73c1 - <<std[617be2ca0a6fd877]::sys::backtrace::BacktraceLock>::print::DisplayBacktrace as core[a373ad73a504971]::fmt::Display>::fmt
[INFO] [stdout]    1:     0x61df8e3fb96a - core[a373ad73a504971]::fmt::write
[INFO] [stdout]    2:     0x61df8e3eb8ac - <alloc[2e1b2a31b91974c5]::vec::Vec<u8> as core[a373ad73a504971]::io::write::Write>::write_fmt
[INFO] [stdout]    3:     0x61df8e3c1896 - std[617be2ca0a6fd877]::panicking::default_hook::{closure#0}
[INFO] [stdout]    4:     0x61df8e3deb09 - std[617be2ca0a6fd877]::panicking::default_hook
[INFO] [stdout]    5:     0x61df8e379760 - test[aada8e7e76ba119b]::test_main_inner::{closure#0}
[INFO] [stdout]    6:     0x61df8e3dee32 - std[617be2ca0a6fd877]::panicking::panic_with_hook
[INFO] [stdout]    7:     0x61df8e3c1942 - std[617be2ca0a6fd877]::panicking::panic_handler::{closure#0}
[INFO] [stdout]    8:     0x61df8e3ba1b9 - std[617be2ca0a6fd877]::sys::backtrace::__rust_end_short_backtrace::<std[617be2ca0a6fd877]::panicking::panic_handler::{closure#0}, !>
[INFO] [stdout]    9:     0x61df8e3c26dd - __rustc[ea4f61d10b84890b]::rust_begin_unwind
[INFO] [stdout]   10:     0x61df8e3fc0cc - core[a373ad73a504971]::panicking::panic_fmt
[INFO] [stdout]   11:     0x61df8e3fbea2 - core[a373ad73a504971]::result::unwrap_failed
[INFO] [stdout]   12:     0x61df8e2c9054 - <tests[6a8947da5ffc080c]::env::TestEnv>::run_ripit
[INFO] [stdout]   13:     0x61df8e2c6602 - <tests[6a8947da5ffc080c]::env::TestEnv>::run_ripit_success
[INFO] [stdout]   14:     0x61df8e2c2e75 - <tests[6a8947da5ffc080c]::test_merge_multiple_branches::{closure#0} as core[a373ad73a504971]::ops::function::FnOnce<()>>::call_once
[INFO] [stdout]   15:     0x61df8e36cbab - test[aada8e7e76ba119b]::__rust_begin_short_backtrace::<core[a373ad73a504971]::result::Result<(), alloc[2e1b2a31b91974c5]::string::String>, fn() -> core[a373ad73a504971]::result::Result<(), alloc[2e1b2a31b91974c5]::string::String>>
[INFO] [stdout]   16:     0x61df8e379d85 - test[aada8e7e76ba119b]::run_test::{closure#0}
[INFO] [stdout]   17:     0x61df8e373674 - std[617be2ca0a6fd877]::sys::backtrace::__rust_begin_short_backtrace::<test[aada8e7e76ba119b]::run_test::{closure#1}, ()>
[INFO] [stdout]   18:     0x61df8e37ce12 - <std[617be2ca0a6fd877]::thread::lifecycle::spawn_unchecked<test[aada8e7e76ba119b]::run_test::{closure#1}, ()>::{closure#1} as core[a373ad73a504971]::ops::function::FnOnce<()>>::call_once::{shim:vtable#0}
[INFO] [stdout]   19:     0x61df8e3e68af - <std[617be2ca0a6fd877]::sys::thread::unix::Thread>::new::thread_start
[INFO] [stdout]   20:     0x76857a80ddfa - <unknown>
[INFO] [stdout]   21:     0x76857a8a13d4 - clone
[INFO] [stdout]   22:                0x0 - <unknown>
[INFO] [stdout] 
[INFO] [stdout] 
[INFO] [stdout] failures:
[INFO] [stdout]     test_abort_on_local_changes
[INFO] [stdout]     test_basic_sync
[INFO] [stdout]     test_bootstrap
[INFO] [stdout]     test_cache_file
[INFO] [stdout]     test_commits_filtering
[INFO] [stdout]     test_merge_multiple_branches
[INFO] [stdout]     test_merge_solving_conflicts
[INFO] [stdout]     test_merge_sync
[INFO] [stdout]     test_resync_uprooted_merge
[INFO] [stdout]     test_sync_specific_branch
[INFO] [stdout]     test_uproot_merge
[INFO] [stdout]     test_uproot_merge_with_conflicts
[INFO] [stdout]     test_uproot_sync
[INFO] [stdout]     test_uproot_sync_with_conflicts
[INFO] [stdout] 
[INFO] [stdout] test result: FAILED. 0 passed; 14 failed; 0 ignored; 0 measured; 0 filtered out; finished in 0.31s
[INFO] [stdout] 
[INFO] [stderr] error: test failed, to rerun pass `--test tests`
[INFO] running `Command { std: "docker" "inspect" "2dfc00733d3b11d7fee5b0d1fc182feb87aa7698f017878ff9f8ad99e6454234", kill_on_drop: false }`
[INFO] running `Command { std: "docker" "rm" "-f" "2dfc00733d3b11d7fee5b0d1fc182feb87aa7698f017878ff9f8ad99e6454234", kill_on_drop: false }`
[INFO] [stdout] 2dfc00733d3b11d7fee5b0d1fc182feb87aa7698f017878ff9f8ad99e6454234
