[INFO] cloning repository https://github.com/viiri/exepack
[INFO] running `Command { std: "git" "-c" "credential.helper=" "-c" "credential.helper=/workspace/cargo-home/bin/git-credential-null" "clone" "--bare" "https://github.com/viiri/exepack" "/workspace/cache/git-repos/https%3A%2F%2Fgithub.com%2Fviiri%2Fexepack", kill_on_drop: false }`
[INFO] [stderr] Cloning into bare repository '/workspace/cache/git-repos/https%3A%2F%2Fgithub.com%2Fviiri%2Fexepack'...
[INFO] running `Command { std: "git" "rev-parse" "HEAD", kill_on_drop: false }`
[INFO] [stdout] a42f2c8fb1018feeb2c32fc7f7b1f01240d824c4
[INFO] testing viiri/exepack against 1.100.0-beta.1+cargoflags=--release for beta-release-1.100-3
[INFO] running `Command { std: "git" "clone" "/workspace/cache/git-repos/https%3A%2F%2Fgithub.com%2Fviiri%2Fexepack" "/workspace/builds/worker-2-tc2/source", kill_on_drop: false }`
[INFO] [stderr] Cloning into '/workspace/builds/worker-2-tc2/source'...
[INFO] [stderr] done.
[INFO] started tweaking git repo https://github.com/viiri/exepack
[INFO] finished tweaking git repo https://github.com/viiri/exepack
[INFO] tweaked toml for git repo https://github.com/viiri/exepack written to /workspace/builds/worker-2-tc2/source/Cargo.toml
[INFO] validating manifest of git repo https://github.com/viiri/exepack on toolchain 1.100.0-beta.1
[INFO] running `Command { std: CARGO_HOME="/workspace/cargo-home" RUSTUP_HOME="/workspace/rustup-home" "/workspace/cargo-home/bin/cargo" "+1.100.0-beta.1" "metadata" "--manifest-path" "Cargo.toml" "--no-deps", kill_on_drop: false }`
[INFO] crate git repo https://github.com/viiri/exepack already has a lockfile, it will not be regenerated
[INFO] running `Command { std: CARGO_HOME="/workspace/cargo-home" RUSTUP_HOME="/workspace/rustup-home" "/workspace/cargo-home/bin/cargo" "+1.100.0-beta.1" "fetch" "--manifest-path" "Cargo.toml", kill_on_drop: false }`
[INFO] [stderr] warning: Cargo.toml: `package.edition` is unspecified, defaulting to `2015` while the latest is `2024`
[INFO] [stderr] warning: `exepack` (manifest) generated 1 warning
[INFO] running `Command { std: "docker" "create" "-v" "/var/lib/crater-agent-workspace/builds/worker-2-tc2/source:/opt/rustwide/workdir:ro,Z" "-v" "/var/lib/crater-agent-workspace/builds/worker-2-tc2/target:/opt/rustwide/target:rw,Z" "-v" "/var/lib/crater-agent-workspace/cargo-home:/opt/rustwide/cargo-home:ro,Z" "-v" "/var/lib/crater-agent-workspace/rustup-home:/opt/rustwide/rustup-home:ro,Z" "-m" "1610612736" "--network" "none" "ghcr.io/rust-lang/crates-build-env/linux@sha256:77db811e55d90add9212f6832c23229e3de5f1c1f9905e8cb07319ea15df73ac" "sleep" "infinity", kill_on_drop: false }`
[INFO] [stdout] f4371d54ecbef16ac1c8cccdd0ed0ad92318b323f57fa522d27c81c5ffed418c
[INFO] running `Command { std: "docker" "start" "f4371d54ecbef16ac1c8cccdd0ed0ad92318b323f57fa522d27c81c5ffed418c", kill_on_drop: false }`
[INFO] running `Command { std: "docker" "inspect" "f4371d54ecbef16ac1c8cccdd0ed0ad92318b323f57fa522d27c81c5ffed418c", kill_on_drop: false }`
[INFO] running `Command { std: "docker" "exec" "-e" "SOURCE_DIR=/opt/rustwide/workdir" "-e" "CARGO_HOME=/opt/rustwide/cargo-home" "-e" "RUSTUP_HOME=/opt/rustwide/rustup-home" "-e" "CARGO_TARGET_DIR=/opt/rustwide/target" "-w" "/opt/rustwide/workdir" "--user" "0:0" "f4371d54ecbef16ac1c8cccdd0ed0ad92318b323f57fa522d27c81c5ffed418c" "/opt/rustwide/cargo-home/bin/cargo" "+1.100.0-beta.1" "metadata" "--no-deps" "--format-version=1", kill_on_drop: false }`
[INFO] running `Command { std: "docker" "inspect" "f4371d54ecbef16ac1c8cccdd0ed0ad92318b323f57fa522d27c81c5ffed418c", kill_on_drop: false }`
[INFO] running `Command { std: "docker" "exec" "-e" "SOURCE_DIR=/opt/rustwide/workdir" "-e" "CARGO_HOME=/opt/rustwide/cargo-home" "-e" "RUSTUP_HOME=/opt/rustwide/rustup-home" "-e" "CARGO_TARGET_DIR=/opt/rustwide/target" "-e" "CARGO_INCREMENTAL=0" "-e" "RUST_BACKTRACE=full" "-e" "RUSTFLAGS=--cap-lints=warn" "-e" "RUSTDOCFLAGS=--cap-lints=warn" "-w" "/opt/rustwide/workdir" "--user" "0:0" "f4371d54ecbef16ac1c8cccdd0ed0ad92318b323f57fa522d27c81c5ffed418c" "/opt/rustwide/cargo-home/bin/cargo" "+1.100.0-beta.1" "build" "--frozen" "--message-format=json" "--release", kill_on_drop: false }`
[INFO] [stderr] warning: Cargo.toml: `package.edition` is unspecified, defaulting to `2015` while the latest is `2024`
[INFO] [stderr] warning: `exepack` (manifest) generated 1 warning
[INFO] [stderr]    Compiling lexopt v0.2.1
[INFO] [stderr]    Compiling exepack v1.4.0 (/opt/rustwide/workdir)
[INFO] [stderr]     Finished `release` profile [optimized] target(s) in 1.59s
[INFO] running `Command { std: "docker" "inspect" "f4371d54ecbef16ac1c8cccdd0ed0ad92318b323f57fa522d27c81c5ffed418c", kill_on_drop: false }`
[INFO] running `Command { std: "docker" "exec" "-e" "SOURCE_DIR=/opt/rustwide/workdir" "-e" "CARGO_HOME=/opt/rustwide/cargo-home" "-e" "RUSTUP_HOME=/opt/rustwide/rustup-home" "-e" "CARGO_TARGET_DIR=/opt/rustwide/target" "-e" "CARGO_INCREMENTAL=0" "-e" "RUST_BACKTRACE=full" "-e" "RUSTFLAGS=--cap-lints=warn" "-e" "RUSTDOCFLAGS=--cap-lints=warn" "-w" "/opt/rustwide/workdir" "--user" "0:0" "f4371d54ecbef16ac1c8cccdd0ed0ad92318b323f57fa522d27c81c5ffed418c" "/opt/rustwide/cargo-home/bin/cargo" "+1.100.0-beta.1" "test" "--frozen" "--no-run" "--message-format=json" "--release", kill_on_drop: false }`
[INFO] [stderr] warning: Cargo.toml: `package.edition` is unspecified, defaulting to `2015` while the latest is `2024`
[INFO] [stderr] warning: `exepack` (manifest) generated 1 warning
[INFO] [stderr]    Compiling libc v0.2.105
[INFO] [stderr]    Compiling ppv-lite86 v0.2.15
[INFO] [stderr]    Compiling remove_dir_all v0.5.3
[INFO] [stderr]    Compiling getrandom v0.2.3
[INFO] [stderr]    Compiling rand_core v0.6.3
[INFO] [stderr]    Compiling rand_chacha v0.3.1
[INFO] [stderr]    Compiling rand v0.8.4
[INFO] [stderr]    Compiling tempfile v3.2.0
[INFO] [stderr]    Compiling exepack v1.4.0 (/opt/rustwide/workdir)
[INFO] [stdout] warning: use of deprecated constant `std::usize::MAX`: replaced by the `MAX` associated constant on this type
[INFO] [stdout]    --> src/exe.rs:443:38
[INFO] [stdout]     |
[INFO] [stdout] 443 |         assert_eq!(pages(std::usize::MAX), std::usize::MAX / 512 + 1);
[INFO] [stdout]     |                                      ^^^
[INFO] [stdout]     |
[INFO] [stdout]     = note: `#[warn(deprecated)]` on by default
[INFO] [stdout] 
[INFO] [stdout] 
[INFO] [stdout] warning: use of deprecated constant `std::usize::MAX`: replaced by the `MAX` associated constant on this type
[INFO] [stdout]    --> src/exe.rs:443:56
[INFO] [stdout]     |
[INFO] [stdout] 443 |         assert_eq!(pages(std::usize::MAX), std::usize::MAX / 512 + 1);
[INFO] [stdout]     |                                                        ^^^
[INFO] [stdout] 
[INFO] [stdout] 
[INFO] [stdout] warning: use of deprecated constant `std::usize::MAX`: replaced by the `MAX` associated constant on this type
[INFO] [stdout]     --> src/exepack.rs:1071:38
[INFO] [stdout]      |
[INFO] [stdout] 1071 |         assert_eq!(paras(std::usize::MAX), std::usize::MAX / 16 + 1);
[INFO] [stdout]      |                                      ^^^
[INFO] [stdout] 
[INFO] [stdout] 
[INFO] [stdout] warning: use of deprecated constant `std::usize::MAX`: replaced by the `MAX` associated constant on this type
[INFO] [stdout]     --> src/exepack.rs:1071:56
[INFO] [stdout]      |
[INFO] [stdout] 1071 |         assert_eq!(paras(std::usize::MAX), std::usize::MAX / 16 + 1);
[INFO] [stdout]      |                                                        ^^^
[INFO] [stdout] 
[INFO] [stdout] 
[INFO] [stdout] warning: call to `.clone()` on a reference in this situation does nothing
[INFO] [stdout]    --> src/exe.rs:515:27
[INFO] [stdout]     |
[INFO] [stdout] 515 |         Exe::read(&mut buf.clone())
[INFO] [stdout]     |                           ^^^^^^^^ help: remove this redundant call
[INFO] [stdout]     |
[INFO] [stdout]     = note: the type `[u8]` does not implement `Clone`, so calling `clone` on `&[u8]` copies the reference, which does not do anything and can be removed
[INFO] [stdout]     = note: `#[warn(noop_method_call)]` on by default
[INFO] [stdout] 
[INFO] [stdout] 
[INFO] [stderr]     Finished `release` profile [optimized] target(s) in 5.91s
[INFO] running `Command { std: "docker" "inspect" "f4371d54ecbef16ac1c8cccdd0ed0ad92318b323f57fa522d27c81c5ffed418c", kill_on_drop: false }`
[INFO] running `Command { std: "docker" "exec" "-e" "SOURCE_DIR=/opt/rustwide/workdir" "-e" "CARGO_HOME=/opt/rustwide/cargo-home" "-e" "RUSTUP_HOME=/opt/rustwide/rustup-home" "-e" "CARGO_TARGET_DIR=/opt/rustwide/target" "-e" "CARGO_INCREMENTAL=0" "-e" "RUST_BACKTRACE=full" "-e" "RUSTFLAGS=--cap-lints=warn" "-e" "RUSTDOCFLAGS=--cap-lints=warn" "-w" "/opt/rustwide/workdir" "--user" "0:0" "f4371d54ecbef16ac1c8cccdd0ed0ad92318b323f57fa522d27c81c5ffed418c" "/opt/rustwide/cargo-home/bin/cargo" "+1.100.0-beta.1" "test" "--frozen" "--release", kill_on_drop: false }`
[INFO] [stderr] warning: Cargo.toml: `package.edition` is unspecified, defaulting to `2015` while the latest is `2024`
[INFO] [stderr] warning: `exepack` (manifest) generated 1 warning
[INFO] [stderr] warning: use of deprecated constant `std::usize::MAX`: replaced by the `MAX` associated constant on this type
[INFO] [stderr]    --> src/exe.rs:443:38
[INFO] [stderr]     |
[INFO] [stderr] 443 |         assert_eq!(pages(std::usize::MAX), std::usize::MAX / 512 + 1);
[INFO] [stderr]     |                                      ^^^
[INFO] [stderr]     |
[INFO] [stderr]     = note: `#[warn(deprecated)]` on by default
[INFO] [stderr] 
[INFO] [stderr] warning: use of deprecated constant `std::usize::MAX`: replaced by the `MAX` associated constant on this type
[INFO] [stderr]    --> src/exe.rs:443:56
[INFO] [stderr]     |
[INFO] [stderr] 443 |         assert_eq!(pages(std::usize::MAX), std::usize::MAX / 512 + 1);
[INFO] [stderr]     |                                                        ^^^
[INFO] [stderr] 
[INFO] [stderr] warning: use of deprecated constant `std::usize::MAX`: replaced by the `MAX` associated constant on this type
[INFO] [stderr]     --> src/exepack.rs:1071:38
[INFO] [stderr]      |
[INFO] [stderr] 1071 |         assert_eq!(paras(std::usize::MAX), std::usize::MAX / 16 + 1);
[INFO] [stderr]      |                                      ^^^
[INFO] [stderr] 
[INFO] [stderr] warning: use of deprecated constant `std::usize::MAX`: replaced by the `MAX` associated constant on this type
[INFO] [stderr]     --> src/exepack.rs:1071:56
[INFO] [stderr]      |
[INFO] [stderr] 1071 |         assert_eq!(paras(std::usize::MAX), std::usize::MAX / 16 + 1);
[INFO] [stderr]      |                                                        ^^^
[INFO] [stderr] 
[INFO] [stderr] warning: call to `.clone()` on a reference in this situation does nothing
[INFO] [stderr]    --> src/exe.rs:515:27
[INFO] [stderr]     |
[INFO] [stderr] 515 |         Exe::read(&mut buf.clone())
[INFO] [stderr]     |                           ^^^^^^^^ help: remove this redundant call
[INFO] [stderr]     |
[INFO] [stderr]     = note: the type `[u8]` does not implement `Clone`, so calling `clone` on `&[u8]` copies the reference, which does not do anything and can be removed
[INFO] [stderr]     = note: `#[warn(noop_method_call)]` on by default
[INFO] [stderr] 
[INFO] [stderr] warning: `exepack` (lib test) generated 5 warnings (run `cargo fix --lib -p exepack --tests` to apply 1 suggestion)
[INFO] [stderr]     Finished `release` profile [optimized] target(s) in 0.04s
[INFO] [stderr]      Running unittests src/lib.rs (/opt/rustwide/target/release/build/exepack/e52293aae4f7d0c4/out/exepack-e52293aae4f7d0c4)
[INFO] [stdout] 
[INFO] [stdout] running 26 tests
[INFO] [stdout] test exe::tests::test_write_exe_checksum ... ok
[INFO] [stdout] test exe::tests::test_write_exe_too_long ... ok
[INFO] [stdout] test exe::tests::test_write_exe_too_many_relocations ... ok
[INFO] [stdout] test exepack::tests::test_compress_density ... ok
[INFO] [stdout] test exe::tests::test_pages ... ok
[INFO] [stdout] test exe::tests::test_read_exe_bad_magic ... ok
[INFO] [stdout] test exe::tests::test_read_exe_eof ... ok
[INFO] [stdout] test exepack::tests::test_decompress_srcoverflow ... ok
[INFO] [stdout] test exepack::tests::test_decompress_filloverflow ... ok
[INFO] [stdout] test exe::tests::test_checksum ... ok
[INFO] [stdout] test exe::tests::test_read_exe_len ... ok
[INFO] [stdout] test exe::tests::test_read_exe_overlaps ... ok
[INFO] [stdout] test exepack::tests::test_decompress_crossover ... ok
[INFO] [stdout] test exepack::tests::test_decompress_gap ... ok
[INFO] [stdout] test pointer::tests::test_abs ... ok
[INFO] [stdout] test exe::tests::test_encode_exe_len ... ok
[INFO] [stdout] test exepack::tests::test_decompress_copyoverflow ... ok
[INFO] [stdout] test exepack::tests::test_decompress_ok ... ok
[INFO] [stdout] test exepack::tests::test_compress_roundtrip ... ok
[INFO] [stdout] test exepack::tests::test_paras ... ok
[INFO] [stdout] test exe::tests::test_decode_exe_len ... ok
[INFO] [stdout] test exe::tests::test_discard ... ok
[INFO] [stderr]      Running unittests src/main.rs (/opt/rustwide/target/release/build/exepack/d68ead0ebdb84b03/out/exepack-d68ead0ebdb84b03)
[INFO] [stdout] test exepack::tests::test_decompress_boguscommand ... ok
[INFO] [stdout] test exe::tests::test_read_exe_checksum ... ok
[INFO] [stdout] test exepack::tests::test_unpad ... ok
[INFO] [stdout] test pointer::tests::test_ord ... ok
[INFO] [stdout] 
[INFO] [stdout] test result: ok. 26 passed; 0 failed; 0 ignored; 0 measured; 0 filtered out; finished in 0.01s
[INFO] [stdout] 
[INFO] [stdout] 
[INFO] [stdout] running 0 tests
[INFO] [stdout] 
[INFO] [stderr]      Running tests/binary.rs (/opt/rustwide/target/release/build/exepack/fded42be618c735e/out/binary-fded42be618c735e)
[INFO] [stdout] test result: ok. 0 passed; 0 failed; 0 ignored; 0 measured; 0 filtered out; finished in 0.00s
[INFO] [stdout] 
[INFO] [stdout] 
[INFO] [stdout] running 3 tests
[INFO] [stdout] test test_decompress_options ... FAILED
[INFO] [stdout] test test_roundtrip ... FAILED
[INFO] [stdout] test test_non_utf8_paths ... FAILED
[INFO] [stdout] 
[INFO] [stdout] failures:
[INFO] [stdout] 
[INFO] [stdout] ---- test_decompress_options stdout ----
[INFO] [stdout] 
[INFO] [stdout] thread 'test_decompress_options' (457) panicked at tests/binary.rs:94:86:
[INFO] [stdout] called `Result::unwrap()` on an `Err` value: Os { code: 2, kind: NotFound, message: "No such file or directory" }
[INFO] [stdout] stack backtrace:
[INFO] [stdout]    0:     0x557e859561f1 - <<std[617be2ca0a6fd877]::sys::backtrace::BacktraceLock>::print::DisplayBacktrace as core[a373ad73a504971]::fmt::Display>::fmt
[INFO] [stdout]    1:     0x557e8596ab2a - core[a373ad73a504971]::fmt::write
[INFO] [stdout]    2:     0x557e8595a40c - <alloc[2e1b2a31b91974c5]::vec::Vec<u8> as core[a373ad73a504971]::io::write::Write>::write_fmt
[INFO] [stdout]    3:     0x557e85931006 - std[617be2ca0a6fd877]::panicking::default_hook::{closure#0}
[INFO] [stdout]    4:     0x557e8594dad9 - std[617be2ca0a6fd877]::panicking::default_hook
[INFO] [stdout]    5:     0x557e858e7740 - test[aada8e7e76ba119b]::test_main_inner::{closure#0}
[INFO] [stdout]    6:     0x557e8594dc92 - std[617be2ca0a6fd877]::panicking::panic_with_hook
[INFO] [stdout]    7:     0x557e859310b2 - std[617be2ca0a6fd877]::panicking::panic_handler::{closure#0}
[INFO] [stdout]    8:     0x557e85929d19 - std[617be2ca0a6fd877]::sys::backtrace::__rust_end_short_backtrace::<std[617be2ca0a6fd877]::panicking::panic_handler::{closure#0}, !>
[INFO] [stdout]    9:     0x557e85931cbd - __rustc[ea4f61d10b84890b]::rust_begin_unwind
[INFO] [stdout]   10:     0x557e8596b25c - core[a373ad73a504971]::panicking::panic_fmt
[INFO] [stdout]   11:     0x557e8596b032 - core[a373ad73a504971]::result::unwrap_failed
[INFO] [stdout]   12:     0x557e858d66fc - <binary[116e51e0e358c972]::test_decompress_options::{closure#0} as core[a373ad73a504971]::ops::function::FnOnce<()>>::call_once
[INFO] [stdout]   13:     0x557e858dab8b - test[aada8e7e76ba119b]::__rust_begin_short_backtrace::<core[a373ad73a504971]::result::Result<(), alloc[2e1b2a31b91974c5]::string::String>, fn() -> core[a373ad73a504971]::result::Result<(), alloc[2e1b2a31b91974c5]::string::String>>
[INFO] [stdout]   14:     0x557e858e7d65 - test[aada8e7e76ba119b]::run_test::{closure#0}
[INFO] [stdout]   15:     0x557e858e1654 - std[617be2ca0a6fd877]::sys::backtrace::__rust_begin_short_backtrace::<test[aada8e7e76ba119b]::run_test::{closure#1}, ()>
[INFO] [stdout]   16:     0x557e858eadf2 - <std[617be2ca0a6fd877]::thread::lifecycle::spawn_unchecked<test[aada8e7e76ba119b]::run_test::{closure#1}, ()>::{closure#1} as core[a373ad73a504971]::ops::function::FnOnce<()>>::call_once::{shim:vtable#0}
[INFO] [stdout]   17:     0x557e8595598f - <std[617be2ca0a6fd877]::sys::thread::unix::Thread>::new::thread_start
[INFO] [stdout]   18:     0x7419c8c67dfa - <unknown>
[INFO] [stdout]   19:     0x7419c8cfb3d4 - clone
[INFO] [stdout]   20:                0x0 - <unknown>
[INFO] [stdout] 
[INFO] [stdout] ---- test_roundtrip stdout ----
[INFO] [stdout] 
[INFO] [stdout] thread 'test_roundtrip' (459) panicked at tests/binary.rs:114:83:
[INFO] [stdout] called `Result::unwrap()` on an `Err` value: Os { code: 2, kind: NotFound, message: "No such file or directory" }
[INFO] [stdout] stack backtrace:
[INFO] [stdout]    0:     0x557e859561f1 - <<std[617be2ca0a6fd877]::sys::backtrace::BacktraceLock>::print::DisplayBacktrace as core[a373ad73a504971]::fmt::Display>::fmt
[INFO] [stdout]    1:     0x557e8596ab2a - core[a373ad73a504971]::fmt::write
[INFO] [stdout]    2:     0x557e8595a40c - <alloc[2e1b2a31b91974c5]::vec::Vec<u8> as core[a373ad73a504971]::io::write::Write>::write_fmt
[INFO] [stdout]    3:     0x557e85931006 - std[617be2ca0a6fd877]::panicking::default_hook::{closure#0}
[INFO] [stdout]    4:     0x557e8594dad9 - std[617be2ca0a6fd877]::panicking::default_hook
[INFO] [stdout]    5:     0x557e858e7740 - test[aada8e7e76ba119b]::test_main_inner::{closure#0}
[INFO] [stdout]    6:     0x557e8594dc92 - std[617be2ca0a6fd877]::panicking::panic_with_hook
[INFO] [stdout]    7:     0x557e859310b2 - std[617be2ca0a6fd877]::panicking::panic_handler::{closure#0}
[INFO] [stdout]    8:     0x557e85929d19 - std[617be2ca0a6fd877]::sys::backtrace::__rust_end_short_backtrace::<std[617be2ca0a6fd877]::panicking::panic_handler::{closure#0}, !>
[INFO] [stdout]    9:     0x557e85931cbd - __rustc[ea4f61d10b84890b]::rust_begin_unwind
[INFO] [stdout]   10:     0x557e8596b25c - core[a373ad73a504971]::panicking::panic_fmt
[INFO] [stdout]   11:     0x557e8596b032 - core[a373ad73a504971]::result::unwrap_failed
[INFO] [stdout]   12:     0x557e858d45e4 - binary[116e51e0e358c972]::roundtrip_count::<&str>
[INFO] [stdout]   13:     0x557e858d59fd - <binary[116e51e0e358c972]::test_roundtrip::{closure#0} as core[a373ad73a504971]::ops::function::FnOnce<()>>::call_once
[INFO] [stdout]   14:     0x557e858dab8b - test[aada8e7e76ba119b]::__rust_begin_short_backtrace::<core[a373ad73a504971]::result::Result<(), alloc[2e1b2a31b91974c5]::string::String>, fn() -> core[a373ad73a504971]::result::Result<(), alloc[2e1b2a31b91974c5]::string::String>>
[INFO] [stdout]   15:     0x557e858e7d65 - test[aada8e7e76ba119b]::run_test::{closure#0}
[INFO] [stdout]   16:     0x557e858e1654 - std[617be2ca0a6fd877]::sys::backtrace::__rust_begin_short_backtrace::<test[aada8e7e76ba119b]::run_test::{closure#1}, ()>
[INFO] [stdout]   17:     0x557e858eadf2 - <std[617be2ca0a6fd877]::thread::lifecycle::spawn_unchecked<test[aada8e7e76ba119b]::run_test::{closure#1}, ()>::{closure#1} as core[a373ad73a504971]::ops::function::FnOnce<()>>::call_once::{shim:vtable#0}
[INFO] [stdout]   18:     0x557e8595598f - <std[617be2ca0a6fd877]::sys::thread::unix::Thread>::new::thread_start
[INFO] [stdout]   19:     0x7419c8c67dfa - <unknown>
[INFO] [stdout]   20:     0x7419c8cfb3d4 - clone
[INFO] [stdout]   21:                0x0 - <unknown>
[INFO] [stdout] 
[INFO] [stdout] ---- test_non_utf8_paths stdout ----
[INFO] [stdout] 
[INFO] [stdout] thread 'test_non_utf8_paths' (458) panicked at tests/binary.rs:177:83:
[INFO] [stdout] called `Result::unwrap()` on an `Err` value: Os { code: 2, kind: NotFound, message: "No such file or directory" }
[INFO] [stdout] stack backtrace:
[INFO] [stdout]    0:     0x557e859561f1 - <<std[617be2ca0a6fd877]::sys::backtrace::BacktraceLock>::print::DisplayBacktrace as core[a373ad73a504971]::fmt::Display>::fmt
[INFO] [stdout]    1:     0x557e8596ab2a - core[a373ad73a504971]::fmt::write
[INFO] [stdout]    2:     0x557e8595a40c - <alloc[2e1b2a31b91974c5]::vec::Vec<u8> as core[a373ad73a504971]::io::write::Write>::write_fmt
[INFO] [stdout]    3:     0x557e85931006 - std[617be2ca0a6fd877]::panicking::default_hook::{closure#0}
[INFO] [stdout]    4:     0x557e8594dad9 - std[617be2ca0a6fd877]::panicking::default_hook
[INFO] [stdout]    5:     0x557e858e7740 - test[aada8e7e76ba119b]::test_main_inner::{closure#0}
[INFO] [stdout]    6:     0x557e8594dc92 - std[617be2ca0a6fd877]::panicking::panic_with_hook
[INFO] [stdout]    7:     0x557e859310b2 - std[617be2ca0a6fd877]::panicking::panic_handler::{closure#0}
[INFO] [stdout]    8:     0x557e85929d19 - std[617be2ca0a6fd877]::sys::backtrace::__rust_end_short_backtrace::<std[617be2ca0a6fd877]::panicking::panic_handler::{closure#0}, !>
[INFO] [stdout]    9:     0x557e85931cbd - __rustc[ea4f61d10b84890b]::rust_begin_unwind
[INFO] [stdout]   10:     0x557e8596b25c - core[a373ad73a504971]::panicking::panic_fmt
[INFO] [stdout]   11:     0x557e8596b032 - core[a373ad73a504971]::result::unwrap_failed
[INFO] [stdout]   12:     0x557e858d6047 - <binary[116e51e0e358c972]::test_non_utf8_paths::{closure#0} as core[a373ad73a504971]::ops::function::FnOnce<()>>::call_once
[INFO] [stdout]   13:     0x557e858dab8b - test[aada8e7e76ba119b]::__rust_begin_short_backtrace::<core[a373ad73a504971]::result::Result<(), alloc[2e1b2a31b91974c5]::string::String>, fn() -> core[a373ad73a504971]::result::Result<(), alloc[2e1b2a31b91974c5]::string::String>>
[INFO] [stdout]   14:     0x557e858e7d65 - test[aada8e7e76ba119b]::run_test::{closure#0}
[INFO] [stdout]   15:     0x557e858e1654 - std[617be2ca0a6fd877]::sys::backtrace::__rust_begin_short_backtrace::<test[aada8e7e76ba119b]::run_test::{closure#1}, ()>
[INFO] [stdout]   16:     0x557e858eadf2 - <std[617be2ca0a6fd877]::thread::lifecycle::spawn_unchecked<test[aada8e7e76ba119b]::run_test::{closure#1}, ()>::{closure#1} as core[a373ad73a504971]::ops::function::FnOnce<()>>::call_once::{shim:vtable#0}
[INFO] [stdout]   17:     0x557e8595598f - <std[617be2ca0a6fd877]::sys::thread::unix::Thread>::new::thread_start
[INFO] [stdout]   18:     0x7419c8c67dfa - <unknown>
[INFO] [stdout]   19:     0x7419c8cfb3d4 - clone
[INFO] [stdout]   20:                0x0 - <unknown>
[INFO] [stdout] 
[INFO] [stdout] 
[INFO] [stdout] failures:
[INFO] [stdout]     test_decompress_options
[INFO] [stdout]     test_non_utf8_paths
[INFO] [stdout]     test_roundtrip
[INFO] [stdout] 
[INFO] [stdout] test result: FAILED. 0 passed; 3 failed; 0 ignored; 0 measured; 0 filtered out; finished in 0.01s
[INFO] [stdout] 
[INFO] [stderr] error: test failed, to rerun pass `--test binary`
[INFO] running `Command { std: "docker" "inspect" "f4371d54ecbef16ac1c8cccdd0ed0ad92318b323f57fa522d27c81c5ffed418c", kill_on_drop: false }`
[INFO] running `Command { std: "docker" "rm" "-f" "f4371d54ecbef16ac1c8cccdd0ed0ad92318b323f57fa522d27c81c5ffed418c", kill_on_drop: false }`
[INFO] [stdout] f4371d54ecbef16ac1c8cccdd0ed0ad92318b323f57fa522d27c81c5ffed418c
