[INFO] cloning repository https://github.com/ugurcan377/paidy-assignment
[INFO] running `Command { std: "git" "-c" "credential.helper=" "-c" "credential.helper=/workspace/cargo-home/bin/git-credential-null" "clone" "--bare" "https://github.com/ugurcan377/paidy-assignment" "/workspace/cache/git-repos/https%3A%2F%2Fgithub.com%2Fugurcan377%2Fpaidy-assignment", kill_on_drop: false }`
[INFO] [stderr] Cloning into bare repository '/workspace/cache/git-repos/https%3A%2F%2Fgithub.com%2Fugurcan377%2Fpaidy-assignment'...
[INFO] running `Command { std: "git" "rev-parse" "HEAD", kill_on_drop: false }`
[INFO] [stdout] ed8c3b2ae46488bdd010f57040ec9b949fc2a858
[INFO] testing ugurcan377/paidy-assignment against 1.99.0-beta.8+cargoflags=--release for beta-release-1.100-3
[INFO] running `Command { std: "git" "clone" "/workspace/cache/git-repos/https%3A%2F%2Fgithub.com%2Fugurcan377%2Fpaidy-assignment" "/workspace/builds/worker-5-tc1/source", kill_on_drop: false }`
[INFO] [stderr] Cloning into '/workspace/builds/worker-5-tc1/source'...
[INFO] [stderr] done.
[INFO] started tweaking git repo https://github.com/ugurcan377/paidy-assignment
[INFO] finished tweaking git repo https://github.com/ugurcan377/paidy-assignment
[INFO] tweaked toml for git repo https://github.com/ugurcan377/paidy-assignment written to /workspace/builds/worker-5-tc1/source/Cargo.toml
[INFO] validating manifest of git repo https://github.com/ugurcan377/paidy-assignment on toolchain 1.99.0-beta.8
[INFO] running `Command { std: CARGO_HOME="/workspace/cargo-home" RUSTUP_HOME="/workspace/rustup-home" "/workspace/cargo-home/bin/cargo" "+1.99.0-beta.8" "metadata" "--manifest-path" "Cargo.toml" "--no-deps", kill_on_drop: false }`
[INFO] crate git repo https://github.com/ugurcan377/paidy-assignment already has a lockfile, it will not be regenerated
[INFO] running `Command { std: CARGO_HOME="/workspace/cargo-home" RUSTUP_HOME="/workspace/rustup-home" "/workspace/cargo-home/bin/cargo" "+1.99.0-beta.8" "fetch" "--manifest-path" "Cargo.toml", kill_on_drop: false }`
[INFO] [stderr]     Updating crates.io index
[INFO] [stderr]  Downloading crates ...
[INFO] [stderr]   Downloaded tower-http v0.5.2
[INFO] [stderr]   Downloaded tokio-macros v2.4.0
[INFO] [stderr]   Downloaded thiserror-impl v1.0.63
[INFO] [stderr]   Downloaded cpufeatures v0.2.13
[INFO] [stderr]   Downloaded parking v2.2.0
[INFO] [stderr]   Downloaded bytes v1.7.1
[INFO] [stderr]   Downloaded sqlx-macros v0.8.0
[INFO] [stderr]   Downloaded serde_derive v1.0.208
[INFO] [stderr]   Downloaded thiserror v1.0.63
[INFO] [stderr]   Downloaded ppv-lite86 v0.2.20
[INFO] [stderr]   Downloaded sqlx-macros-core v0.8.0
[INFO] [stderr]   Downloaded serde_path_to_error v0.1.16
[INFO] [stderr]   Downloaded redox_syscall v0.5.3
[INFO] [stderr]   Downloaded serde v1.0.208
[INFO] [stderr]   Downloaded unicode-properties v0.1.2
[INFO] [stderr]   Downloaded rustversion v1.0.17
[INFO] [stderr]   Downloaded axum-core v0.4.3
[INFO] [stderr]   Downloaded tempfile v3.12.0
[INFO] [stderr]   Downloaded axum-macros v0.4.1
[INFO] [stderr]   Downloaded event-listener v5.3.1
[INFO] [stderr]   Downloaded hyper-util v0.1.7
[INFO] [stderr]   Downloaded sqlx-sqlite v0.8.0
[INFO] [stderr]   Downloaded sqlx-mysql v0.8.0
[INFO] [stderr]   Downloaded cc v1.1.13
[INFO] [stderr]   Downloaded indexmap v2.4.0
[INFO] [stderr]   Downloaded sqlx-postgres v0.8.0
[INFO] [stderr]   Downloaded axum v0.7.5
[INFO] [stderr]   Downloaded mio v1.0.2
[INFO] [stderr]   Downloaded sqlx-core v0.8.0
[INFO] [stderr]   Downloaded serde_json v1.0.125
[INFO] [stderr]   Downloaded sqlx v0.8.0
[INFO] [stderr]   Downloaded syn v2.0.75
[INFO] [stderr]   Downloaded object v0.36.3
[INFO] [stderr]   Downloaded libc v0.2.158
[INFO] [stderr]   Downloaded tokio v1.39.3
[INFO] running `Command { std: "docker" "create" "-v" "/var/lib/crater-agent-workspace/builds/worker-5-tc1/source:/opt/rustwide/workdir:ro,Z" "-v" "/var/lib/crater-agent-workspace/builds/worker-5-tc1/target:/opt/rustwide/target:rw,Z" "-v" "/var/lib/crater-agent-workspace/cargo-home:/opt/rustwide/cargo-home:ro,Z" "-v" "/var/lib/crater-agent-workspace/rustup-home:/opt/rustwide/rustup-home:ro,Z" "-m" "1610612736" "--network" "none" "ghcr.io/rust-lang/crates-build-env/linux@sha256:77db811e55d90add9212f6832c23229e3de5f1c1f9905e8cb07319ea15df73ac" "sleep" "infinity", kill_on_drop: false }`
[INFO] [stdout] 6966a2741f0c84667b22e44412d7c0138ac73a0a8b0065a82279d5baf9c36b16
[INFO] running `Command { std: "docker" "start" "6966a2741f0c84667b22e44412d7c0138ac73a0a8b0065a82279d5baf9c36b16", kill_on_drop: false }`
[INFO] running `Command { std: "docker" "inspect" "6966a2741f0c84667b22e44412d7c0138ac73a0a8b0065a82279d5baf9c36b16", kill_on_drop: false }`
[INFO] running `Command { std: "docker" "exec" "-e" "SOURCE_DIR=/opt/rustwide/workdir" "-e" "CARGO_HOME=/opt/rustwide/cargo-home" "-e" "RUSTUP_HOME=/opt/rustwide/rustup-home" "-e" "CARGO_TARGET_DIR=/opt/rustwide/target" "-w" "/opt/rustwide/workdir" "--user" "0:0" "6966a2741f0c84667b22e44412d7c0138ac73a0a8b0065a82279d5baf9c36b16" "/opt/rustwide/cargo-home/bin/cargo" "+1.99.0-beta.8" "metadata" "--no-deps" "--format-version=1", kill_on_drop: false }`
[INFO] running `Command { std: "docker" "inspect" "6966a2741f0c84667b22e44412d7c0138ac73a0a8b0065a82279d5baf9c36b16", kill_on_drop: false }`
[INFO] running `Command { std: "docker" "exec" "-e" "SOURCE_DIR=/opt/rustwide/workdir" "-e" "CARGO_HOME=/opt/rustwide/cargo-home" "-e" "RUSTUP_HOME=/opt/rustwide/rustup-home" "-e" "CARGO_TARGET_DIR=/opt/rustwide/target" "-e" "CARGO_INCREMENTAL=0" "-e" "RUST_BACKTRACE=full" "-e" "RUSTFLAGS=--cap-lints=warn" "-e" "RUSTDOCFLAGS=--cap-lints=warn" "-w" "/opt/rustwide/workdir" "--user" "0:0" "6966a2741f0c84667b22e44412d7c0138ac73a0a8b0065a82279d5baf9c36b16" "/opt/rustwide/cargo-home/bin/cargo" "+1.99.0-beta.8" "build" "--frozen" "--message-format=json" "--release", kill_on_drop: false }`
[INFO] [stderr]    Compiling proc-macro2 v1.0.86
[INFO] [stderr]    Compiling unicode-ident v1.0.12
[INFO] [stderr]    Compiling libc v0.2.158
[INFO] [stderr]    Compiling autocfg v1.3.0
[INFO] [stderr]    Compiling version_check v0.9.5
[INFO] [stderr]    Compiling serde v1.0.208
[INFO] [stderr]    Compiling typenum v1.17.0
[INFO] [stderr]    Compiling cfg-if v1.0.0
[INFO] [stderr]    Compiling shlex v1.3.0
[INFO] [stderr]    Compiling parking_lot_core v0.9.10
[INFO] [stderr]    Compiling crossbeam-utils v0.8.20
[INFO] [stderr]    Compiling pin-project-lite v0.2.14
[INFO] [stderr]    Compiling bytes v1.7.1
[INFO] [stderr]    Compiling memchr v2.7.4
[INFO] [stderr]    Compiling futures-core v0.3.30
[INFO] [stderr]    Compiling itoa v1.0.11
[INFO] [stderr]    Compiling byteorder v1.5.0
[INFO] [stderr]    Compiling once_cell v1.19.0
[INFO] [stderr]    Compiling serde_json v1.0.125
[INFO] [stderr]    Compiling scopeguard v1.2.0
[INFO] [stderr]    Compiling cc v1.1.13
[INFO] [stderr]    Compiling rustls v0.21.12
[INFO] [stderr]    Compiling thiserror v1.0.63
[INFO] [stderr]    Compiling futures-sink v0.3.30
[INFO] [stderr]    Compiling subtle v2.6.1
[INFO] [stderr]    Compiling futures-io v0.3.30
[INFO] [stderr]    Compiling tinyvec_macros v0.1.1
[INFO] [stderr]    Compiling futures-task v0.3.30
[INFO] [stderr]    Compiling pin-utils v0.1.0
[INFO] [stderr]    Compiling tinyvec v1.8.0
[INFO] [stderr]    Compiling untrusted v0.9.0
[INFO] [stderr]    Compiling generic-array v0.14.7
[INFO] [stderr]    Compiling ahash v0.8.11
[INFO] [stderr]    Compiling paste v1.0.15
[INFO] [stderr]    Compiling spin v0.9.8
[INFO] [stderr]    Compiling lock_api v0.4.12
[INFO] [stderr]    Compiling slab v0.4.9
[INFO] [stderr]    Compiling num-traits v0.2.19
[INFO] [stderr]    Compiling unicode-bidi v0.3.15
[INFO] [stderr]    Compiling allocator-api2 v0.2.18
[INFO] [stderr]    Compiling rustversion v1.0.17
[INFO] [stderr]    Compiling quote v1.0.36
[INFO] [stderr]    Compiling getrandom v0.2.15
[INFO] [stderr]    Compiling unicode-normalization v0.1.23
[INFO] [stderr]    Compiling futures-util v0.3.30
[INFO] [stderr]    Compiling socket2 v0.5.7
[INFO] [stderr]    Compiling mio v1.0.2
[INFO] [stderr]    Compiling syn v2.0.75
[INFO] [stderr]    Compiling signal-hook-registry v1.4.2
[INFO] [stderr]    Compiling tracing-core v0.1.32
[INFO] [stderr]    Compiling fnv v1.0.7
[INFO] [stderr]    Compiling percent-encoding v2.3.1
[INFO] [stderr]    Compiling minimal-lexical v0.2.1
[INFO] [stderr]    Compiling log v0.4.22
[INFO] [stderr]    Compiling ring v0.17.8
[INFO] [stderr]    Compiling form_urlencoded v1.2.1
[INFO] [stderr]    Compiling nom v7.1.3
[INFO] [stderr]    Compiling idna v0.5.0
[INFO] [stderr]    Compiling http v1.1.0
[INFO] [stderr]    Compiling block-buffer v0.10.4
[INFO] [stderr]    Compiling crypto-common v0.1.6
[INFO] [stderr]    Compiling tokio v1.39.3
[INFO] [stderr]    Compiling digest v0.10.7
[INFO] [stderr]    Compiling concurrent-queue v2.5.0
[INFO] [stderr]    Compiling rand_core v0.6.4
[INFO] [stderr]    Compiling futures-channel v0.3.30
[INFO] [stderr]    Compiling base64 v0.21.7
[INFO] [stderr]    Compiling equivalent v1.0.1
[INFO] [stderr]    Compiling unicode_categories v0.1.1
[INFO] [stderr]    Compiling cpufeatures v0.2.13
[INFO] [stderr]    Compiling ryu v1.0.18
[INFO] [stderr]    Compiling rustix v0.38.34
[INFO] [stderr]    Compiling parking v2.2.0
[INFO] [stderr]    Compiling bitflags v2.6.0
[INFO] [stderr]    Compiling crc-catalog v2.4.0
[INFO] [stderr]    Compiling crc v3.2.1
[INFO] [stderr]    Compiling event-listener v5.3.1
[INFO] [stderr]    Compiling http-body v1.0.1
[INFO] [stderr]    Compiling atoi v2.0.0
[INFO] [stderr]    Compiling rustls-pemfile v1.0.4
[INFO] [stderr]    Compiling sha2 v0.10.8
[INFO] [stderr]    Compiling hmac v0.12.1
[INFO] [stderr]    Compiling url v2.5.2
[INFO] [stderr]    Compiling crossbeam-queue v0.3.11
[INFO] [stderr]    Compiling httparse v1.9.4
[INFO] [stderr]    Compiling hex v0.4.3
[INFO] [stderr]    Compiling webpki-roots v0.25.4
[INFO] [stderr]    Compiling linux-raw-sys v0.4.14
[INFO] [stderr]    Compiling unicode-properties v0.1.2
[INFO] [stderr]    Compiling sqlformat v0.2.4
[INFO] [stderr]    Compiling hkdf v0.12.4
[INFO] [stderr]    Compiling stringprep v0.1.5
[INFO] [stderr]    Compiling md-5 v0.10.6
[INFO] [stderr]    Compiling fastrand v2.1.0
[INFO] [stderr]    Compiling base64 v0.22.1
[INFO] [stderr]    Compiling whoami v1.5.1
[INFO] [stderr]    Compiling dotenvy v0.15.7
[INFO] [stderr]    Compiling home v0.5.9
[INFO] [stderr]    Compiling axum-core v0.4.3
[INFO] [stderr]    Compiling tower-service v0.3.3
[INFO] [stderr]    Compiling httpdate v1.0.3
[INFO] [stderr]    Compiling heck v0.5.0
[INFO] [stderr]    Compiling tower-layer v0.3.3
[INFO] [stderr]    Compiling http-body-util v0.1.2
[INFO] [stderr]    Compiling axum v0.7.5
[INFO] [stderr]    Compiling heck v0.4.1
[INFO] [stderr]    Compiling sync_wrapper v0.1.2
[INFO] [stderr]    Compiling mime v0.3.17
[INFO] [stderr]    Compiling sync_wrapper v1.0.1
[INFO] [stderr]    Compiling matchit v0.7.3
[INFO] [stderr]    Compiling serde_derive v1.0.208
[INFO] [stderr]    Compiling zerocopy-derive v0.7.35
[INFO] [stderr]    Compiling tracing-attributes v0.1.27
[INFO] [stderr]    Compiling thiserror-impl v1.0.63
[INFO] [stderr]    Compiling tokio-macros v2.4.0
[INFO] [stderr]    Compiling tempfile v3.12.0
[INFO] [stderr]    Compiling pin-project-internal v1.1.5
[INFO] [stderr]    Compiling sct v0.7.1
[INFO] [stderr]    Compiling rustls-webpki v0.101.7
[INFO] [stderr]    Compiling async-trait v0.1.81
[INFO] [stderr]    Compiling zerocopy v0.7.35
[INFO] [stderr]    Compiling tokio-stream v0.1.15
[INFO] [stderr]    Compiling axum-macros v0.4.1
[INFO] [stderr]    Compiling tracing v0.1.40
[INFO] [stderr]    Compiling ppv-lite86 v0.2.20
[INFO] [stderr]    Compiling pin-project v1.1.5
[INFO] [stderr]    Compiling hashbrown v0.14.5
[INFO] [stderr]    Compiling rand_chacha v0.3.1
[INFO] [stderr]    Compiling rand v0.8.5
[INFO] [stderr]    Compiling hashlink v0.9.1
[INFO] [stderr]    Compiling indexmap v2.4.0
[INFO] [stderr]    Compiling smallvec v1.13.2
[INFO] [stderr]    Compiling either v1.13.0
[INFO] [stderr]    Compiling serde_urlencoded v0.7.1
[INFO] [stderr]    Compiling serde_path_to_error v0.1.16
[INFO] [stderr]    Compiling parking_lot v0.12.3
[INFO] [stderr]    Compiling futures-intrusive v0.5.0
[INFO] [stderr]    Compiling sqlx-core v0.8.0
[INFO] [stderr]    Compiling sqlx-postgres v0.8.0
[INFO] [stderr]    Compiling hyper v1.4.1
[INFO] [stderr]    Compiling tower v0.4.13
[INFO] [stderr]    Compiling hyper-util v0.1.7
[INFO] [stderr]    Compiling sqlx-macros-core v0.8.0
[INFO] [stderr]    Compiling sqlx-macros v0.8.0
[INFO] [stderr]    Compiling sqlx v0.8.0
[INFO] [stderr]    Compiling paidy-assignment v0.1.0 (/opt/rustwide/workdir)
[INFO] [stdout] warning: unused imports: `delete` and `post`
[INFO] [stdout]  --> src/main.rs:4:20
[INFO] [stdout]   |
[INFO] [stdout] 4 |     routing::{get, post, delete},
[INFO] [stdout]   |                    ^^^^  ^^^^^^
[INFO] [stdout]   |
[INFO] [stdout]   = note: `#[warn(unused_imports)]` (part of `#[warn(unused)]`) on by default
[INFO] [stdout] 
[INFO] [stdout] 
[INFO] [stderr]     Finished `release` profile [optimized] target(s) in 2m 14s
[INFO] [stderr] warning: the following packages contain code that will be rejected by a future version of Rust: sqlx-postgres v0.8.0
[INFO] [stderr] note: to see what the problems were, use the option `--future-incompat-report`, or run `cargo report future-incompatibilities --id 1`
[INFO] running `Command { std: "docker" "inspect" "6966a2741f0c84667b22e44412d7c0138ac73a0a8b0065a82279d5baf9c36b16", kill_on_drop: false }`
[INFO] running `Command { std: "docker" "exec" "-e" "SOURCE_DIR=/opt/rustwide/workdir" "-e" "CARGO_HOME=/opt/rustwide/cargo-home" "-e" "RUSTUP_HOME=/opt/rustwide/rustup-home" "-e" "CARGO_TARGET_DIR=/opt/rustwide/target" "-e" "CARGO_INCREMENTAL=0" "-e" "RUST_BACKTRACE=full" "-e" "RUSTFLAGS=--cap-lints=warn" "-e" "RUSTDOCFLAGS=--cap-lints=warn" "-w" "/opt/rustwide/workdir" "--user" "0:0" "6966a2741f0c84667b22e44412d7c0138ac73a0a8b0065a82279d5baf9c36b16" "/opt/rustwide/cargo-home/bin/cargo" "+1.99.0-beta.8" "test" "--frozen" "--no-run" "--message-format=json" "--release", kill_on_drop: false }`
[INFO] [stderr]    Compiling tower v0.4.13
[INFO] [stderr]    Compiling tower-http v0.5.2
[INFO] [stderr]    Compiling axum v0.7.5
[INFO] [stderr]    Compiling paidy-assignment v0.1.0 (/opt/rustwide/workdir)
[INFO] [stdout] warning: unused imports: `delete` and `post`
[INFO] [stdout]  --> src/main.rs:4:20
[INFO] [stdout]   |
[INFO] [stdout] 4 |     routing::{get, post, delete},
[INFO] [stdout]   |                    ^^^^  ^^^^^^
[INFO] [stdout]   |
[INFO] [stdout]   = note: `#[warn(unused_imports)]` (part of `#[warn(unused)]`) on by default
[INFO] [stdout] 
[INFO] [stdout] 
[INFO] [stdout] warning: unused import: `Service`
[INFO] [stdout]    --> src/main.rs:178:17
[INFO] [stdout]     |
[INFO] [stdout] 178 |     use tower::{Service, ServiceExt}; // for `call`, `oneshot`, and `ready`
[INFO] [stdout]     |                 ^^^^^^^
[INFO] [stdout] 
[INFO] [stdout] 
[INFO] [stderr]     Finished `release` profile [optimized] target(s) in 18.92s
[INFO] [stderr] warning: the following packages contain code that will be rejected by a future version of Rust: sqlx-postgres v0.8.0
[INFO] [stderr] note: to see what the problems were, use the option `--future-incompat-report`, or run `cargo report future-incompatibilities --id 1`
[INFO] running `Command { std: "docker" "inspect" "6966a2741f0c84667b22e44412d7c0138ac73a0a8b0065a82279d5baf9c36b16", kill_on_drop: false }`
[INFO] running `Command { std: "docker" "exec" "-e" "SOURCE_DIR=/opt/rustwide/workdir" "-e" "CARGO_HOME=/opt/rustwide/cargo-home" "-e" "RUSTUP_HOME=/opt/rustwide/rustup-home" "-e" "CARGO_TARGET_DIR=/opt/rustwide/target" "-e" "CARGO_INCREMENTAL=0" "-e" "RUST_BACKTRACE=full" "-e" "RUSTFLAGS=--cap-lints=warn" "-e" "RUSTDOCFLAGS=--cap-lints=warn" "-w" "/opt/rustwide/workdir" "--user" "0:0" "6966a2741f0c84667b22e44412d7c0138ac73a0a8b0065a82279d5baf9c36b16" "/opt/rustwide/cargo-home/bin/cargo" "+1.99.0-beta.8" "test" "--frozen" "--release", kill_on_drop: false }`
[INFO] [stderr] warning: unused imports: `delete` and `post`
[INFO] [stderr]  --> src/main.rs:4:20
[INFO] [stderr]   |
[INFO] [stderr] 4 |     routing::{get, post, delete},
[INFO] [stderr]   |                    ^^^^  ^^^^^^
[INFO] [stderr]   |
[INFO] [stderr]   = note: `#[warn(unused_imports)]` (part of `#[warn(unused)]`) on by default
[INFO] [stderr] 
[INFO] [stderr] warning: unused import: `Service`
[INFO] [stderr]    --> src/main.rs:178:17
[INFO] [stderr]     |
[INFO] [stderr] 178 |     use tower::{Service, ServiceExt}; // for `call`, `oneshot`, and `ready`
[INFO] [stderr]     |                 ^^^^^^^
[INFO] [stderr] 
[INFO] [stderr] warning: `paidy-assignment` (bin "paidy-assignment" test) generated 2 warnings (run `cargo fix --bin "paidy-assignment" -p paidy-assignment --tests` to apply 2 suggestions)
[INFO] [stderr]     Finished `release` profile [optimized] target(s) in 0.21s
[INFO] [stderr] warning: the following packages contain code that will be rejected by a future version of Rust: sqlx-postgres v0.8.0
[INFO] [stderr] note: to see what the problems were, use the option `--future-incompat-report`, or run `cargo report future-incompatibilities --id 1`
[INFO] [stderr]      Running unittests src/main.rs (/opt/rustwide/target/release/deps/paidy_assignment-0a6e13c49a484fca)
[INFO] [stdout] 
[INFO] [stdout] running 16 tests
[INFO] [stdout] test tests::test_get_non_existant_order ... FAILED
[INFO] [stdout] test tests::test_delete_table ... FAILED
[INFO] [stdout] test tests::test_create_multiple_tables ... FAILED
[INFO] [stdout] test tests::test_add_orders_to_table ... FAILED
[INFO] [stdout] test tests::test_create_empty_tables ... FAILED
[INFO] [stdout] test tests::test_create_tables_wrong_type ... FAILED
[INFO] [stdout] test tests::test_delete_non_existing_table ... FAILED
[INFO] [stdout] test tests::test_root ... FAILED
[INFO] [stdout] test tests::test_delete_order ... FAILED
[INFO] [stdout] test tests::test_list_tables ... FAILED
[INFO] [stdout] test tests::test_delete_non_existing_order ... FAILED
[INFO] [stdout] test tests::test_create_tables_empty_body ... FAILED
[INFO] [stdout] test tests::test_create_multiple_tables_with_empty_items ... FAILED
[INFO] [stdout] test tests::test_create_tables ... FAILED
[INFO] [stdout] test tests::test_get_tables ... FAILED
[INFO] [stdout] test tests::test_get_order ... FAILED
[INFO] [stdout] 
[INFO] [stdout] failures:
[INFO] [stdout] 
[INFO] [stdout] ---- tests::test_get_non_existant_order stdout ----
[INFO] [stdout] 
[INFO] [stdout] thread 'tests::test_get_non_existant_order' (3844) panicked at /opt/rustwide/cargo-home/registry/src/index.crates.io-1949cf8c6b5b557f/sqlx-postgres-0.8.0/src/testing/mod.rs:78:44:
[INFO] [stdout] DATABASE_URL must be set: EnvVar(NotPresent)
[INFO] [stdout] stack backtrace:
[INFO] [stdout]    0:     0x59396a20e691 - <<std[70759c8f55707aa4]::sys::backtrace::BacktraceLock>::print::DisplayBacktrace as core[df12db4294e9bfd3]::fmt::Display>::fmt
[INFO] [stdout]    1:     0x59396a22604a - core[df12db4294e9bfd3]::fmt::write
[INFO] [stdout]    2:     0x59396a2130bc - <alloc[2182bb758b4b3781]::vec::Vec<u8> as core[df12db4294e9bfd3]::io::write::Write>::write_fmt
[INFO] [stdout]    3:     0x59396a1e93d6 - std[70759c8f55707aa4]::panicking::default_hook::{closure#0}
[INFO] [stdout]    4:     0x59396a206189 - std[70759c8f55707aa4]::panicking::default_hook
[INFO] [stdout]    5:     0x593969fe7620 - test[9d35eded1c95d3be]::test_main_inner::<test[9d35eded1c95d3be]::test_main_static::{closure#0}>::{closure#0}
[INFO] [stdout]    6:     0x59396a2064b2 - std[70759c8f55707aa4]::panicking::panic_with_hook
[INFO] [stdout]    7:     0x59396a1e9482 - std[70759c8f55707aa4]::panicking::panic_handler::{closure#0}
[INFO] [stdout]    8:     0x59396a1e1d59 - std[70759c8f55707aa4]::sys::backtrace::__rust_end_short_backtrace::<std[70759c8f55707aa4]::panicking::panic_handler::{closure#0}, !>
[INFO] [stdout]    9:     0x59396a1ea30d - __rustc[8fa7c3cbc660c2b3]::rust_begin_unwind
[INFO] [stdout]   10:     0x59396a2267ac - core[df12db4294e9bfd3]::panicking::panic_fmt
[INFO] [stdout]   11:     0x59396a226582 - core[df12db4294e9bfd3]::result::unwrap_failed
[INFO] [stdout]   12:     0x59396a03ec39 - <sqlx_postgres[f2420b0825730418]::database::Postgres as sqlx_core[6666f72bd5d9944a]::testing::TestSupport>::test_context::{closure#0}
[INFO] [stdout]   13:     0x593969f34044 - <core[df12db4294e9bfd3]::pin::Pin<&mut sqlx_core[6666f72bd5d9944a]::testing::run_test<sqlx_postgres[f2420b0825730418]::database::Postgres, sqlx_core[6666f72bd5d9944a]::testing::run_test_with_pool<sqlx_postgres[f2420b0825730418]::database::Postgres, fn(sqlx_core[6666f72bd5d9944a]::pool::Pool<sqlx_postgres[f2420b0825730418]::database::Postgres>) -> paidy_assignment[4f258e8bad5bc937]::tests::test_get_non_existant_order::test_get_non_existant_order::{closure#0}, paidy_assignment[4f258e8bad5bc937]::tests::test_get_non_existant_order::test_get_non_existant_order::{closure#0}>::{closure#0}, sqlx_core[6666f72bd5d9944a]::testing::run_test_with_pool<sqlx_postgres[f2420b0825730418]::database::Postgres, fn(sqlx_core[6666f72bd5d9944a]::pool::Pool<sqlx_postgres[f2420b0825730418]::database::Postgres>) -> paidy_assignment[4f258e8bad5bc937]::tests::test_get_non_existant_order::test_get_non_existant_order::{closure#0}, paidy_assignment[4f258e8bad5bc937]::tests::test_get_non_existant_order::test_get_non_existant_order::{closure#0}>::{closure#0}::{closure#0}>::{closure#0}> as core[df12db4294e9bfd3]::future::future::Future>::poll
[INFO] [stdout]   14:     0x593969f7346f - <tokio[4aa689a212822460]::runtime::scheduler::current_thread::Context>::enter::<core[df12db4294e9bfd3]::task::poll::Poll<()>, <tokio[4aa689a212822460]::runtime::scheduler::current_thread::CoreGuard>::block_on<core[df12db4294e9bfd3]::pin::Pin<&mut sqlx_core[6666f72bd5d9944a]::testing::run_test<sqlx_postgres[f2420b0825730418]::database::Postgres, sqlx_core[6666f72bd5d9944a]::testing::run_test_with_pool<sqlx_postgres[f2420b0825730418]::database::Postgres, fn(sqlx_core[6666f72bd5d9944a]::pool::Pool<sqlx_postgres[f2420b0825730418]::database::Postgres>) -> paidy_assignment[4f258e8bad5bc937]::tests::test_get_non_existant_order::test_get_non_existant_order::{closure#0}, paidy_assignment[4f258e8bad5bc937]::tests::test_get_non_existant_order::test_get_non_existant_order::{closure#0}>::{closure#0}, sqlx_core[6666f72bd5d9944a]::testing::run_test_with_pool<sqlx_postgres[f2420b0825730418]::database::Postgres, fn(sqlx_core[6666f72bd5d9944a]::pool::Pool<sqlx_postgres[f2420b0825730418]::database::Postgres>) -> paidy_assignment[4f258e8bad5bc937]::tests::test_get_non_existant_order::test_get_non_existant_order::{closure#0}, paidy_assignment[4f258e8bad5bc937]::tests::test_get_non_existant_order::test_get_non_existant_order::{closure#0}>::{closure#0}::{closure#0}>::{closure#0}>>::{closure#0}::{closure#0}>
[INFO] [stdout]   15:     0x593969f57ba2 - <tokio[4aa689a212822460]::runtime::context::scoped::Scoped<tokio[4aa689a212822460]::runtime::scheduler::Context>>::set::<<tokio[4aa689a212822460]::runtime::scheduler::current_thread::CoreGuard>::enter<<tokio[4aa689a212822460]::runtime::scheduler::current_thread::CoreGuard>::block_on<core[df12db4294e9bfd3]::pin::Pin<&mut sqlx_core[6666f72bd5d9944a]::testing::run_test<sqlx_postgres[f2420b0825730418]::database::Postgres, sqlx_core[6666f72bd5d9944a]::testing::run_test_with_pool<sqlx_postgres[f2420b0825730418]::database::Postgres, fn(sqlx_core[6666f72bd5d9944a]::pool::Pool<sqlx_postgres[f2420b0825730418]::database::Postgres>) -> paidy_assignment[4f258e8bad5bc937]::tests::test_get_non_existant_order::test_get_non_existant_order::{closure#0}, paidy_assignment[4f258e8bad5bc937]::tests::test_get_non_existant_order::test_get_non_existant_order::{closure#0}>::{closure#0}, sqlx_core[6666f72bd5d9944a]::testing::run_test_with_pool<sqlx_postgres[f2420b0825730418]::database::Postgres, fn(sqlx_core[6666f72bd5d9944a]::pool::Pool<sqlx_postgres[f2420b0825730418]::database::Postgres>) -> paidy_assignment[4f258e8bad5bc937]::tests::test_get_non_existant_order::test_get_non_existant_order::{closure#0}, paidy_assignment[4f258e8bad5bc937]::tests::test_get_non_existant_order::test_get_non_existant_order::{closure#0}>::{closure#0}::{closure#0}>::{closure#0}>>::{closure#0}, core[df12db4294e9bfd3]::option::Option<()>>::{closure#0}, (alloc[2182bb758b4b3781]::boxed::Box<tokio[4aa689a212822460]::runtime::scheduler::current_thread::Core>, core[df12db4294e9bfd3]::option::Option<()>)>
[INFO] [stdout]   16:     0x593969f752f7 - <tokio[4aa689a212822460]::runtime::scheduler::current_thread::CoreGuard>::block_on::<core[df12db4294e9bfd3]::pin::Pin<&mut sqlx_core[6666f72bd5d9944a]::testing::run_test<sqlx_postgres[f2420b0825730418]::database::Postgres, sqlx_core[6666f72bd5d9944a]::testing::run_test_with_pool<sqlx_postgres[f2420b0825730418]::database::Postgres, fn(sqlx_core[6666f72bd5d9944a]::pool::Pool<sqlx_postgres[f2420b0825730418]::database::Postgres>) -> paidy_assignment[4f258e8bad5bc937]::tests::test_get_non_existant_order::test_get_non_existant_order::{closure#0}, paidy_assignment[4f258e8bad5bc937]::tests::test_get_non_existant_order::test_get_non_existant_order::{closure#0}>::{closure#0}, sqlx_core[6666f72bd5d9944a]::testing::run_test_with_pool<sqlx_postgres[f2420b0825730418]::database::Postgres, fn(sqlx_core[6666f72bd5d9944a]::pool::Pool<sqlx_postgres[f2420b0825730418]::database::Postgres>) -> paidy_assignment[4f258e8bad5bc937]::tests::test_get_non_existant_order::test_get_non_existant_order::{closure#0}, paidy_assignment[4f258e8bad5bc937]::tests::test_get_non_existant_order::test_get_non_existant_order::{closure#0}>::{closure#0}::{closure#0}>::{closure#0}>>
[INFO] [stdout]   17:     0x593969f8faf0 - tokio[4aa689a212822460]::runtime::context::runtime::enter_runtime::<<tokio[4aa689a212822460]::runtime::scheduler::current_thread::CurrentThread>::block_on<sqlx_core[6666f72bd5d9944a]::testing::run_test<sqlx_postgres[f2420b0825730418]::database::Postgres, sqlx_core[6666f72bd5d9944a]::testing::run_test_with_pool<sqlx_postgres[f2420b0825730418]::database::Postgres, fn(sqlx_core[6666f72bd5d9944a]::pool::Pool<sqlx_postgres[f2420b0825730418]::database::Postgres>) -> paidy_assignment[4f258e8bad5bc937]::tests::test_get_non_existant_order::test_get_non_existant_order::{closure#0}, paidy_assignment[4f258e8bad5bc937]::tests::test_get_non_existant_order::test_get_non_existant_order::{closure#0}>::{closure#0}, sqlx_core[6666f72bd5d9944a]::testing::run_test_with_pool<sqlx_postgres[f2420b0825730418]::database::Postgres, fn(sqlx_core[6666f72bd5d9944a]::pool::Pool<sqlx_postgres[f2420b0825730418]::database::Postgres>) -> paidy_assignment[4f258e8bad5bc937]::tests::test_get_non_existant_order::test_get_non_existant_order::{closure#0}, paidy_assignment[4f258e8bad5bc937]::tests::test_get_non_existant_order::test_get_non_existant_order::{closure#0}>::{closure#0}::{closure#0}>::{closure#0}>::{closure#0}, ()>
[INFO] [stdout]   18:     0x593969fd045b - <tokio[4aa689a212822460]::runtime::runtime::Runtime>::block_on_inner::<sqlx_core[6666f72bd5d9944a]::testing::run_test<sqlx_postgres[f2420b0825730418]::database::Postgres, sqlx_core[6666f72bd5d9944a]::testing::run_test_with_pool<sqlx_postgres[f2420b0825730418]::database::Postgres, fn(sqlx_core[6666f72bd5d9944a]::pool::Pool<sqlx_postgres[f2420b0825730418]::database::Postgres>) -> paidy_assignment[4f258e8bad5bc937]::tests::test_get_non_existant_order::test_get_non_existant_order::{closure#0}, paidy_assignment[4f258e8bad5bc937]::tests::test_get_non_existant_order::test_get_non_existant_order::{closure#0}>::{closure#0}, sqlx_core[6666f72bd5d9944a]::testing::run_test_with_pool<sqlx_postgres[f2420b0825730418]::database::Postgres, fn(sqlx_core[6666f72bd5d9944a]::pool::Pool<sqlx_postgres[f2420b0825730418]::database::Postgres>) -> paidy_assignment[4f258e8bad5bc937]::tests::test_get_non_existant_order::test_get_non_existant_order::{closure#0}, paidy_assignment[4f258e8bad5bc937]::tests::test_get_non_existant_order::test_get_non_existant_order::{closure#0}>::{closure#0}::{closure#0}>::{closure#0}>
[INFO] [stdout]   19:     0x593969f5a352 - sqlx_core[6666f72bd5d9944a]::rt::test_block_on::<sqlx_core[6666f72bd5d9944a]::testing::run_test<sqlx_postgres[f2420b0825730418]::database::Postgres, sqlx_core[6666f72bd5d9944a]::testing::run_test_with_pool<sqlx_postgres[f2420b0825730418]::database::Postgres, fn(sqlx_core[6666f72bd5d9944a]::pool::Pool<sqlx_postgres[f2420b0825730418]::database::Postgres>) -> paidy_assignment[4f258e8bad5bc937]::tests::test_get_non_existant_order::test_get_non_existant_order::{closure#0}, paidy_assignment[4f258e8bad5bc937]::tests::test_get_non_existant_order::test_get_non_existant_order::{closure#0}>::{closure#0}, sqlx_core[6666f72bd5d9944a]::testing::run_test_with_pool<sqlx_postgres[f2420b0825730418]::database::Postgres, fn(sqlx_core[6666f72bd5d9944a]::pool::Pool<sqlx_postgres[f2420b0825730418]::database::Postgres>) -> paidy_assignment[4f258e8bad5bc937]::tests::test_get_non_existant_order::test_get_non_existant_order::{closure#0}, paidy_assignment[4f258e8bad5bc937]::tests::test_get_non_existant_order::test_get_non_existant_order::{closure#0}>::{closure#0}::{closure#0}>::{closure#0}>
[INFO] [stdout]   20:     0x593969fb81ef - <paidy_assignment[4f258e8bad5bc937]::tests::test_get_non_existant_order::{closure#0} as core[df12db4294e9bfd3]::ops::function::FnOnce<()>>::call_once
[INFO] [stdout]   21:     0x593969fda90b - test[9d35eded1c95d3be]::__rust_begin_short_backtrace::<core[df12db4294e9bfd3]::result::Result<(), alloc[2182bb758b4b3781]::string::String>, fn() -> core[df12db4294e9bfd3]::result::Result<(), alloc[2182bb758b4b3781]::string::String>>
[INFO] [stdout]   22:     0x593969fe7f75 - test[9d35eded1c95d3be]::run_test::{closure#0}
[INFO] [stdout]   23:     0x593969fe1834 - std[70759c8f55707aa4]::sys::backtrace::__rust_begin_short_backtrace::<test[9d35eded1c95d3be]::run_test::{closure#1}, ()>
[INFO] [stdout]   24:     0x593969feb0d2 - <std[70759c8f55707aa4]::thread::lifecycle::spawn_unchecked<test[9d35eded1c95d3be]::run_test::{closure#1}, ()>::{closure#1} as core[df12db4294e9bfd3]::ops::function::FnOnce<()>>::call_once::{shim:vtable#0}
[INFO] [stdout]   25:     0x59396a20d899 - <std[70759c8f55707aa4]::sys::thread::unix::Thread>::new::thread_start
[INFO] [stdout]   26:     0x7f4b2031cdfa - <unknown>
[INFO] [stdout]   27:     0x7f4b203b03d4 - clone
[INFO] [stdout]   28:                0x0 - <unknown>
[INFO] [stdout] 
[INFO] [stdout] ---- tests::test_delete_table stdout ----
[INFO] [stdout] 
[INFO] [stdout] thread 'tests::test_delete_table' (3843) panicked at /opt/rustwide/cargo-home/registry/src/index.crates.io-1949cf8c6b5b557f/sqlx-postgres-0.8.0/src/testing/mod.rs:78:44:
[INFO] [stdout] DATABASE_URL must be set: EnvVar(NotPresent)
[INFO] [stdout] stack backtrace:
[INFO] [stdout]    0:     0x59396a20e691 - <<std[70759c8f55707aa4]::sys::backtrace::BacktraceLock>::print::DisplayBacktrace as core[df12db4294e9bfd3]::fmt::Display>::fmt
[INFO] [stdout]    1:     0x59396a22604a - core[df12db4294e9bfd3]::fmt::write
[INFO] [stdout]    2:     0x59396a2130bc - <alloc[2182bb758b4b3781]::vec::Vec<u8> as core[df12db4294e9bfd3]::io::write::Write>::write_fmt
[INFO] [stdout]    3:     0x59396a1e93d6 - std[70759c8f55707aa4]::panicking::default_hook::{closure#0}
[INFO] [stdout]    4:     0x59396a206189 - std[70759c8f55707aa4]::panicking::default_hook
[INFO] [stdout]    5:     0x593969fe7620 - test[9d35eded1c95d3be]::test_main_inner::<test[9d35eded1c95d3be]::test_main_static::{closure#0}>::{closure#0}
[INFO] [stdout]    6:     0x59396a2064b2 - std[70759c8f55707aa4]::panicking::panic_with_hook
[INFO] [stdout]    7:     0x59396a1e9482 - std[70759c8f55707aa4]::panicking::panic_handler::{closure#0}
[INFO] [stdout]    8:     0x59396a1e1d59 - std[70759c8f55707aa4]::sys::backtrace::__rust_end_short_backtrace::<std[70759c8f55707aa4]::panicking::panic_handler::{closure#0}, !>
[INFO] [stdout]    9:     0x59396a1ea30d - __rustc[8fa7c3cbc660c2b3]::rust_begin_unwind
[INFO] [stdout]   10:     0x59396a2267ac - core[df12db4294e9bfd3]::panicking::panic_fmt
[INFO] [stdout]   11:     0x59396a226582 - core[df12db4294e9bfd3]::result::unwrap_failed
[INFO] [stdout]   12:     0x59396a03ec39 - <sqlx_postgres[f2420b0825730418]::database::Postgres as sqlx_core[6666f72bd5d9944a]::testing::TestSupport>::test_context::{closure#0}
[INFO] [stdout]   13:     0x593969f2cd8f - <core[df12db4294e9bfd3]::pin::Pin<&mut sqlx_core[6666f72bd5d9944a]::testing::run_test<sqlx_postgres[f2420b0825730418]::database::Postgres, sqlx_core[6666f72bd5d9944a]::testing::run_test_with_pool<sqlx_postgres[f2420b0825730418]::database::Postgres, fn(sqlx_core[6666f72bd5d9944a]::pool::Pool<sqlx_postgres[f2420b0825730418]::database::Postgres>) -> paidy_assignment[4f258e8bad5bc937]::tests::test_delete_table::test_delete_table::{closure#0}, paidy_assignment[4f258e8bad5bc937]::tests::test_delete_table::test_delete_table::{closure#0}>::{closure#0}, sqlx_core[6666f72bd5d9944a]::testing::run_test_with_pool<sqlx_postgres[f2420b0825730418]::database::Postgres, fn(sqlx_core[6666f72bd5d9944a]::pool::Pool<sqlx_postgres[f2420b0825730418]::database::Postgres>) -> paidy_assignment[4f258e8bad5bc937]::tests::test_delete_table::test_delete_table::{closure#0}, paidy_assignment[4f258e8bad5bc937]::tests::test_delete_table::test_delete_table::{closure#0}>::{closure#0}::{closure#0}>::{closure#0}> as core[df12db4294e9bfd3]::future::future::Future>::poll
[INFO] [stdout]   14:     0x593969f72c4f - <tokio[4aa689a212822460]::runtime::scheduler::current_thread::Context>::enter::<core[df12db4294e9bfd3]::task::poll::Poll<()>, <tokio[4aa689a212822460]::runtime::scheduler::current_thread::CoreGuard>::block_on<core[df12db4294e9bfd3]::pin::Pin<&mut sqlx_core[6666f72bd5d9944a]::testing::run_test<sqlx_postgres[f2420b0825730418]::database::Postgres, sqlx_core[6666f72bd5d9944a]::testing::run_test_with_pool<sqlx_postgres[f2420b0825730418]::database::Postgres, fn(sqlx_core[6666f72bd5d9944a]::pool::Pool<sqlx_postgres[f2420b0825730418]::database::Postgres>) -> paidy_assignment[4f258e8bad5bc937]::tests::test_delete_table::test_delete_table::{closure#0}, paidy_assignment[4f258e8bad5bc937]::tests::test_delete_table::test_delete_table::{closure#0}>::{closure#0}, sqlx_core[6666f72bd5d9944a]::testing::run_test_with_pool<sqlx_postgres[f2420b0825730418]::database::Postgres, fn(sqlx_core[6666f72bd5d9944a]::pool::Pool<sqlx_postgres[f2420b0825730418]::database::Postgres>) -> paidy_assignment[4f258e8bad5bc937]::tests::test_delete_table::test_delete_table::{closure#0}, paidy_assignment[4f258e8bad5bc937]::tests::test_delete_table::test_delete_table::{closure#0}>::{closure#0}::{closure#0}>::{closure#0}>>::{closure#0}::{closure#0}>
[INFO] [stdout]   15:     0x593969f57422 - <tokio[4aa689a212822460]::runtime::context::scoped::Scoped<tokio[4aa689a212822460]::runtime::scheduler::Context>>::set::<<tokio[4aa689a212822460]::runtime::scheduler::current_thread::CoreGuard>::enter<<tokio[4aa689a212822460]::runtime::scheduler::current_thread::CoreGuard>::block_on<core[df12db4294e9bfd3]::pin::Pin<&mut sqlx_core[6666f72bd5d9944a]::testing::run_test<sqlx_postgres[f2420b0825730418]::database::Postgres, sqlx_core[6666f72bd5d9944a]::testing::run_test_with_pool<sqlx_postgres[f2420b0825730418]::database::Postgres, fn(sqlx_core[6666f72bd5d9944a]::pool::Pool<sqlx_postgres[f2420b0825730418]::database::Postgres>) -> paidy_assignment[4f258e8bad5bc937]::tests::test_delete_table::test_delete_table::{closure#0}, paidy_assignment[4f258e8bad5bc937]::tests::test_delete_table::test_delete_table::{closure#0}>::{closure#0}, sqlx_core[6666f72bd5d9944a]::testing::run_test_with_pool<sqlx_postgres[f2420b0825730418]::database::Postgres, fn(sqlx_core[6666f72bd5d9944a]::pool::Pool<sqlx_postgres[f2420b0825730418]::database::Postgres>) -> paidy_assignment[4f258e8bad5bc937]::tests::test_delete_table::test_delete_table::{closure#0}, paidy_assignment[4f258e8bad5bc937]::tests::test_delete_table::test_delete_table::{closure#0}>::{closure#0}::{closure#0}>::{closure#0}>>::{closure#0}, core[df12db4294e9bfd3]::option::Option<()>>::{closure#0}, (alloc[2182bb758b4b3781]::boxed::Box<tokio[4aa689a212822460]::runtime::scheduler::current_thread::Core>, core[df12db4294e9bfd3]::option::Option<()>)>
[INFO] [stdout]   16:     0x593969f74947 - <tokio[4aa689a212822460]::runtime::scheduler::current_thread::CoreGuard>::block_on::<core[df12db4294e9bfd3]::pin::Pin<&mut sqlx_core[6666f72bd5d9944a]::testing::run_test<sqlx_postgres[f2420b0825730418]::database::Postgres, sqlx_core[6666f72bd5d9944a]::testing::run_test_with_pool<sqlx_postgres[f2420b0825730418]::database::Postgres, fn(sqlx_core[6666f72bd5d9944a]::pool::Pool<sqlx_postgres[f2420b0825730418]::database::Postgres>) -> paidy_assignment[4f258e8bad5bc937]::tests::test_delete_table::test_delete_table::{closure#0}, paidy_assignment[4f258e8bad5bc937]::tests::test_delete_table::test_delete_table::{closure#0}>::{closure#0}, sqlx_core[6666f72bd5d9944a]::testing::run_test_with_pool<sqlx_postgres[f2420b0825730418]::database::Postgres, fn(sqlx_core[6666f72bd5d9944a]::pool::Pool<sqlx_postgres[f2420b0825730418]::database::Postgres>) -> paidy_assignment[4f258e8bad5bc937]::tests::test_delete_table::test_delete_table::{closure#0}, paidy_assignment[4f258e8bad5bc937]::tests::test_delete_table::test_delete_table::{closure#0}>::{closure#0}::{closure#0}>::{closure#0}>>
[INFO] [stdout]   17:     0x593969f8e6a0 - tokio[4aa689a212822460]::runtime::context::runtime::enter_runtime::<<tokio[4aa689a212822460]::runtime::scheduler::current_thread::CurrentThread>::block_on<sqlx_core[6666f72bd5d9944a]::testing::run_test<sqlx_postgres[f2420b0825730418]::database::Postgres, sqlx_core[6666f72bd5d9944a]::testing::run_test_with_pool<sqlx_postgres[f2420b0825730418]::database::Postgres, fn(sqlx_core[6666f72bd5d9944a]::pool::Pool<sqlx_postgres[f2420b0825730418]::database::Postgres>) -> paidy_assignment[4f258e8bad5bc937]::tests::test_delete_table::test_delete_table::{closure#0}, paidy_assignment[4f258e8bad5bc937]::tests::test_delete_table::test_delete_table::{closure#0}>::{closure#0}, sqlx_core[6666f72bd5d9944a]::testing::run_test_with_pool<sqlx_postgres[f2420b0825730418]::database::Postgres, fn(sqlx_core[6666f72bd5d9944a]::pool::Pool<sqlx_postgres[f2420b0825730418]::database::Postgres>) -> paidy_assignment[4f258e8bad5bc937]::tests::test_delete_table::test_delete_table::{closure#0}, paidy_assignment[4f258e8bad5bc937]::tests::test_delete_table::test_delete_table::{closure#0}>::{closure#0}::{closure#0}>::{closure#0}>::{closure#0}, ()>
[INFO] [stdout]   18:     0x593969fcfd7b - <tokio[4aa689a212822460]::runtime::runtime::Runtime>::block_on_inner::<sqlx_core[6666f72bd5d9944a]::testing::run_test<sqlx_postgres[f2420b0825730418]::database::Postgres, sqlx_core[6666f72bd5d9944a]::testing::run_test_with_pool<sqlx_postgres[f2420b0825730418]::database::Postgres, fn(sqlx_core[6666f72bd5d9944a]::pool::Pool<sqlx_postgres[f2420b0825730418]::database::Postgres>) -> paidy_assignment[4f258e8bad5bc937]::tests::test_delete_table::test_delete_table::{closure#0}, paidy_assignment[4f258e8bad5bc937]::tests::test_delete_table::test_delete_table::{closure#0}>::{closure#0}, sqlx_core[6666f72bd5d9944a]::testing::run_test_with_pool<sqlx_postgres[f2420b0825730418]::database::Postgres, fn(sqlx_core[6666f72bd5d9944a]::pool::Pool<sqlx_postgres[f2420b0825730418]::database::Postgres>) -> paidy_assignment[4f258e8bad5bc937]::tests::test_delete_table::test_delete_table::{closure#0}, paidy_assignment[4f258e8bad5bc937]::tests::test_delete_table::test_delete_table::{closure#0}>::{closure#0}::{closure#0}>::{closure#0}>
[INFO] [stdout]   19:     0x593969f59c22 - sqlx_core[6666f72bd5d9944a]::rt::test_block_on::<sqlx_core[6666f72bd5d9944a]::testing::run_test<sqlx_postgres[f2420b0825730418]::database::Postgres, sqlx_core[6666f72bd5d9944a]::testing::run_test_with_pool<sqlx_postgres[f2420b0825730418]::database::Postgres, fn(sqlx_core[6666f72bd5d9944a]::pool::Pool<sqlx_postgres[f2420b0825730418]::database::Postgres>) -> paidy_assignment[4f258e8bad5bc937]::tests::test_delete_table::test_delete_table::{closure#0}, paidy_assignment[4f258e8bad5bc937]::tests::test_delete_table::test_delete_table::{closure#0}>::{closure#0}, sqlx_core[6666f72bd5d9944a]::testing::run_test_with_pool<sqlx_postgres[f2420b0825730418]::database::Postgres, fn(sqlx_core[6666f72bd5d9944a]::pool::Pool<sqlx_postgres[f2420b0825730418]::database::Postgres>) -> paidy_assignment[4f258e8bad5bc937]::tests::test_delete_table::test_delete_table::{closure#0}, paidy_assignment[4f258e8bad5bc937]::tests::test_delete_table::test_delete_table::{closure#0}>::{closure#0}::{closure#0}>::{closure#0}>
[INFO] [stdout]   20:     0x593969fb7e2f - <paidy_assignment[4f258e8bad5bc937]::tests::test_delete_table::{closure#0} as core[df12db4294e9bfd3]::ops::function::FnOnce<()>>::call_once
[INFO] [stdout]   21:     0x593969fda90b - test[9d35eded1c95d3be]::__rust_begin_short_backtrace::<core[df12db4294e9bfd3]::result::Result<(), alloc[2182bb758b4b3781]::string::String>, fn() -> core[df12db4294e9bfd3]::result::Result<(), alloc[2182bb758b4b3781]::string::String>>
[INFO] [stdout]   22:     0x593969fe7f75 - test[9d35eded1c95d3be]::run_test::{closure#0}
[INFO] [stdout]   23:     0x593969fe1834 - std[70759c8f55707aa4]::sys::backtrace::__rust_begin_short_backtrace::<test[9d35eded1c95d3be]::run_test::{closure#1}, ()>
[INFO] [stdout]   24:     0x593969feb0d2 - <std[70759c8f55707aa4]::thread::lifecycle::spawn_unchecked<test[9d35eded1c95d3be]::run_test::{closure#1}, ()>::{closure#1} as core[df12db4294e9bfd3]::ops::function::FnOnce<()>>::call_once::{shim:vtable#0}
[INFO] [stdout]   25:     0x59396a20d899 - <std[70759c8f55707aa4]::sys::thread::unix::Thread>::new::thread_start
[INFO] [stdout]   26:     0x7f4b2031cdfa - <unknown>
[INFO] [stdout]   27:     0x7f4b203b03d4 - clone
[INFO] [stdout]   28:                0x0 - <unknown>
[INFO] [stdout] 
[INFO] [stdout] ---- tests::test_create_multiple_tables stdout ----
[INFO] [stdout] 
[INFO] [stdout] thread 'tests::test_create_multiple_tables' (3835) panicked at /opt/rustwide/cargo-home/registry/src/index.crates.io-1949cf8c6b5b557f/sqlx-postgres-0.8.0/src/testing/mod.rs:78:44:
[INFO] [stdout] DATABASE_URL must be set: EnvVar(NotPresent)
[INFO] [stdout] stack backtrace:
[INFO] [stdout]    0:     0x59396a20e691 - <<std[70759c8f55707aa4]::sys::backtrace::BacktraceLock>::print::DisplayBacktrace as core[df12db4294e9bfd3]::fmt::Display>::fmt
[INFO] [stdout]    1:     0x59396a22604a - core[df12db4294e9bfd3]::fmt::write
[INFO] [stdout]    2:     0x59396a2130bc - <alloc[2182bb758b4b3781]::vec::Vec<u8> as core[df12db4294e9bfd3]::io::write::Write>::write_fmt
[INFO] [stdout]    3:     0x59396a1e93d6 - std[70759c8f55707aa4]::panicking::default_hook::{closure#0}
[INFO] [stdout]    4:     0x59396a206189 - std[70759c8f55707aa4]::panicking::default_hook
[INFO] [stdout]    5:     0x593969fe7620 - test[9d35eded1c95d3be]::test_main_inner::<test[9d35eded1c95d3be]::test_main_static::{closure#0}>::{closure#0}
[INFO] [stdout]    6:     0x59396a2064b2 - std[70759c8f55707aa4]::panicking::panic_with_hook
[INFO] [stdout]    7:     0x59396a1e9482 - std[70759c8f55707aa4]::panicking::panic_handler::{closure#0}
[INFO] [stdout]    8:     0x59396a1e1d59 - std[70759c8f55707aa4]::sys::backtrace::__rust_end_short_backtrace::<std[70759c8f55707aa4]::panicking::panic_handler::{closure#0}, !>
[INFO] [stdout]    9:     0x59396a1ea30d - __rustc[8fa7c3cbc660c2b3]::rust_begin_unwind
[INFO] [stdout]   10:     0x59396a2267ac - core[df12db4294e9bfd3]::panicking::panic_fmt
[INFO] [stdout]   11:     0x59396a226582 - core[df12db4294e9bfd3]::result::unwrap_failed
[INFO] [stdout]   12:     0x59396a03ec39 - <sqlx_postgres[f2420b0825730418]::database::Postgres as sqlx_core[6666f72bd5d9944a]::testing::TestSupport>::test_context::{closure#0}
[INFO] [stdout]   13:     0x593969f3267d - <core[df12db4294e9bfd3]::pin::Pin<&mut sqlx_core[6666f72bd5d9944a]::testing::run_test<sqlx_postgres[f2420b0825730418]::database::Postgres, sqlx_core[6666f72bd5d9944a]::testing::run_test_with_pool<sqlx_postgres[f2420b0825730418]::database::Postgres, fn(sqlx_core[6666f72bd5d9944a]::pool::Pool<sqlx_postgres[f2420b0825730418]::database::Postgres>) -> paidy_assignment[4f258e8bad5bc937]::tests::test_create_multiple_tables::test_create_multiple_tables::{closure#0}, paidy_assignment[4f258e8bad5bc937]::tests::test_create_multiple_tables::test_create_multiple_tables::{closure#0}>::{closure#0}, sqlx_core[6666f72bd5d9944a]::testing::run_test_with_pool<sqlx_postgres[f2420b0825730418]::database::Postgres, fn(sqlx_core[6666f72bd5d9944a]::pool::Pool<sqlx_postgres[f2420b0825730418]::database::Postgres>) -> paidy_assignment[4f258e8bad5bc937]::tests::test_create_multiple_tables::test_create_multiple_tables::{closure#0}, paidy_assignment[4f258e8bad5bc937]::tests::test_create_multiple_tables::test_create_multiple_tables::{closure#0}>::{closure#0}::{closure#0}>::{closure#0}> as core[df12db4294e9bfd3]::future::future::Future>::poll
[INFO] [stdout]   14:     0x593969f732cf - <tokio[4aa689a212822460]::runtime::scheduler::current_thread::Context>::enter::<core[df12db4294e9bfd3]::task::poll::Poll<()>, <tokio[4aa689a212822460]::runtime::scheduler::current_thread::CoreGuard>::block_on<core[df12db4294e9bfd3]::pin::Pin<&mut sqlx_core[6666f72bd5d9944a]::testing::run_test<sqlx_postgres[f2420b0825730418]::database::Postgres, sqlx_core[6666f72bd5d9944a]::testing::run_test_with_pool<sqlx_postgres[f2420b0825730418]::database::Postgres, fn(sqlx_core[6666f72bd5d9944a]::pool::Pool<sqlx_postgres[f2420b0825730418]::database::Postgres>) -> paidy_assignment[4f258e8bad5bc937]::tests::test_create_multiple_tables::test_create_multiple_tables::{closure#0}, paidy_assignment[4f258e8bad5bc937]::tests::test_create_multiple_tables::test_create_multiple_tables::{closure#0}>::{closure#0}, sqlx_core[6666f72bd5d9944a]::testing::run_test_with_pool<sqlx_postgres[f2420b0825730418]::database::Postgres, fn(sqlx_core[6666f72bd5d9944a]::pool::Pool<sqlx_postgres[f2420b0825730418]::database::Postgres>) -> paidy_assignment[4f258e8bad5bc937]::tests::test_create_multiple_tables::test_create_multiple_tables::{closure#0}, paidy_assignment[4f258e8bad5bc937]::tests::test_create_multiple_tables::test_create_multiple_tables::{closure#0}>::{closure#0}::{closure#0}>::{closure#0}>>::{closure#0}::{closure#0}>
[INFO] [stdout]   15:     0x593969f57a22 - <tokio[4aa689a212822460]::runtime::context::scoped::Scoped<tokio[4aa689a212822460]::runtime::scheduler::Context>>::set::<<tokio[4aa689a212822460]::runtime::scheduler::current_thread::CoreGuard>::enter<<tokio[4aa689a212822460]::runtime::scheduler::current_thread::CoreGuard>::block_on<core[df12db4294e9bfd3]::pin::Pin<&mut sqlx_core[6666f72bd5d9944a]::testing::run_test<sqlx_postgres[f2420b0825730418]::database::Postgres, sqlx_core[6666f72bd5d9944a]::testing::run_test_with_pool<sqlx_postgres[f2420b0825730418]::database::Postgres, fn(sqlx_core[6666f72bd5d9944a]::pool::Pool<sqlx_postgres[f2420b0825730418]::database::Postgres>) -> paidy_assignment[4f258e8bad5bc937]::tests::test_create_multiple_tables::test_create_multiple_tables::{closure#0}, paidy_assignment[4f258e8bad5bc937]::tests::test_create_multiple_tables::test_create_multiple_tables::{closure#0}>::{closure#0}, sqlx_core[6666f72bd5d9944a]::testing::run_test_with_pool<sqlx_postgres[f2420b0825730418]::database::Postgres, fn(sqlx_core[6666f72bd5d9944a]::pool::Pool<sqlx_postgres[f2420b0825730418]::database::Postgres>) -> paidy_assignment[4f258e8bad5bc937]::tests::test_create_multiple_tables::test_create_multiple_tables::{closure#0}, paidy_assignment[4f258e8bad5bc937]::tests::test_create_multiple_tables::test_create_multiple_tables::{closure#0}>::{closure#0}::{closure#0}>::{closure#0}>>::{closure#0}, core[df12db4294e9bfd3]::option::Option<()>>::{closure#0}, (alloc[2182bb758b4b3781]::boxed::Box<tokio[4aa689a212822460]::runtime::scheduler::current_thread::Core>, core[df12db4294e9bfd3]::option::Option<()>)>
[INFO] [stdout]   16:     0x593969f75107 - <tokio[4aa689a212822460]::runtime::scheduler::current_thread::CoreGuard>::block_on::<core[df12db4294e9bfd3]::pin::Pin<&mut sqlx_core[6666f72bd5d9944a]::testing::run_test<sqlx_postgres[f2420b0825730418]::database::Postgres, sqlx_core[6666f72bd5d9944a]::testing::run_test_with_pool<sqlx_postgres[f2420b0825730418]::database::Postgres, fn(sqlx_core[6666f72bd5d9944a]::pool::Pool<sqlx_postgres[f2420b0825730418]::database::Postgres>) -> paidy_assignment[4f258e8bad5bc937]::tests::test_create_multiple_tables::test_create_multiple_tables::{closure#0}, paidy_assignment[4f258e8bad5bc937]::tests::test_create_multiple_tables::test_create_multiple_tables::{closure#0}>::{closure#0}, sqlx_core[6666f72bd5d9944a]::testing::run_test_with_pool<sqlx_postgres[f2420b0825730418]::database::Postgres, fn(sqlx_core[6666f72bd5d9944a]::pool::Pool<sqlx_postgres[f2420b0825730418]::database::Postgres>) -> paidy_assignment[4f258e8bad5bc937]::tests::test_create_multiple_tables::test_create_multiple_tables::{closure#0}, paidy_assignment[4f258e8bad5bc937]::tests::test_create_multiple_tables::test_create_multiple_tables::{closure#0}>::{closure#0}::{closure#0}>::{closure#0}>>
[INFO] [stdout]   17:     0x593969f8f6e0 - tokio[4aa689a212822460]::runtime::context::runtime::enter_runtime::<<tokio[4aa689a212822460]::runtime::scheduler::current_thread::CurrentThread>::block_on<sqlx_core[6666f72bd5d9944a]::testing::run_test<sqlx_postgres[f2420b0825730418]::database::Postgres, sqlx_core[6666f72bd5d9944a]::testing::run_test_with_pool<sqlx_postgres[f2420b0825730418]::database::Postgres, fn(sqlx_core[6666f72bd5d9944a]::pool::Pool<sqlx_postgres[f2420b0825730418]::database::Postgres>) -> paidy_assignment[4f258e8bad5bc937]::tests::test_create_multiple_tables::test_create_multiple_tables::{closure#0}, paidy_assignment[4f258e8bad5bc937]::tests::test_create_multiple_tables::test_create_multiple_tables::{closure#0}>::{closure#0}, sqlx_core[6666f72bd5d9944a]::testing::run_test_with_pool<sqlx_postgres[f2420b0825730418]::database::Postgres, fn(sqlx_core[6666f72bd5d9944a]::pool::Pool<sqlx_postgres[f2420b0825730418]::database::Postgres>) -> paidy_assignment[4f258e8bad5bc937]::tests::test_create_multiple_tables::test_create_multiple_tables::{closure#0}, paidy_assignment[4f258e8bad5bc937]::tests::test_create_multiple_tables::test_create_multiple_tables::{closure#0}>::{closure#0}::{closure#0}>::{closure#0}>::{closure#0}, ()>
[INFO] [stdout]   18:     0x593969fd02fb - <tokio[4aa689a212822460]::runtime::runtime::Runtime>::block_on_inner::<sqlx_core[6666f72bd5d9944a]::testing::run_test<sqlx_postgres[f2420b0825730418]::database::Postgres, sqlx_core[6666f72bd5d9944a]::testing::run_test_with_pool<sqlx_postgres[f2420b0825730418]::database::Postgres, fn(sqlx_core[6666f72bd5d9944a]::pool::Pool<sqlx_postgres[f2420b0825730418]::database::Postgres>) -> paidy_assignment[4f258e8bad5bc937]::tests::test_create_multiple_tables::test_create_multiple_tables::{closure#0}, paidy_assignment[4f258e8bad5bc937]::tests::test_create_multiple_tables::test_create_multiple_tables::{closure#0}>::{closure#0}, sqlx_core[6666f72bd5d9944a]::testing::run_test_with_pool<sqlx_postgres[f2420b0825730418]::database::Postgres, fn(sqlx_core[6666f72bd5d9944a]::pool::Pool<sqlx_postgres[f2420b0825730418]::database::Postgres>) -> paidy_assignment[4f258e8bad5bc937]::tests::test_create_multiple_tables::test_create_multiple_tables::{closure#0}, paidy_assignment[4f258e8bad5bc937]::tests::test_create_multiple_tables::test_create_multiple_tables::{closure#0}>::{closure#0}::{closure#0}>::{closure#0}>
[INFO] [stdout]   19:     0x593969f5a1e2 - sqlx_core[6666f72bd5d9944a]::rt::test_block_on::<sqlx_core[6666f72bd5d9944a]::testing::run_test<sqlx_postgres[f2420b0825730418]::database::Postgres, sqlx_core[6666f72bd5d9944a]::testing::run_test_with_pool<sqlx_postgres[f2420b0825730418]::database::Postgres, fn(sqlx_core[6666f72bd5d9944a]::pool::Pool<sqlx_postgres[f2420b0825730418]::database::Postgres>) -> paidy_assignment[4f258e8bad5bc937]::tests::test_create_multiple_tables::test_create_multiple_tables::{closure#0}, paidy_assignment[4f258e8bad5bc937]::tests::test_create_multiple_tables::test_create_multiple_tables::{closure#0}>::{closure#0}, sqlx_core[6666f72bd5d9944a]::testing::run_test_with_pool<sqlx_postgres[f2420b0825730418]::database::Postgres, fn(sqlx_core[6666f72bd5d9944a]::pool::Pool<sqlx_postgres[f2420b0825730418]::database::Postgres>) -> paidy_assignment[4f258e8bad5bc937]::tests::test_create_multiple_tables::test_create_multiple_tables::{closure#0}, paidy_assignment[4f258e8bad5bc937]::tests::test_create_multiple_tables::test_create_multiple_tables::{closure#0}>::{closure#0}::{closure#0}>::{closure#0}>
[INFO] [stdout]   20:     0x593969fb812f - <paidy_assignment[4f258e8bad5bc937]::tests::test_create_multiple_tables::{closure#0} as core[df12db4294e9bfd3]::ops::function::FnOnce<()>>::call_once
[INFO] [stdout]   21:     0x593969fda90b - test[9d35eded1c95d3be]::__rust_begin_short_backtrace::<core[df12db4294e9bfd3]::result::Result<(), alloc[2182bb758b4b3781]::string::String>, fn() -> core[df12db4294e9bfd3]::result::Result<(), alloc[2182bb758b4b3781]::string::String>>
[INFO] [stdout]   22:     0x593969fe7f75 - test[9d35eded1c95d3be]::run_test::{closure#0}
[INFO] [stdout]   23:     0x593969fe1834 - std[70759c8f55707aa4]::sys::backtrace::__rust_begin_short_backtrace::<test[9d35eded1c95d3be]::run_test::{closure#1}, ()>
[INFO] [stdout]   24:     0x593969feb0d2 - <std[70759c8f55707aa4]::thread::lifecycle::spawn_unchecked<test[9d35eded1c95d3be]::run_test::{closure#1}, ()>::{closure#1} as core[df12db4294e9bfd3]::ops::function::FnOnce<()>>::call_once::{shim:vtable#0}
[INFO] [stdout]   25:     0x59396a20d899 - <std[70759c8f55707aa4]::sys::thread::unix::Thread>::new::thread_start
[INFO] [stdout]   26:     0x7f4b2031cdfa - <unknown>
[INFO] [stdout]   27:     0x7f4b203b03d4 - clone
[INFO] [stdout]   28:                0x0 - <unknown>
[INFO] [stdout] 
[INFO] [stdout] ---- tests::test_add_orders_to_table stdout ----
[INFO] [stdout] 
[INFO] [stdout] thread 'tests::test_add_orders_to_table' (3833) panicked at /opt/rustwide/cargo-home/registry/src/index.crates.io-1949cf8c6b5b557f/sqlx-postgres-0.8.0/src/testing/mod.rs:78:44:
[INFO] [stdout] DATABASE_URL must be set: EnvVar(NotPresent)
[INFO] [stdout] stack backtrace:
[INFO] [stdout]    0:     0x59396a20e691 - <<std[70759c8f55707aa4]::sys::backtrace::BacktraceLock>::print::DisplayBacktrace as core[df12db4294e9bfd3]::fmt::Display>::fmt
[INFO] [stdout]    1:     0x59396a22604a - core[df12db4294e9bfd3]::fmt::write
[INFO] [stdout]    2:     0x59396a2130bc - <alloc[2182bb758b4b3781]::vec::Vec<u8> as core[df12db4294e9bfd3]::io::write::Write>::write_fmt
[INFO] [stdout]    3:     0x59396a1e93d6 - std[70759c8f55707aa4]::panicking::default_hook::{closure#0}
[INFO] [stdout]    4:     0x59396a206189 - std[70759c8f55707aa4]::panicking::default_hook
[INFO] [stdout]    5:     0x593969fe7620 - test[9d35eded1c95d3be]::test_main_inner::<test[9d35eded1c95d3be]::test_main_static::{closure#0}>::{closure#0}
[INFO] [stdout]    6:     0x59396a2064b2 - std[70759c8f55707aa4]::panicking::panic_with_hook
[INFO] [stdout]    7:     0x59396a1e9482 - std[70759c8f55707aa4]::panicking::panic_handler::{closure#0}
[INFO] [stdout]    8:     0x59396a1e1d59 - std[70759c8f55707aa4]::sys::backtrace::__rust_end_short_backtrace::<std[70759c8f55707aa4]::panicking::panic_handler::{closure#0}, !>
[INFO] [stdout]    9:     0x59396a1ea30d - __rustc[8fa7c3cbc660c2b3]::rust_begin_unwind
[INFO] [stdout]   10:     0x59396a2267ac - core[df12db4294e9bfd3]::panicking::panic_fmt
[INFO] [stdout]   11:     0x59396a226582 - core[df12db4294e9bfd3]::result::unwrap_failed
[INFO] [stdout]   12:     0x59396a03ec39 - <sqlx_postgres[f2420b0825730418]::database::Postgres as sqlx_core[6666f72bd5d9944a]::testing::TestSupport>::test_context::{closure#0}
[INFO] [stdout]   13:     0x593969f2f5cd - <core[df12db4294e9bfd3]::pin::Pin<&mut sqlx_core[6666f72bd5d9944a]::testing::run_test<sqlx_postgres[f2420b0825730418]::database::Postgres, sqlx_core[6666f72bd5d9944a]::testing::run_test_with_pool<sqlx_postgres[f2420b0825730418]::database::Postgres, fn(sqlx_core[6666f72bd5d9944a]::pool::Pool<sqlx_postgres[f2420b0825730418]::database::Postgres>) -> paidy_assignment[4f258e8bad5bc937]::tests::test_add_orders_to_table::test_add_orders_to_table::{closure#0}, paidy_assignment[4f258e8bad5bc937]::tests::test_add_orders_to_table::test_add_orders_to_table::{closure#0}>::{closure#0}, sqlx_core[6666f72bd5d9944a]::testing::run_test_with_pool<sqlx_postgres[f2420b0825730418]::database::Postgres, fn(sqlx_core[6666f72bd5d9944a]::pool::Pool<sqlx_postgres[f2420b0825730418]::database::Postgres>) -> paidy_assignment[4f258e8bad5bc937]::tests::test_add_orders_to_table::test_add_orders_to_table::{closure#0}, paidy_assignment[4f258e8bad5bc937]::tests::test_add_orders_to_table::test_add_orders_to_table::{closure#0}>::{closure#0}::{closure#0}>::{closure#0}> as core[df12db4294e9bfd3]::future::future::Future>::poll
[INFO] [stdout]   14:     0x593969f72f8f - <tokio[4aa689a212822460]::runtime::scheduler::current_thread::Context>::enter::<core[df12db4294e9bfd3]::task::poll::Poll<()>, <tokio[4aa689a212822460]::runtime::scheduler::current_thread::CoreGuard>::block_on<core[df12db4294e9bfd3]::pin::Pin<&mut sqlx_core[6666f72bd5d9944a]::testing::run_test<sqlx_postgres[f2420b0825730418]::database::Postgres, sqlx_core[6666f72bd5d9944a]::testing::run_test_with_pool<sqlx_postgres[f2420b0825730418]::database::Postgres, fn(sqlx_core[6666f72bd5d9944a]::pool::Pool<sqlx_postgres[f2420b0825730418]::database::Postgres>) -> paidy_assignment[4f258e8bad5bc937]::tests::test_add_orders_to_table::test_add_orders_to_table::{closure#0}, paidy_assignment[4f258e8bad5bc937]::tests::test_add_orders_to_table::test_add_orders_to_table::{closure#0}>::{closure#0}, sqlx_core[6666f72bd5d9944a]::testing::run_test_with_pool<sqlx_postgres[f2420b0825730418]::database::Postgres, fn(sqlx_core[6666f72bd5d9944a]::pool::Pool<sqlx_postgres[f2420b0825730418]::database::Postgres>) -> paidy_assignment[4f258e8bad5bc937]::tests::test_add_orders_to_table::test_add_orders_to_table::{closure#0}, paidy_assignment[4f258e8bad5bc937]::tests::test_add_orders_to_table::test_add_orders_to_table::{closure#0}>::{closure#0}::{closure#0}>::{closure#0}>>::{closure#0}::{closure#0}>
[INFO] [stdout]   15:     0x593969f57722 - <tokio[4aa689a212822460]::runtime::context::scoped::Scoped<tokio[4aa689a212822460]::runtime::scheduler::Context>>::set::<<tokio[4aa689a212822460]::runtime::scheduler::current_thread::CoreGuard>::enter<<tokio[4aa689a212822460]::runtime::scheduler::current_thread::CoreGuard>::block_on<core[df12db4294e9bfd3]::pin::Pin<&mut sqlx_core[6666f72bd5d9944a]::testing::run_test<sqlx_postgres[f2420b0825730418]::database::Postgres, sqlx_core[6666f72bd5d9944a]::testing::run_test_with_pool<sqlx_postgres[f2420b0825730418]::database::Postgres, fn(sqlx_core[6666f72bd5d9944a]::pool::Pool<sqlx_postgres[f2420b0825730418]::database::Postgres>) -> paidy_assignment[4f258e8bad5bc937]::tests::test_add_orders_to_table::test_add_orders_to_table::{closure#0}, paidy_assignment[4f258e8bad5bc937]::tests::test_add_orders_to_table::test_add_orders_to_table::{closure#0}>::{closure#0}, sqlx_core[6666f72bd5d9944a]::testing::run_test_with_pool<sqlx_postgres[f2420b0825730418]::database::Postgres, fn(sqlx_core[6666f72bd5d9944a]::pool::Pool<sqlx_postgres[f2420b0825730418]::database::Postgres>) -> paidy_assignment[4f258e8bad5bc937]::tests::test_add_orders_to_table::test_add_orders_to_table::{closure#0}, paidy_assignment[4f258e8bad5bc937]::tests::test_add_orders_to_table::test_add_orders_to_table::{closure#0}>::{closure#0}::{closure#0}>::{closure#0}>>::{closure#0}, core[df12db4294e9bfd3]::option::Option<()>>::{closure#0}, (alloc[2182bb758b4b3781]::boxed::Box<tokio[4aa689a212822460]::runtime::scheduler::current_thread::Core>, core[df12db4294e9bfd3]::option::Option<()>)>
[INFO] [stdout]   16:     0x593969f74d27 - <tokio[4aa689a212822460]::runtime::scheduler::current_thread::CoreGuard>::block_on::<core[df12db4294e9bfd3]::pin::Pin<&mut sqlx_core[6666f72bd5d9944a]::testing::run_test<sqlx_postgres[f2420b0825730418]::database::Postgres, sqlx_core[6666f72bd5d9944a]::testing::run_test_with_pool<sqlx_postgres[f2420b0825730418]::database::Postgres, fn(sqlx_core[6666f72bd5d9944a]::pool::Pool<sqlx_postgres[f2420b0825730418]::database::Postgres>) -> paidy_assignment[4f258e8bad5bc937]::tests::test_add_orders_to_table::test_add_orders_to_table::{closure#0}, paidy_assignment[4f258e8bad5bc937]::tests::test_add_orders_to_table::test_add_orders_to_table::{closure#0}>::{closure#0}, sqlx_core[6666f72bd5d9944a]::testing::run_test_with_pool<sqlx_postgres[f2420b0825730418]::database::Postgres, fn(sqlx_core[6666f72bd5d9944a]::pool::Pool<sqlx_postgres[f2420b0825730418]::database::Postgres>) -> paidy_assignment[4f258e8bad5bc937]::tests::test_add_orders_to_table::test_add_orders_to_table::{closure#0}, paidy_assignment[4f258e8bad5bc937]::tests::test_add_orders_to_table::test_add_orders_to_table::{closure#0}>::{closure#0}::{closure#0}>::{closure#0}>>
[INFO] [stdout]   17:     0x593969f8eec0 - tokio[4aa689a212822460]::runtime::context::runtime::enter_runtime::<<tokio[4aa689a212822460]::runtime::scheduler::current_thread::CurrentThread>::block_on<sqlx_core[6666f72bd5d9944a]::testing::run_test<sqlx_postgres[f2420b0825730418]::database::Postgres, sqlx_core[6666f72bd5d9944a]::testing::run_test_with_pool<sqlx_postgres[f2420b0825730418]::database::Postgres, fn(sqlx_core[6666f72bd5d9944a]::pool::Pool<sqlx_postgres[f2420b0825730418]::database::Postgres>) -> paidy_assignment[4f258e8bad5bc937]::tests::test_add_orders_to_table::test_add_orders_to_table::{closure#0}, paidy_assignment[4f258e8bad5bc937]::tests::test_add_orders_to_table::test_add_orders_to_table::{closure#0}>::{closure#0}, sqlx_core[6666f72bd5d9944a]::testing::run_test_with_pool<sqlx_postgres[f2420b0825730418]::database::Postgres, fn(sqlx_core[6666f72bd5d9944a]::pool::Pool<sqlx_postgres[f2420b0825730418]::database::Postgres>) -> paidy_assignment[4f258e8bad5bc937]::tests::test_add_orders_to_table::test_add_orders_to_table::{closure#0}, paidy_assignment[4f258e8bad5bc937]::tests::test_add_orders_to_table::test_add_orders_to_table::{closure#0}>::{closure#0}::{closure#0}>::{closure#0}>::{closure#0}, ()>
[INFO] [stdout]   18:     0x593969fd003b - <tokio[4aa689a212822460]::runtime::runtime::Runtime>::block_on_inner::<sqlx_core[6666f72bd5d9944a]::testing::run_test<sqlx_postgres[f2420b0825730418]::database::Postgres, sqlx_core[6666f72bd5d9944a]::testing::run_test_with_pool<sqlx_postgres[f2420b0825730418]::database::Postgres, fn(sqlx_core[6666f72bd5d9944a]::pool::Pool<sqlx_postgres[f2420b0825730418]::database::Postgres>) -> paidy_assignment[4f258e8bad5bc937]::tests::test_add_orders_to_table::test_add_orders_to_table::{closure#0}, paidy_assignment[4f258e8bad5bc937]::tests::test_add_orders_to_table::test_add_orders_to_table::{closure#0}>::{closure#0}, sqlx_core[6666f72bd5d9944a]::testing::run_test_with_pool<sqlx_postgres[f2420b0825730418]::database::Postgres, fn(sqlx_core[6666f72bd5d9944a]::pool::Pool<sqlx_postgres[f2420b0825730418]::database::Postgres>) -> paidy_assignment[4f258e8bad5bc937]::tests::test_add_orders_to_table::test_add_orders_to_table::{closure#0}, paidy_assignment[4f258e8bad5bc937]::tests::test_add_orders_to_table::test_add_orders_to_table::{closure#0}>::{closure#0}::{closure#0}>::{closure#0}>
[INFO] [stdout]   19:     0x593969f59f02 - sqlx_core[6666f72bd5d9944a]::rt::test_block_on::<sqlx_core[6666f72bd5d9944a]::testing::run_test<sqlx_postgres[f2420b0825730418]::database::Postgres, sqlx_core[6666f72bd5d9944a]::testing::run_test_with_pool<sqlx_postgres[f2420b0825730418]::database::Postgres, fn(sqlx_core[6666f72bd5d9944a]::pool::Pool<sqlx_postgres[f2420b0825730418]::database::Postgres>) -> paidy_assignment[4f258e8bad5bc937]::tests::test_add_orders_to_table::test_add_orders_to_table::{closure#0}, paidy_assignment[4f258e8bad5bc937]::tests::test_add_orders_to_table::test_add_orders_to_table::{closure#0}>::{closure#0}, sqlx_core[6666f72bd5d9944a]::testing::run_test_with_pool<sqlx_postgres[f2420b0825730418]::database::Postgres, fn(sqlx_core[6666f72bd5d9944a]::pool::Pool<sqlx_postgres[f2420b0825730418]::database::Postgres>) -> paidy_assignment[4f258e8bad5bc937]::tests::test_add_orders_to_table::test_add_orders_to_table::{closure#0}, paidy_assignment[4f258e8bad5bc937]::tests::test_add_orders_to_table::test_add_orders_to_table::{closure#0}>::{closure#0}::{closure#0}>::{closure#0}>
[INFO] [stdout]   20:     0x593969fb7faf - <paidy_assignment[4f258e8bad5bc937]::tests::test_add_orders_to_table::{closure#0} as core[df12db4294e9bfd3]::ops::function::FnOnce<()>>::call_once
[INFO] [stdout]   21:     0x593969fda90b - test[9d35eded1c95d3be]::__rust_begin_short_backtrace::<core[df12db4294e9bfd3]::result::Result<(), alloc[2182bb758b4b3781]::string::String>, fn() -> core[df12db4294e9bfd3]::result::Result<(), alloc[2182bb758b4b3781]::string::String>>
[INFO] [stdout]   22:     0x593969fe7f75 - test[9d35eded1c95d3be]::run_test::{closure#0}
[INFO] [stdout]   23:     0x593969fe1834 - std[70759c8f55707aa4]::sys::backtrace::__rust_begin_short_backtrace::<test[9d35eded1c95d3be]::run_test::{closure#1}, ()>
[INFO] [stdout]   24:     0x593969feb0d2 - <std[70759c8f55707aa4]::thread::lifecycle::spawn_unchecked<test[9d35eded1c95d3be]::run_test::{closure#1}, ()>::{closure#1} as core[df12db4294e9bfd3]::ops::function::FnOnce<()>>::call_once::{shim:vtable#0}
[INFO] [stdout]   25:     0x59396a20d899 - <std[70759c8f55707aa4]::sys::thread::unix::Thread>::new::thread_start
[INFO] [stdout]   26:     0x7f4b2031cdfa - <unknown>
[INFO] [stdout]   27:     0x7f4b203b03d4 - clone
[INFO] [stdout]   28:                0x0 - <unknown>
[INFO] [stdout] 
[INFO] [stdout] ---- tests::test_create_empty_tables stdout ----
[INFO] [stdout] 
[INFO] [stdout] thread 'tests::test_create_empty_tables' (3834) panicked at /opt/rustwide/cargo-home/registry/src/index.crates.io-1949cf8c6b5b557f/sqlx-postgres-0.8.0/src/testing/mod.rs:78:44:
[INFO] [stdout] DATABASE_URL must be set: EnvVar(NotPresent)
[INFO] [stdout] stack backtrace:
[INFO] [stdout]    0:     0x59396a20e691 - <<std[70759c8f55707aa4]::sys::backtrace::BacktraceLock>::print::DisplayBacktrace as core[df12db4294e9bfd3]::fmt::Display>::fmt
[INFO] [stdout]    1:     0x59396a22604a - core[df12db4294e9bfd3]::fmt::write
[INFO] [stdout]    2:     0x59396a2130bc - <alloc[2182bb758b4b3781]::vec::Vec<u8> as core[df12db4294e9bfd3]::io::write::Write>::write_fmt
[INFO] [stdout]    3:     0x59396a1e93d6 - std[70759c8f55707aa4]::panicking::default_hook::{closure#0}
[INFO] [stdout]    4:     0x59396a206189 - std[70759c8f55707aa4]::panicking::default_hook
[INFO] [stdout]    5:     0x593969fe7620 - test[9d35eded1c95d3be]::test_main_inner::<test[9d35eded1c95d3be]::test_main_static::{closure#0}>::{closure#0}
[INFO] [stdout]    6:     0x59396a2064b2 - std[70759c8f55707aa4]::panicking::panic_with_hook
[INFO] [stdout]    7:     0x59396a1e9482 - std[70759c8f55707aa4]::panicking::panic_handler::{closure#0}
[INFO] [stdout]    8:     0x59396a1e1d59 - std[70759c8f55707aa4]::sys::backtrace::__rust_end_short_backtrace::<std[70759c8f55707aa4]::panicking::panic_handler::{closure#0}, !>
[INFO] [stdout]    9:     0x59396a1ea30d - __rustc[8fa7c3cbc660c2b3]::rust_begin_unwind
[INFO] [stdout]   10:     0x59396a2267ac - core[df12db4294e9bfd3]::panicking::panic_fmt
[INFO] [stdout]   11:     0x59396a226582 - core[df12db4294e9bfd3]::result::unwrap_failed
[INFO] [stdout]   12:     0x59396a03ec39 - <sqlx_postgres[f2420b0825730418]::database::Postgres as sqlx_core[6666f72bd5d9944a]::testing::TestSupport>::test_context::{closure#0}
[INFO] [stdout]   13:     0x593969f30fa8 - <core[df12db4294e9bfd3]::pin::Pin<&mut sqlx_core[6666f72bd5d9944a]::testing::run_test<sqlx_postgres[f2420b0825730418]::database::Postgres, sqlx_core[6666f72bd5d9944a]::testing::run_test_with_pool<sqlx_postgres[f2420b0825730418]::database::Postgres, fn(sqlx_core[6666f72bd5d9944a]::pool::Pool<sqlx_postgres[f2420b0825730418]::database::Postgres>) -> paidy_assignment[4f258e8bad5bc937]::tests::test_create_empty_tables::test_create_empty_tables::{closure#0}, paidy_assignment[4f258e8bad5bc937]::tests::test_create_empty_tables::test_create_empty_tables::{closure#0}>::{closure#0}, sqlx_core[6666f72bd5d9944a]::testing::run_test_with_pool<sqlx_postgres[f2420b0825730418]::database::Postgres, fn(sqlx_core[6666f72bd5d9944a]::pool::Pool<sqlx_postgres[f2420b0825730418]::database::Postgres>) -> paidy_assignment[4f258e8bad5bc937]::tests::test_create_empty_tables::test_create_empty_tables::{closure#0}, paidy_assignment[4f258e8bad5bc937]::tests::test_create_empty_tables::test_create_empty_tables::{closure#0}>::{closure#0}::{closure#0}>::{closure#0}> as core[df12db4294e9bfd3]::future::future::Future>::poll
[INFO] [stdout]   14:     0x593969f7312f - <tokio[4aa689a212822460]::runtime::scheduler::current_thread::Context>::enter::<core[df12db4294e9bfd3]::task::poll::Poll<()>, <tokio[4aa689a212822460]::runtime::scheduler::current_thread::CoreGuard>::block_on<core[df12db4294e9bfd3]::pin::Pin<&mut sqlx_core[6666f72bd5d9944a]::testing::run_test<sqlx_postgres[f2420b0825730418]::database::Postgres, sqlx_core[6666f72bd5d9944a]::testing::run_test_with_pool<sqlx_postgres[f2420b0825730418]::database::Postgres, fn(sqlx_core[6666f72bd5d9944a]::pool::Pool<sqlx_postgres[f2420b0825730418]::database::Postgres>) -> paidy_assignment[4f258e8bad5bc937]::tests::test_create_empty_tables::test_create_empty_tables::{closure#0}, paidy_assignment[4f258e8bad5bc937]::tests::test_create_empty_tables::test_create_empty_tables::{closure#0}>::{closure#0}, sqlx_core[6666f72bd5d9944a]::testing::run_test_with_pool<sqlx_postgres[f2420b0825730418]::database::Postgres, fn(sqlx_core[6666f72bd5d9944a]::pool::Pool<sqlx_postgres[f2420b0825730418]::database::Postgres>) -> paidy_assignment[4f258e8bad5bc937]::tests::test_create_empty_tables::test_create_empty_tables::{closure#0}, paidy_assignment[4f258e8bad5bc937]::tests::test_create_empty_tables::test_create_empty_tables::{closure#0}>::{closure#0}::{closure#0}>::{closure#0}>>::{closure#0}::{closure#0}>
[INFO] [stdout]   15:     0x593969f578a2 - <tokio[4aa689a212822460]::runtime::context::scoped::Scoped<tokio[4aa689a212822460]::runtime::scheduler::Context>>::set::<<tokio[4aa689a212822460]::runtime::scheduler::current_thread::CoreGuard>::enter<<tokio[4aa689a212822460]::runtime::scheduler::current_thread::CoreGuard>::block_on<core[df12db4294e9bfd3]::pin::Pin<&mut sqlx_core[6666f72bd5d9944a]::testing::run_test<sqlx_postgres[f2420b0825730418]::database::Postgres, sqlx_core[6666f72bd5d9944a]::testing::run_test_with_pool<sqlx_postgres[f2420b0825730418]::database::Postgres, fn(sqlx_core[6666f72bd5d9944a]::pool::Pool<sqlx_postgres[f2420b0825730418]::database::Postgres>) -> paidy_assignment[4f258e8bad5bc937]::tests::test_create_empty_tables::test_create_empty_tables::{closure#0}, paidy_assignment[4f258e8bad5bc937]::tests::test_create_empty_tables::test_create_empty_tables::{closure#0}>::{closure#0}, sqlx_core[6666f72bd5d9944a]::testing::run_test_with_pool<sqlx_postgres[f2420b0825730418]::database::Postgres, fn(sqlx_core[6666f72bd5d9944a]::pool::Pool<sqlx_postgres[f2420b0825730418]::database::Postgres>) -> paidy_assignment[4f258e8bad5bc937]::tests::test_create_empty_tables::test_create_empty_tables::{closure#0}, paidy_assignment[4f258e8bad5bc937]::tests::test_create_empty_tables::test_create_empty_tables::{closure#0}>::{closure#0}::{closure#0}>::{closure#0}>>::{closure#0}, core[df12db4294e9bfd3]::option::Option<()>>::{closure#0}, (alloc[2182bb758b4b3781]::boxed::Box<tokio[4aa689a212822460]::runtime::scheduler::current_thread::Core>, core[df12db4294e9bfd3]::option::Option<()>)>
[INFO] [stdout]   16:     0x593969f74f17 - <tokio[4aa689a212822460]::runtime::scheduler::current_thread::CoreGuard>::block_on::<core[df12db4294e9bfd3]::pin::Pin<&mut sqlx_core[6666f72bd5d9944a]::testing::run_test<sqlx_postgres[f2420b0825730418]::database::Postgres, sqlx_core[6666f72bd5d9944a]::testing::run_test_with_pool<sqlx_postgres[f2420b0825730418]::database::Postgres, fn(sqlx_core[6666f72bd5d9944a]::pool::Pool<sqlx_postgres[f2420b0825730418]::database::Postgres>) -> paidy_assignment[4f258e8bad5bc937]::tests::test_create_empty_tables::test_create_empty_tables::{closure#0}, paidy_assignment[4f258e8bad5bc937]::tests::test_create_empty_tables::test_create_empty_tables::{closure#0}>::{closure#0}, sqlx_core[6666f72bd5d9944a]::testing::run_test_with_pool<sqlx_postgres[f2420b0825730418]::database::Postgres, fn(sqlx_core[6666f72bd5d9944a]::pool::Pool<sqlx_postgres[f2420b0825730418]::database::Postgres>) -> paidy_assignment[4f258e8bad5bc937]::tests::test_create_empty_tables::test_create_empty_tables::{closure#0}, paidy_assignment[4f258e8bad5bc937]::tests::test_create_empty_tables::test_create_empty_tables::{closure#0}>::{closure#0}::{closure#0}>::{closure#0}>>
[INFO] [stdout]   17:     0x593969f8f2d0 - tokio[4aa689a212822460]::runtime::context::runtime::enter_runtime::<<tokio[4aa689a212822460]::runtime::scheduler::current_thread::CurrentThread>::block_on<sqlx_core[6666f72bd5d9944a]::testing::run_test<sqlx_postgres[f2420b0825730418]::database::Postgres, sqlx_core[6666f72bd5d9944a]::testing::run_test_with_pool<sqlx_postgres[f2420b0825730418]::database::Postgres, fn(sqlx_core[6666f72bd5d9944a]::pool::Pool<sqlx_postgres[f2420b0825730418]::database::Postgres>) -> paidy_assignment[4f258e8bad5bc937]::tests::test_create_empty_tables::test_create_empty_tables::{closure#0}, paidy_assignment[4f258e8bad5bc937]::tests::test_create_empty_tables::test_create_empty_tables::{closure#0}>::{closure#0}, sqlx_core[6666f72bd5d9944a]::testing::run_test_with_pool<sqlx_postgres[f2420b0825730418]::database::Postgres, fn(sqlx_core[6666f72bd5d9944a]::pool::Pool<sqlx_postgres[f2420b0825730418]::database::Postgres>) -> paidy_assignment[4f258e8bad5bc937]::tests::test_create_empty_tables::test_create_empty_tables::{closure#0}, paidy_assignment[4f258e8bad5bc937]::tests::test_create_empty_tables::test_create_empty_tables::{closure#0}>::{closure#0}::{closure#0}>::{closure#0}>::{closure#0}, ()>
[INFO] [stdout]   18:     0x593969fd019b - <tokio[4aa689a212822460]::runtime::runtime::Runtime>::block_on_inner::<sqlx_core[6666f72bd5d9944a]::testing::run_test<sqlx_postgres[f2420b0825730418]::database::Postgres, sqlx_core[6666f72bd5d9944a]::testing::run_test_with_pool<sqlx_postgres[f2420b0825730418]::database::Postgres, fn(sqlx_core[6666f72bd5d9944a]::pool::Pool<sqlx_postgres[f2420b0825730418]::database::Postgres>) -> paidy_assignment[4f258e8bad5bc937]::tests::test_create_empty_tables::test_create_empty_tables::{closure#0}, paidy_assignment[4f258e8bad5bc937]::tests::test_create_empty_tables::test_create_empty_tables::{closure#0}>::{closure#0}, sqlx_core[6666f72bd5d9944a]::testing::run_test_with_pool<sqlx_postgres[f2420b0825730418]::database::Postgres, fn(sqlx_core[6666f72bd5d9944a]::pool::Pool<sqlx_postgres[f2420b0825730418]::database::Postgres>) -> paidy_assignment[4f258e8bad5bc937]::tests::test_create_empty_tables::test_create_empty_tables::{closure#0}, paidy_assignment[4f258e8bad5bc937]::tests::test_create_empty_tables::test_create_empty_tables::{closure#0}>::{closure#0}::{closure#0}>::{closure#0}>
[INFO] [stdout]   19:     0x593969f5a072 - sqlx_core[6666f72bd5d9944a]::rt::test_block_on::<sqlx_core[6666f72bd5d9944a]::testing::run_test<sqlx_postgres[f2420b0825730418]::database::Postgres, sqlx_core[6666f72bd5d9944a]::testing::run_test_with_pool<sqlx_postgres[f2420b0825730418]::database::Postgres, fn(sqlx_core[6666f72bd5d9944a]::pool::Pool<sqlx_postgres[f2420b0825730418]::database::Postgres>) -> paidy_assignment[4f258e8bad5bc937]::tests::test_create_empty_tables::test_create_empty_tables::{closure#0}, paidy_assignment[4f258e8bad5bc937]::tests::test_create_empty_tables::test_create_empty_tables::{closure#0}>::{closure#0}, sqlx_core[6666f72bd5d9944a]::testing::run_test_with_pool<sqlx_postgres[f2420b0825730418]::database::Postgres, fn(sqlx_core[6666f72bd5d9944a]::pool::Pool<sqlx_postgres[f2420b0825730418]::database::Postgres>) -> paidy_assignment[4f258e8bad5bc937]::tests::test_create_empty_tables::test_create_empty_tables::{closure#0}, paidy_assignment[4f258e8bad5bc937]::tests::test_create_empty_tables::test_create_empty_tables::{closure#0}>::{closure#0}::{closure#0}>::{closure#0}>
[INFO] [stdout]   20:     0x593969fb806f - <paidy_assignment[4f258e8bad5bc937]::tests::test_create_empty_tables::{closure#0} as core[df12db4294e9bfd3]::ops::function::FnOnce<()>>::call_once
[INFO] [stdout]   21:     0x593969fda90b - test[9d35eded1c95d3be]::__rust_begin_short_backtrace::<core[df12db4294e9bfd3]::result::Result<(), alloc[2182bb758b4b3781]::string::String>, fn() -> core[df12db4294e9bfd3]::result::Result<(), alloc[2182bb758b4b3781]::string::String>>
[INFO] [stdout]   22:     0x593969fe7f75 - test[9d35eded1c95d3be]::run_test::{closure#0}
[INFO] [stdout]   23:     0x593969fe1834 - std[70759c8f55707aa4]::sys::backtrace::__rust_begin_short_backtrace::<test[9d35eded1c95d3be]::run_test::{closure#1}, ()>
[INFO] [stdout]   24:     0x593969feb0d2 - <std[70759c8f55707aa4]::thread::lifecycle::spawn_unchecked<test[9d35eded1c95d3be]::run_test::{closure#1}, ()>::{closure#1} as core[df12db4294e9bfd3]::ops::function::FnOnce<()>>::call_once::{shim:vtable#0}
[INFO] [stdout]   25:     0x59396a20d899 - <std[70759c8f55707aa4]::sys::thread::unix::Thread>::new::thread_start
[INFO] [stdout]   26:     0x7f4b2031cdfa - <unknown>
[INFO] [stdout]   27:     0x7f4b203b03d4 - clone
[INFO] [stdout]   28:                0x0 - <unknown>
[INFO] [stdout] 
[INFO] [stdout] ---- tests::test_create_tables_wrong_type stdout ----
[INFO] [stdout] 
[INFO] [stdout] thread 'tests::test_create_tables_wrong_type' (3839) panicked at /opt/rustwide/cargo-home/registry/src/index.crates.io-1949cf8c6b5b557f/sqlx-postgres-0.8.0/src/testing/mod.rs:78:44:
[INFO] [stdout] DATABASE_URL must be set: EnvVar(NotPresent)
[INFO] [stdout] stack backtrace:
[INFO] [stdout]    0:     0x59396a20e691 - <<std[70759c8f55707aa4]::sys::backtrace::BacktraceLock>::print::DisplayBacktrace as core[df12db4294e9bfd3]::fmt::Display>::fmt
[INFO] [stdout]    1:     0x59396a22604a - core[df12db4294e9bfd3]::fmt::write
[INFO] [stdout]    2:     0x59396a2130bc - <alloc[2182bb758b4b3781]::vec::Vec<u8> as core[df12db4294e9bfd3]::io::write::Write>::write_fmt
[INFO] [stdout]    3:     0x59396a1e93d6 - std[70759c8f55707aa4]::panicking::default_hook::{closure#0}
[INFO] [stdout]    4:     0x59396a206189 - std[70759c8f55707aa4]::panicking::default_hook
[INFO] [stdout]    5:     0x593969fe7620 - test[9d35eded1c95d3be]::test_main_inner::<test[9d35eded1c95d3be]::test_main_static::{closure#0}>::{closure#0}
[INFO] [stdout]    6:     0x59396a2064b2 - std[70759c8f55707aa4]::panicking::panic_with_hook
[INFO] [stdout]    7:     0x59396a1e9482 - std[70759c8f55707aa4]::panicking::panic_handler::{closure#0}
[INFO] [stdout]    8:     0x59396a1e1d59 - std[70759c8f55707aa4]::sys::backtrace::__rust_end_short_backtrace::<std[70759c8f55707aa4]::panicking::panic_handler::{closure#0}, !>
[INFO] [stdout]    9:     0x59396a1ea30d - __rustc[8fa7c3cbc660c2b3]::rust_begin_unwind
[INFO] [stdout]   10:     0x59396a2267ac - core[df12db4294e9bfd3]::panicking::panic_fmt
[INFO] [stdout]   11:     0x59396a226582 - core[df12db4294e9bfd3]::result::unwrap_failed
[INFO] [stdout]   12:     0x59396a03ec39 - <sqlx_postgres[f2420b0825730418]::database::Postgres as sqlx_core[6666f72bd5d9944a]::testing::TestSupport>::test_context::{closure#0}
[INFO] [stdout]   13:     0x593969f35d48 - <core[df12db4294e9bfd3]::pin::Pin<&mut sqlx_core[6666f72bd5d9944a]::testing::run_test<sqlx_postgres[f2420b0825730418]::database::Postgres, sqlx_core[6666f72bd5d9944a]::testing::run_test_with_pool<sqlx_postgres[f2420b0825730418]::database::Postgres, fn(sqlx_core[6666f72bd5d9944a]::pool::Pool<sqlx_postgres[f2420b0825730418]::database::Postgres>) -> paidy_assignment[4f258e8bad5bc937]::tests::test_create_tables_wrong_type::test_create_tables_wrong_type::{closure#0}, paidy_assignment[4f258e8bad5bc937]::tests::test_create_tables_wrong_type::test_create_tables_wrong_type::{closure#0}>::{closure#0}, sqlx_core[6666f72bd5d9944a]::testing::run_test_with_pool<sqlx_postgres[f2420b0825730418]::database::Postgres, fn(sqlx_core[6666f72bd5d9944a]::pool::Pool<sqlx_postgres[f2420b0825730418]::database::Postgres>) -> paidy_assignment[4f258e8bad5bc937]::tests::test_create_tables_wrong_type::test_create_tables_wrong_type::{closure#0}, paidy_assignment[4f258e8bad5bc937]::tests::test_create_tables_wrong_type::test_create_tables_wrong_type::{closure#0}>::{closure#0}::{closure#0}>::{closure#0}> as core[df12db4294e9bfd3]::future::future::Future>::poll
[INFO] [stdout]   14:     0x593969f737af - <tokio[4aa689a212822460]::runtime::scheduler::current_thread::Context>::enter::<core[df12db4294e9bfd3]::task::poll::Poll<()>, <tokio[4aa689a212822460]::runtime::scheduler::current_thread::CoreGuard>::block_on<core[df12db4294e9bfd3]::pin::Pin<&mut sqlx_core[6666f72bd5d9944a]::testing::run_test<sqlx_postgres[f2420b0825730418]::database::Postgres, sqlx_core[6666f72bd5d9944a]::testing::run_test_with_pool<sqlx_postgres[f2420b0825730418]::database::Postgres, fn(sqlx_core[6666f72bd5d9944a]::pool::Pool<sqlx_postgres[f2420b0825730418]::database::Postgres>) -> paidy_assignment[4f258e8bad5bc937]::tests::test_create_tables_wrong_type::test_create_tables_wrong_type::{closure#0}, paidy_assignment[4f258e8bad5bc937]::tests::test_create_tables_wrong_type::test_create_tables_wrong_type::{closure#0}>::{closure#0}, sqlx_core[6666f72bd5d9944a]::testing::run_test_with_pool<sqlx_postgres[f2420b0825730418]::database::Postgres, fn(sqlx_core[6666f72bd5d9944a]::pool::Pool<sqlx_postgres[f2420b0825730418]::database::Postgres>) -> paidy_assignment[4f258e8bad5bc937]::tests::test_create_tables_wrong_type::test_create_tables_wrong_type::{closure#0}, paidy_assignment[4f258e8bad5bc937]::tests::test_create_tables_wrong_type::test_create_tables_wrong_type::{closure#0}>::{closure#0}::{closure#0}>::{closure#0}>>::{closure#0}::{closure#0}>
[INFO] [stderr] error: test failed, to rerun pass `--bin paidy-assignment`
[INFO] [stdout]   15:     0x593969f57ea2 - <tokio[4aa689a212822460]::runtime::context::scoped::Scoped<tokio[4aa689a212822460]::runtime::scheduler::Context>>::set::<<tokio[4aa689a212822460]::runtime::scheduler::current_thread::CoreGuard>::enter<<tokio[4aa689a212822460]::runtime::scheduler::current_thread::CoreGuard>::block_on<core[df12db4294e9bfd3]::pin::Pin<&mut sqlx_core[6666f72bd5d9944a]::testing::run_test<sqlx_postgres[f2420b0825730418]::database::Postgres, sqlx_core[6666f72bd5d9944a]::testing::run_test_with_pool<sqlx_postgres[f2420b0825730418]::database::Postgres, fn(sqlx_core[6666f72bd5d9944a]::pool::Pool<sqlx_postgres[f2420b0825730418]::database::Postgres>) -> paidy_assignment[4f258e8bad5bc937]::tests::test_create_tables_wrong_type::test_create_tables_wrong_type::{closure#0}, paidy_assignment[4f258e8bad5bc937]::tests::test_create_tables_wrong_type::test_create_tables_wrong_type::{closure#0}>::{closure#0}, sqlx_core[6666f72bd5d9944a]::testing::run_test_with_pool<sqlx_postgres[f2420b0825730418]::database::Postgres, fn(sqlx_core[6666f72bd5d9944a]::pool::Pool<sqlx_postgres[f2420b0825730418]::database::Postgres>) -> paidy_assignment[4f258e8bad5bc937]::tests::test_create_tables_wrong_type::test_create_tables_wrong_type::{closure#0}, paidy_assignment[4f258e8bad5bc937]::tests::test_create_tables_wrong_type::test_create_tables_wrong_type::{closure#0}>::{closure#0}::{closure#0}>::{closure#0}>>::{closure#0}, core[df12db4294e9bfd3]::option::Option<()>>::{closure#0}, (alloc[2182bb758b4b3781]::boxed::Box<tokio[4aa689a212822460]::runtime::scheduler::current_thread::Core>, core[df12db4294e9bfd3]::option::Option<()>)>
[INFO] [stdout]   16:     0x593969f756d7 - <tokio[4aa689a212822460]::runtime::scheduler::current_thread::CoreGuard>::block_on::<core[df12db4294e9bfd3]::pin::Pin<&mut sqlx_core[6666f72bd5d9944a]::testing::run_test<sqlx_postgres[f2420b0825730418]::database::Postgres, sqlx_core[6666f72bd5d9944a]::testing::run_test_with_pool<sqlx_postgres[f2420b0825730418]::database::Postgres, fn(sqlx_core[6666f72bd5d9944a]::pool::Pool<sqlx_postgres[f2420b0825730418]::database::Postgres>) -> paidy_assignment[4f258e8bad5bc937]::tests::test_create_tables_wrong_type::test_create_tables_wrong_type::{closure#0}, paidy_assignment[4f258e8bad5bc937]::tests::test_create_tables_wrong_type::test_create_tables_wrong_type::{closure#0}>::{closure#0}, sqlx_core[6666f72bd5d9944a]::testing::run_test_with_pool<sqlx_postgres[f2420b0825730418]::database::Postgres, fn(sqlx_core[6666f72bd5d9944a]::pool::Pool<sqlx_postgres[f2420b0825730418]::database::Postgres>) -> paidy_assignment[4f258e8bad5bc937]::tests::test_create_tables_wrong_type::test_create_tables_wrong_type::{closure#0}, paidy_assignment[4f258e8bad5bc937]::tests::test_create_tables_wrong_type::test_create_tables_wrong_type::{closure#0}>::{closure#0}::{closure#0}>::{closure#0}>>
[INFO] [stdout]   17:     0x593969f90310 - tokio[4aa689a212822460]::runtime::context::runtime::enter_runtime::<<tokio[4aa689a212822460]::runtime::scheduler::current_thread::CurrentThread>::block_on<sqlx_core[6666f72bd5d9944a]::testing::run_test<sqlx_postgres[f2420b0825730418]::database::Postgres, sqlx_core[6666f72bd5d9944a]::testing::run_test_with_pool<sqlx_postgres[f2420b0825730418]::database::Postgres, fn(sqlx_core[6666f72bd5d9944a]::pool::Pool<sqlx_postgres[f2420b0825730418]::database::Postgres>) -> paidy_assignment[4f258e8bad5bc937]::tests::test_create_tables_wrong_type::test_create_tables_wrong_type::{closure#0}, paidy_assignment[4f258e8bad5bc937]::tests::test_create_tables_wrong_type::test_create_tables_wrong_type::{closure#0}>::{closure#0}, sqlx_core[6666f72bd5d9944a]::testing::run_test_with_pool<sqlx_postgres[f2420b0825730418]::database::Postgres, fn(sqlx_core[6666f72bd5d9944a]::pool::Pool<sqlx_postgres[f2420b0825730418]::database::Postgres>) -> paidy_assignment[4f258e8bad5bc937]::tests::test_create_tables_wrong_type::test_create_tables_wrong_type::{closure#0}, paidy_assignment[4f258e8bad5bc937]::tests::test_create_tables_wrong_type::test_create_tables_wrong_type::{closure#0}>::{closure#0}::{closure#0}>::{closure#0}>::{closure#0}, ()>
[INFO] [stdout]   18:     0x593969fd071b - <tokio[4aa689a212822460]::runtime::runtime::Runtime>::block_on_inner::<sqlx_core[6666f72bd5d9944a]::testing::run_test<sqlx_postgres[f2420b0825730418]::database::Postgres, sqlx_core[6666f72bd5d9944a]::testing::run_test_with_pool<sqlx_postgres[f2420b0825730418]::database::Postgres, fn(sqlx_core[6666f72bd5d9944a]::pool::Pool<sqlx_postgres[f2420b0825730418]::database::Postgres>) -> paidy_assignment[4f258e8bad5bc937]::tests::test_create_tables_wrong_type::test_create_tables_wrong_type::{closure#0}, paidy_assignment[4f258e8bad5bc937]::tests::test_create_tables_wrong_type::test_create_tables_wrong_type::{closure#0}>::{closure#0}, sqlx_core[6666f72bd5d9944a]::testing::run_test_with_pool<sqlx_postgres[f2420b0825730418]::database::Postgres, fn(sqlx_core[6666f72bd5d9944a]::pool::Pool<sqlx_postgres[f2420b0825730418]::database::Postgres>) -> paidy_assignment[4f258e8bad5bc937]::tests::test_create_tables_wrong_type::test_create_tables_wrong_type::{closure#0}, paidy_assignment[4f258e8bad5bc937]::tests::test_create_tables_wrong_type::test_create_tables_wrong_type::{closure#0}>::{closure#0}::{closure#0}>::{closure#0}>
[INFO] [stdout]   19:     0x593969f5a632 - sqlx_core[6666f72bd5d9944a]::rt::test_block_on::<sqlx_core[6666f72bd5d9944a]::testing::run_test<sqlx_postgres[f2420b0825730418]::database::Postgres, sqlx_core[6666f72bd5d9944a]::testing::run_test_with_pool<sqlx_postgres[f2420b0825730418]::database::Postgres, fn(sqlx_core[6666f72bd5d9944a]::pool::Pool<sqlx_postgres[f2420b0825730418]::database::Postgres>) -> paidy_assignment[4f258e8bad5bc937]::tests::test_create_tables_wrong_type::test_create_tables_wrong_type::{closure#0}, paidy_assignment[4f258e8bad5bc937]::tests::test_create_tables_wrong_type::test_create_tables_wrong_type::{closure#0}>::{closure#0}, sqlx_core[6666f72bd5d9944a]::testing::run_test_with_pool<sqlx_postgres[f2420b0825730418]::database::Postgres, fn(sqlx_core[6666f72bd5d9944a]::pool::Pool<sqlx_postgres[f2420b0825730418]::database::Postgres>) -> paidy_assignment[4f258e8bad5bc937]::tests::test_create_tables_wrong_type::test_create_tables_wrong_type::{closure#0}, paidy_assignment[4f258e8bad5bc937]::tests::test_create_tables_wrong_type::test_create_tables_wrong_type::{closure#0}>::{closure#0}::{closure#0}>::{closure#0}>
[INFO] [stdout]   20:     0x593969fb836f - <paidy_assignment[4f258e8bad5bc937]::tests::test_create_tables_wrong_type::{closure#0} as core[df12db4294e9bfd3]::ops::function::FnOnce<()>>::call_once
[INFO] [stdout]   21:     0x593969fda90b - test[9d35eded1c95d3be]::__rust_begin_short_backtrace::<core[df12db4294e9bfd3]::result::Result<(), alloc[2182bb758b4b3781]::string::String>, fn() -> core[df12db4294e9bfd3]::result::Result<(), alloc[2182bb758b4b3781]::string::String>>
[INFO] [stdout]   22:     0x593969fe7f75 - test[9d35eded1c95d3be]::run_test::{closure#0}
[INFO] [stdout]   23:     0x593969fe1834 - std[70759c8f55707aa4]::sys::backtrace::__rust_begin_short_backtrace::<test[9d35eded1c95d3be]::run_test::{closure#1}, ()>
[INFO] [stdout]   24:     0x593969feb0d2 - <std[70759c8f55707aa4]::thread::lifecycle::spawn_unchecked<test[9d35eded1c95d3be]::run_test::{closure#1}, ()>::{closure#1} as core[df12db4294e9bfd3]::ops::function::FnOnce<()>>::call_once::{shim:vtable#0}
[INFO] [stdout]   25:     0x59396a20d899 - <std[70759c8f55707aa4]::sys::thread::unix::Thread>::new::thread_start
[INFO] [stdout]   26:     0x7f4b2031cdfa - <unknown>
[INFO] [stdout]   27:     0x7f4b203b03d4 - clone
[INFO] [stdout]   28:                0x0 - <unknown>
[INFO] [stdout] 
[INFO] [stdout] ---- tests::test_delete_non_existing_table stdout ----
[INFO] [stdout] 
[INFO] [stdout] thread 'tests::test_delete_non_existing_table' (3841) panicked at /opt/rustwide/cargo-home/registry/src/index.crates.io-1949cf8c6b5b557f/sqlx-postgres-0.8.0/src/testing/mod.rs:78:44:
[INFO] [stdout] DATABASE_URL must be set: EnvVar(NotPresent)
[INFO] [stdout] stack backtrace:
[INFO] [stdout]    0:     0x59396a20e691 - <<std[70759c8f55707aa4]::sys::backtrace::BacktraceLock>::print::DisplayBacktrace as core[df12db4294e9bfd3]::fmt::Display>::fmt
[INFO] [stdout]    1:     0x59396a22604a - core[df12db4294e9bfd3]::fmt::write
[INFO] [stdout]    2:     0x59396a2130bc - <alloc[2182bb758b4b3781]::vec::Vec<u8> as core[df12db4294e9bfd3]::io::write::Write>::write_fmt
[INFO] [stdout]    3:     0x59396a1e93d6 - std[70759c8f55707aa4]::panicking::default_hook::{closure#0}
[INFO] [stdout]    4:     0x59396a206189 - std[70759c8f55707aa4]::panicking::default_hook
[INFO] [stdout]    5:     0x593969fe7620 - test[9d35eded1c95d3be]::test_main_inner::<test[9d35eded1c95d3be]::test_main_static::{closure#0}>::{closure#0}
[INFO] [stdout]    6:     0x59396a2064b2 - std[70759c8f55707aa4]::panicking::panic_with_hook
[INFO] [stdout]    7:     0x59396a1e9482 - std[70759c8f55707aa4]::panicking::panic_handler::{closure#0}
[INFO] [stdout]    8:     0x59396a1e1d59 - std[70759c8f55707aa4]::sys::backtrace::__rust_end_short_backtrace::<std[70759c8f55707aa4]::panicking::panic_handler::{closure#0}, !>
[INFO] [stdout]    9:     0x59396a1ea30d - __rustc[8fa7c3cbc660c2b3]::rust_begin_unwind
[INFO] [stdout]   10:     0x59396a2267ac - core[df12db4294e9bfd3]::panicking::panic_fmt
[INFO] [stdout]   11:     0x59396a226582 - core[df12db4294e9bfd3]::result::unwrap_failed
[INFO] [stdout]   12:     0x59396a03ec39 - <sqlx_postgres[f2420b0825730418]::database::Postgres as sqlx_core[6666f72bd5d9944a]::testing::TestSupport>::test_context::{closure#0}
[INFO] [stdout]   13:     0x593969f37f2f - <core[df12db4294e9bfd3]::pin::Pin<&mut sqlx_core[6666f72bd5d9944a]::testing::run_test<sqlx_postgres[f2420b0825730418]::database::Postgres, sqlx_core[6666f72bd5d9944a]::testing::run_test_with_pool<sqlx_postgres[f2420b0825730418]::database::Postgres, fn(sqlx_core[6666f72bd5d9944a]::pool::Pool<sqlx_postgres[f2420b0825730418]::database::Postgres>) -> paidy_assignment[4f258e8bad5bc937]::tests::test_delete_non_existing_table::test_delete_non_existing_table::{closure#0}, paidy_assignment[4f258e8bad5bc937]::tests::test_delete_non_existing_table::test_delete_non_existing_table::{closure#0}>::{closure#0}, sqlx_core[6666f72bd5d9944a]::testing::run_test_with_pool<sqlx_postgres[f2420b0825730418]::database::Postgres, fn(sqlx_core[6666f72bd5d9944a]::pool::Pool<sqlx_postgres[f2420b0825730418]::database::Postgres>) -> paidy_assignment[4f258e8bad5bc937]::tests::test_delete_non_existing_table::test_delete_non_existing_table::{closure#0}, paidy_assignment[4f258e8bad5bc937]::tests::test_delete_non_existing_table::test_delete_non_existing_table::{closure#0}>::{closure#0}::{closure#0}>::{closure#0}> as core[df12db4294e9bfd3]::future::future::Future>::poll
[INFO] [stdout]   14:     0x593969f73aef - <tokio[4aa689a212822460]::runtime::scheduler::current_thread::Context>::enter::<core[df12db4294e9bfd3]::task::poll::Poll<()>, <tokio[4aa689a212822460]::runtime::scheduler::current_thread::CoreGuard>::block_on<core[df12db4294e9bfd3]::pin::Pin<&mut sqlx_core[6666f72bd5d9944a]::testing::run_test<sqlx_postgres[f2420b0825730418]::database::Postgres, sqlx_core[6666f72bd5d9944a]::testing::run_test_with_pool<sqlx_postgres[f2420b0825730418]::database::Postgres, fn(sqlx_core[6666f72bd5d9944a]::pool::Pool<sqlx_postgres[f2420b0825730418]::database::Postgres>) -> paidy_assignment[4f258e8bad5bc937]::tests::test_delete_non_existing_table::test_delete_non_existing_table::{closure#0}, paidy_assignment[4f258e8bad5bc937]::tests::test_delete_non_existing_table::test_delete_non_existing_table::{closure#0}>::{closure#0}, sqlx_core[6666f72bd5d9944a]::testing::run_test_with_pool<sqlx_postgres[f2420b0825730418]::database::Postgres, fn(sqlx_core[6666f72bd5d9944a]::pool::Pool<sqlx_postgres[f2420b0825730418]::database::Postgres>) -> paidy_assignment[4f258e8bad5bc937]::tests::test_delete_non_existing_table::test_delete_non_existing_table::{closure#0}, paidy_assignment[4f258e8bad5bc937]::tests::test_delete_non_existing_table::test_delete_non_existing_table::{closure#0}>::{closure#0}::{closure#0}>::{closure#0}>>::{closure#0}::{closure#0}>
[INFO] [stdout]   15:     0x593969f581a2 - <tokio[4aa689a212822460]::runtime::context::scoped::Scoped<tokio[4aa689a212822460]::runtime::scheduler::Context>>::set::<<tokio[4aa689a212822460]::runtime::scheduler::current_thread::CoreGuard>::enter<<tokio[4aa689a212822460]::runtime::scheduler::current_thread::CoreGuard>::block_on<core[df12db4294e9bfd3]::pin::Pin<&mut sqlx_core[6666f72bd5d9944a]::testing::run_test<sqlx_postgres[f2420b0825730418]::database::Postgres, sqlx_core[6666f72bd5d9944a]::testing::run_test_with_pool<sqlx_postgres[f2420b0825730418]::database::Postgres, fn(sqlx_core[6666f72bd5d9944a]::pool::Pool<sqlx_postgres[f2420b0825730418]::database::Postgres>) -> paidy_assignment[4f258e8bad5bc937]::tests::test_delete_non_existing_table::test_delete_non_existing_table::{closure#0}, paidy_assignment[4f258e8bad5bc937]::tests::test_delete_non_existing_table::test_delete_non_existing_table::{closure#0}>::{closure#0}, sqlx_core[6666f72bd5d9944a]::testing::run_test_with_pool<sqlx_postgres[f2420b0825730418]::database::Postgres, fn(sqlx_core[6666f72bd5d9944a]::pool::Pool<sqlx_postgres[f2420b0825730418]::database::Postgres>) -> paidy_assignment[4f258e8bad5bc937]::tests::test_delete_non_existing_table::test_delete_non_existing_table::{closure#0}, paidy_assignment[4f258e8bad5bc937]::tests::test_delete_non_existing_table::test_delete_non_existing_table::{closure#0}>::{closure#0}::{closure#0}>::{closure#0}>>::{closure#0}, core[df12db4294e9bfd3]::option::Option<()>>::{closure#0}, (alloc[2182bb758b4b3781]::boxed::Box<tokio[4aa689a212822460]::runtime::scheduler::current_thread::Core>, core[df12db4294e9bfd3]::option::Option<()>)>
[INFO] [stdout]   16:     0x593969f75ab7 - <tokio[4aa689a212822460]::runtime::scheduler::current_thread::CoreGuard>::block_on::<core[df12db4294e9bfd3]::pin::Pin<&mut sqlx_core[6666f72bd5d9944a]::testing::run_test<sqlx_postgres[f2420b0825730418]::database::Postgres, sqlx_core[6666f72bd5d9944a]::testing::run_test_with_pool<sqlx_postgres[f2420b0825730418]::database::Postgres, fn(sqlx_core[6666f72bd5d9944a]::pool::Pool<sqlx_postgres[f2420b0825730418]::database::Postgres>) -> paidy_assignment[4f258e8bad5bc937]::tests::test_delete_non_existing_table::test_delete_non_existing_table::{closure#0}, paidy_assignment[4f258e8bad5bc937]::tests::test_delete_non_existing_table::test_delete_non_existing_table::{closure#0}>::{closure#0}, sqlx_core[6666f72bd5d9944a]::testing::run_test_with_pool<sqlx_postgres[f2420b0825730418]::database::Postgres, fn(sqlx_core[6666f72bd5d9944a]::pool::Pool<sqlx_postgres[f2420b0825730418]::database::Postgres>) -> paidy_assignment[4f258e8bad5bc937]::tests::test_delete_non_existing_table::test_delete_non_existing_table::{closure#0}, paidy_assignment[4f258e8bad5bc937]::tests::test_delete_non_existing_table::test_delete_non_existing_table::{closure#0}>::{closure#0}::{closure#0}>::{closure#0}>>
[INFO] [stdout]   17:     0x593969f90b30 - tokio[4aa689a212822460]::runtime::context::runtime::enter_runtime::<<tokio[4aa689a212822460]::runtime::scheduler::current_thread::CurrentThread>::block_on<sqlx_core[6666f72bd5d9944a]::testing::run_test<sqlx_postgres[f2420b0825730418]::database::Postgres, sqlx_core[6666f72bd5d9944a]::testing::run_test_with_pool<sqlx_postgres[f2420b0825730418]::database::Postgres, fn(sqlx_core[6666f72bd5d9944a]::pool::Pool<sqlx_postgres[f2420b0825730418]::database::Postgres>) -> paidy_assignment[4f258e8bad5bc937]::tests::test_delete_non_existing_table::test_delete_non_existing_table::{closure#0}, paidy_assignment[4f258e8bad5bc937]::tests::test_delete_non_existing_table::test_delete_non_existing_table::{closure#0}>::{closure#0}, sqlx_core[6666f72bd5d9944a]::testing::run_test_with_pool<sqlx_postgres[f2420b0825730418]::database::Postgres, fn(sqlx_core[6666f72bd5d9944a]::pool::Pool<sqlx_postgres[f2420b0825730418]::database::Postgres>) -> paidy_assignment[4f258e8bad5bc937]::tests::test_delete_non_existing_table::test_delete_non_existing_table::{closure#0}, paidy_assignment[4f258e8bad5bc937]::tests::test_delete_non_existing_table::test_delete_non_existing_table::{closure#0}>::{closure#0}::{closure#0}>::{closure#0}>::{closure#0}, ()>
[INFO] [stdout]   18:     0x593969fd09db - <tokio[4aa689a212822460]::runtime::runtime::Runtime>::block_on_inner::<sqlx_core[6666f72bd5d9944a]::testing::run_test<sqlx_postgres[f2420b0825730418]::database::Postgres, sqlx_core[6666f72bd5d9944a]::testing::run_test_with_pool<sqlx_postgres[f2420b0825730418]::database::Postgres, fn(sqlx_core[6666f72bd5d9944a]::pool::Pool<sqlx_postgres[f2420b0825730418]::database::Postgres>) -> paidy_assignment[4f258e8bad5bc937]::tests::test_delete_non_existing_table::test_delete_non_existing_table::{closure#0}, paidy_assignment[4f258e8bad5bc937]::tests::test_delete_non_existing_table::test_delete_non_existing_table::{closure#0}>::{closure#0}, sqlx_core[6666f72bd5d9944a]::testing::run_test_with_pool<sqlx_postgres[f2420b0825730418]::database::Postgres, fn(sqlx_core[6666f72bd5d9944a]::pool::Pool<sqlx_postgres[f2420b0825730418]::database::Postgres>) -> paidy_assignment[4f258e8bad5bc937]::tests::test_delete_non_existing_table::test_delete_non_existing_table::{closure#0}, paidy_assignment[4f258e8bad5bc937]::tests::test_delete_non_existing_table::test_delete_non_existing_table::{closure#0}>::{closure#0}::{closure#0}>::{closure#0}>
[INFO] [stdout]   19:     0x593969f5a912 - sqlx_core[6666f72bd5d9944a]::rt::test_block_on::<sqlx_core[6666f72bd5d9944a]::testing::run_test<sqlx_postgres[f2420b0825730418]::database::Postgres, sqlx_core[6666f72bd5d9944a]::testing::run_test_with_pool<sqlx_postgres[f2420b0825730418]::database::Postgres, fn(sqlx_core[6666f72bd5d9944a]::pool::Pool<sqlx_postgres[f2420b0825730418]::database::Postgres>) -> paidy_assignment[4f258e8bad5bc937]::tests::test_delete_non_existing_table::test_delete_non_existing_table::{closure#0}, paidy_assignment[4f258e8bad5bc937]::tests::test_delete_non_existing_table::test_delete_non_existing_table::{closure#0}>::{closure#0}, sqlx_core[6666f72bd5d9944a]::testing::run_test_with_pool<sqlx_postgres[f2420b0825730418]::database::Postgres, fn(sqlx_core[6666f72bd5d9944a]::pool::Pool<sqlx_postgres[f2420b0825730418]::database::Postgres>) -> paidy_assignment[4f258e8bad5bc937]::tests::test_delete_non_existing_table::test_delete_non_existing_table::{closure#0}, paidy_assignment[4f258e8bad5bc937]::tests::test_delete_non_existing_table::test_delete_non_existing_table::{closure#0}>::{closure#0}::{closure#0}>::{closure#0}>
[INFO] [stdout]   20:     0x593969fb84ef - <paidy_assignment[4f258e8bad5bc937]::tests::test_delete_non_existing_table::{closure#0} as core[df12db4294e9bfd3]::ops::function::FnOnce<()>>::call_once
[INFO] [stdout]   21:     0x593969fda90b - test[9d35eded1c95d3be]::__rust_begin_short_backtrace::<core[df12db4294e9bfd3]::result::Result<(), alloc[2182bb758b4b3781]::string::String>, fn() -> core[df12db4294e9bfd3]::result::Result<(), alloc[2182bb758b4b3781]::string::String>>
[INFO] [stdout]   22:     0x593969fe7f75 - test[9d35eded1c95d3be]::run_test::{closure#0}
[INFO] [stdout]   23:     0x593969fe1834 - std[70759c8f55707aa4]::sys::backtrace::__rust_begin_short_backtrace::<test[9d35eded1c95d3be]::run_test::{closure#1}, ()>
[INFO] [stdout]   24:     0x593969feb0d2 - <std[70759c8f55707aa4]::thread::lifecycle::spawn_unchecked<test[9d35eded1c95d3be]::run_test::{closure#1}, ()>::{closure#1} as core[df12db4294e9bfd3]::ops::function::FnOnce<()>>::call_once::{shim:vtable#0}
[INFO] [stdout]   25:     0x59396a20d899 - <std[70759c8f55707aa4]::sys::thread::unix::Thread>::new::thread_start
[INFO] [stdout]   26:     0x7f4b2031cdfa - <unknown>
[INFO] [stdout]   27:     0x7f4b203b03d4 - clone
[INFO] [stdout]   28:                0x0 - <unknown>
[INFO] [stdout] 
[INFO] [stdout] ---- tests::test_root stdout ----
[INFO] [stdout] 
[INFO] [stdout] thread 'tests::test_root' (3848) panicked at /opt/rustwide/cargo-home/registry/src/index.crates.io-1949cf8c6b5b557f/sqlx-postgres-0.8.0/src/testing/mod.rs:78:44:
[INFO] [stdout] DATABASE_URL must be set: EnvVar(NotPresent)
[INFO] [stdout] stack backtrace:
[INFO] [stdout]    0:     0x59396a20e691 - <<std[70759c8f55707aa4]::sys::backtrace::BacktraceLock>::print::DisplayBacktrace as core[df12db4294e9bfd3]::fmt::Display>::fmt
[INFO] [stdout]    1:     0x59396a22604a - core[df12db4294e9bfd3]::fmt::write
[INFO] [stdout]    2:     0x59396a2130bc - <alloc[2182bb758b4b3781]::vec::Vec<u8> as core[df12db4294e9bfd3]::io::write::Write>::write_fmt
[INFO] [stdout]    3:     0x59396a1e93d6 - std[70759c8f55707aa4]::panicking::default_hook::{closure#0}
[INFO] [stdout]    4:     0x59396a206189 - std[70759c8f55707aa4]::panicking::default_hook
[INFO] [stdout]    5:     0x593969fe7620 - test[9d35eded1c95d3be]::test_main_inner::<test[9d35eded1c95d3be]::test_main_static::{closure#0}>::{closure#0}
[INFO] [stdout]    6:     0x59396a2064b2 - std[70759c8f55707aa4]::panicking::panic_with_hook
[INFO] [stdout]    7:     0x59396a1e9482 - std[70759c8f55707aa4]::panicking::panic_handler::{closure#0}
[INFO] [stdout]    8:     0x59396a1e1d59 - std[70759c8f55707aa4]::sys::backtrace::__rust_end_short_backtrace::<std[70759c8f55707aa4]::panicking::panic_handler::{closure#0}, !>
[INFO] [stdout]    9:     0x59396a1ea30d - __rustc[8fa7c3cbc660c2b3]::rust_begin_unwind
[INFO] [stdout]   10:     0x59396a2267ac - core[df12db4294e9bfd3]::panicking::panic_fmt
[INFO] [stdout]   11:     0x59396a226582 - core[df12db4294e9bfd3]::result::unwrap_failed
[INFO] [stdout]   12:     0x59396a03ec39 - <sqlx_postgres[f2420b0825730418]::database::Postgres as sqlx_core[6666f72bd5d9944a]::testing::TestSupport>::test_context::{closure#0}
[INFO] [stdout]   13:     0x593969f3a724 - <core[df12db4294e9bfd3]::pin::Pin<&mut sqlx_core[6666f72bd5d9944a]::testing::run_test<sqlx_postgres[f2420b0825730418]::database::Postgres, sqlx_core[6666f72bd5d9944a]::testing::run_test_with_pool<sqlx_postgres[f2420b0825730418]::database::Postgres, fn(sqlx_core[6666f72bd5d9944a]::pool::Pool<sqlx_postgres[f2420b0825730418]::database::Postgres>) -> paidy_assignment[4f258e8bad5bc937]::tests::test_root::test_root::{closure#0}, paidy_assignment[4f258e8bad5bc937]::tests::test_root::test_root::{closure#0}>::{closure#0}, sqlx_core[6666f72bd5d9944a]::testing::run_test_with_pool<sqlx_postgres[f2420b0825730418]::database::Postgres, fn(sqlx_core[6666f72bd5d9944a]::pool::Pool<sqlx_postgres[f2420b0825730418]::database::Postgres>) -> paidy_assignment[4f258e8bad5bc937]::tests::test_root::test_root::{closure#0}, paidy_assignment[4f258e8bad5bc937]::tests::test_root::test_root::{closure#0}>::{closure#0}::{closure#0}>::{closure#0}> as core[df12db4294e9bfd3]::future::future::Future>::poll
[INFO] [stdout]   14:     0x593969f73e2f - <tokio[4aa689a212822460]::runtime::scheduler::current_thread::Context>::enter::<core[df12db4294e9bfd3]::task::poll::Poll<()>, <tokio[4aa689a212822460]::runtime::scheduler::current_thread::CoreGuard>::block_on<core[df12db4294e9bfd3]::pin::Pin<&mut sqlx_core[6666f72bd5d9944a]::testing::run_test<sqlx_postgres[f2420b0825730418]::database::Postgres, sqlx_core[6666f72bd5d9944a]::testing::run_test_with_pool<sqlx_postgres[f2420b0825730418]::database::Postgres, fn(sqlx_core[6666f72bd5d9944a]::pool::Pool<sqlx_postgres[f2420b0825730418]::database::Postgres>) -> paidy_assignment[4f258e8bad5bc937]::tests::test_root::test_root::{closure#0}, paidy_assignment[4f258e8bad5bc937]::tests::test_root::test_root::{closure#0}>::{closure#0}, sqlx_core[6666f72bd5d9944a]::testing::run_test_with_pool<sqlx_postgres[f2420b0825730418]::database::Postgres, fn(sqlx_core[6666f72bd5d9944a]::pool::Pool<sqlx_postgres[f2420b0825730418]::database::Postgres>) -> paidy_assignment[4f258e8bad5bc937]::tests::test_root::test_root::{closure#0}, paidy_assignment[4f258e8bad5bc937]::tests::test_root::test_root::{closure#0}>::{closure#0}::{closure#0}>::{closure#0}>>::{closure#0}::{closure#0}>
[INFO] [stdout]   15:     0x593969f584a2 - <tokio[4aa689a212822460]::runtime::context::scoped::Scoped<tokio[4aa689a212822460]::runtime::scheduler::Context>>::set::<<tokio[4aa689a212822460]::runtime::scheduler::current_thread::CoreGuard>::enter<<tokio[4aa689a212822460]::runtime::scheduler::current_thread::CoreGuard>::block_on<core[df12db4294e9bfd3]::pin::Pin<&mut sqlx_core[6666f72bd5d9944a]::testing::run_test<sqlx_postgres[f2420b0825730418]::database::Postgres, sqlx_core[6666f72bd5d9944a]::testing::run_test_with_pool<sqlx_postgres[f2420b0825730418]::database::Postgres, fn(sqlx_core[6666f72bd5d9944a]::pool::Pool<sqlx_postgres[f2420b0825730418]::database::Postgres>) -> paidy_assignment[4f258e8bad5bc937]::tests::test_root::test_root::{closure#0}, paidy_assignment[4f258e8bad5bc937]::tests::test_root::test_root::{closure#0}>::{closure#0}, sqlx_core[6666f72bd5d9944a]::testing::run_test_with_pool<sqlx_postgres[f2420b0825730418]::database::Postgres, fn(sqlx_core[6666f72bd5d9944a]::pool::Pool<sqlx_postgres[f2420b0825730418]::database::Postgres>) -> paidy_assignment[4f258e8bad5bc937]::tests::test_root::test_root::{closure#0}, paidy_assignment[4f258e8bad5bc937]::tests::test_root::test_root::{closure#0}>::{closure#0}::{closure#0}>::{closure#0}>>::{closure#0}, core[df12db4294e9bfd3]::option::Option<()>>::{closure#0}, (alloc[2182bb758b4b3781]::boxed::Box<tokio[4aa689a212822460]::runtime::scheduler::current_thread::Core>, core[df12db4294e9bfd3]::option::Option<()>)>
[INFO] [stdout]   16:     0x593969f75e97 - <tokio[4aa689a212822460]::runtime::scheduler::current_thread::CoreGuard>::block_on::<core[df12db4294e9bfd3]::pin::Pin<&mut sqlx_core[6666f72bd5d9944a]::testing::run_test<sqlx_postgres[f2420b0825730418]::database::Postgres, sqlx_core[6666f72bd5d9944a]::testing::run_test_with_pool<sqlx_postgres[f2420b0825730418]::database::Postgres, fn(sqlx_core[6666f72bd5d9944a]::pool::Pool<sqlx_postgres[f2420b0825730418]::database::Postgres>) -> paidy_assignment[4f258e8bad5bc937]::tests::test_root::test_root::{closure#0}, paidy_assignment[4f258e8bad5bc937]::tests::test_root::test_root::{closure#0}>::{closure#0}, sqlx_core[6666f72bd5d9944a]::testing::run_test_with_pool<sqlx_postgres[f2420b0825730418]::database::Postgres, fn(sqlx_core[6666f72bd5d9944a]::pool::Pool<sqlx_postgres[f2420b0825730418]::database::Postgres>) -> paidy_assignment[4f258e8bad5bc937]::tests::test_root::test_root::{closure#0}, paidy_assignment[4f258e8bad5bc937]::tests::test_root::test_root::{closure#0}>::{closure#0}::{closure#0}>::{closure#0}>>
[INFO] [stdout]   17:     0x593969f91350 - tokio[4aa689a212822460]::runtime::context::runtime::enter_runtime::<<tokio[4aa689a212822460]::runtime::scheduler::current_thread::CurrentThread>::block_on<sqlx_core[6666f72bd5d9944a]::testing::run_test<sqlx_postgres[f2420b0825730418]::database::Postgres, sqlx_core[6666f72bd5d9944a]::testing::run_test_with_pool<sqlx_postgres[f2420b0825730418]::database::Postgres, fn(sqlx_core[6666f72bd5d9944a]::pool::Pool<sqlx_postgres[f2420b0825730418]::database::Postgres>) -> paidy_assignment[4f258e8bad5bc937]::tests::test_root::test_root::{closure#0}, paidy_assignment[4f258e8bad5bc937]::tests::test_root::test_root::{closure#0}>::{closure#0}, sqlx_core[6666f72bd5d9944a]::testing::run_test_with_pool<sqlx_postgres[f2420b0825730418]::database::Postgres, fn(sqlx_core[6666f72bd5d9944a]::pool::Pool<sqlx_postgres[f2420b0825730418]::database::Postgres>) -> paidy_assignment[4f258e8bad5bc937]::tests::test_root::test_root::{closure#0}, paidy_assignment[4f258e8bad5bc937]::tests::test_root::test_root::{closure#0}>::{closure#0}::{closure#0}>::{closure#0}>::{closure#0}, ()>
[INFO] [stdout]   18:     0x593969fd0c9b - <tokio[4aa689a212822460]::runtime::runtime::Runtime>::block_on_inner::<sqlx_core[6666f72bd5d9944a]::testing::run_test<sqlx_postgres[f2420b0825730418]::database::Postgres, sqlx_core[6666f72bd5d9944a]::testing::run_test_with_pool<sqlx_postgres[f2420b0825730418]::database::Postgres, fn(sqlx_core[6666f72bd5d9944a]::pool::Pool<sqlx_postgres[f2420b0825730418]::database::Postgres>) -> paidy_assignment[4f258e8bad5bc937]::tests::test_root::test_root::{closure#0}, paidy_assignment[4f258e8bad5bc937]::tests::test_root::test_root::{closure#0}>::{closure#0}, sqlx_core[6666f72bd5d9944a]::testing::run_test_with_pool<sqlx_postgres[f2420b0825730418]::database::Postgres, fn(sqlx_core[6666f72bd5d9944a]::pool::Pool<sqlx_postgres[f2420b0825730418]::database::Postgres>) -> paidy_assignment[4f258e8bad5bc937]::tests::test_root::test_root::{closure#0}, paidy_assignment[4f258e8bad5bc937]::tests::test_root::test_root::{closure#0}>::{closure#0}::{closure#0}>::{closure#0}>
[INFO] [stdout]   19:     0x593969f5abf2 - sqlx_core[6666f72bd5d9944a]::rt::test_block_on::<sqlx_core[6666f72bd5d9944a]::testing::run_test<sqlx_postgres[f2420b0825730418]::database::Postgres, sqlx_core[6666f72bd5d9944a]::testing::run_test_with_pool<sqlx_postgres[f2420b0825730418]::database::Postgres, fn(sqlx_core[6666f72bd5d9944a]::pool::Pool<sqlx_postgres[f2420b0825730418]::database::Postgres>) -> paidy_assignment[4f258e8bad5bc937]::tests::test_root::test_root::{closure#0}, paidy_assignment[4f258e8bad5bc937]::tests::test_root::test_root::{closure#0}>::{closure#0}, sqlx_core[6666f72bd5d9944a]::testing::run_test_with_pool<sqlx_postgres[f2420b0825730418]::database::Postgres, fn(sqlx_core[6666f72bd5d9944a]::pool::Pool<sqlx_postgres[f2420b0825730418]::database::Postgres>) -> paidy_assignment[4f258e8bad5bc937]::tests::test_root::test_root::{closure#0}, paidy_assignment[4f258e8bad5bc937]::tests::test_root::test_root::{closure#0}>::{closure#0}::{closure#0}>::{closure#0}>
[INFO] [stdout]   20:     0x593969fb866c - <paidy_assignment[4f258e8bad5bc937]::tests::test_root::{closure#0} as core[df12db4294e9bfd3]::ops::function::FnOnce<()>>::call_once
[INFO] [stdout]   21:     0x593969fda90b - test[9d35eded1c95d3be]::__rust_begin_short_backtrace::<core[df12db4294e9bfd3]::result::Result<(), alloc[2182bb758b4b3781]::string::String>, fn() -> core[df12db4294e9bfd3]::result::Result<(), alloc[2182bb758b4b3781]::string::String>>
[INFO] [stdout]   22:     0x593969fe7f75 - test[9d35eded1c95d3be]::run_test::{closure#0}
[INFO] [stdout]   23:     0x593969fe1834 - std[70759c8f55707aa4]::sys::backtrace::__rust_begin_short_backtrace::<test[9d35eded1c95d3be]::run_test::{closure#1}, ()>
[INFO] [stdout]   24:     0x593969feb0d2 - <std[70759c8f55707aa4]::thread::lifecycle::spawn_unchecked<test[9d35eded1c95d3be]::run_test::{closure#1}, ()>::{closure#1} as core[df12db4294e9bfd3]::ops::function::FnOnce<()>>::call_once::{shim:vtable#0}
[INFO] [stdout]   25:     0x59396a20d899 - <std[70759c8f55707aa4]::sys::thread::unix::Thread>::new::thread_start
[INFO] [stdout]   26:     0x7f4b2031cdfa - <unknown>
[INFO] [stdout]   27:     0x7f4b203b03d4 - clone
[INFO] [stdout]   28:                0x0 - <unknown>
[INFO] [stdout] 
[INFO] [stdout] ---- tests::test_delete_order stdout ----
[INFO] [stdout] 
[INFO] [stdout] thread 'tests::test_delete_order' (3842) panicked at /opt/rustwide/cargo-home/registry/src/index.crates.io-1949cf8c6b5b557f/sqlx-postgres-0.8.0/src/testing/mod.rs:78:44:
[INFO] [stdout] DATABASE_URL must be set: EnvVar(NotPresent)
[INFO] [stdout] stack backtrace:
[INFO] [stdout]    0:     0x59396a20e691 - <<std[70759c8f55707aa4]::sys::backtrace::BacktraceLock>::print::DisplayBacktrace as core[df12db4294e9bfd3]::fmt::Display>::fmt
[INFO] [stdout]    1:     0x59396a22604a - core[df12db4294e9bfd3]::fmt::write
[INFO] [stdout]    2:     0x59396a2130bc - <alloc[2182bb758b4b3781]::vec::Vec<u8> as core[df12db4294e9bfd3]::io::write::Write>::write_fmt
[INFO] [stdout]    3:     0x59396a1e93d6 - std[70759c8f55707aa4]::panicking::default_hook::{closure#0}
[INFO] [stdout]    4:     0x59396a206189 - std[70759c8f55707aa4]::panicking::default_hook
[INFO] [stdout]    5:     0x593969fe7620 - test[9d35eded1c95d3be]::test_main_inner::<test[9d35eded1c95d3be]::test_main_static::{closure#0}>::{closure#0}
[INFO] [stdout]    6:     0x59396a2064b2 - std[70759c8f55707aa4]::panicking::panic_with_hook
[INFO] [stdout]    7:     0x59396a1e9482 - std[70759c8f55707aa4]::panicking::panic_handler::{closure#0}
[INFO] [stdout]    8:     0x59396a1e1d59 - std[70759c8f55707aa4]::sys::backtrace::__rust_end_short_backtrace::<std[70759c8f55707aa4]::panicking::panic_handler::{closure#0}, !>
[INFO] [stdout]    9:     0x59396a1ea30d - __rustc[8fa7c3cbc660c2b3]::rust_begin_unwind
[INFO] [stdout]   10:     0x59396a2267ac - core[df12db4294e9bfd3]::panicking::panic_fmt
[INFO] [stdout]   11:     0x59396a226582 - core[df12db4294e9bfd3]::result::unwrap_failed
[INFO] [stdout]   12:     0x59396a03ec39 - <sqlx_postgres[f2420b0825730418]::database::Postgres as sqlx_core[6666f72bd5d9944a]::testing::TestSupport>::test_context::{closure#0}
[INFO] [stdout]   13:     0x593969f2be7f - <core[df12db4294e9bfd3]::pin::Pin<&mut sqlx_core[6666f72bd5d9944a]::testing::run_test<sqlx_postgres[f2420b0825730418]::database::Postgres, sqlx_core[6666f72bd5d9944a]::testing::run_test_with_pool<sqlx_postgres[f2420b0825730418]::database::Postgres, fn(sqlx_core[6666f72bd5d9944a]::pool::Pool<sqlx_postgres[f2420b0825730418]::database::Postgres>) -> paidy_assignment[4f258e8bad5bc937]::tests::test_delete_order::test_delete_order::{closure#0}, paidy_assignment[4f258e8bad5bc937]::tests::test_delete_order::test_delete_order::{closure#0}>::{closure#0}, sqlx_core[6666f72bd5d9944a]::testing::run_test_with_pool<sqlx_postgres[f2420b0825730418]::database::Postgres, fn(sqlx_core[6666f72bd5d9944a]::pool::Pool<sqlx_postgres[f2420b0825730418]::database::Postgres>) -> paidy_assignment[4f258e8bad5bc937]::tests::test_delete_order::test_delete_order::{closure#0}, paidy_assignment[4f258e8bad5bc937]::tests::test_delete_order::test_delete_order::{closure#0}>::{closure#0}::{closure#0}>::{closure#0}> as core[df12db4294e9bfd3]::future::future::Future>::poll
[INFO] [stdout]   14:     0x593969f72aaf - <tokio[4aa689a212822460]::runtime::scheduler::current_thread::Context>::enter::<core[df12db4294e9bfd3]::task::poll::Poll<()>, <tokio[4aa689a212822460]::runtime::scheduler::current_thread::CoreGuard>::block_on<core[df12db4294e9bfd3]::pin::Pin<&mut sqlx_core[6666f72bd5d9944a]::testing::run_test<sqlx_postgres[f2420b0825730418]::database::Postgres, sqlx_core[6666f72bd5d9944a]::testing::run_test_with_pool<sqlx_postgres[f2420b0825730418]::database::Postgres, fn(sqlx_core[6666f72bd5d9944a]::pool::Pool<sqlx_postgres[f2420b0825730418]::database::Postgres>) -> paidy_assignment[4f258e8bad5bc937]::tests::test_delete_order::test_delete_order::{closure#0}, paidy_assignment[4f258e8bad5bc937]::tests::test_delete_order::test_delete_order::{closure#0}>::{closure#0}, sqlx_core[6666f72bd5d9944a]::testing::run_test_with_pool<sqlx_postgres[f2420b0825730418]::database::Postgres, fn(sqlx_core[6666f72bd5d9944a]::pool::Pool<sqlx_postgres[f2420b0825730418]::database::Postgres>) -> paidy_assignment[4f258e8bad5bc937]::tests::test_delete_order::test_delete_order::{closure#0}, paidy_assignment[4f258e8bad5bc937]::tests::test_delete_order::test_delete_order::{closure#0}>::{closure#0}::{closure#0}>::{closure#0}>>::{closure#0}::{closure#0}>
[INFO] [stdout]   15:     0x593969f572a2 - <tokio[4aa689a212822460]::runtime::context::scoped::Scoped<tokio[4aa689a212822460]::runtime::scheduler::Context>>::set::<<tokio[4aa689a212822460]::runtime::scheduler::current_thread::CoreGuard>::enter<<tokio[4aa689a212822460]::runtime::scheduler::current_thread::CoreGuard>::block_on<core[df12db4294e9bfd3]::pin::Pin<&mut sqlx_core[6666f72bd5d9944a]::testing::run_test<sqlx_postgres[f2420b0825730418]::database::Postgres, sqlx_core[6666f72bd5d9944a]::testing::run_test_with_pool<sqlx_postgres[f2420b0825730418]::database::Postgres, fn(sqlx_core[6666f72bd5d9944a]::pool::Pool<sqlx_postgres[f2420b0825730418]::database::Postgres>) -> paidy_assignment[4f258e8bad5bc937]::tests::test_delete_order::test_delete_order::{closure#0}, paidy_assignment[4f258e8bad5bc937]::tests::test_delete_order::test_delete_order::{closure#0}>::{closure#0}, sqlx_core[6666f72bd5d9944a]::testing::run_test_with_pool<sqlx_postgres[f2420b0825730418]::database::Postgres, fn(sqlx_core[6666f72bd5d9944a]::pool::Pool<sqlx_postgres[f2420b0825730418]::database::Postgres>) -> paidy_assignment[4f258e8bad5bc937]::tests::test_delete_order::test_delete_order::{closure#0}, paidy_assignment[4f258e8bad5bc937]::tests::test_delete_order::test_delete_order::{closure#0}>::{closure#0}::{closure#0}>::{closure#0}>>::{closure#0}, core[df12db4294e9bfd3]::option::Option<()>>::{closure#0}, (alloc[2182bb758b4b3781]::boxed::Box<tokio[4aa689a212822460]::runtime::scheduler::current_thread::Core>, core[df12db4294e9bfd3]::option::Option<()>)>
[INFO] [stdout]   16:     0x593969f74757 - <tokio[4aa689a212822460]::runtime::scheduler::current_thread::CoreGuard>::block_on::<core[df12db4294e9bfd3]::pin::Pin<&mut sqlx_core[6666f72bd5d9944a]::testing::run_test<sqlx_postgres[f2420b0825730418]::database::Postgres, sqlx_core[6666f72bd5d9944a]::testing::run_test_with_pool<sqlx_postgres[f2420b0825730418]::database::Postgres, fn(sqlx_core[6666f72bd5d9944a]::pool::Pool<sqlx_postgres[f2420b0825730418]::database::Postgres>) -> paidy_assignment[4f258e8bad5bc937]::tests::test_delete_order::test_delete_order::{closure#0}, paidy_assignment[4f258e8bad5bc937]::tests::test_delete_order::test_delete_order::{closure#0}>::{closure#0}, sqlx_core[6666f72bd5d9944a]::testing::run_test_with_pool<sqlx_postgres[f2420b0825730418]::database::Postgres, fn(sqlx_core[6666f72bd5d9944a]::pool::Pool<sqlx_postgres[f2420b0825730418]::database::Postgres>) -> paidy_assignment[4f258e8bad5bc937]::tests::test_delete_order::test_delete_order::{closure#0}, paidy_assignment[4f258e8bad5bc937]::tests::test_delete_order::test_delete_order::{closure#0}>::{closure#0}::{closure#0}>::{closure#0}>>
[INFO] [stdout]   17:     0x593969f8e290 - tokio[4aa689a212822460]::runtime::context::runtime::enter_runtime::<<tokio[4aa689a212822460]::runtime::scheduler::current_thread::CurrentThread>::block_on<sqlx_core[6666f72bd5d9944a]::testing::run_test<sqlx_postgres[f2420b0825730418]::database::Postgres, sqlx_core[6666f72bd5d9944a]::testing::run_test_with_pool<sqlx_postgres[f2420b0825730418]::database::Postgres, fn(sqlx_core[6666f72bd5d9944a]::pool::Pool<sqlx_postgres[f2420b0825730418]::database::Postgres>) -> paidy_assignment[4f258e8bad5bc937]::tests::test_delete_order::test_delete_order::{closure#0}, paidy_assignment[4f258e8bad5bc937]::tests::test_delete_order::test_delete_order::{closure#0}>::{closure#0}, sqlx_core[6666f72bd5d9944a]::testing::run_test_with_pool<sqlx_postgres[f2420b0825730418]::database::Postgres, fn(sqlx_core[6666f72bd5d9944a]::pool::Pool<sqlx_postgres[f2420b0825730418]::database::Postgres>) -> paidy_assignment[4f258e8bad5bc937]::tests::test_delete_order::test_delete_order::{closure#0}, paidy_assignment[4f258e8bad5bc937]::tests::test_delete_order::test_delete_order::{closure#0}>::{closure#0}::{closure#0}>::{closure#0}>::{closure#0}, ()>
[INFO] [stdout]   18:     0x593969fcfc1b - <tokio[4aa689a212822460]::runtime::runtime::Runtime>::block_on_inner::<sqlx_core[6666f72bd5d9944a]::testing::run_test<sqlx_postgres[f2420b0825730418]::database::Postgres, sqlx_core[6666f72bd5d9944a]::testing::run_test_with_pool<sqlx_postgres[f2420b0825730418]::database::Postgres, fn(sqlx_core[6666f72bd5d9944a]::pool::Pool<sqlx_postgres[f2420b0825730418]::database::Postgres>) -> paidy_assignment[4f258e8bad5bc937]::tests::test_delete_order::test_delete_order::{closure#0}, paidy_assignment[4f258e8bad5bc937]::tests::test_delete_order::test_delete_order::{closure#0}>::{closure#0}, sqlx_core[6666f72bd5d9944a]::testing::run_test_with_pool<sqlx_postgres[f2420b0825730418]::database::Postgres, fn(sqlx_core[6666f72bd5d9944a]::pool::Pool<sqlx_postgres[f2420b0825730418]::database::Postgres>) -> paidy_assignment[4f258e8bad5bc937]::tests::test_delete_order::test_delete_order::{closure#0}, paidy_assignment[4f258e8bad5bc937]::tests::test_delete_order::test_delete_order::{closure#0}>::{closure#0}::{closure#0}>::{closure#0}>
[INFO] [stdout]   19:     0x593969f59ab2 - sqlx_core[6666f72bd5d9944a]::rt::test_block_on::<sqlx_core[6666f72bd5d9944a]::testing::run_test<sqlx_postgres[f2420b0825730418]::database::Postgres, sqlx_core[6666f72bd5d9944a]::testing::run_test_with_pool<sqlx_postgres[f2420b0825730418]::database::Postgres, fn(sqlx_core[6666f72bd5d9944a]::pool::Pool<sqlx_postgres[f2420b0825730418]::database::Postgres>) -> paidy_assignment[4f258e8bad5bc937]::tests::test_delete_order::test_delete_order::{closure#0}, paidy_assignment[4f258e8bad5bc937]::tests::test_delete_order::test_delete_order::{closure#0}>::{closure#0}, sqlx_core[6666f72bd5d9944a]::testing::run_test_with_pool<sqlx_postgres[f2420b0825730418]::database::Postgres, fn(sqlx_core[6666f72bd5d9944a]::pool::Pool<sqlx_postgres[f2420b0825730418]::database::Postgres>) -> paidy_assignment[4f258e8bad5bc937]::tests::test_delete_order::test_delete_order::{closure#0}, paidy_assignment[4f258e8bad5bc937]::tests::test_delete_order::test_delete_order::{closure#0}>::{closure#0}::{closure#0}>::{closure#0}>
[INFO] [stdout]   20:     0x593969fb7d6f - <paidy_assignment[4f258e8bad5bc937]::tests::test_delete_order::{closure#0} as core[df12db4294e9bfd3]::ops::function::FnOnce<()>>::call_once
[INFO] [stdout]   21:     0x593969fda90b - test[9d35eded1c95d3be]::__rust_begin_short_backtrace::<core[df12db4294e9bfd3]::result::Result<(), alloc[2182bb758b4b3781]::string::String>, fn() -> core[df12db4294e9bfd3]::result::Result<(), alloc[2182bb758b4b3781]::string::String>>
[INFO] [stdout]   22:     0x593969fe7f75 - test[9d35eded1c95d3be]::run_test::{closure#0}
[INFO] [stdout]   23:     0x593969fe1834 - std[70759c8f55707aa4]::sys::backtrace::__rust_begin_short_backtrace::<test[9d35eded1c95d3be]::run_test::{closure#1}, ()>
[INFO] [stdout]   24:     0x593969feb0d2 - <std[70759c8f55707aa4]::thread::lifecycle::spawn_unchecked<test[9d35eded1c95d3be]::run_test::{closure#1}, ()>::{closure#1} as core[df12db4294e9bfd3]::ops::function::FnOnce<()>>::call_once::{shim:vtable#0}
[INFO] [stdout]   25:     0x59396a20d899 - <std[70759c8f55707aa4]::sys::thread::unix::Thread>::new::thread_start
[INFO] [stdout]   26:     0x7f4b2031cdfa - <unknown>
[INFO] [stdout]   27:     0x7f4b203b03d4 - clone
[INFO] [stdout]   28:                0x0 - <unknown>
[INFO] [stdout] 
[INFO] [stdout] ---- tests::test_list_tables stdout ----
[INFO] [stdout] 
[INFO] [stdout] thread 'tests::test_list_tables' (3847) panicked at /opt/rustwide/cargo-home/registry/src/index.crates.io-1949cf8c6b5b557f/sqlx-postgres-0.8.0/src/testing/mod.rs:78:44:
[INFO] [stdout] DATABASE_URL must be set: EnvVar(NotPresent)
[INFO] [stdout] stack backtrace:
[INFO] [stdout]    0:     0x59396a20e691 - <<std[70759c8f55707aa4]::sys::backtrace::BacktraceLock>::print::DisplayBacktrace as core[df12db4294e9bfd3]::fmt::Display>::fmt
[INFO] [stdout]    1:     0x59396a22604a - core[df12db4294e9bfd3]::fmt::write
[INFO] [stdout]    2:     0x59396a2130bc - <alloc[2182bb758b4b3781]::vec::Vec<u8> as core[df12db4294e9bfd3]::io::write::Write>::write_fmt
[INFO] [stdout]    3:     0x59396a1e93d6 - std[70759c8f55707aa4]::panicking::default_hook::{closure#0}
[INFO] [stdout]    4:     0x59396a206189 - std[70759c8f55707aa4]::panicking::default_hook
[INFO] [stdout]    5:     0x593969fe7620 - test[9d35eded1c95d3be]::test_main_inner::<test[9d35eded1c95d3be]::test_main_static::{closure#0}>::{closure#0}
[INFO] [stdout]    6:     0x59396a2064b2 - std[70759c8f55707aa4]::panicking::panic_with_hook
[INFO] [stdout]    7:     0x59396a1e9482 - std[70759c8f55707aa4]::panicking::panic_handler::{closure#0}
[INFO] [stdout]    8:     0x59396a1e1d59 - std[70759c8f55707aa4]::sys::backtrace::__rust_end_short_backtrace::<std[70759c8f55707aa4]::panicking::panic_handler::{closure#0}, !>
[INFO] [stdout]    9:     0x59396a1ea30d - __rustc[8fa7c3cbc660c2b3]::rust_begin_unwind
[INFO] [stdout]   10:     0x59396a2267ac - core[df12db4294e9bfd3]::panicking::panic_fmt
[INFO] [stdout]   11:     0x59396a226582 - core[df12db4294e9bfd3]::result::unwrap_failed
[INFO] [stdout]   12:     0x59396a03ec39 - <sqlx_postgres[f2420b0825730418]::database::Postgres as sqlx_core[6666f72bd5d9944a]::testing::TestSupport>::test_context::{closure#0}
[INFO] [stdout]   13:     0x593969f2a056 - <core[df12db4294e9bfd3]::pin::Pin<&mut sqlx_core[6666f72bd5d9944a]::testing::run_test<sqlx_postgres[f2420b0825730418]::database::Postgres, sqlx_core[6666f72bd5d9944a]::testing::run_test_with_pool<sqlx_postgres[f2420b0825730418]::database::Postgres, fn(sqlx_core[6666f72bd5d9944a]::pool::Pool<sqlx_postgres[f2420b0825730418]::database::Postgres>) -> paidy_assignment[4f258e8bad5bc937]::tests::test_list_tables::test_list_tables::{closure#0}, paidy_assignment[4f258e8bad5bc937]::tests::test_list_tables::test_list_tables::{closure#0}>::{closure#0}, sqlx_core[6666f72bd5d9944a]::testing::run_test_with_pool<sqlx_postgres[f2420b0825730418]::database::Postgres, fn(sqlx_core[6666f72bd5d9944a]::pool::Pool<sqlx_postgres[f2420b0825730418]::database::Postgres>) -> paidy_assignment[4f258e8bad5bc937]::tests::test_list_tables::test_list_tables::{closure#0}, paidy_assignment[4f258e8bad5bc937]::tests::test_list_tables::test_list_tables::{closure#0}>::{closure#0}::{closure#0}>::{closure#0}> as core[df12db4294e9bfd3]::future::future::Future>::poll
[INFO] [stdout]   14:     0x593969f7290f - <tokio[4aa689a212822460]::runtime::scheduler::current_thread::Context>::enter::<core[df12db4294e9bfd3]::task::poll::Poll<()>, <tokio[4aa689a212822460]::runtime::scheduler::current_thread::CoreGuard>::block_on<core[df12db4294e9bfd3]::pin::Pin<&mut sqlx_core[6666f72bd5d9944a]::testing::run_test<sqlx_postgres[f2420b0825730418]::database::Postgres, sqlx_core[6666f72bd5d9944a]::testing::run_test_with_pool<sqlx_postgres[f2420b0825730418]::database::Postgres, fn(sqlx_core[6666f72bd5d9944a]::pool::Pool<sqlx_postgres[f2420b0825730418]::database::Postgres>) -> paidy_assignment[4f258e8bad5bc937]::tests::test_list_tables::test_list_tables::{closure#0}, paidy_assignment[4f258e8bad5bc937]::tests::test_list_tables::test_list_tables::{closure#0}>::{closure#0}, sqlx_core[6666f72bd5d9944a]::testing::run_test_with_pool<sqlx_postgres[f2420b0825730418]::database::Postgres, fn(sqlx_core[6666f72bd5d9944a]::pool::Pool<sqlx_postgres[f2420b0825730418]::database::Postgres>) -> paidy_assignment[4f258e8bad5bc937]::tests::test_list_tables::test_list_tables::{closure#0}, paidy_assignment[4f258e8bad5bc937]::tests::test_list_tables::test_list_tables::{closure#0}>::{closure#0}::{closure#0}>::{closure#0}>>::{closure#0}::{closure#0}>
[INFO] [stdout]   15:     0x593969f57122 - <tokio[4aa689a212822460]::runtime::context::scoped::Scoped<tokio[4aa689a212822460]::runtime::scheduler::Context>>::set::<<tokio[4aa689a212822460]::runtime::scheduler::current_thread::CoreGuard>::enter<<tokio[4aa689a212822460]::runtime::scheduler::current_thread::CoreGuard>::block_on<core[df12db4294e9bfd3]::pin::Pin<&mut sqlx_core[6666f72bd5d9944a]::testing::run_test<sqlx_postgres[f2420b0825730418]::database::Postgres, sqlx_core[6666f72bd5d9944a]::testing::run_test_with_pool<sqlx_postgres[f2420b0825730418]::database::Postgres, fn(sqlx_core[6666f72bd5d9944a]::pool::Pool<sqlx_postgres[f2420b0825730418]::database::Postgres>) -> paidy_assignment[4f258e8bad5bc937]::tests::test_list_tables::test_list_tables::{closure#0}, paidy_assignment[4f258e8bad5bc937]::tests::test_list_tables::test_list_tables::{closure#0}>::{closure#0}, sqlx_core[6666f72bd5d9944a]::testing::run_test_with_pool<sqlx_postgres[f2420b0825730418]::database::Postgres, fn(sqlx_core[6666f72bd5d9944a]::pool::Pool<sqlx_postgres[f2420b0825730418]::database::Postgres>) -> paidy_assignment[4f258e8bad5bc937]::tests::test_list_tables::test_list_tables::{closure#0}, paidy_assignment[4f258e8bad5bc937]::tests::test_list_tables::test_list_tables::{closure#0}>::{closure#0}::{closure#0}>::{closure#0}>>::{closure#0}, core[df12db4294e9bfd3]::option::Option<()>>::{closure#0}, (alloc[2182bb758b4b3781]::boxed::Box<tokio[4aa689a212822460]::runtime::scheduler::current_thread::Core>, core[df12db4294e9bfd3]::option::Option<()>)>
[INFO] [stdout]   16:     0x593969f74567 - <tokio[4aa689a212822460]::runtime::scheduler::current_thread::CoreGuard>::block_on::<core[df12db4294e9bfd3]::pin::Pin<&mut sqlx_core[6666f72bd5d9944a]::testing::run_test<sqlx_postgres[f2420b0825730418]::database::Postgres, sqlx_core[6666f72bd5d9944a]::testing::run_test_with_pool<sqlx_postgres[f2420b0825730418]::database::Postgres, fn(sqlx_core[6666f72bd5d9944a]::pool::Pool<sqlx_postgres[f2420b0825730418]::database::Postgres>) -> paidy_assignment[4f258e8bad5bc937]::tests::test_list_tables::test_list_tables::{closure#0}, paidy_assignment[4f258e8bad5bc937]::tests::test_list_tables::test_list_tables::{closure#0}>::{closure#0}, sqlx_core[6666f72bd5d9944a]::testing::run_test_with_pool<sqlx_postgres[f2420b0825730418]::database::Postgres, fn(sqlx_core[6666f72bd5d9944a]::pool::Pool<sqlx_postgres[f2420b0825730418]::database::Postgres>) -> paidy_assignment[4f258e8bad5bc937]::tests::test_list_tables::test_list_tables::{closure#0}, paidy_assignment[4f258e8bad5bc937]::tests::test_list_tables::test_list_tables::{closure#0}>::{closure#0}::{closure#0}>::{closure#0}>>
[INFO] [stdout]   17:     0x593969f8de80 - tokio[4aa689a212822460]::runtime::context::runtime::enter_runtime::<<tokio[4aa689a212822460]::runtime::scheduler::current_thread::CurrentThread>::block_on<sqlx_core[6666f72bd5d9944a]::testing::run_test<sqlx_postgres[f2420b0825730418]::database::Postgres, sqlx_core[6666f72bd5d9944a]::testing::run_test_with_pool<sqlx_postgres[f2420b0825730418]::database::Postgres, fn(sqlx_core[6666f72bd5d9944a]::pool::Pool<sqlx_postgres[f2420b0825730418]::database::Postgres>) -> paidy_assignment[4f258e8bad5bc937]::tests::test_list_tables::test_list_tables::{closure#0}, paidy_assignment[4f258e8bad5bc937]::tests::test_list_tables::test_list_tables::{closure#0}>::{closure#0}, sqlx_core[6666f72bd5d9944a]::testing::run_test_with_pool<sqlx_postgres[f2420b0825730418]::database::Postgres, fn(sqlx_core[6666f72bd5d9944a]::pool::Pool<sqlx_postgres[f2420b0825730418]::database::Postgres>) -> paidy_assignment[4f258e8bad5bc937]::tests::test_list_tables::test_list_tables::{closure#0}, paidy_assignment[4f258e8bad5bc937]::tests::test_list_tables::test_list_tables::{closure#0}>::{closure#0}::{closure#0}>::{closure#0}>::{closure#0}, ()>
[INFO] [stdout]   18:     0x593969fcfabb - <tokio[4aa689a212822460]::runtime::runtime::Runtime>::block_on_inner::<sqlx_core[6666f72bd5d9944a]::testing::run_test<sqlx_postgres[f2420b0825730418]::database::Postgres, sqlx_core[6666f72bd5d9944a]::testing::run_test_with_pool<sqlx_postgres[f2420b0825730418]::database::Postgres, fn(sqlx_core[6666f72bd5d9944a]::pool::Pool<sqlx_postgres[f2420b0825730418]::database::Postgres>) -> paidy_assignment[4f258e8bad5bc937]::tests::test_list_tables::test_list_tables::{closure#0}, paidy_assignment[4f258e8bad5bc937]::tests::test_list_tables::test_list_tables::{closure#0}>::{closure#0}, sqlx_core[6666f72bd5d9944a]::testing::run_test_with_pool<sqlx_postgres[f2420b0825730418]::database::Postgres, fn(sqlx_core[6666f72bd5d9944a]::pool::Pool<sqlx_postgres[f2420b0825730418]::database::Postgres>) -> paidy_assignment[4f258e8bad5bc937]::tests::test_list_tables::test_list_tables::{closure#0}, paidy_assignment[4f258e8bad5bc937]::tests::test_list_tables::test_list_tables::{closure#0}>::{closure#0}::{closure#0}>::{closure#0}>
[INFO] [stdout]   19:     0x593969f59942 - sqlx_core[6666f72bd5d9944a]::rt::test_block_on::<sqlx_core[6666f72bd5d9944a]::testing::run_test<sqlx_postgres[f2420b0825730418]::database::Postgres, sqlx_core[6666f72bd5d9944a]::testing::run_test_with_pool<sqlx_postgres[f2420b0825730418]::database::Postgres, fn(sqlx_core[6666f72bd5d9944a]::pool::Pool<sqlx_postgres[f2420b0825730418]::database::Postgres>) -> paidy_assignment[4f258e8bad5bc937]::tests::test_list_tables::test_list_tables::{closure#0}, paidy_assignment[4f258e8bad5bc937]::tests::test_list_tables::test_list_tables::{closure#0}>::{closure#0}, sqlx_core[6666f72bd5d9944a]::testing::run_test_with_pool<sqlx_postgres[f2420b0825730418]::database::Postgres, fn(sqlx_core[6666f72bd5d9944a]::pool::Pool<sqlx_postgres[f2420b0825730418]::database::Postgres>) -> paidy_assignment[4f258e8bad5bc937]::tests::test_list_tables::test_list_tables::{closure#0}, paidy_assignment[4f258e8bad5bc937]::tests::test_list_tables::test_list_tables::{closure#0}>::{closure#0}::{closure#0}>::{closure#0}>
[INFO] [stdout]   20:     0x593969fb7caf - <paidy_assignment[4f258e8bad5bc937]::tests::test_list_tables::{closure#0} as core[df12db4294e9bfd3]::ops::function::FnOnce<()>>::call_once
[INFO] [stdout]   21:     0x593969fda90b - test[9d35eded1c95d3be]::__rust_begin_short_backtrace::<core[df12db4294e9bfd3]::result::Result<(), alloc[2182bb758b4b3781]::string::String>, fn() -> core[df12db4294e9bfd3]::result::Result<(), alloc[2182bb758b4b3781]::string::String>>
[INFO] [stdout]   22:     0x593969fe7f75 - test[9d35eded1c95d3be]::run_test::{closure#0}
[INFO] [stdout]   23:     0x593969fe1834 - std[70759c8f55707aa4]::sys::backtrace::__rust_begin_short_backtrace::<test[9d35eded1c95d3be]::run_test::{closure#1}, ()>
[INFO] [stdout]   24:     0x593969feb0d2 - <std[70759c8f55707aa4]::thread::lifecycle::spawn_unchecked<test[9d35eded1c95d3be]::run_test::{closure#1}, ()>::{closure#1} as core[df12db4294e9bfd3]::ops::function::FnOnce<()>>::call_once::{shim:vtable#0}
[INFO] [stdout]   25:     0x59396a20d899 - <std[70759c8f55707aa4]::sys::thread::unix::Thread>::new::thread_start
[INFO] [stdout]   26:     0x7f4b2031cdfa - <unknown>
[INFO] [stdout]   27:     0x7f4b203b03d4 - clone
[INFO] [stdout]   28:                0x0 - <unknown>
[INFO] [stdout] 
[INFO] [stdout] ---- tests::test_delete_non_existing_order stdout ----
[INFO] [stdout] 
[INFO] [stdout] thread 'tests::test_delete_non_existing_order' (3840) panicked at /opt/rustwide/cargo-home/registry/src/index.crates.io-1949cf8c6b5b557f/sqlx-postgres-0.8.0/src/testing/mod.rs:78:44:
[INFO] [stdout] DATABASE_URL must be set: EnvVar(NotPresent)
[INFO] [stdout] stack backtrace:
[INFO] [stdout]    0:     0x59396a20e691 - <<std[70759c8f55707aa4]::sys::backtrace::BacktraceLock>::print::DisplayBacktrace as core[df12db4294e9bfd3]::fmt::Display>::fmt
[INFO] [stdout]    1:     0x59396a22604a - core[df12db4294e9bfd3]::fmt::write
[INFO] [stdout]    2:     0x59396a2130bc - <alloc[2182bb758b4b3781]::vec::Vec<u8> as core[df12db4294e9bfd3]::io::write::Write>::write_fmt
[INFO] [stdout]    3:     0x59396a1e93d6 - std[70759c8f55707aa4]::panicking::default_hook::{closure#0}
[INFO] [stdout]    4:     0x59396a206189 - std[70759c8f55707aa4]::panicking::default_hook
[INFO] [stdout]    5:     0x593969fe7620 - test[9d35eded1c95d3be]::test_main_inner::<test[9d35eded1c95d3be]::test_main_static::{closure#0}>::{closure#0}
[INFO] [stdout]    6:     0x59396a2064b2 - std[70759c8f55707aa4]::panicking::panic_with_hook
[INFO] [stdout]    7:     0x59396a1e9482 - std[70759c8f55707aa4]::panicking::panic_handler::{closure#0}
[INFO] [stdout]    8:     0x59396a1e1d59 - std[70759c8f55707aa4]::sys::backtrace::__rust_end_short_backtrace::<std[70759c8f55707aa4]::panicking::panic_handler::{closure#0}, !>
[INFO] [stdout]    9:     0x59396a1ea30d - __rustc[8fa7c3cbc660c2b3]::rust_begin_unwind
[INFO] [stdout]   10:     0x59396a2267ac - core[df12db4294e9bfd3]::panicking::panic_fmt
[INFO] [stdout]   11:     0x59396a226582 - core[df12db4294e9bfd3]::result::unwrap_failed
[INFO] [stdout]   12:     0x59396a03ec39 - <sqlx_postgres[f2420b0825730418]::database::Postgres as sqlx_core[6666f72bd5d9944a]::testing::TestSupport>::test_context::{closure#0}
[INFO] [stdout]   13:     0x593969f3701f - <core[df12db4294e9bfd3]::pin::Pin<&mut sqlx_core[6666f72bd5d9944a]::testing::run_test<sqlx_postgres[f2420b0825730418]::database::Postgres, sqlx_core[6666f72bd5d9944a]::testing::run_test_with_pool<sqlx_postgres[f2420b0825730418]::database::Postgres, fn(sqlx_core[6666f72bd5d9944a]::pool::Pool<sqlx_postgres[f2420b0825730418]::database::Postgres>) -> paidy_assignment[4f258e8bad5bc937]::tests::test_delete_non_existing_order::test_delete_non_existing_order::{closure#0}, paidy_assignment[4f258e8bad5bc937]::tests::test_delete_non_existing_order::test_delete_non_existing_order::{closure#0}>::{closure#0}, sqlx_core[6666f72bd5d9944a]::testing::run_test_with_pool<sqlx_postgres[f2420b0825730418]::database::Postgres, fn(sqlx_core[6666f72bd5d9944a]::pool::Pool<sqlx_postgres[f2420b0825730418]::database::Postgres>) -> paidy_assignment[4f258e8bad5bc937]::tests::test_delete_non_existing_order::test_delete_non_existing_order::{closure#0}, paidy_assignment[4f258e8bad5bc937]::tests::test_delete_non_existing_order::test_delete_non_existing_order::{closure#0}>::{closure#0}::{closure#0}>::{closure#0}> as core[df12db4294e9bfd3]::future::future::Future>::poll
[INFO] [stdout]   14:     0x593969f7394f - <tokio[4aa689a212822460]::runtime::scheduler::current_thread::Context>::enter::<core[df12db4294e9bfd3]::task::poll::Poll<()>, <tokio[4aa689a212822460]::runtime::scheduler::current_thread::CoreGuard>::block_on<core[df12db4294e9bfd3]::pin::Pin<&mut sqlx_core[6666f72bd5d9944a]::testing::run_test<sqlx_postgres[f2420b0825730418]::database::Postgres, sqlx_core[6666f72bd5d9944a]::testing::run_test_with_pool<sqlx_postgres[f2420b0825730418]::database::Postgres, fn(sqlx_core[6666f72bd5d9944a]::pool::Pool<sqlx_postgres[f2420b0825730418]::database::Postgres>) -> paidy_assignment[4f258e8bad5bc937]::tests::test_delete_non_existing_order::test_delete_non_existing_order::{closure#0}, paidy_assignment[4f258e8bad5bc937]::tests::test_delete_non_existing_order::test_delete_non_existing_order::{closure#0}>::{closure#0}, sqlx_core[6666f72bd5d9944a]::testing::run_test_with_pool<sqlx_postgres[f2420b0825730418]::database::Postgres, fn(sqlx_core[6666f72bd5d9944a]::pool::Pool<sqlx_postgres[f2420b0825730418]::database::Postgres>) -> paidy_assignment[4f258e8bad5bc937]::tests::test_delete_non_existing_order::test_delete_non_existing_order::{closure#0}, paidy_assignment[4f258e8bad5bc937]::tests::test_delete_non_existing_order::test_delete_non_existing_order::{closure#0}>::{closure#0}::{closure#0}>::{closure#0}>>::{closure#0}::{closure#0}>
[INFO] [stdout]   15:     0x593969f58022 - <tokio[4aa689a212822460]::runtime::context::scoped::Scoped<tokio[4aa689a212822460]::runtime::scheduler::Context>>::set::<<tokio[4aa689a212822460]::runtime::scheduler::current_thread::CoreGuard>::enter<<tokio[4aa689a212822460]::runtime::scheduler::current_thread::CoreGuard>::block_on<core[df12db4294e9bfd3]::pin::Pin<&mut sqlx_core[6666f72bd5d9944a]::testing::run_test<sqlx_postgres[f2420b0825730418]::database::Postgres, sqlx_core[6666f72bd5d9944a]::testing::run_test_with_pool<sqlx_postgres[f2420b0825730418]::database::Postgres, fn(sqlx_core[6666f72bd5d9944a]::pool::Pool<sqlx_postgres[f2420b0825730418]::database::Postgres>) -> paidy_assignment[4f258e8bad5bc937]::tests::test_delete_non_existing_order::test_delete_non_existing_order::{closure#0}, paidy_assignment[4f258e8bad5bc937]::tests::test_delete_non_existing_order::test_delete_non_existing_order::{closure#0}>::{closure#0}, sqlx_core[6666f72bd5d9944a]::testing::run_test_with_pool<sqlx_postgres[f2420b0825730418]::database::Postgres, fn(sqlx_core[6666f72bd5d9944a]::pool::Pool<sqlx_postgres[f2420b0825730418]::database::Postgres>) -> paidy_assignment[4f258e8bad5bc937]::tests::test_delete_non_existing_order::test_delete_non_existing_order::{closure#0}, paidy_assignment[4f258e8bad5bc937]::tests::test_delete_non_existing_order::test_delete_non_existing_order::{closure#0}>::{closure#0}::{closure#0}>::{closure#0}>>::{closure#0}, core[df12db4294e9bfd3]::option::Option<()>>::{closure#0}, (alloc[2182bb758b4b3781]::boxed::Box<tokio[4aa689a212822460]::runtime::scheduler::current_thread::Core>, core[df12db4294e9bfd3]::option::Option<()>)>
[INFO] [stdout]   16:     0x593969f758c7 - <tokio[4aa689a212822460]::runtime::scheduler::current_thread::CoreGuard>::block_on::<core[df12db4294e9bfd3]::pin::Pin<&mut sqlx_core[6666f72bd5d9944a]::testing::run_test<sqlx_postgres[f2420b0825730418]::database::Postgres, sqlx_core[6666f72bd5d9944a]::testing::run_test_with_pool<sqlx_postgres[f2420b0825730418]::database::Postgres, fn(sqlx_core[6666f72bd5d9944a]::pool::Pool<sqlx_postgres[f2420b0825730418]::database::Postgres>) -> paidy_assignment[4f258e8bad5bc937]::tests::test_delete_non_existing_order::test_delete_non_existing_order::{closure#0}, paidy_assignment[4f258e8bad5bc937]::tests::test_delete_non_existing_order::test_delete_non_existing_order::{closure#0}>::{closure#0}, sqlx_core[6666f72bd5d9944a]::testing::run_test_with_pool<sqlx_postgres[f2420b0825730418]::database::Postgres, fn(sqlx_core[6666f72bd5d9944a]::pool::Pool<sqlx_postgres[f2420b0825730418]::database::Postgres>) -> paidy_assignment[4f258e8bad5bc937]::tests::test_delete_non_existing_order::test_delete_non_existing_order::{closure#0}, paidy_assignment[4f258e8bad5bc937]::tests::test_delete_non_existing_order::test_delete_non_existing_order::{closure#0}>::{closure#0}::{closure#0}>::{closure#0}>>
[INFO] [stdout]   17:     0x593969f90720 - tokio[4aa689a212822460]::runtime::context::runtime::enter_runtime::<<tokio[4aa689a212822460]::runtime::scheduler::current_thread::CurrentThread>::block_on<sqlx_core[6666f72bd5d9944a]::testing::run_test<sqlx_postgres[f2420b0825730418]::database::Postgres, sqlx_core[6666f72bd5d9944a]::testing::run_test_with_pool<sqlx_postgres[f2420b0825730418]::database::Postgres, fn(sqlx_core[6666f72bd5d9944a]::pool::Pool<sqlx_postgres[f2420b0825730418]::database::Postgres>) -> paidy_assignment[4f258e8bad5bc937]::tests::test_delete_non_existing_order::test_delete_non_existing_order::{closure#0}, paidy_assignment[4f258e8bad5bc937]::tests::test_delete_non_existing_order::test_delete_non_existing_order::{closure#0}>::{closure#0}, sqlx_core[6666f72bd5d9944a]::testing::run_test_with_pool<sqlx_postgres[f2420b0825730418]::database::Postgres, fn(sqlx_core[6666f72bd5d9944a]::pool::Pool<sqlx_postgres[f2420b0825730418]::database::Postgres>) -> paidy_assignment[4f258e8bad5bc937]::tests::test_delete_non_existing_order::test_delete_non_existing_order::{closure#0}, paidy_assignment[4f258e8bad5bc937]::tests::test_delete_non_existing_order::test_delete_non_existing_order::{closure#0}>::{closure#0}::{closure#0}>::{closure#0}>::{closure#0}, ()>
[INFO] [stdout]   18:     0x593969fd087b - <tokio[4aa689a212822460]::runtime::runtime::Runtime>::block_on_inner::<sqlx_core[6666f72bd5d9944a]::testing::run_test<sqlx_postgres[f2420b0825730418]::database::Postgres, sqlx_core[6666f72bd5d9944a]::testing::run_test_with_pool<sqlx_postgres[f2420b0825730418]::database::Postgres, fn(sqlx_core[6666f72bd5d9944a]::pool::Pool<sqlx_postgres[f2420b0825730418]::database::Postgres>) -> paidy_assignment[4f258e8bad5bc937]::tests::test_delete_non_existing_order::test_delete_non_existing_order::{closure#0}, paidy_assignment[4f258e8bad5bc937]::tests::test_delete_non_existing_order::test_delete_non_existing_order::{closure#0}>::{closure#0}, sqlx_core[6666f72bd5d9944a]::testing::run_test_with_pool<sqlx_postgres[f2420b0825730418]::database::Postgres, fn(sqlx_core[6666f72bd5d9944a]::pool::Pool<sqlx_postgres[f2420b0825730418]::database::Postgres>) -> paidy_assignment[4f258e8bad5bc937]::tests::test_delete_non_existing_order::test_delete_non_existing_order::{closure#0}, paidy_assignment[4f258e8bad5bc937]::tests::test_delete_non_existing_order::test_delete_non_existing_order::{closure#0}>::{closure#0}::{closure#0}>::{closure#0}>
[INFO] [stdout]   19:     0x593969f5a7a2 - sqlx_core[6666f72bd5d9944a]::rt::test_block_on::<sqlx_core[6666f72bd5d9944a]::testing::run_test<sqlx_postgres[f2420b0825730418]::database::Postgres, sqlx_core[6666f72bd5d9944a]::testing::run_test_with_pool<sqlx_postgres[f2420b0825730418]::database::Postgres, fn(sqlx_core[6666f72bd5d9944a]::pool::Pool<sqlx_postgres[f2420b0825730418]::database::Postgres>) -> paidy_assignment[4f258e8bad5bc937]::tests::test_delete_non_existing_order::test_delete_non_existing_order::{closure#0}, paidy_assignment[4f258e8bad5bc937]::tests::test_delete_non_existing_order::test_delete_non_existing_order::{closure#0}>::{closure#0}, sqlx_core[6666f72bd5d9944a]::testing::run_test_with_pool<sqlx_postgres[f2420b0825730418]::database::Postgres, fn(sqlx_core[6666f72bd5d9944a]::pool::Pool<sqlx_postgres[f2420b0825730418]::database::Postgres>) -> paidy_assignment[4f258e8bad5bc937]::tests::test_delete_non_existing_order::test_delete_non_existing_order::{closure#0}, paidy_assignment[4f258e8bad5bc937]::tests::test_delete_non_existing_order::test_delete_non_existing_order::{closure#0}>::{closure#0}::{closure#0}>::{closure#0}>
[INFO] [stdout]   20:     0x593969fb842f - <paidy_assignment[4f258e8bad5bc937]::tests::test_delete_non_existing_order::{closure#0} as core[df12db4294e9bfd3]::ops::function::FnOnce<()>>::call_once
[INFO] [stdout]   21:     0x593969fda90b - test[9d35eded1c95d3be]::__rust_begin_short_backtrace::<core[df12db4294e9bfd3]::result::Result<(), alloc[2182bb758b4b3781]::string::String>, fn() -> core[df12db4294e9bfd3]::result::Result<(), alloc[2182bb758b4b3781]::string::String>>
[INFO] [stdout]   22:     0x593969fe7f75 - test[9d35eded1c95d3be]::run_test::{closure#0}
[INFO] [stdout]   23:     0x593969fe1834 - std[70759c8f55707aa4]::sys::backtrace::__rust_begin_short_backtrace::<test[9d35eded1c95d3be]::run_test::{closure#1}, ()>
[INFO] [stdout]   24:     0x593969feb0d2 - <std[70759c8f55707aa4]::thread::lifecycle::spawn_unchecked<test[9d35eded1c95d3be]::run_test::{closure#1}, ()>::{closure#1} as core[df12db4294e9bfd3]::ops::function::FnOnce<()>>::call_once::{shim:vtable#0}
[INFO] [stdout]   25:     0x59396a20d899 - <std[70759c8f55707aa4]::sys::thread::unix::Thread>::new::thread_start
[INFO] [stdout]   26:     0x7f4b2031cdfa - <unknown>
[INFO] [stdout]   27:     0x7f4b203b03d4 - clone
[INFO] [stdout]   28:                0x0 - <unknown>
[INFO] [stdout] 
[INFO] [stdout] ---- tests::test_create_tables_empty_body stdout ----
[INFO] [stdout] 
[INFO] [stdout] thread 'tests::test_create_tables_empty_body' (3838) panicked at /opt/rustwide/cargo-home/registry/src/index.crates.io-1949cf8c6b5b557f/sqlx-postgres-0.8.0/src/testing/mod.rs:78:44:
[INFO] [stdout] DATABASE_URL must be set: EnvVar(NotPresent)
[INFO] [stdout] stack backtrace:
[INFO] [stdout]    0:     0x59396a20e691 - <<std[70759c8f55707aa4]::sys::backtrace::BacktraceLock>::print::DisplayBacktrace as core[df12db4294e9bfd3]::fmt::Display>::fmt
[INFO] [stdout]    1:     0x59396a22604a - core[df12db4294e9bfd3]::fmt::write
[INFO] [stdout]    2:     0x59396a2130bc - <alloc[2182bb758b4b3781]::vec::Vec<u8> as core[df12db4294e9bfd3]::io::write::Write>::write_fmt
[INFO] [stdout]    3:     0x59396a1e93d6 - std[70759c8f55707aa4]::panicking::default_hook::{closure#0}
[INFO] [stdout]    4:     0x59396a206189 - std[70759c8f55707aa4]::panicking::default_hook
[INFO] [stdout]    5:     0x593969fe7620 - test[9d35eded1c95d3be]::test_main_inner::<test[9d35eded1c95d3be]::test_main_static::{closure#0}>::{closure#0}
[INFO] [stdout]    6:     0x59396a2064b2 - std[70759c8f55707aa4]::panicking::panic_with_hook
[INFO] [stdout]    7:     0x59396a1e9482 - std[70759c8f55707aa4]::panicking::panic_handler::{closure#0}
[INFO] [stdout]    8:     0x59396a1e1d59 - std[70759c8f55707aa4]::sys::backtrace::__rust_end_short_backtrace::<std[70759c8f55707aa4]::panicking::panic_handler::{closure#0}, !>
[INFO] [stdout]    9:     0x59396a1ea30d - __rustc[8fa7c3cbc660c2b3]::rust_begin_unwind
[INFO] [stdout]   10:     0x59396a2267ac - core[df12db4294e9bfd3]::panicking::panic_fmt
[INFO] [stdout]   11:     0x59396a226582 - core[df12db4294e9bfd3]::result::unwrap_failed
[INFO] [stdout]   12:     0x59396a03ec39 - <sqlx_postgres[f2420b0825730418]::database::Postgres as sqlx_core[6666f72bd5d9944a]::testing::TestSupport>::test_context::{closure#0}
[INFO] [stdout]   13:     0x593969f34ddf - <core[df12db4294e9bfd3]::pin::Pin<&mut sqlx_core[6666f72bd5d9944a]::testing::run_test<sqlx_postgres[f2420b0825730418]::database::Postgres, sqlx_core[6666f72bd5d9944a]::testing::run_test_with_pool<sqlx_postgres[f2420b0825730418]::database::Postgres, fn(sqlx_core[6666f72bd5d9944a]::pool::Pool<sqlx_postgres[f2420b0825730418]::database::Postgres>) -> paidy_assignment[4f258e8bad5bc937]::tests::test_create_tables_empty_body::test_create_tables_empty_body::{closure#0}, paidy_assignment[4f258e8bad5bc937]::tests::test_create_tables_empty_body::test_create_tables_empty_body::{closure#0}>::{closure#0}, sqlx_core[6666f72bd5d9944a]::testing::run_test_with_pool<sqlx_postgres[f2420b0825730418]::database::Postgres, fn(sqlx_core[6666f72bd5d9944a]::pool::Pool<sqlx_postgres[f2420b0825730418]::database::Postgres>) -> paidy_assignment[4f258e8bad5bc937]::tests::test_create_tables_empty_body::test_create_tables_empty_body::{closure#0}, paidy_assignment[4f258e8bad5bc937]::tests::test_create_tables_empty_body::test_create_tables_empty_body::{closure#0}>::{closure#0}::{closure#0}>::{closure#0}> as core[df12db4294e9bfd3]::future::future::Future>::poll
[INFO] [stdout]   14:     0x593969f7360f - <tokio[4aa689a212822460]::runtime::scheduler::current_thread::Context>::enter::<core[df12db4294e9bfd3]::task::poll::Poll<()>, <tokio[4aa689a212822460]::runtime::scheduler::current_thread::CoreGuard>::block_on<core[df12db4294e9bfd3]::pin::Pin<&mut sqlx_core[6666f72bd5d9944a]::testing::run_test<sqlx_postgres[f2420b0825730418]::database::Postgres, sqlx_core[6666f72bd5d9944a]::testing::run_test_with_pool<sqlx_postgres[f2420b0825730418]::database::Postgres, fn(sqlx_core[6666f72bd5d9944a]::pool::Pool<sqlx_postgres[f2420b0825730418]::database::Postgres>) -> paidy_assignment[4f258e8bad5bc937]::tests::test_create_tables_empty_body::test_create_tables_empty_body::{closure#0}, paidy_assignment[4f258e8bad5bc937]::tests::test_create_tables_empty_body::test_create_tables_empty_body::{closure#0}>::{closure#0}, sqlx_core[6666f72bd5d9944a]::testing::run_test_with_pool<sqlx_postgres[f2420b0825730418]::database::Postgres, fn(sqlx_core[6666f72bd5d9944a]::pool::Pool<sqlx_postgres[f2420b0825730418]::database::Postgres>) -> paidy_assignment[4f258e8bad5bc937]::tests::test_create_tables_empty_body::test_create_tables_empty_body::{closure#0}, paidy_assignment[4f258e8bad5bc937]::tests::test_create_tables_empty_body::test_create_tables_empty_body::{closure#0}>::{closure#0}::{closure#0}>::{closure#0}>>::{closure#0}::{closure#0}>
[INFO] [stdout]   15:     0x593969f57d22 - <tokio[4aa689a212822460]::runtime::context::scoped::Scoped<tokio[4aa689a212822460]::runtime::scheduler::Context>>::set::<<tokio[4aa689a212822460]::runtime::scheduler::current_thread::CoreGuard>::enter<<tokio[4aa689a212822460]::runtime::scheduler::current_thread::CoreGuard>::block_on<core[df12db4294e9bfd3]::pin::Pin<&mut sqlx_core[6666f72bd5d9944a]::testing::run_test<sqlx_postgres[f2420b0825730418]::database::Postgres, sqlx_core[6666f72bd5d9944a]::testing::run_test_with_pool<sqlx_postgres[f2420b0825730418]::database::Postgres, fn(sqlx_core[6666f72bd5d9944a]::pool::Pool<sqlx_postgres[f2420b0825730418]::database::Postgres>) -> paidy_assignment[4f258e8bad5bc937]::tests::test_create_tables_empty_body::test_create_tables_empty_body::{closure#0}, paidy_assignment[4f258e8bad5bc937]::tests::test_create_tables_empty_body::test_create_tables_empty_body::{closure#0}>::{closure#0}, sqlx_core[6666f72bd5d9944a]::testing::run_test_with_pool<sqlx_postgres[f2420b0825730418]::database::Postgres, fn(sqlx_core[6666f72bd5d9944a]::pool::Pool<sqlx_postgres[f2420b0825730418]::database::Postgres>) -> paidy_assignment[4f258e8bad5bc937]::tests::test_create_tables_empty_body::test_create_tables_empty_body::{closure#0}, paidy_assignment[4f258e8bad5bc937]::tests::test_create_tables_empty_body::test_create_tables_empty_body::{closure#0}>::{closure#0}::{closure#0}>::{closure#0}>>::{closure#0}, core[df12db4294e9bfd3]::option::Option<()>>::{closure#0}, (alloc[2182bb758b4b3781]::boxed::Box<tokio[4aa689a212822460]::runtime::scheduler::current_thread::Core>, core[df12db4294e9bfd3]::option::Option<()>)>
[INFO] [stdout]   16:     0x593969f754e7 - <tokio[4aa689a212822460]::runtime::scheduler::current_thread::CoreGuard>::block_on::<core[df12db4294e9bfd3]::pin::Pin<&mut sqlx_core[6666f72bd5d9944a]::testing::run_test<sqlx_postgres[f2420b0825730418]::database::Postgres, sqlx_core[6666f72bd5d9944a]::testing::run_test_with_pool<sqlx_postgres[f2420b0825730418]::database::Postgres, fn(sqlx_core[6666f72bd5d9944a]::pool::Pool<sqlx_postgres[f2420b0825730418]::database::Postgres>) -> paidy_assignment[4f258e8bad5bc937]::tests::test_create_tables_empty_body::test_create_tables_empty_body::{closure#0}, paidy_assignment[4f258e8bad5bc937]::tests::test_create_tables_empty_body::test_create_tables_empty_body::{closure#0}>::{closure#0}, sqlx_core[6666f72bd5d9944a]::testing::run_test_with_pool<sqlx_postgres[f2420b0825730418]::database::Postgres, fn(sqlx_core[6666f72bd5d9944a]::pool::Pool<sqlx_postgres[f2420b0825730418]::database::Postgres>) -> paidy_assignment[4f258e8bad5bc937]::tests::test_create_tables_empty_body::test_create_tables_empty_body::{closure#0}, paidy_assignment[4f258e8bad5bc937]::tests::test_create_tables_empty_body::test_create_tables_empty_body::{closure#0}>::{closure#0}::{closure#0}>::{closure#0}>>
[INFO] [stdout]   17:     0x593969f8ff00 - tokio[4aa689a212822460]::runtime::context::runtime::enter_runtime::<<tokio[4aa689a212822460]::runtime::scheduler::current_thread::CurrentThread>::block_on<sqlx_core[6666f72bd5d9944a]::testing::run_test<sqlx_postgres[f2420b0825730418]::database::Postgres, sqlx_core[6666f72bd5d9944a]::testing::run_test_with_pool<sqlx_postgres[f2420b0825730418]::database::Postgres, fn(sqlx_core[6666f72bd5d9944a]::pool::Pool<sqlx_postgres[f2420b0825730418]::database::Postgres>) -> paidy_assignment[4f258e8bad5bc937]::tests::test_create_tables_empty_body::test_create_tables_empty_body::{closure#0}, paidy_assignment[4f258e8bad5bc937]::tests::test_create_tables_empty_body::test_create_tables_empty_body::{closure#0}>::{closure#0}, sqlx_core[6666f72bd5d9944a]::testing::run_test_with_pool<sqlx_postgres[f2420b0825730418]::database::Postgres, fn(sqlx_core[6666f72bd5d9944a]::pool::Pool<sqlx_postgres[f2420b0825730418]::database::Postgres>) -> paidy_assignment[4f258e8bad5bc937]::tests::test_create_tables_empty_body::test_create_tables_empty_body::{closure#0}, paidy_assignment[4f258e8bad5bc937]::tests::test_create_tables_empty_body::test_create_tables_empty_body::{closure#0}>::{closure#0}::{closure#0}>::{closure#0}>::{closure#0}, ()>
[INFO] [stdout]   18:     0x593969fd05bb - <tokio[4aa689a212822460]::runtime::runtime::Runtime>::block_on_inner::<sqlx_core[6666f72bd5d9944a]::testing::run_test<sqlx_postgres[f2420b0825730418]::database::Postgres, sqlx_core[6666f72bd5d9944a]::testing::run_test_with_pool<sqlx_postgres[f2420b0825730418]::database::Postgres, fn(sqlx_core[6666f72bd5d9944a]::pool::Pool<sqlx_postgres[f2420b0825730418]::database::Postgres>) -> paidy_assignment[4f258e8bad5bc937]::tests::test_create_tables_empty_body::test_create_tables_empty_body::{closure#0}, paidy_assignment[4f258e8bad5bc937]::tests::test_create_tables_empty_body::test_create_tables_empty_body::{closure#0}>::{closure#0}, sqlx_core[6666f72bd5d9944a]::testing::run_test_with_pool<sqlx_postgres[f2420b0825730418]::database::Postgres, fn(sqlx_core[6666f72bd5d9944a]::pool::Pool<sqlx_postgres[f2420b0825730418]::database::Postgres>) -> paidy_assignment[4f258e8bad5bc937]::tests::test_create_tables_empty_body::test_create_tables_empty_body::{closure#0}, paidy_assignment[4f258e8bad5bc937]::tests::test_create_tables_empty_body::test_create_tables_empty_body::{closure#0}>::{closure#0}::{closure#0}>::{closure#0}>
[INFO] [stdout]   19:     0x593969f5a4c2 - sqlx_core[6666f72bd5d9944a]::rt::test_block_on::<sqlx_core[6666f72bd5d9944a]::testing::run_test<sqlx_postgres[f2420b0825730418]::database::Postgres, sqlx_core[6666f72bd5d9944a]::testing::run_test_with_pool<sqlx_postgres[f2420b0825730418]::database::Postgres, fn(sqlx_core[6666f72bd5d9944a]::pool::Pool<sqlx_postgres[f2420b0825730418]::database::Postgres>) -> paidy_assignment[4f258e8bad5bc937]::tests::test_create_tables_empty_body::test_create_tables_empty_body::{closure#0}, paidy_assignment[4f258e8bad5bc937]::tests::test_create_tables_empty_body::test_create_tables_empty_body::{closure#0}>::{closure#0}, sqlx_core[6666f72bd5d9944a]::testing::run_test_with_pool<sqlx_postgres[f2420b0825730418]::database::Postgres, fn(sqlx_core[6666f72bd5d9944a]::pool::Pool<sqlx_postgres[f2420b0825730418]::database::Postgres>) -> paidy_assignment[4f258e8bad5bc937]::tests::test_create_tables_empty_body::test_create_tables_empty_body::{closure#0}, paidy_assignment[4f258e8bad5bc937]::tests::test_create_tables_empty_body::test_create_tables_empty_body::{closure#0}>::{closure#0}::{closure#0}>::{closure#0}>
[INFO] [stdout]   20:     0x593969fb82af - <paidy_assignment[4f258e8bad5bc937]::tests::test_create_tables_empty_body::{closure#0} as core[df12db4294e9bfd3]::ops::function::FnOnce<()>>::call_once
[INFO] [stdout]   21:     0x593969fda90b - test[9d35eded1c95d3be]::__rust_begin_short_backtrace::<core[df12db4294e9bfd3]::result::Result<(), alloc[2182bb758b4b3781]::string::String>, fn() -> core[df12db4294e9bfd3]::result::Result<(), alloc[2182bb758b4b3781]::string::String>>
[INFO] [stdout]   22:     0x593969fe7f75 - test[9d35eded1c95d3be]::run_test::{closure#0}
[INFO] [stdout]   23:     0x593969fe1834 - std[70759c8f55707aa4]::sys::backtrace::__rust_begin_short_backtrace::<test[9d35eded1c95d3be]::run_test::{closure#1}, ()>
[INFO] [stdout]   24:     0x593969feb0d2 - <std[70759c8f55707aa4]::thread::lifecycle::spawn_unchecked<test[9d35eded1c95d3be]::run_test::{closure#1}, ()>::{closure#1} as core[df12db4294e9bfd3]::ops::function::FnOnce<()>>::call_once::{shim:vtable#0}
[INFO] [stdout]   25:     0x59396a20d899 - <std[70759c8f55707aa4]::sys::thread::unix::Thread>::new::thread_start
[INFO] [stdout]   26:     0x7f4b2031cdfa - <unknown>
[INFO] [stdout]   27:     0x7f4b203b03d4 - clone
[INFO] [stdout]   28:                0x0 - <unknown>
[INFO] [stdout] 
[INFO] [stdout] ---- tests::test_create_multiple_tables_with_empty_items stdout ----
[INFO] [stdout] 
[INFO] [stdout] thread 'tests::test_create_multiple_tables_with_empty_items' (3836) panicked at /opt/rustwide/cargo-home/registry/src/index.crates.io-1949cf8c6b5b557f/sqlx-postgres-0.8.0/src/testing/mod.rs:78:44:
[INFO] [stdout] DATABASE_URL must be set: EnvVar(NotPresent)
[INFO] [stdout] stack backtrace:
[INFO] [stdout]    0:     0x59396a20e691 - <<std[70759c8f55707aa4]::sys::backtrace::BacktraceLock>::print::DisplayBacktrace as core[df12db4294e9bfd3]::fmt::Display>::fmt
[INFO] [stdout]    1:     0x59396a22604a - core[df12db4294e9bfd3]::fmt::write
[INFO] [stdout]    2:     0x59396a2130bc - <alloc[2182bb758b4b3781]::vec::Vec<u8> as core[df12db4294e9bfd3]::io::write::Write>::write_fmt
[INFO] [stdout]    3:     0x59396a1e93d6 - std[70759c8f55707aa4]::panicking::default_hook::{closure#0}
[INFO] [stdout]    4:     0x59396a206189 - std[70759c8f55707aa4]::panicking::default_hook
[INFO] [stdout]    5:     0x593969fe7620 - test[9d35eded1c95d3be]::test_main_inner::<test[9d35eded1c95d3be]::test_main_static::{closure#0}>::{closure#0}
[INFO] [stdout]    6:     0x59396a2064b2 - std[70759c8f55707aa4]::panicking::panic_with_hook
[INFO] [stdout]    7:     0x59396a1e9482 - std[70759c8f55707aa4]::panicking::panic_handler::{closure#0}
[INFO] [stdout]    8:     0x59396a1e1d59 - std[70759c8f55707aa4]::sys::backtrace::__rust_end_short_backtrace::<std[70759c8f55707aa4]::panicking::panic_handler::{closure#0}, !>
[INFO] [stdout]    9:     0x59396a1ea30d - __rustc[8fa7c3cbc660c2b3]::rust_begin_unwind
[INFO] [stdout]   10:     0x59396a2267ac - core[df12db4294e9bfd3]::panicking::panic_fmt
[INFO] [stdout]   11:     0x59396a226582 - core[df12db4294e9bfd3]::result::unwrap_failed
[INFO] [stdout]   12:     0x59396a03ec39 - <sqlx_postgres[f2420b0825730418]::database::Postgres as sqlx_core[6666f72bd5d9944a]::testing::TestSupport>::test_context::{closure#0}
[INFO] [stdout]   13:     0x593969f38e3f - <core[df12db4294e9bfd3]::pin::Pin<&mut sqlx_core[6666f72bd5d9944a]::testing::run_test<sqlx_postgres[f2420b0825730418]::database::Postgres, sqlx_core[6666f72bd5d9944a]::testing::run_test_with_pool<sqlx_postgres[f2420b0825730418]::database::Postgres, fn(sqlx_core[6666f72bd5d9944a]::pool::Pool<sqlx_postgres[f2420b0825730418]::database::Postgres>) -> paidy_assignment[4f258e8bad5bc937]::tests::test_create_multiple_tables_with_empty_items::test_create_multiple_tables_with_empty_items::{closure#0}, paidy_assignment[4f258e8bad5bc937]::tests::test_create_multiple_tables_with_empty_items::test_create_multiple_tables_with_empty_items::{closure#0}>::{closure#0}, sqlx_core[6666f72bd5d9944a]::testing::run_test_with_pool<sqlx_postgres[f2420b0825730418]::database::Postgres, fn(sqlx_core[6666f72bd5d9944a]::pool::Pool<sqlx_postgres[f2420b0825730418]::database::Postgres>) -> paidy_assignment[4f258e8bad5bc937]::tests::test_create_multiple_tables_with_empty_items::test_create_multiple_tables_with_empty_items::{closure#0}, paidy_assignment[4f258e8bad5bc937]::tests::test_create_multiple_tables_with_empty_items::test_create_multiple_tables_with_empty_items::{closure#0}>::{closure#0}::{closure#0}>::{closure#0}> as core[df12db4294e9bfd3]::future::future::Future>::poll
[INFO] [stdout]   14:     0x593969f73c8f - <tokio[4aa689a212822460]::runtime::scheduler::current_thread::Context>::enter::<core[df12db4294e9bfd3]::task::poll::Poll<()>, <tokio[4aa689a212822460]::runtime::scheduler::current_thread::CoreGuard>::block_on<core[df12db4294e9bfd3]::pin::Pin<&mut sqlx_core[6666f72bd5d9944a]::testing::run_test<sqlx_postgres[f2420b0825730418]::database::Postgres, sqlx_core[6666f72bd5d9944a]::testing::run_test_with_pool<sqlx_postgres[f2420b0825730418]::database::Postgres, fn(sqlx_core[6666f72bd5d9944a]::pool::Pool<sqlx_postgres[f2420b0825730418]::database::Postgres>) -> paidy_assignment[4f258e8bad5bc937]::tests::test_create_multiple_tables_with_empty_items::test_create_multiple_tables_with_empty_items::{closure#0}, paidy_assignment[4f258e8bad5bc937]::tests::test_create_multiple_tables_with_empty_items::test_create_multiple_tables_with_empty_items::{closure#0}>::{closure#0}, sqlx_core[6666f72bd5d9944a]::testing::run_test_with_pool<sqlx_postgres[f2420b0825730418]::database::Postgres, fn(sqlx_core[6666f72bd5d9944a]::pool::Pool<sqlx_postgres[f2420b0825730418]::database::Postgres>) -> paidy_assignment[4f258e8bad5bc937]::tests::test_create_multiple_tables_with_empty_items::test_create_multiple_tables_with_empty_items::{closure#0}, paidy_assignment[4f258e8bad5bc937]::tests::test_create_multiple_tables_with_empty_items::test_create_multiple_tables_with_empty_items::{closure#0}>::{closure#0}::{closure#0}>::{closure#0}>>::{closure#0}::{closure#0}>
[INFO] [stdout]   15:     0x593969f58322 - <tokio[4aa689a212822460]::runtime::context::scoped::Scoped<tokio[4aa689a212822460]::runtime::scheduler::Context>>::set::<<tokio[4aa689a212822460]::runtime::scheduler::current_thread::CoreGuard>::enter<<tokio[4aa689a212822460]::runtime::scheduler::current_thread::CoreGuard>::block_on<core[df12db4294e9bfd3]::pin::Pin<&mut sqlx_core[6666f72bd5d9944a]::testing::run_test<sqlx_postgres[f2420b0825730418]::database::Postgres, sqlx_core[6666f72bd5d9944a]::testing::run_test_with_pool<sqlx_postgres[f2420b0825730418]::database::Postgres, fn(sqlx_core[6666f72bd5d9944a]::pool::Pool<sqlx_postgres[f2420b0825730418]::database::Postgres>) -> paidy_assignment[4f258e8bad5bc937]::tests::test_create_multiple_tables_with_empty_items::test_create_multiple_tables_with_empty_items::{closure#0}, paidy_assignment[4f258e8bad5bc937]::tests::test_create_multiple_tables_with_empty_items::test_create_multiple_tables_with_empty_items::{closure#0}>::{closure#0}, sqlx_core[6666f72bd5d9944a]::testing::run_test_with_pool<sqlx_postgres[f2420b0825730418]::database::Postgres, fn(sqlx_core[6666f72bd5d9944a]::pool::Pool<sqlx_postgres[f2420b0825730418]::database::Postgres>) -> paidy_assignment[4f258e8bad5bc937]::tests::test_create_multiple_tables_with_empty_items::test_create_multiple_tables_with_empty_items::{closure#0}, paidy_assignment[4f258e8bad5bc937]::tests::test_create_multiple_tables_with_empty_items::test_create_multiple_tables_with_empty_items::{closure#0}>::{closure#0}::{closure#0}>::{closure#0}>>::{closure#0}, core[df12db4294e9bfd3]::option::Option<()>>::{closure#0}, (alloc[2182bb758b4b3781]::boxed::Box<tokio[4aa689a212822460]::runtime::scheduler::current_thread::Core>, core[df12db4294e9bfd3]::option::Option<()>)>
[INFO] [stdout]   16:     0x593969f75ca7 - <tokio[4aa689a212822460]::runtime::scheduler::current_thread::CoreGuard>::block_on::<core[df12db4294e9bfd3]::pin::Pin<&mut sqlx_core[6666f72bd5d9944a]::testing::run_test<sqlx_postgres[f2420b0825730418]::database::Postgres, sqlx_core[6666f72bd5d9944a]::testing::run_test_with_pool<sqlx_postgres[f2420b0825730418]::database::Postgres, fn(sqlx_core[6666f72bd5d9944a]::pool::Pool<sqlx_postgres[f2420b0825730418]::database::Postgres>) -> paidy_assignment[4f258e8bad5bc937]::tests::test_create_multiple_tables_with_empty_items::test_create_multiple_tables_with_empty_items::{closure#0}, paidy_assignment[4f258e8bad5bc937]::tests::test_create_multiple_tables_with_empty_items::test_create_multiple_tables_with_empty_items::{closure#0}>::{closure#0}, sqlx_core[6666f72bd5d9944a]::testing::run_test_with_pool<sqlx_postgres[f2420b0825730418]::database::Postgres, fn(sqlx_core[6666f72bd5d9944a]::pool::Pool<sqlx_postgres[f2420b0825730418]::database::Postgres>) -> paidy_assignment[4f258e8bad5bc937]::tests::test_create_multiple_tables_with_empty_items::test_create_multiple_tables_with_empty_items::{closure#0}, paidy_assignment[4f258e8bad5bc937]::tests::test_create_multiple_tables_with_empty_items::test_create_multiple_tables_with_empty_items::{closure#0}>::{closure#0}::{closure#0}>::{closure#0}>>
[INFO] [stdout]   17:     0x593969f90f40 - tokio[4aa689a212822460]::runtime::context::runtime::enter_runtime::<<tokio[4aa689a212822460]::runtime::scheduler::current_thread::CurrentThread>::block_on<sqlx_core[6666f72bd5d9944a]::testing::run_test<sqlx_postgres[f2420b0825730418]::database::Postgres, sqlx_core[6666f72bd5d9944a]::testing::run_test_with_pool<sqlx_postgres[f2420b0825730418]::database::Postgres, fn(sqlx_core[6666f72bd5d9944a]::pool::Pool<sqlx_postgres[f2420b0825730418]::database::Postgres>) -> paidy_assignment[4f258e8bad5bc937]::tests::test_create_multiple_tables_with_empty_items::test_create_multiple_tables_with_empty_items::{closure#0}, paidy_assignment[4f258e8bad5bc937]::tests::test_create_multiple_tables_with_empty_items::test_create_multiple_tables_with_empty_items::{closure#0}>::{closure#0}, sqlx_core[6666f72bd5d9944a]::testing::run_test_with_pool<sqlx_postgres[f2420b0825730418]::database::Postgres, fn(sqlx_core[6666f72bd5d9944a]::pool::Pool<sqlx_postgres[f2420b0825730418]::database::Postgres>) -> paidy_assignment[4f258e8bad5bc937]::tests::test_create_multiple_tables_with_empty_items::test_create_multiple_tables_with_empty_items::{closure#0}, paidy_assignment[4f258e8bad5bc937]::tests::test_create_multiple_tables_with_empty_items::test_create_multiple_tables_with_empty_items::{closure#0}>::{closure#0}::{closure#0}>::{closure#0}>::{closure#0}, ()>
[INFO] [stdout]   18:     0x593969fd0b3b - <tokio[4aa689a212822460]::runtime::runtime::Runtime>::block_on_inner::<sqlx_core[6666f72bd5d9944a]::testing::run_test<sqlx_postgres[f2420b0825730418]::database::Postgres, sqlx_core[6666f72bd5d9944a]::testing::run_test_with_pool<sqlx_postgres[f2420b0825730418]::database::Postgres, fn(sqlx_core[6666f72bd5d9944a]::pool::Pool<sqlx_postgres[f2420b0825730418]::database::Postgres>) -> paidy_assignment[4f258e8bad5bc937]::tests::test_create_multiple_tables_with_empty_items::test_create_multiple_tables_with_empty_items::{closure#0}, paidy_assignment[4f258e8bad5bc937]::tests::test_create_multiple_tables_with_empty_items::test_create_multiple_tables_with_empty_items::{closure#0}>::{closure#0}, sqlx_core[6666f72bd5d9944a]::testing::run_test_with_pool<sqlx_postgres[f2420b0825730418]::database::Postgres, fn(sqlx_core[6666f72bd5d9944a]::pool::Pool<sqlx_postgres[f2420b0825730418]::database::Postgres>) -> paidy_assignment[4f258e8bad5bc937]::tests::test_create_multiple_tables_with_empty_items::test_create_multiple_tables_with_empty_items::{closure#0}, paidy_assignment[4f258e8bad5bc937]::tests::test_create_multiple_tables_with_empty_items::test_create_multiple_tables_with_empty_items::{closure#0}>::{closure#0}::{closure#0}>::{closure#0}>
[INFO] [stdout]   19:     0x593969f5aa82 - sqlx_core[6666f72bd5d9944a]::rt::test_block_on::<sqlx_core[6666f72bd5d9944a]::testing::run_test<sqlx_postgres[f2420b0825730418]::database::Postgres, sqlx_core[6666f72bd5d9944a]::testing::run_test_with_pool<sqlx_postgres[f2420b0825730418]::database::Postgres, fn(sqlx_core[6666f72bd5d9944a]::pool::Pool<sqlx_postgres[f2420b0825730418]::database::Postgres>) -> paidy_assignment[4f258e8bad5bc937]::tests::test_create_multiple_tables_with_empty_items::test_create_multiple_tables_with_empty_items::{closure#0}, paidy_assignment[4f258e8bad5bc937]::tests::test_create_multiple_tables_with_empty_items::test_create_multiple_tables_with_empty_items::{closure#0}>::{closure#0}, sqlx_core[6666f72bd5d9944a]::testing::run_test_with_pool<sqlx_postgres[f2420b0825730418]::database::Postgres, fn(sqlx_core[6666f72bd5d9944a]::pool::Pool<sqlx_postgres[f2420b0825730418]::database::Postgres>) -> paidy_assignment[4f258e8bad5bc937]::tests::test_create_multiple_tables_with_empty_items::test_create_multiple_tables_with_empty_items::{closure#0}, paidy_assignment[4f258e8bad5bc937]::tests::test_create_multiple_tables_with_empty_items::test_create_multiple_tables_with_empty_items::{closure#0}>::{closure#0}::{closure#0}>::{closure#0}>
[INFO] [stdout]   20:     0x593969fb85af - <paidy_assignment[4f258e8bad5bc937]::tests::test_create_multiple_tables_with_empty_items::{closure#0} as core[df12db4294e9bfd3]::ops::function::FnOnce<()>>::call_once
[INFO] [stdout]   21:     0x593969fda90b - test[9d35eded1c95d3be]::__rust_begin_short_backtrace::<core[df12db4294e9bfd3]::result::Result<(), alloc[2182bb758b4b3781]::string::String>, fn() -> core[df12db4294e9bfd3]::result::Result<(), alloc[2182bb758b4b3781]::string::String>>
[INFO] [stdout]   22:     0x593969fe7f75 - test[9d35eded1c95d3be]::run_test::{closure#0}
[INFO] [stdout]   23:     0x593969fe1834 - std[70759c8f55707aa4]::sys::backtrace::__rust_begin_short_backtrace::<test[9d35eded1c95d3be]::run_test::{closure#1}, ()>
[INFO] [stdout]   24:     0x593969feb0d2 - <std[70759c8f55707aa4]::thread::lifecycle::spawn_unchecked<test[9d35eded1c95d3be]::run_test::{closure#1}, ()>::{closure#1} as core[df12db4294e9bfd3]::ops::function::FnOnce<()>>::call_once::{shim:vtable#0}
[INFO] [stdout]   25:     0x59396a20d899 - <std[70759c8f55707aa4]::sys::thread::unix::Thread>::new::thread_start
[INFO] [stdout]   26:     0x7f4b2031cdfa - <unknown>
[INFO] [stdout]   27:     0x7f4b203b03d4 - clone
[INFO] [stdout]   28:                0x0 - <unknown>
[INFO] [stdout] 
[INFO] [stdout] ---- tests::test_create_tables stdout ----
[INFO] [stdout] 
[INFO] [stdout] thread 'tests::test_create_tables' (3837) panicked at /opt/rustwide/cargo-home/registry/src/index.crates.io-1949cf8c6b5b557f/sqlx-postgres-0.8.0/src/testing/mod.rs:78:44:
[INFO] [stdout] DATABASE_URL must be set: EnvVar(NotPresent)
[INFO] [stdout] stack backtrace:
[INFO] [stdout]    0:     0x59396a20e691 - <<std[70759c8f55707aa4]::sys::backtrace::BacktraceLock>::print::DisplayBacktrace as core[df12db4294e9bfd3]::fmt::Display>::fmt
[INFO] [stdout]    1:     0x59396a22604a - core[df12db4294e9bfd3]::fmt::write
[INFO] [stdout]    2:     0x59396a2130bc - <alloc[2182bb758b4b3781]::vec::Vec<u8> as core[df12db4294e9bfd3]::io::write::Write>::write_fmt
[INFO] [stdout]    3:     0x59396a1e93d6 - std[70759c8f55707aa4]::panicking::default_hook::{closure#0}
[INFO] [stdout]    4:     0x59396a206189 - std[70759c8f55707aa4]::panicking::default_hook
[INFO] [stdout]    5:     0x593969fe7620 - test[9d35eded1c95d3be]::test_main_inner::<test[9d35eded1c95d3be]::test_main_static::{closure#0}>::{closure#0}
[INFO] [stdout]    6:     0x59396a2064b2 - std[70759c8f55707aa4]::panicking::panic_with_hook
[INFO] [stdout]    7:     0x59396a1e9482 - std[70759c8f55707aa4]::panicking::panic_handler::{closure#0}
[INFO] [stdout]    8:     0x59396a1e1d59 - std[70759c8f55707aa4]::sys::backtrace::__rust_end_short_backtrace::<std[70759c8f55707aa4]::panicking::panic_handler::{closure#0}, !>
[INFO] [stdout]    9:     0x59396a1ea30d - __rustc[8fa7c3cbc660c2b3]::rust_begin_unwind
[INFO] [stdout]   10:     0x59396a2267ac - core[df12db4294e9bfd3]::panicking::panic_fmt
[INFO] [stdout]   11:     0x59396a226582 - core[df12db4294e9bfd3]::result::unwrap_failed
[INFO] [stdout]   12:     0x59396a03ec39 - <sqlx_postgres[f2420b0825730418]::database::Postgres as sqlx_core[6666f72bd5d9944a]::testing::TestSupport>::test_context::{closure#0}
[INFO] [stdout]   13:     0x593969f2dcbd - <core[df12db4294e9bfd3]::pin::Pin<&mut sqlx_core[6666f72bd5d9944a]::testing::run_test<sqlx_postgres[f2420b0825730418]::database::Postgres, sqlx_core[6666f72bd5d9944a]::testing::run_test_with_pool<sqlx_postgres[f2420b0825730418]::database::Postgres, fn(sqlx_core[6666f72bd5d9944a]::pool::Pool<sqlx_postgres[f2420b0825730418]::database::Postgres>) -> paidy_assignment[4f258e8bad5bc937]::tests::test_create_tables::test_create_tables::{closure#0}, paidy_assignment[4f258e8bad5bc937]::tests::test_create_tables::test_create_tables::{closure#0}>::{closure#0}, sqlx_core[6666f72bd5d9944a]::testing::run_test_with_pool<sqlx_postgres[f2420b0825730418]::database::Postgres, fn(sqlx_core[6666f72bd5d9944a]::pool::Pool<sqlx_postgres[f2420b0825730418]::database::Postgres>) -> paidy_assignment[4f258e8bad5bc937]::tests::test_create_tables::test_create_tables::{closure#0}, paidy_assignment[4f258e8bad5bc937]::tests::test_create_tables::test_create_tables::{closure#0}>::{closure#0}::{closure#0}>::{closure#0}> as core[df12db4294e9bfd3]::future::future::Future>::poll
[INFO] [stdout]   14:     0x593969f72def - <tokio[4aa689a212822460]::runtime::scheduler::current_thread::Context>::enter::<core[df12db4294e9bfd3]::task::poll::Poll<()>, <tokio[4aa689a212822460]::runtime::scheduler::current_thread::CoreGuard>::block_on<core[df12db4294e9bfd3]::pin::Pin<&mut sqlx_core[6666f72bd5d9944a]::testing::run_test<sqlx_postgres[f2420b0825730418]::database::Postgres, sqlx_core[6666f72bd5d9944a]::testing::run_test_with_pool<sqlx_postgres[f2420b0825730418]::database::Postgres, fn(sqlx_core[6666f72bd5d9944a]::pool::Pool<sqlx_postgres[f2420b0825730418]::database::Postgres>) -> paidy_assignment[4f258e8bad5bc937]::tests::test_create_tables::test_create_tables::{closure#0}, paidy_assignment[4f258e8bad5bc937]::tests::test_create_tables::test_create_tables::{closure#0}>::{closure#0}, sqlx_core[6666f72bd5d9944a]::testing::run_test_with_pool<sqlx_postgres[f2420b0825730418]::database::Postgres, fn(sqlx_core[6666f72bd5d9944a]::pool::Pool<sqlx_postgres[f2420b0825730418]::database::Postgres>) -> paidy_assignment[4f258e8bad5bc937]::tests::test_create_tables::test_create_tables::{closure#0}, paidy_assignment[4f258e8bad5bc937]::tests::test_create_tables::test_create_tables::{closure#0}>::{closure#0}::{closure#0}>::{closure#0}>>::{closure#0}::{closure#0}>
[INFO] [stdout]   15:     0x593969f575a2 - <tokio[4aa689a212822460]::runtime::context::scoped::Scoped<tokio[4aa689a212822460]::runtime::scheduler::Context>>::set::<<tokio[4aa689a212822460]::runtime::scheduler::current_thread::CoreGuard>::enter<<tokio[4aa689a212822460]::runtime::scheduler::current_thread::CoreGuard>::block_on<core[df12db4294e9bfd3]::pin::Pin<&mut sqlx_core[6666f72bd5d9944a]::testing::run_test<sqlx_postgres[f2420b0825730418]::database::Postgres, sqlx_core[6666f72bd5d9944a]::testing::run_test_with_pool<sqlx_postgres[f2420b0825730418]::database::Postgres, fn(sqlx_core[6666f72bd5d9944a]::pool::Pool<sqlx_postgres[f2420b0825730418]::database::Postgres>) -> paidy_assignment[4f258e8bad5bc937]::tests::test_create_tables::test_create_tables::{closure#0}, paidy_assignment[4f258e8bad5bc937]::tests::test_create_tables::test_create_tables::{closure#0}>::{closure#0}, sqlx_core[6666f72bd5d9944a]::testing::run_test_with_pool<sqlx_postgres[f2420b0825730418]::database::Postgres, fn(sqlx_core[6666f72bd5d9944a]::pool::Pool<sqlx_postgres[f2420b0825730418]::database::Postgres>) -> paidy_assignment[4f258e8bad5bc937]::tests::test_create_tables::test_create_tables::{closure#0}, paidy_assignment[4f258e8bad5bc937]::tests::test_create_tables::test_create_tables::{closure#0}>::{closure#0}::{closure#0}>::{closure#0}>>::{closure#0}, core[df12db4294e9bfd3]::option::Option<()>>::{closure#0}, (alloc[2182bb758b4b3781]::boxed::Box<tokio[4aa689a212822460]::runtime::scheduler::current_thread::Core>, core[df12db4294e9bfd3]::option::Option<()>)>
[INFO] [stdout]   16:     0x593969f74b37 - <tokio[4aa689a212822460]::runtime::scheduler::current_thread::CoreGuard>::block_on::<core[df12db4294e9bfd3]::pin::Pin<&mut sqlx_core[6666f72bd5d9944a]::testing::run_test<sqlx_postgres[f2420b0825730418]::database::Postgres, sqlx_core[6666f72bd5d9944a]::testing::run_test_with_pool<sqlx_postgres[f2420b0825730418]::database::Postgres, fn(sqlx_core[6666f72bd5d9944a]::pool::Pool<sqlx_postgres[f2420b0825730418]::database::Postgres>) -> paidy_assignment[4f258e8bad5bc937]::tests::test_create_tables::test_create_tables::{closure#0}, paidy_assignment[4f258e8bad5bc937]::tests::test_create_tables::test_create_tables::{closure#0}>::{closure#0}, sqlx_core[6666f72bd5d9944a]::testing::run_test_with_pool<sqlx_postgres[f2420b0825730418]::database::Postgres, fn(sqlx_core[6666f72bd5d9944a]::pool::Pool<sqlx_postgres[f2420b0825730418]::database::Postgres>) -> paidy_assignment[4f258e8bad5bc937]::tests::test_create_tables::test_create_tables::{closure#0}, paidy_assignment[4f258e8bad5bc937]::tests::test_create_tables::test_create_tables::{closure#0}>::{closure#0}::{closure#0}>::{closure#0}>>
[INFO] [stdout]   17:     0x593969f8eab0 - tokio[4aa689a212822460]::runtime::context::runtime::enter_runtime::<<tokio[4aa689a212822460]::runtime::scheduler::current_thread::CurrentThread>::block_on<sqlx_core[6666f72bd5d9944a]::testing::run_test<sqlx_postgres[f2420b0825730418]::database::Postgres, sqlx_core[6666f72bd5d9944a]::testing::run_test_with_pool<sqlx_postgres[f2420b0825730418]::database::Postgres, fn(sqlx_core[6666f72bd5d9944a]::pool::Pool<sqlx_postgres[f2420b0825730418]::database::Postgres>) -> paidy_assignment[4f258e8bad5bc937]::tests::test_create_tables::test_create_tables::{closure#0}, paidy_assignment[4f258e8bad5bc937]::tests::test_create_tables::test_create_tables::{closure#0}>::{closure#0}, sqlx_core[6666f72bd5d9944a]::testing::run_test_with_pool<sqlx_postgres[f2420b0825730418]::database::Postgres, fn(sqlx_core[6666f72bd5d9944a]::pool::Pool<sqlx_postgres[f2420b0825730418]::database::Postgres>) -> paidy_assignment[4f258e8bad5bc937]::tests::test_create_tables::test_create_tables::{closure#0}, paidy_assignment[4f258e8bad5bc937]::tests::test_create_tables::test_create_tables::{closure#0}>::{closure#0}::{closure#0}>::{closure#0}>::{closure#0}, ()>
[INFO] [stdout]   18:     0x593969fcfedb - <tokio[4aa689a212822460]::runtime::runtime::Runtime>::block_on_inner::<sqlx_core[6666f72bd5d9944a]::testing::run_test<sqlx_postgres[f2420b0825730418]::database::Postgres, sqlx_core[6666f72bd5d9944a]::testing::run_test_with_pool<sqlx_postgres[f2420b0825730418]::database::Postgres, fn(sqlx_core[6666f72bd5d9944a]::pool::Pool<sqlx_postgres[f2420b0825730418]::database::Postgres>) -> paidy_assignment[4f258e8bad5bc937]::tests::test_create_tables::test_create_tables::{closure#0}, paidy_assignment[4f258e8bad5bc937]::tests::test_create_tables::test_create_tables::{closure#0}>::{closure#0}, sqlx_core[6666f72bd5d9944a]::testing::run_test_with_pool<sqlx_postgres[f2420b0825730418]::database::Postgres, fn(sqlx_core[6666f72bd5d9944a]::pool::Pool<sqlx_postgres[f2420b0825730418]::database::Postgres>) -> paidy_assignment[4f258e8bad5bc937]::tests::test_create_tables::test_create_tables::{closure#0}, paidy_assignment[4f258e8bad5bc937]::tests::test_create_tables::test_create_tables::{closure#0}>::{closure#0}::{closure#0}>::{closure#0}>
[INFO] [stdout]   19:     0x593969f59d92 - sqlx_core[6666f72bd5d9944a]::rt::test_block_on::<sqlx_core[6666f72bd5d9944a]::testing::run_test<sqlx_postgres[f2420b0825730418]::database::Postgres, sqlx_core[6666f72bd5d9944a]::testing::run_test_with_pool<sqlx_postgres[f2420b0825730418]::database::Postgres, fn(sqlx_core[6666f72bd5d9944a]::pool::Pool<sqlx_postgres[f2420b0825730418]::database::Postgres>) -> paidy_assignment[4f258e8bad5bc937]::tests::test_create_tables::test_create_tables::{closure#0}, paidy_assignment[4f258e8bad5bc937]::tests::test_create_tables::test_create_tables::{closure#0}>::{closure#0}, sqlx_core[6666f72bd5d9944a]::testing::run_test_with_pool<sqlx_postgres[f2420b0825730418]::database::Postgres, fn(sqlx_core[6666f72bd5d9944a]::pool::Pool<sqlx_postgres[f2420b0825730418]::database::Postgres>) -> paidy_assignment[4f258e8bad5bc937]::tests::test_create_tables::test_create_tables::{closure#0}, paidy_assignment[4f258e8bad5bc937]::tests::test_create_tables::test_create_tables::{closure#0}>::{closure#0}::{closure#0}>::{closure#0}>
[INFO] [stdout]   20:     0x593969fb7eef - <paidy_assignment[4f258e8bad5bc937]::tests::test_create_tables::{closure#0} as core[df12db4294e9bfd3]::ops::function::FnOnce<()>>::call_once
[INFO] [stdout]   21:     0x593969fda90b - test[9d35eded1c95d3be]::__rust_begin_short_backtrace::<core[df12db4294e9bfd3]::result::Result<(), alloc[2182bb758b4b3781]::string::String>, fn() -> core[df12db4294e9bfd3]::result::Result<(), alloc[2182bb758b4b3781]::string::String>>
[INFO] [stdout]   22:     0x593969fe7f75 - test[9d35eded1c95d3be]::run_test::{closure#0}
[INFO] [stdout]   23:     0x593969fe1834 - std[70759c8f55707aa4]::sys::backtrace::__rust_begin_short_backtrace::<test[9d35eded1c95d3be]::run_test::{closure#1}, ()>
[INFO] [stdout]   24:     0x593969feb0d2 - <std[70759c8f55707aa4]::thread::lifecycle::spawn_unchecked<test[9d35eded1c95d3be]::run_test::{closure#1}, ()>::{closure#1} as core[df12db4294e9bfd3]::ops::function::FnOnce<()>>::call_once::{shim:vtable#0}
[INFO] [stdout]   25:     0x59396a20d899 - <std[70759c8f55707aa4]::sys::thread::unix::Thread>::new::thread_start
[INFO] [stdout]   26:     0x7f4b2031cdfa - <unknown>
[INFO] [stdout]   27:     0x7f4b203b03d4 - clone
[INFO] [stdout]   28:                0x0 - <unknown>
[INFO] [stdout] 
[INFO] [stdout] ---- tests::test_get_tables stdout ----
[INFO] [stdout] 
[INFO] [stdout] thread 'tests::test_get_tables' (3846) panicked at /opt/rustwide/cargo-home/registry/src/index.crates.io-1949cf8c6b5b557f/sqlx-postgres-0.8.0/src/testing/mod.rs:78:44:
[INFO] [stdout] DATABASE_URL must be set: EnvVar(NotPresent)
[INFO] [stdout] stack backtrace:
[INFO] [stdout]    0:     0x59396a20e691 - <<std[70759c8f55707aa4]::sys::backtrace::BacktraceLock>::print::DisplayBacktrace as core[df12db4294e9bfd3]::fmt::Display>::fmt
[INFO] [stdout]    1:     0x59396a22604a - core[df12db4294e9bfd3]::fmt::write
[INFO] [stdout]    2:     0x59396a2130bc - <alloc[2182bb758b4b3781]::vec::Vec<u8> as core[df12db4294e9bfd3]::io::write::Write>::write_fmt
[INFO] [stdout]    3:     0x59396a1e93d6 - std[70759c8f55707aa4]::panicking::default_hook::{closure#0}
[INFO] [stdout]    4:     0x59396a206189 - std[70759c8f55707aa4]::panicking::default_hook
[INFO] [stdout]    5:     0x593969fe7620 - test[9d35eded1c95d3be]::test_main_inner::<test[9d35eded1c95d3be]::test_main_static::{closure#0}>::{closure#0}
[INFO] [stdout]    6:     0x59396a2064b2 - std[70759c8f55707aa4]::panicking::panic_with_hook
[INFO] [stdout]    7:     0x59396a1e9482 - std[70759c8f55707aa4]::panicking::panic_handler::{closure#0}
[INFO] [stdout]    8:     0x59396a1e1d59 - std[70759c8f55707aa4]::sys::backtrace::__rust_end_short_backtrace::<std[70759c8f55707aa4]::panicking::panic_handler::{closure#0}, !>
[INFO] [stdout]    9:     0x59396a1ea30d - __rustc[8fa7c3cbc660c2b3]::rust_begin_unwind
[INFO] [stdout]   10:     0x59396a2267ac - core[df12db4294e9bfd3]::panicking::panic_fmt
[INFO] [stdout]   11:     0x59396a226582 - core[df12db4294e9bfd3]::result::unwrap_failed
[INFO] [stdout]   12:     0x59396a03ec39 - <sqlx_postgres[f2420b0825730418]::database::Postgres as sqlx_core[6666f72bd5d9944a]::testing::TestSupport>::test_context::{closure#0}
[INFO] [stdout]   13:     0x593969f2853d - <core[df12db4294e9bfd3]::pin::Pin<&mut sqlx_core[6666f72bd5d9944a]::testing::run_test<sqlx_postgres[f2420b0825730418]::database::Postgres, sqlx_core[6666f72bd5d9944a]::testing::run_test_with_pool<sqlx_postgres[f2420b0825730418]::database::Postgres, fn(sqlx_core[6666f72bd5d9944a]::pool::Pool<sqlx_postgres[f2420b0825730418]::database::Postgres>) -> paidy_assignment[4f258e8bad5bc937]::tests::test_get_tables::test_get_tables::{closure#0}, paidy_assignment[4f258e8bad5bc937]::tests::test_get_tables::test_get_tables::{closure#0}>::{closure#0}, sqlx_core[6666f72bd5d9944a]::testing::run_test_with_pool<sqlx_postgres[f2420b0825730418]::database::Postgres, fn(sqlx_core[6666f72bd5d9944a]::pool::Pool<sqlx_postgres[f2420b0825730418]::database::Postgres>) -> paidy_assignment[4f258e8bad5bc937]::tests::test_get_tables::test_get_tables::{closure#0}, paidy_assignment[4f258e8bad5bc937]::tests::test_get_tables::test_get_tables::{closure#0}>::{closure#0}::{closure#0}>::{closure#0}> as core[df12db4294e9bfd3]::future::future::Future>::poll
[INFO] [stdout]   14:     0x593969f7276f - <tokio[4aa689a212822460]::runtime::scheduler::current_thread::Context>::enter::<core[df12db4294e9bfd3]::task::poll::Poll<()>, <tokio[4aa689a212822460]::runtime::scheduler::current_thread::CoreGuard>::block_on<core[df12db4294e9bfd3]::pin::Pin<&mut sqlx_core[6666f72bd5d9944a]::testing::run_test<sqlx_postgres[f2420b0825730418]::database::Postgres, sqlx_core[6666f72bd5d9944a]::testing::run_test_with_pool<sqlx_postgres[f2420b0825730418]::database::Postgres, fn(sqlx_core[6666f72bd5d9944a]::pool::Pool<sqlx_postgres[f2420b0825730418]::database::Postgres>) -> paidy_assignment[4f258e8bad5bc937]::tests::test_get_tables::test_get_tables::{closure#0}, paidy_assignment[4f258e8bad5bc937]::tests::test_get_tables::test_get_tables::{closure#0}>::{closure#0}, sqlx_core[6666f72bd5d9944a]::testing::run_test_with_pool<sqlx_postgres[f2420b0825730418]::database::Postgres, fn(sqlx_core[6666f72bd5d9944a]::pool::Pool<sqlx_postgres[f2420b0825730418]::database::Postgres>) -> paidy_assignment[4f258e8bad5bc937]::tests::test_get_tables::test_get_tables::{closure#0}, paidy_assignment[4f258e8bad5bc937]::tests::test_get_tables::test_get_tables::{closure#0}>::{closure#0}::{closure#0}>::{closure#0}>>::{closure#0}::{closure#0}>
[INFO] [stdout]   15:     0x593969f56fa2 - <tokio[4aa689a212822460]::runtime::context::scoped::Scoped<tokio[4aa689a212822460]::runtime::scheduler::Context>>::set::<<tokio[4aa689a212822460]::runtime::scheduler::current_thread::CoreGuard>::enter<<tokio[4aa689a212822460]::runtime::scheduler::current_thread::CoreGuard>::block_on<core[df12db4294e9bfd3]::pin::Pin<&mut sqlx_core[6666f72bd5d9944a]::testing::run_test<sqlx_postgres[f2420b0825730418]::database::Postgres, sqlx_core[6666f72bd5d9944a]::testing::run_test_with_pool<sqlx_postgres[f2420b0825730418]::database::Postgres, fn(sqlx_core[6666f72bd5d9944a]::pool::Pool<sqlx_postgres[f2420b0825730418]::database::Postgres>) -> paidy_assignment[4f258e8bad5bc937]::tests::test_get_tables::test_get_tables::{closure#0}, paidy_assignment[4f258e8bad5bc937]::tests::test_get_tables::test_get_tables::{closure#0}>::{closure#0}, sqlx_core[6666f72bd5d9944a]::testing::run_test_with_pool<sqlx_postgres[f2420b0825730418]::database::Postgres, fn(sqlx_core[6666f72bd5d9944a]::pool::Pool<sqlx_postgres[f2420b0825730418]::database::Postgres>) -> paidy_assignment[4f258e8bad5bc937]::tests::test_get_tables::test_get_tables::{closure#0}, paidy_assignment[4f258e8bad5bc937]::tests::test_get_tables::test_get_tables::{closure#0}>::{closure#0}::{closure#0}>::{closure#0}>>::{closure#0}, core[df12db4294e9bfd3]::option::Option<()>>::{closure#0}, (alloc[2182bb758b4b3781]::boxed::Box<tokio[4aa689a212822460]::runtime::scheduler::current_thread::Core>, core[df12db4294e9bfd3]::option::Option<()>)>
[INFO] [stdout]   16:     0x593969f74377 - <tokio[4aa689a212822460]::runtime::scheduler::current_thread::CoreGuard>::block_on::<core[df12db4294e9bfd3]::pin::Pin<&mut sqlx_core[6666f72bd5d9944a]::testing::run_test<sqlx_postgres[f2420b0825730418]::database::Postgres, sqlx_core[6666f72bd5d9944a]::testing::run_test_with_pool<sqlx_postgres[f2420b0825730418]::database::Postgres, fn(sqlx_core[6666f72bd5d9944a]::pool::Pool<sqlx_postgres[f2420b0825730418]::database::Postgres>) -> paidy_assignment[4f258e8bad5bc937]::tests::test_get_tables::test_get_tables::{closure#0}, paidy_assignment[4f258e8bad5bc937]::tests::test_get_tables::test_get_tables::{closure#0}>::{closure#0}, sqlx_core[6666f72bd5d9944a]::testing::run_test_with_pool<sqlx_postgres[f2420b0825730418]::database::Postgres, fn(sqlx_core[6666f72bd5d9944a]::pool::Pool<sqlx_postgres[f2420b0825730418]::database::Postgres>) -> paidy_assignment[4f258e8bad5bc937]::tests::test_get_tables::test_get_tables::{closure#0}, paidy_assignment[4f258e8bad5bc937]::tests::test_get_tables::test_get_tables::{closure#0}>::{closure#0}::{closure#0}>::{closure#0}>>
[INFO] [stdout]   17:     0x593969f8da70 - tokio[4aa689a212822460]::runtime::context::runtime::enter_runtime::<<tokio[4aa689a212822460]::runtime::scheduler::current_thread::CurrentThread>::block_on<sqlx_core[6666f72bd5d9944a]::testing::run_test<sqlx_postgres[f2420b0825730418]::database::Postgres, sqlx_core[6666f72bd5d9944a]::testing::run_test_with_pool<sqlx_postgres[f2420b0825730418]::database::Postgres, fn(sqlx_core[6666f72bd5d9944a]::pool::Pool<sqlx_postgres[f2420b0825730418]::database::Postgres>) -> paidy_assignment[4f258e8bad5bc937]::tests::test_get_tables::test_get_tables::{closure#0}, paidy_assignment[4f258e8bad5bc937]::tests::test_get_tables::test_get_tables::{closure#0}>::{closure#0}, sqlx_core[6666f72bd5d9944a]::testing::run_test_with_pool<sqlx_postgres[f2420b0825730418]::database::Postgres, fn(sqlx_core[6666f72bd5d9944a]::pool::Pool<sqlx_postgres[f2420b0825730418]::database::Postgres>) -> paidy_assignment[4f258e8bad5bc937]::tests::test_get_tables::test_get_tables::{closure#0}, paidy_assignment[4f258e8bad5bc937]::tests::test_get_tables::test_get_tables::{closure#0}>::{closure#0}::{closure#0}>::{closure#0}>::{closure#0}, ()>
[INFO] [stdout]   18:     0x593969fcf95b - <tokio[4aa689a212822460]::runtime::runtime::Runtime>::block_on_inner::<sqlx_core[6666f72bd5d9944a]::testing::run_test<sqlx_postgres[f2420b0825730418]::database::Postgres, sqlx_core[6666f72bd5d9944a]::testing::run_test_with_pool<sqlx_postgres[f2420b0825730418]::database::Postgres, fn(sqlx_core[6666f72bd5d9944a]::pool::Pool<sqlx_postgres[f2420b0825730418]::database::Postgres>) -> paidy_assignment[4f258e8bad5bc937]::tests::test_get_tables::test_get_tables::{closure#0}, paidy_assignment[4f258e8bad5bc937]::tests::test_get_tables::test_get_tables::{closure#0}>::{closure#0}, sqlx_core[6666f72bd5d9944a]::testing::run_test_with_pool<sqlx_postgres[f2420b0825730418]::database::Postgres, fn(sqlx_core[6666f72bd5d9944a]::pool::Pool<sqlx_postgres[f2420b0825730418]::database::Postgres>) -> paidy_assignment[4f258e8bad5bc937]::tests::test_get_tables::test_get_tables::{closure#0}, paidy_assignment[4f258e8bad5bc937]::tests::test_get_tables::test_get_tables::{closure#0}>::{closure#0}::{closure#0}>::{closure#0}>
[INFO] [stdout]   19:     0x593969f597d2 - sqlx_core[6666f72bd5d9944a]::rt::test_block_on::<sqlx_core[6666f72bd5d9944a]::testing::run_test<sqlx_postgres[f2420b0825730418]::database::Postgres, sqlx_core[6666f72bd5d9944a]::testing::run_test_with_pool<sqlx_postgres[f2420b0825730418]::database::Postgres, fn(sqlx_core[6666f72bd5d9944a]::pool::Pool<sqlx_postgres[f2420b0825730418]::database::Postgres>) -> paidy_assignment[4f258e8bad5bc937]::tests::test_get_tables::test_get_tables::{closure#0}, paidy_assignment[4f258e8bad5bc937]::tests::test_get_tables::test_get_tables::{closure#0}>::{closure#0}, sqlx_core[6666f72bd5d9944a]::testing::run_test_with_pool<sqlx_postgres[f2420b0825730418]::database::Postgres, fn(sqlx_core[6666f72bd5d9944a]::pool::Pool<sqlx_postgres[f2420b0825730418]::database::Postgres>) -> paidy_assignment[4f258e8bad5bc937]::tests::test_get_tables::test_get_tables::{closure#0}, paidy_assignment[4f258e8bad5bc937]::tests::test_get_tables::test_get_tables::{closure#0}>::{closure#0}::{closure#0}>::{closure#0}>
[INFO] [stdout]   20:     0x593969fb7bef - <paidy_assignment[4f258e8bad5bc937]::tests::test_get_tables::{closure#0} as core[df12db4294e9bfd3]::ops::function::FnOnce<()>>::call_once
[INFO] [stdout]   21:     0x593969fda90b - test[9d35eded1c95d3be]::__rust_begin_short_backtrace::<core[df12db4294e9bfd3]::result::Result<(), alloc[2182bb758b4b3781]::string::String>, fn() -> core[df12db4294e9bfd3]::result::Result<(), alloc[2182bb758b4b3781]::string::String>>
[INFO] [stdout]   22:     0x593969fe7f75 - test[9d35eded1c95d3be]::run_test::{closure#0}
[INFO] [stdout]   23:     0x593969fe1834 - std[70759c8f55707aa4]::sys::backtrace::__rust_begin_short_backtrace::<test[9d35eded1c95d3be]::run_test::{closure#1}, ()>
[INFO] [stdout]   24:     0x593969feb0d2 - <std[70759c8f55707aa4]::thread::lifecycle::spawn_unchecked<test[9d35eded1c95d3be]::run_test::{closure#1}, ()>::{closure#1} as core[df12db4294e9bfd3]::ops::function::FnOnce<()>>::call_once::{shim:vtable#0}
[INFO] [stdout]   25:     0x59396a20d899 - <std[70759c8f55707aa4]::sys::thread::unix::Thread>::new::thread_start
[INFO] [stdout]   26:     0x7f4b2031cdfa - <unknown>
[INFO] [stdout]   27:     0x7f4b203b03d4 - clone
[INFO] [stdout]   28:                0x0 - <unknown>
[INFO] [stdout] 
[INFO] [stdout] ---- tests::test_get_order stdout ----
[INFO] [stdout] 
[INFO] [stdout] thread 'tests::test_get_order' (3845) panicked at /opt/rustwide/cargo-home/registry/src/index.crates.io-1949cf8c6b5b557f/sqlx-postgres-0.8.0/src/testing/mod.rs:78:44:
[INFO] [stdout] DATABASE_URL must be set: EnvVar(NotPresent)
[INFO] [stdout] stack backtrace:
[INFO] [stdout]    0:     0x59396a20e691 - <<std[70759c8f55707aa4]::sys::backtrace::BacktraceLock>::print::DisplayBacktrace as core[df12db4294e9bfd3]::fmt::Display>::fmt
[INFO] [stdout]    1:     0x59396a22604a - core[df12db4294e9bfd3]::fmt::write
[INFO] [stdout]    2:     0x59396a2130bc - <alloc[2182bb758b4b3781]::vec::Vec<u8> as core[df12db4294e9bfd3]::io::write::Write>::write_fmt
[INFO] [stdout]    3:     0x59396a1e93d6 - std[70759c8f55707aa4]::panicking::default_hook::{closure#0}
[INFO] [stdout]    4:     0x59396a206189 - std[70759c8f55707aa4]::panicking::default_hook
[INFO] [stdout]    5:     0x593969fe7620 - test[9d35eded1c95d3be]::test_main_inner::<test[9d35eded1c95d3be]::test_main_static::{closure#0}>::{closure#0}
[INFO] [stdout]    6:     0x59396a2064b2 - std[70759c8f55707aa4]::panicking::panic_with_hook
[INFO] [stdout]    7:     0x59396a1e9482 - std[70759c8f55707aa4]::panicking::panic_handler::{closure#0}
[INFO] [stdout]    8:     0x59396a1e1d59 - std[70759c8f55707aa4]::sys::backtrace::__rust_end_short_backtrace::<std[70759c8f55707aa4]::panicking::panic_handler::{closure#0}, !>
[INFO] [stdout]    9:     0x59396a1ea30d - __rustc[8fa7c3cbc660c2b3]::rust_begin_unwind
[INFO] [stdout]   10:     0x59396a2267ac - core[df12db4294e9bfd3]::panicking::panic_fmt
[INFO] [stdout]   11:     0x59396a226582 - core[df12db4294e9bfd3]::result::unwrap_failed
[INFO] [stdout]   12:     0x59396a03ec39 - <sqlx_postgres[f2420b0825730418]::database::Postgres as sqlx_core[6666f72bd5d9944a]::testing::TestSupport>::test_context::{closure#0}
[INFO] [stdout]   13:     0x593969f26f18 - <core[df12db4294e9bfd3]::pin::Pin<&mut sqlx_core[6666f72bd5d9944a]::testing::run_test<sqlx_postgres[f2420b0825730418]::database::Postgres, sqlx_core[6666f72bd5d9944a]::testing::run_test_with_pool<sqlx_postgres[f2420b0825730418]::database::Postgres, fn(sqlx_core[6666f72bd5d9944a]::pool::Pool<sqlx_postgres[f2420b0825730418]::database::Postgres>) -> paidy_assignment[4f258e8bad5bc937]::tests::test_get_order::test_get_order::{closure#0}, paidy_assignment[4f258e8bad5bc937]::tests::test_get_order::test_get_order::{closure#0}>::{closure#0}, sqlx_core[6666f72bd5d9944a]::testing::run_test_with_pool<sqlx_postgres[f2420b0825730418]::database::Postgres, fn(sqlx_core[6666f72bd5d9944a]::pool::Pool<sqlx_postgres[f2420b0825730418]::database::Postgres>) -> paidy_assignment[4f258e8bad5bc937]::tests::test_get_order::test_get_order::{closure#0}, paidy_assignment[4f258e8bad5bc937]::tests::test_get_order::test_get_order::{closure#0}>::{closure#0}::{closure#0}>::{closure#0}> as core[df12db4294e9bfd3]::future::future::Future>::poll
[INFO] [stdout]   14:     0x593969f725cf - <tokio[4aa689a212822460]::runtime::scheduler::current_thread::Context>::enter::<core[df12db4294e9bfd3]::task::poll::Poll<()>, <tokio[4aa689a212822460]::runtime::scheduler::current_thread::CoreGuard>::block_on<core[df12db4294e9bfd3]::pin::Pin<&mut sqlx_core[6666f72bd5d9944a]::testing::run_test<sqlx_postgres[f2420b0825730418]::database::Postgres, sqlx_core[6666f72bd5d9944a]::testing::run_test_with_pool<sqlx_postgres[f2420b0825730418]::database::Postgres, fn(sqlx_core[6666f72bd5d9944a]::pool::Pool<sqlx_postgres[f2420b0825730418]::database::Postgres>) -> paidy_assignment[4f258e8bad5bc937]::tests::test_get_order::test_get_order::{closure#0}, paidy_assignment[4f258e8bad5bc937]::tests::test_get_order::test_get_order::{closure#0}>::{closure#0}, sqlx_core[6666f72bd5d9944a]::testing::run_test_with_pool<sqlx_postgres[f2420b0825730418]::database::Postgres, fn(sqlx_core[6666f72bd5d9944a]::pool::Pool<sqlx_postgres[f2420b0825730418]::database::Postgres>) -> paidy_assignment[4f258e8bad5bc937]::tests::test_get_order::test_get_order::{closure#0}, paidy_assignment[4f258e8bad5bc937]::tests::test_get_order::test_get_order::{closure#0}>::{closure#0}::{closure#0}>::{closure#0}>>::{closure#0}::{closure#0}>
[INFO] [stdout]   15:     0x593969f56e22 - <tokio[4aa689a212822460]::runtime::context::scoped::Scoped<tokio[4aa689a212822460]::runtime::scheduler::Context>>::set::<<tokio[4aa689a212822460]::runtime::scheduler::current_thread::CoreGuard>::enter<<tokio[4aa689a212822460]::runtime::scheduler::current_thread::CoreGuard>::block_on<core[df12db4294e9bfd3]::pin::Pin<&mut sqlx_core[6666f72bd5d9944a]::testing::run_test<sqlx_postgres[f2420b0825730418]::database::Postgres, sqlx_core[6666f72bd5d9944a]::testing::run_test_with_pool<sqlx_postgres[f2420b0825730418]::database::Postgres, fn(sqlx_core[6666f72bd5d9944a]::pool::Pool<sqlx_postgres[f2420b0825730418]::database::Postgres>) -> paidy_assignment[4f258e8bad5bc937]::tests::test_get_order::test_get_order::{closure#0}, paidy_assignment[4f258e8bad5bc937]::tests::test_get_order::test_get_order::{closure#0}>::{closure#0}, sqlx_core[6666f72bd5d9944a]::testing::run_test_with_pool<sqlx_postgres[f2420b0825730418]::database::Postgres, fn(sqlx_core[6666f72bd5d9944a]::pool::Pool<sqlx_postgres[f2420b0825730418]::database::Postgres>) -> paidy_assignment[4f258e8bad5bc937]::tests::test_get_order::test_get_order::{closure#0}, paidy_assignment[4f258e8bad5bc937]::tests::test_get_order::test_get_order::{closure#0}>::{closure#0}::{closure#0}>::{closure#0}>>::{closure#0}, core[df12db4294e9bfd3]::option::Option<()>>::{closure#0}, (alloc[2182bb758b4b3781]::boxed::Box<tokio[4aa689a212822460]::runtime::scheduler::current_thread::Core>, core[df12db4294e9bfd3]::option::Option<()>)>
[INFO] [stdout]   16:     0x593969f74187 - <tokio[4aa689a212822460]::runtime::scheduler::current_thread::CoreGuard>::block_on::<core[df12db4294e9bfd3]::pin::Pin<&mut sqlx_core[6666f72bd5d9944a]::testing::run_test<sqlx_postgres[f2420b0825730418]::database::Postgres, sqlx_core[6666f72bd5d9944a]::testing::run_test_with_pool<sqlx_postgres[f2420b0825730418]::database::Postgres, fn(sqlx_core[6666f72bd5d9944a]::pool::Pool<sqlx_postgres[f2420b0825730418]::database::Postgres>) -> paidy_assignment[4f258e8bad5bc937]::tests::test_get_order::test_get_order::{closure#0}, paidy_assignment[4f258e8bad5bc937]::tests::test_get_order::test_get_order::{closure#0}>::{closure#0}, sqlx_core[6666f72bd5d9944a]::testing::run_test_with_pool<sqlx_postgres[f2420b0825730418]::database::Postgres, fn(sqlx_core[6666f72bd5d9944a]::pool::Pool<sqlx_postgres[f2420b0825730418]::database::Postgres>) -> paidy_assignment[4f258e8bad5bc937]::tests::test_get_order::test_get_order::{closure#0}, paidy_assignment[4f258e8bad5bc937]::tests::test_get_order::test_get_order::{closure#0}>::{closure#0}::{closure#0}>::{closure#0}>>
[INFO] [stdout]   17:     0x593969f8d660 - tokio[4aa689a212822460]::runtime::context::runtime::enter_runtime::<<tokio[4aa689a212822460]::runtime::scheduler::current_thread::CurrentThread>::block_on<sqlx_core[6666f72bd5d9944a]::testing::run_test<sqlx_postgres[f2420b0825730418]::database::Postgres, sqlx_core[6666f72bd5d9944a]::testing::run_test_with_pool<sqlx_postgres[f2420b0825730418]::database::Postgres, fn(sqlx_core[6666f72bd5d9944a]::pool::Pool<sqlx_postgres[f2420b0825730418]::database::Postgres>) -> paidy_assignment[4f258e8bad5bc937]::tests::test_get_order::test_get_order::{closure#0}, paidy_assignment[4f258e8bad5bc937]::tests::test_get_order::test_get_order::{closure#0}>::{closure#0}, sqlx_core[6666f72bd5d9944a]::testing::run_test_with_pool<sqlx_postgres[f2420b0825730418]::database::Postgres, fn(sqlx_core[6666f72bd5d9944a]::pool::Pool<sqlx_postgres[f2420b0825730418]::database::Postgres>) -> paidy_assignment[4f258e8bad5bc937]::tests::test_get_order::test_get_order::{closure#0}, paidy_assignment[4f258e8bad5bc937]::tests::test_get_order::test_get_order::{closure#0}>::{closure#0}::{closure#0}>::{closure#0}>::{closure#0}, ()>
[INFO] [stdout]   18:     0x593969fcf7fb - <tokio[4aa689a212822460]::runtime::runtime::Runtime>::block_on_inner::<sqlx_core[6666f72bd5d9944a]::testing::run_test<sqlx_postgres[f2420b0825730418]::database::Postgres, sqlx_core[6666f72bd5d9944a]::testing::run_test_with_pool<sqlx_postgres[f2420b0825730418]::database::Postgres, fn(sqlx_core[6666f72bd5d9944a]::pool::Pool<sqlx_postgres[f2420b0825730418]::database::Postgres>) -> paidy_assignment[4f258e8bad5bc937]::tests::test_get_order::test_get_order::{closure#0}, paidy_assignment[4f258e8bad5bc937]::tests::test_get_order::test_get_order::{closure#0}>::{closure#0}, sqlx_core[6666f72bd5d9944a]::testing::run_test_with_pool<sqlx_postgres[f2420b0825730418]::database::Postgres, fn(sqlx_core[6666f72bd5d9944a]::pool::Pool<sqlx_postgres[f2420b0825730418]::database::Postgres>) -> paidy_assignment[4f258e8bad5bc937]::tests::test_get_order::test_get_order::{closure#0}, paidy_assignment[4f258e8bad5bc937]::tests::test_get_order::test_get_order::{closure#0}>::{closure#0}::{closure#0}>::{closure#0}>
[INFO] [stdout]   19:     0x593969f59662 - sqlx_core[6666f72bd5d9944a]::rt::test_block_on::<sqlx_core[6666f72bd5d9944a]::testing::run_test<sqlx_postgres[f2420b0825730418]::database::Postgres, sqlx_core[6666f72bd5d9944a]::testing::run_test_with_pool<sqlx_postgres[f2420b0825730418]::database::Postgres, fn(sqlx_core[6666f72bd5d9944a]::pool::Pool<sqlx_postgres[f2420b0825730418]::database::Postgres>) -> paidy_assignment[4f258e8bad5bc937]::tests::test_get_order::test_get_order::{closure#0}, paidy_assignment[4f258e8bad5bc937]::tests::test_get_order::test_get_order::{closure#0}>::{closure#0}, sqlx_core[6666f72bd5d9944a]::testing::run_test_with_pool<sqlx_postgres[f2420b0825730418]::database::Postgres, fn(sqlx_core[6666f72bd5d9944a]::pool::Pool<sqlx_postgres[f2420b0825730418]::database::Postgres>) -> paidy_assignment[4f258e8bad5bc937]::tests::test_get_order::test_get_order::{closure#0}, paidy_assignment[4f258e8bad5bc937]::tests::test_get_order::test_get_order::{closure#0}>::{closure#0}::{closure#0}>::{closure#0}>
[INFO] [stdout]   20:     0x593969fb7b2f - <paidy_assignment[4f258e8bad5bc937]::tests::test_get_order::{closure#0} as core[df12db4294e9bfd3]::ops::function::FnOnce<()>>::call_once
[INFO] [stdout]   21:     0x593969fda90b - test[9d35eded1c95d3be]::__rust_begin_short_backtrace::<core[df12db4294e9bfd3]::result::Result<(), alloc[2182bb758b4b3781]::string::String>, fn() -> core[df12db4294e9bfd3]::result::Result<(), alloc[2182bb758b4b3781]::string::String>>
[INFO] [stdout]   22:     0x593969fe7f75 - test[9d35eded1c95d3be]::run_test::{closure#0}
[INFO] [stdout]   23:     0x593969fe1834 - std[70759c8f55707aa4]::sys::backtrace::__rust_begin_short_backtrace::<test[9d35eded1c95d3be]::run_test::{closure#1}, ()>
[INFO] [stdout]   24:     0x593969feb0d2 - <std[70759c8f55707aa4]::thread::lifecycle::spawn_unchecked<test[9d35eded1c95d3be]::run_test::{closure#1}, ()>::{closure#1} as core[df12db4294e9bfd3]::ops::function::FnOnce<()>>::call_once::{shim:vtable#0}
[INFO] [stdout]   25:     0x59396a20d899 - <std[70759c8f55707aa4]::sys::thread::unix::Thread>::new::thread_start
[INFO] [stdout]   26:     0x7f4b2031cdfa - <unknown>
[INFO] [stdout]   27:     0x7f4b203b03d4 - clone
[INFO] [stdout]   28:                0x0 - <unknown>
[INFO] [stdout] 
[INFO] [stdout] 
[INFO] [stdout] failures:
[INFO] [stdout]     tests::test_add_orders_to_table
[INFO] [stdout]     tests::test_create_empty_tables
[INFO] [stdout]     tests::test_create_multiple_tables
[INFO] [stdout]     tests::test_create_multiple_tables_with_empty_items
[INFO] [stdout]     tests::test_create_tables
[INFO] [stdout]     tests::test_create_tables_empty_body
[INFO] [stdout]     tests::test_create_tables_wrong_type
[INFO] [stdout]     tests::test_delete_non_existing_order
[INFO] [stdout]     tests::test_delete_non_existing_table
[INFO] [stdout]     tests::test_delete_order
[INFO] [stdout]     tests::test_delete_table
[INFO] [stdout]     tests::test_get_non_existant_order
[INFO] [stdout]     tests::test_get_order
[INFO] [stdout]     tests::test_get_tables
[INFO] [stdout]     tests::test_list_tables
[INFO] [stdout]     tests::test_root
[INFO] [stdout] 
[INFO] [stdout] test result: FAILED. 0 passed; 16 failed; 0 ignored; 0 measured; 0 filtered out; finished in 0.02s
[INFO] [stdout] 
[INFO] running `Command { std: "docker" "inspect" "6966a2741f0c84667b22e44412d7c0138ac73a0a8b0065a82279d5baf9c36b16", kill_on_drop: false }`
[INFO] running `Command { std: "docker" "rm" "-f" "6966a2741f0c84667b22e44412d7c0138ac73a0a8b0065a82279d5baf9c36b16", kill_on_drop: false }`
[INFO] [stdout] 6966a2741f0c84667b22e44412d7c0138ac73a0a8b0065a82279d5baf9c36b16
