[INFO] cloning repository https://github.com/trvswgnr/copyclip
[INFO] running `Command { std: "git" "-c" "credential.helper=" "-c" "credential.helper=/workspace/cargo-home/bin/git-credential-null" "clone" "--bare" "https://github.com/trvswgnr/copyclip" "/workspace/cache/git-repos/https%3A%2F%2Fgithub.com%2Ftrvswgnr%2Fcopyclip", kill_on_drop: false }`
[INFO] [stderr] Cloning into bare repository '/workspace/cache/git-repos/https%3A%2F%2Fgithub.com%2Ftrvswgnr%2Fcopyclip'...
[INFO] running `Command { std: "git" "rev-parse" "HEAD", kill_on_drop: false }`
[INFO] [stdout] 96568b1272cc0c8cb82fa3acb17d4dbb5e98e2f6
[INFO] testing trvswgnr/copyclip against 1.99.0-beta.8+cargoflags=--release for beta-release-1.100-3
[INFO] running `Command { std: "git" "clone" "/workspace/cache/git-repos/https%3A%2F%2Fgithub.com%2Ftrvswgnr%2Fcopyclip" "/workspace/builds/worker-3-tc1/source", kill_on_drop: false }`
[INFO] [stderr] Cloning into '/workspace/builds/worker-3-tc1/source'...
[INFO] [stderr] done.
[INFO] started tweaking git repo https://github.com/trvswgnr/copyclip
[INFO] finished tweaking git repo https://github.com/trvswgnr/copyclip
[INFO] tweaked toml for git repo https://github.com/trvswgnr/copyclip written to /workspace/builds/worker-3-tc1/source/Cargo.toml
[INFO] validating manifest of git repo https://github.com/trvswgnr/copyclip on toolchain 1.99.0-beta.8
[INFO] running `Command { std: CARGO_HOME="/workspace/cargo-home" RUSTUP_HOME="/workspace/rustup-home" "/workspace/cargo-home/bin/cargo" "+1.99.0-beta.8" "metadata" "--manifest-path" "Cargo.toml" "--no-deps", kill_on_drop: false }`
[INFO] crate git repo https://github.com/trvswgnr/copyclip already has a lockfile, it will not be regenerated
[INFO] running `Command { std: CARGO_HOME="/workspace/cargo-home" RUSTUP_HOME="/workspace/rustup-home" "/workspace/cargo-home/bin/cargo" "+1.99.0-beta.8" "fetch" "--manifest-path" "Cargo.toml", kill_on_drop: false }`
[INFO] [stderr]     Blocking waiting for file lock on package cache
[INFO] [stderr]     Updating crates.io index
[INFO] [stderr]     Blocking waiting for file lock on package cache
[INFO] [stderr]  Downloading crates ...
[INFO] [stderr]   Downloaded unicode-ident v1.0.5
[INFO] [stderr]   Downloaded serial_test v0.9.0
[INFO] [stderr]   Downloaded futures-io v0.3.25
[INFO] [stderr]   Downloaded futures-core v0.3.25
[INFO] [stderr]   Downloaded wayland-sys v0.29.5
[INFO] [stderr]   Downloaded serial_test_derive v0.9.0
[INFO] [stderr]   Downloaded quote v1.0.21
[INFO] [stderr]   Downloaded version_check v0.9.4
[INFO] [stderr]   Downloaded x11-clipboard v0.6.1
[INFO] [stderr]   Downloaded memoffset v0.6.5
[INFO] [stderr]   Downloaded bytecount v0.6.3
[INFO] [stderr]   Downloaded derive-new v0.5.9
[INFO] [stderr]   Downloaded str-buf v1.0.6
[INFO] [stderr]   Downloaded futures-channel v0.3.25
[INFO] [stderr]   Downloaded futures-task v0.3.25
[INFO] [stderr]   Downloaded fastrand v1.8.0
[INFO] [stderr]   Downloaded error-code v2.3.1
[INFO] [stderr]   Downloaded downcast-rs v1.2.0
[INFO] [stderr]   Downloaded tree_magic_mini v3.0.3
[INFO] [stderr]   Downloaded os_pipe v1.1.2
[INFO] [stderr]   Downloaded pkg-config v0.3.26
[INFO] [stderr]   Downloaded tempfile v3.3.0
[INFO] [stderr]   Downloaded objc_id v0.1.1
[INFO] [stderr]   Downloaded scopeguard v1.1.0
[INFO] [stderr]   Downloaded remove_dir_all v0.5.3
[INFO] [stderr]   Downloaded objc-foundation v0.1.1
[INFO] [stderr]   Downloaded clipboard-win v4.4.2
[INFO] [stderr]   Downloaded rustc_version v0.4.0
[INFO] [stderr]   Downloaded futures-sink v0.3.25
[INFO] [stderr]   Downloaded futures-executor v0.3.25
[INFO] [stderr]   Downloaded cli-clipboard v0.3.0
[INFO] [stderr]   Downloaded wl-clipboard-rs v0.6.0
[INFO] [stderr]   Downloaded wayland-scanner v0.29.5
[INFO] [stderr]   Downloaded wayland-commons v0.29.5
[INFO] [stderr]   Downloaded convert_case v0.4.0
[INFO] [stderr]   Downloaded syn v1.0.105
[INFO] [stderr]   Downloaded parking_lot_core v0.9.5
[INFO] [stderr]   Downloaded smallvec v1.10.0
[INFO] [stderr]   Downloaded slab v0.4.7
[INFO] [stderr]   Downloaded fixedbitset v0.4.2
[INFO] [stderr]   Downloaded lock_api v0.4.9
[INFO] [stderr]   Downloaded xml-rs v0.8.4
[INFO] [stderr]   Downloaded parking_lot v0.12.1
[INFO] [stderr]   Downloaded once_cell v1.16.0
[INFO] [stderr]   Downloaded minimal-lexical v0.2.1
[INFO] [stderr]   Downloaded semver v1.0.14
[INFO] [stderr]   Downloaded dashmap v5.4.0
[INFO] [stderr]   Downloaded wayland-client v0.29.5
[INFO] [stderr]   Downloaded indexmap v1.9.2
[INFO] [stderr]   Downloaded cc v1.0.77
[INFO] [stderr]   Downloaded derive_more v0.99.17
[INFO] [stderr]   Downloaded proc-macro2 v1.0.47
[INFO] [stderr]   Downloaded futures v0.3.25
[INFO] [stderr]   Downloaded nom v7.1.1
[INFO] [stderr]   Downloaded quick-xml v0.22.0
[INFO] [stderr]   Downloaded wayland-protocols v0.29.5
[INFO] [stderr]   Downloaded futures-util v0.3.25
[INFO] [stderr]   Downloaded petgraph v0.6.2
[INFO] [stderr]   Downloaded xcb v1.2.0
[INFO] [stderr]   Downloaded nix v0.24.3
[INFO] [stderr]   Downloaded nix v0.23.2
[INFO] [stderr]   Downloaded windows_aarch64_gnullvm v0.42.0
[INFO] [stderr]   Downloaded windows_x86_64_gnullvm v0.42.0
[INFO] [stderr]   Downloaded libc v0.2.138
[INFO] [stderr]   Downloaded windows_x86_64_msvc v0.42.0
[INFO] [stderr]   Downloaded windows_aarch64_msvc v0.42.0
[INFO] [stderr]   Downloaded windows_x86_64_gnu v0.42.0
[INFO] [stderr]   Downloaded windows_i686_msvc v0.42.0
[INFO] [stderr]   Downloaded windows_i686_gnu v0.42.0
[INFO] [stderr]   Downloaded windows-sys v0.42.0
[INFO] running `Command { std: "docker" "create" "-v" "/var/lib/crater-agent-workspace/builds/worker-3-tc1/source:/opt/rustwide/workdir:ro,Z" "-v" "/var/lib/crater-agent-workspace/builds/worker-3-tc1/target:/opt/rustwide/target:rw,Z" "-v" "/var/lib/crater-agent-workspace/cargo-home:/opt/rustwide/cargo-home:ro,Z" "-v" "/var/lib/crater-agent-workspace/rustup-home:/opt/rustwide/rustup-home:ro,Z" "-m" "1610612736" "--network" "none" "ghcr.io/rust-lang/crates-build-env/linux@sha256:77db811e55d90add9212f6832c23229e3de5f1c1f9905e8cb07319ea15df73ac" "sleep" "infinity", kill_on_drop: false }`
[INFO] [stdout] 0b6f1128d4c760dd93bb97075798a9f7b4b73913aa9fdebbf7bb397cfb9676fa
[INFO] running `Command { std: "docker" "start" "0b6f1128d4c760dd93bb97075798a9f7b4b73913aa9fdebbf7bb397cfb9676fa", kill_on_drop: false }`
[INFO] running `Command { std: "docker" "inspect" "0b6f1128d4c760dd93bb97075798a9f7b4b73913aa9fdebbf7bb397cfb9676fa", kill_on_drop: false }`
[INFO] running `Command { std: "docker" "exec" "-e" "SOURCE_DIR=/opt/rustwide/workdir" "-e" "CARGO_HOME=/opt/rustwide/cargo-home" "-e" "RUSTUP_HOME=/opt/rustwide/rustup-home" "-e" "CARGO_TARGET_DIR=/opt/rustwide/target" "-w" "/opt/rustwide/workdir" "--user" "0:0" "0b6f1128d4c760dd93bb97075798a9f7b4b73913aa9fdebbf7bb397cfb9676fa" "/opt/rustwide/cargo-home/bin/cargo" "+1.99.0-beta.8" "metadata" "--no-deps" "--format-version=1", kill_on_drop: false }`
[INFO] running `Command { std: "docker" "inspect" "0b6f1128d4c760dd93bb97075798a9f7b4b73913aa9fdebbf7bb397cfb9676fa", kill_on_drop: false }`
[INFO] running `Command { std: "docker" "exec" "-e" "SOURCE_DIR=/opt/rustwide/workdir" "-e" "CARGO_HOME=/opt/rustwide/cargo-home" "-e" "RUSTUP_HOME=/opt/rustwide/rustup-home" "-e" "CARGO_TARGET_DIR=/opt/rustwide/target" "-e" "CARGO_INCREMENTAL=0" "-e" "RUST_BACKTRACE=full" "-e" "RUSTFLAGS=--cap-lints=warn" "-e" "RUSTDOCFLAGS=--cap-lints=warn" "-w" "/opt/rustwide/workdir" "--user" "0:0" "0b6f1128d4c760dd93bb97075798a9f7b4b73913aa9fdebbf7bb397cfb9676fa" "/opt/rustwide/cargo-home/bin/cargo" "+1.99.0-beta.8" "build" "--frozen" "--message-format=json" "--release", kill_on_drop: false }`
[INFO] [stderr]    Compiling proc-macro2 v1.0.47
[INFO] [stderr]    Compiling autocfg v1.1.0
[INFO] [stderr]    Compiling unicode-ident v1.0.5
[INFO] [stderr]    Compiling quote v1.0.21
[INFO] [stderr]    Compiling libc v0.2.138
[INFO] [stderr]    Compiling cfg-if v1.0.0
[INFO] [stderr]    Compiling xml-rs v0.8.4
[INFO] [stderr]    Compiling bitflags v1.3.2
[INFO] [stderr]    Compiling pkg-config v0.3.26
[INFO] [stderr]    Compiling memchr v2.5.0
[INFO] [stderr]    Compiling once_cell v1.16.0
[INFO] [stderr]    Compiling syn v1.0.105
[INFO] [stderr]    Compiling hashbrown v0.12.3
[INFO] [stderr]    Compiling memoffset v0.6.5
[INFO] [stderr]    Compiling indexmap v1.9.2
[INFO] [stderr]    Compiling smallvec v1.10.0
[INFO] [stderr]    Compiling wayland-sys v0.29.5
[INFO] [stderr]    Compiling quick-xml v0.22.0
[INFO] [stderr]    Compiling log v0.4.17
[INFO] [stderr]    Compiling minimal-lexical v0.2.1
[INFO] [stderr]    Compiling downcast-rs v1.2.0
[INFO] [stderr]    Compiling wayland-scanner v0.29.5
[INFO] [stderr]    Compiling fixedbitset v0.4.2
[INFO] [stderr]    Compiling xcb v1.2.0
[INFO] [stderr]    Compiling nom v7.1.1
[INFO] [stderr]    Compiling convert_case v0.4.0
[INFO] [stderr]    Compiling nix v0.24.3
[INFO] [stderr]    Compiling petgraph v0.6.2
[INFO] [stderr]    Compiling lazy_static v1.4.0
[INFO] [stderr]    Compiling fnv v1.0.7
[INFO] [stderr]    Compiling bytecount v0.6.3
[INFO] [stderr]    Compiling remove_dir_all v0.5.3
[INFO] [stderr]    Compiling fastrand v1.8.0
[INFO] [stderr]    Compiling os_pipe v1.1.2
[INFO] [stderr]    Compiling nix v0.23.2
[INFO] [stderr]    Compiling tempfile v3.3.0
[INFO] [stderr]    Compiling wayland-client v0.29.5
[INFO] [stderr]    Compiling wayland-protocols v0.29.5
[INFO] [stderr]    Compiling wayland-commons v0.29.5
[INFO] [stderr]    Compiling tree_magic_mini v3.0.3
[INFO] [stderr]    Compiling derive-new v0.5.9
[INFO] [stderr]    Compiling derive_more v0.99.17
[INFO] [stderr]    Compiling x11-clipboard v0.6.1
[INFO] [stderr]    Compiling wl-clipboard-rs v0.6.0
[INFO] [stderr]    Compiling cli-clipboard v0.3.0
[INFO] [stderr]    Compiling copyclip v0.1.0 (/opt/rustwide/workdir)
[INFO] [stderr]     Finished `release` profile [optimized] target(s) in 1m 28s
[INFO] [stderr] warning: the following packages contain code that will be rejected by a future version of Rust: quick-xml v0.22.0, wl-clipboard-rs v0.6.0
[INFO] [stderr] note: to see what the problems were, use the option `--future-incompat-report`, or run `cargo report future-incompatibilities --id 1`
[INFO] running `Command { std: "docker" "inspect" "0b6f1128d4c760dd93bb97075798a9f7b4b73913aa9fdebbf7bb397cfb9676fa", kill_on_drop: false }`
[INFO] running `Command { std: "docker" "exec" "-e" "SOURCE_DIR=/opt/rustwide/workdir" "-e" "CARGO_HOME=/opt/rustwide/cargo-home" "-e" "RUSTUP_HOME=/opt/rustwide/rustup-home" "-e" "CARGO_TARGET_DIR=/opt/rustwide/target" "-e" "CARGO_INCREMENTAL=0" "-e" "RUST_BACKTRACE=full" "-e" "RUSTFLAGS=--cap-lints=warn" "-e" "RUSTDOCFLAGS=--cap-lints=warn" "-w" "/opt/rustwide/workdir" "--user" "0:0" "0b6f1128d4c760dd93bb97075798a9f7b4b73913aa9fdebbf7bb397cfb9676fa" "/opt/rustwide/cargo-home/bin/cargo" "+1.99.0-beta.8" "test" "--frozen" "--no-run" "--message-format=json" "--release", kill_on_drop: false }`
[INFO] [stderr]    Compiling memchr v2.5.0
[INFO] [stderr]    Compiling syn v1.0.105
[INFO] [stderr]    Compiling version_check v0.9.4
[INFO] [stderr]    Compiling futures-core v0.3.25
[INFO] [stderr]    Compiling slab v0.4.7
[INFO] [stderr]    Compiling futures-channel v0.3.25
[INFO] [stderr]    Compiling futures-task v0.3.25
[INFO] [stderr]    Compiling lock_api v0.4.9
[INFO] [stderr]    Compiling futures-util v0.3.25
[INFO] [stderr]    Compiling futures-sink v0.3.25
[INFO] [stderr]    Compiling parking_lot_core v0.9.5
[INFO] [stderr]    Compiling futures-io v0.3.25
[INFO] [stderr]    Compiling proc-macro-error-attr v1.0.4
[INFO] [stderr]    Compiling proc-macro-error v1.0.4
[INFO] [stderr]    Compiling scopeguard v1.1.0
[INFO] [stderr]    Compiling pin-utils v0.1.0
[INFO] [stderr]    Compiling pin-project-lite v0.2.9
[INFO] [stderr]    Compiling nom v7.1.1
[INFO] [stderr]    Compiling dashmap v5.4.0
[INFO] [stderr]    Compiling parking_lot v0.12.1
[INFO] [stderr]    Compiling tree_magic_mini v3.0.3
[INFO] [stderr]    Compiling futures-executor v0.3.25
[INFO] [stderr]    Compiling derive-new v0.5.9
[INFO] [stderr]    Compiling derive_more v0.99.17
[INFO] [stderr]    Compiling serial_test_derive v0.9.0
[INFO] [stderr]    Compiling futures v0.3.25
[INFO] [stderr]    Compiling serial_test v0.9.0
[INFO] [stderr]    Compiling wl-clipboard-rs v0.6.0
[INFO] [stderr]    Compiling cli-clipboard v0.3.0
[INFO] [stderr]    Compiling copyclip v0.1.0 (/opt/rustwide/workdir)
[INFO] [stdout] warning: trait `WaitTimeout` is never used
[INFO] [stdout]   --> src/main.rs:54:11
[INFO] [stdout]    |
[INFO] [stdout] 54 |     trait WaitTimeout {
[INFO] [stdout]    |           ^^^^^^^^^^^
[INFO] [stdout]    |
[INFO] [stdout]    = note: `#[warn(dead_code)]` (part of `#[warn(unused)]`) on by default
[INFO] [stdout] 
[INFO] [stdout] 
[INFO] [stderr]     Finished `release` profile [optimized] target(s) in 31.58s
[INFO] [stderr] warning: the following packages contain code that will be rejected by a future version of Rust: quick-xml v0.22.0, wl-clipboard-rs v0.6.0
[INFO] [stderr] note: to see what the problems were, use the option `--future-incompat-report`, or run `cargo report future-incompatibilities --id 1`
[INFO] running `Command { std: "docker" "inspect" "0b6f1128d4c760dd93bb97075798a9f7b4b73913aa9fdebbf7bb397cfb9676fa", kill_on_drop: false }`
[INFO] running `Command { std: "docker" "exec" "-e" "SOURCE_DIR=/opt/rustwide/workdir" "-e" "CARGO_HOME=/opt/rustwide/cargo-home" "-e" "RUSTUP_HOME=/opt/rustwide/rustup-home" "-e" "CARGO_TARGET_DIR=/opt/rustwide/target" "-e" "CARGO_INCREMENTAL=0" "-e" "RUST_BACKTRACE=full" "-e" "RUSTFLAGS=--cap-lints=warn" "-e" "RUSTDOCFLAGS=--cap-lints=warn" "-w" "/opt/rustwide/workdir" "--user" "0:0" "0b6f1128d4c760dd93bb97075798a9f7b4b73913aa9fdebbf7bb397cfb9676fa" "/opt/rustwide/cargo-home/bin/cargo" "+1.99.0-beta.8" "test" "--frozen" "--release", kill_on_drop: false }`
[INFO] [stderr] warning: trait `WaitTimeout` is never used
[INFO] [stderr]   --> src/main.rs:54:11
[INFO] [stderr]    |
[INFO] [stderr] 54 |     trait WaitTimeout {
[INFO] [stderr]    |           ^^^^^^^^^^^
[INFO] [stderr]    |
[INFO] [stderr]    = note: `#[warn(dead_code)]` (part of `#[warn(unused)]`) on by default
[INFO] [stderr] 
[INFO] [stderr] warning: `copyclip` (bin "copyclip" test) generated 1 warning
[INFO] [stderr]     Finished `release` profile [optimized] target(s) in 0.13s
[INFO] [stderr] warning: the following packages contain code that will be rejected by a future version of Rust: quick-xml v0.22.0, wl-clipboard-rs v0.6.0
[INFO] [stderr] note: to see what the problems were, use the option `--future-incompat-report`, or run `cargo report future-incompatibilities --id 1`
[INFO] [stderr]      Running unittests src/main.rs (/opt/rustwide/target/release/deps/copyclip-937e7fa6b7177ab6)
[INFO] [stdout] 
[INFO] [stdout] running 5 tests
[INFO] [stdout] test tests::test_clipboard_empty ... FAILED
[INFO] [stdout] test tests::test_stdin_read ... FAILED
[INFO] [stdout] test tests::test_fails_on_invalid_input ... FAILED
[INFO] [stdout] test tests::test_clipboard_set_contents ... FAILED
[INFO] [stdout] test tests::test_clipboard_context_creation ... FAILED
[INFO] [stdout] 
[INFO] [stdout] failures:
[INFO] [stdout] 
[INFO] [stdout] ---- tests::test_clipboard_empty stdout ----
[INFO] [stdout] 
[INFO] [stdout] thread 'tests::test_clipboard_empty' (8000) panicked at src/main.rs:161:13:
[INFO] [stdout] assertion `left == right` failed
[INFO] [stdout]   left: "XCB connection error: ClosedParseErr"
[INFO] [stdout]  right: "Clipboard is empty."
[INFO] [stdout] stack backtrace:
[INFO] [stdout]    0:     0x641c509d9fd1 - <<std[70759c8f55707aa4]::sys::backtrace::BacktraceLock>::print::DisplayBacktrace as core[df12db4294e9bfd3]::fmt::Display>::fmt
[INFO] [stdout]    1:     0x641c509ef3ca - core[df12db4294e9bfd3]::fmt::write
[INFO] [stdout]    2:     0x641c509de88c - <alloc[2182bb758b4b3781]::vec::Vec<u8> as core[df12db4294e9bfd3]::io::write::Write>::write_fmt
[INFO] [stdout]    3:     0x641c509b4676 - std[70759c8f55707aa4]::panicking::default_hook::{closure#0}
[INFO] [stdout]    4:     0x641c509d18b9 - std[70759c8f55707aa4]::panicking::default_hook
[INFO] [stdout]    5:     0x641c508fb3f0 - test[9d35eded1c95d3be]::test_main_inner::<test[9d35eded1c95d3be]::test_main_static::{closure#0}>::{closure#0}
[INFO] [stdout]    6:     0x641c509d1a72 - std[70759c8f55707aa4]::panicking::panic_with_hook
[INFO] [stdout]    7:     0x641c509b4722 - std[70759c8f55707aa4]::panicking::panic_handler::{closure#0}
[INFO] [stdout]    8:     0x641c509ad359 - std[70759c8f55707aa4]::sys::backtrace::__rust_end_short_backtrace::<std[70759c8f55707aa4]::panicking::panic_handler::{closure#0}, !>
[INFO] [stdout]    9:     0x641c509b549d - __rustc[8fa7c3cbc660c2b3]::rust_begin_unwind
[INFO] [stdout]   10:     0x641c509efb2c - core[df12db4294e9bfd3]::panicking::panic_fmt
[INFO] [stdout]   11:     0x641c509efa43 - core[df12db4294e9bfd3]::panicking::assert_failed_inner
[INFO] [stdout]   12:     0x641c508eb3de - core[df12db4294e9bfd3]::panicking::assert_failed::<alloc[2182bb758b4b3781]::string::String, &str>
[INFO] [stdout]   13:     0x641c508edf42 - <copyclip[acd17e8450a9afb6]::tests::test_clipboard_empty::{closure#0} as core[df12db4294e9bfd3]::ops::function::FnOnce<()>>::call_once
[INFO] [stdout]   14:     0x641c508eadfe - serial_test[68acee37ac6a586d]::serial_code_lock::local_serial_core_with_return::<alloc[2182bb758b4b3781]::boxed::Box<dyn core[df12db4294e9bfd3]::error::Error>>
[INFO] [stdout]   15:     0x641c508ec3fd - <copyclip[acd17e8450a9afb6]::tests::test_clipboard_empty::{closure#0} as core[df12db4294e9bfd3]::ops::function::FnOnce<()>>::call_once
[INFO] [stdout]   16:     0x641c508ee6db - test[9d35eded1c95d3be]::__rust_begin_short_backtrace::<core[df12db4294e9bfd3]::result::Result<(), alloc[2182bb758b4b3781]::string::String>, fn() -> core[df12db4294e9bfd3]::result::Result<(), alloc[2182bb758b4b3781]::string::String>>
[INFO] [stdout]   17:     0x641c508fbd45 - test[9d35eded1c95d3be]::run_test::{closure#0}
[INFO] [stdout]   18:     0x641c508f5604 - std[70759c8f55707aa4]::sys::backtrace::__rust_begin_short_backtrace::<test[9d35eded1c95d3be]::run_test::{closure#1}, ()>
[INFO] [stdout]   19:     0x641c508feea2 - <std[70759c8f55707aa4]::thread::lifecycle::spawn_unchecked<test[9d35eded1c95d3be]::run_test::{closure#1}, ()>::{closure#1} as core[df12db4294e9bfd3]::ops::function::FnOnce<()>>::call_once::{shim:vtable#0}
[INFO] [stdout]   20:     0x641c509d9879 - <std[70759c8f55707aa4]::sys::thread::unix::Thread>::new::thread_start
[INFO] [stdout]   21:     0x7df9e4234dfa - <unknown>
[INFO] [stdout]   22:     0x7df9e42c83d4 - clone
[INFO] [stdout]   23:                0x0 - <unknown>
[INFO] [stdout] 
[INFO] [stdout] ---- tests::test_stdin_read stdout ----
[INFO] [stdout] 
[INFO] [stdout] thread 'tests::test_stdin_read' (8003) panicked at src/main.rs:103:9:
[INFO] [stdout] assertion failed: result.is_ok()
[INFO] [stdout] stack backtrace:
[INFO] [stdout]    0:     0x641c509d9fd1 - <<std[70759c8f55707aa4]::sys::backtrace::BacktraceLock>::print::DisplayBacktrace as core[df12db4294e9bfd3]::fmt::Display>::fmt
[INFO] [stdout]    1:     0x641c509ef3ca - core[df12db4294e9bfd3]::fmt::write
[INFO] [stdout]    2:     0x641c509de88c - <alloc[2182bb758b4b3781]::vec::Vec<u8> as core[df12db4294e9bfd3]::io::write::Write>::write_fmt
[INFO] [stdout]    3:     0x641c509b4676 - std[70759c8f55707aa4]::panicking::default_hook::{closure#0}
[INFO] [stdout]    4:     0x641c509d18b9 - std[70759c8f55707aa4]::panicking::default_hook
[INFO] [stdout]    5:     0x641c508fb3f0 - test[9d35eded1c95d3be]::test_main_inner::<test[9d35eded1c95d3be]::test_main_static::{closure#0}>::{closure#0}
[INFO] [stdout]    6:     0x641c509d1a72 - std[70759c8f55707aa4]::panicking::panic_with_hook
[INFO] [stdout]    7:     0x641c509b4754 - std[70759c8f55707aa4]::panicking::panic_handler::{closure#0}
[INFO] [stdout]    8:     0x641c509ad359 - std[70759c8f55707aa4]::sys::backtrace::__rust_end_short_backtrace::<std[70759c8f55707aa4]::panicking::panic_handler::{closure#0}, !>
[INFO] [stdout]    9:     0x641c509b549d - __rustc[8fa7c3cbc660c2b3]::rust_begin_unwind
[INFO] [stdout]   10:     0x641c509efb2c - core[df12db4294e9bfd3]::panicking::panic_fmt
[INFO] [stdout]   11:     0x641c509efaf2 - core[df12db4294e9bfd3]::panicking::panic
[INFO] [stdout]   12:     0x641c508edd6b - <copyclip[acd17e8450a9afb6]::tests::test_stdin_read::{closure#0} as core[df12db4294e9bfd3]::ops::function::FnOnce<()>>::call_once
[INFO] [stdout]   13:     0x641c508eadfe - serial_test[68acee37ac6a586d]::serial_code_lock::local_serial_core_with_return::<alloc[2182bb758b4b3781]::boxed::Box<dyn core[df12db4294e9bfd3]::error::Error>>
[INFO] [stdout]   14:     0x641c508ec38d - <copyclip[acd17e8450a9afb6]::tests::test_stdin_read::{closure#0} as core[df12db4294e9bfd3]::ops::function::FnOnce<()>>::call_once
[INFO] [stdout]   15:     0x641c508ee6db - test[9d35eded1c95d3be]::__rust_begin_short_backtrace::<core[df12db4294e9bfd3]::result::Result<(), alloc[2182bb758b4b3781]::string::String>, fn() -> core[df12db4294e9bfd3]::result::Result<(), alloc[2182bb758b4b3781]::string::String>>
[INFO] [stdout]   16:     0x641c508fbd45 - test[9d35eded1c95d3be]::run_test::{closure#0}
[INFO] [stdout]   17:     0x641c508f5604 - std[70759c8f55707aa4]::sys::backtrace::__rust_begin_short_backtrace::<test[9d35eded1c95d3be]::run_test::{closure#1}, ()>
[INFO] [stdout]   18:     0x641c508feea2 - <std[70759c8f55707aa4]::thread::lifecycle::spawn_unchecked<test[9d35eded1c95d3be]::run_test::{closure#1}, ()>::{closure#1} as core[df12db4294e9bfd3]::ops::function::FnOnce<()>>::call_once::{shim:vtable#0}
[INFO] [stdout]   19:     0x641c509d9879 - <std[70759c8f55707aa4]::sys::thread::unix::Thread>::new::thread_start
[INFO] [stdout]   20:     0x7df9e4234dfa - <unknown>
[INFO] [stdout]   21:     0x7df9e42c83d4 - clone
[INFO] [stdout]   22:                0x0 - <unknown>
[INFO] [stdout] 
[INFO] [stdout] ---- tests::test_fails_on_invalid_input stdout ----
[INFO] [stdout] Error: XcbConn(ClosedParseErr)
[INFO] [stdout] 
[INFO] [stdout] ---- tests::test_clipboard_set_contents stdout ----
[INFO] [stdout] 
[INFO] [stdout] thread 'tests::test_clipboard_set_contents' (8001) panicked at src/main.rs:134:9:
[INFO] [stdout] assertion failed: result.is_ok()
[INFO] [stdout] stack backtrace:
[INFO] [stdout]    0:     0x641c509d9fd1 - <<std[70759c8f55707aa4]::sys::backtrace::BacktraceLock>::print::DisplayBacktrace as core[df12db4294e9bfd3]::fmt::Display>::fmt
[INFO] [stdout]    1:     0x641c509ef3ca - core[df12db4294e9bfd3]::fmt::write
[INFO] [stdout]    2:     0x641c509de88c - <alloc[2182bb758b4b3781]::vec::Vec<u8> as core[df12db4294e9bfd3]::io::write::Write>::write_fmt
[INFO] [stdout]    3:     0x641c509b4676 - std[70759c8f55707aa4]::panicking::default_hook::{closure#0}
[INFO] [stdout]    4:     0x641c509d18b9 - std[70759c8f55707aa4]::panicking::default_hook
[INFO] [stdout]    5:     0x641c508fb3f0 - test[9d35eded1c95d3be]::test_main_inner::<test[9d35eded1c95d3be]::test_main_static::{closure#0}>::{closure#0}
[INFO] [stdout]    6:     0x641c509d1a72 - std[70759c8f55707aa4]::panicking::panic_with_hook
[INFO] [stdout]    7:     0x641c509b4754 - std[70759c8f55707aa4]::panicking::panic_handler::{closure#0}
[INFO] [stdout]    8:     0x641c509ad359 - std[70759c8f55707aa4]::sys::backtrace::__rust_end_short_backtrace::<std[70759c8f55707aa4]::panicking::panic_handler::{closure#0}, !>
[INFO] [stdout]    9:     0x641c509b549d - __rustc[8fa7c3cbc660c2b3]::rust_begin_unwind
[INFO] [stdout]   10:     0x641c509efb2c - core[df12db4294e9bfd3]::panicking::panic_fmt
[INFO] [stdout]   11:     0x641c509efaf2 - core[df12db4294e9bfd3]::panicking::panic
[INFO] [stdout]   12:     0x641c508ee26b - <copyclip[acd17e8450a9afb6]::tests::test_clipboard_set_contents::{closure#0} as core[df12db4294e9bfd3]::ops::function::FnOnce<()>>::call_once
[INFO] [stdout]   13:     0x641c508eadfe - serial_test[68acee37ac6a586d]::serial_code_lock::local_serial_core_with_return::<alloc[2182bb758b4b3781]::boxed::Box<dyn core[df12db4294e9bfd3]::error::Error>>
[INFO] [stdout]   14:     0x641c508ec46d - <copyclip[acd17e8450a9afb6]::tests::test_clipboard_set_contents::{closure#0} as core[df12db4294e9bfd3]::ops::function::FnOnce<()>>::call_once
[INFO] [stdout]   15:     0x641c508ee6db - test[9d35eded1c95d3be]::__rust_begin_short_backtrace::<core[df12db4294e9bfd3]::result::Result<(), alloc[2182bb758b4b3781]::string::String>, fn() -> core[df12db4294e9bfd3]::result::Result<(), alloc[2182bb758b4b3781]::string::String>>
[INFO] [stdout]   16:     0x641c508fbd45 - test[9d35eded1c95d3be]::run_test::{closure#0}
[INFO] [stdout]   17:     0x641c508f5604 - std[70759c8f55707aa4]::sys::backtrace::__rust_begin_short_backtrace::<test[9d35eded1c95d3be]::run_test::{closure#1}, ()>
[INFO] [stdout]   18:     0x641c508feea2 - <std[70759c8f55707aa4]::thread::lifecycle::spawn_unchecked<test[9d35eded1c95d3be]::run_test::{closure#1}, ()>::{closure#1} as core[df12db4294e9bfd3]::ops::function::FnOnce<()>>::call_once::{shim:vtable#0}
[INFO] [stdout]   19:     0x641c509d9879 - <std[70759c8f55707aa4]::sys::thread::unix::Thread>::new::thread_start
[INFO] [stdout]   20:     0x7df9e4234dfa - <unknown>
[INFO] [stdout]   21:     0x7df9e42c83d4 - clone
[INFO] [stdout]   22:                0x0 - <unknown>
[INFO] [stdout] 
[INFO] [stdout] ---- tests::test_clipboard_context_creation stdout ----
[INFO] [stdout] 
[INFO] [stdout] thread 'tests::test_clipboard_context_creation' (7999) panicked at src/main.rs:117:9:
[INFO] [stdout] assertion failed: result.is_ok()
[INFO] [stdout] stack backtrace:
[INFO] [stdout]    0:     0x641c509d9fd1 - <<std[70759c8f55707aa4]::sys::backtrace::BacktraceLock>::print::DisplayBacktrace as core[df12db4294e9bfd3]::fmt::Display>::fmt
[INFO] [stdout]    1:     0x641c509ef3ca - core[df12db4294e9bfd3]::fmt::write
[INFO] [stdout]    2:     0x641c509de88c - <alloc[2182bb758b4b3781]::vec::Vec<u8> as core[df12db4294e9bfd3]::io::write::Write>::write_fmt
[INFO] [stdout]    3:     0x641c509b4676 - std[70759c8f55707aa4]::panicking::default_hook::{closure#0}
[INFO] [stdout]    4:     0x641c509d18b9 - std[70759c8f55707aa4]::panicking::default_hook
[INFO] [stdout]    5:     0x641c508fb3f0 - test[9d35eded1c95d3be]::test_main_inner::<test[9d35eded1c95d3be]::test_main_static::{closure#0}>::{closure#0}
[INFO] [stdout]    6:     0x641c509d1a72 - std[70759c8f55707aa4]::panicking::panic_with_hook
[INFO] [stdout]    7:     0x641c509b4754 - std[70759c8f55707aa4]::panicking::panic_handler::{closure#0}
[INFO] [stdout]    8:     0x641c509ad359 - std[70759c8f55707aa4]::sys::backtrace::__rust_end_short_backtrace::<std[70759c8f55707aa4]::panicking::panic_handler::{closure#0}, !>
[INFO] [stdout]    9:     0x641c509b549d - __rustc[8fa7c3cbc660c2b3]::rust_begin_unwind
[INFO] [stdout]   10:     0x641c509efb2c - core[df12db4294e9bfd3]::panicking::panic_fmt
[INFO] [stdout]   11:     0x641c509efaf2 - core[df12db4294e9bfd3]::panicking::panic
[INFO] [stdout]   12:     0x641c508ee638 - <copyclip[acd17e8450a9afb6]::tests::test_clipboard_context_creation::{closure#0} as core[df12db4294e9bfd3]::ops::function::FnOnce<()>>::call_once
[INFO] [stdout]   13:     0x641c508eadfe - serial_test[68acee37ac6a586d]::serial_code_lock::local_serial_core_with_return::<alloc[2182bb758b4b3781]::boxed::Box<dyn core[df12db4294e9bfd3]::error::Error>>
[INFO] [stdout]   14:     0x641c508ec54d - <copyclip[acd17e8450a9afb6]::tests::test_clipboard_context_creation::{closure#0} as core[df12db4294e9bfd3]::ops::function::FnOnce<()>>::call_once
[INFO] [stdout]   15:     0x641c508ee6db - test[9d35eded1c95d3be]::__rust_begin_short_backtrace::<core[df12db4294e9bfd3]::result::Result<(), alloc[2182bb758b4b3781]::string::String>, fn() -> core[df12db4294e9bfd3]::result::Result<(), alloc[2182bb758b4b3781]::string::String>>
[INFO] [stdout]   16:     0x641c508fbd45 - test[9d35eded1c95d3be]::run_test::{closure#0}
[INFO] [stdout]   17:     0x641c508f5604 - std[70759c8f55707aa4]::sys::backtrace::__rust_begin_short_backtrace::<test[9d35eded1c95d3be]::run_test::{closure#1}, ()>
[INFO] [stdout]   18:     0x641c508feea2 - <std[70759c8f55707aa4]::thread::lifecycle::spawn_unchecked<test[9d35eded1c95d3be]::run_test::{closure#1}, ()>::{closure#1} as core[df12db4294e9bfd3]::ops::function::FnOnce<()>>::call_once::{shim:vtable#0}
[INFO] [stdout]   19:     0x641c509d9879 - <std[70759c8f55707aa4]::sys::thread::unix::Thread>::new::thread_start
[INFO] [stdout]   20:     0x7df9e4234dfa - <unknown>
[INFO] [stdout]   21:     0x7df9e42c83d4 - clone
[INFO] [stdout]   22:                0x0 - <unknown>
[INFO] [stdout] 
[INFO] [stdout] 
[INFO] [stdout] failures:
[INFO] [stdout]     tests::test_clipboard_context_creation
[INFO] [stdout]     tests::test_clipboard_empty
[INFO] [stdout]     tests::test_clipboard_set_contents
[INFO] [stdout]     tests::test_fails_on_invalid_input
[INFO] [stdout]     tests::test_stdin_read
[INFO] [stdout] 
[INFO] [stdout] test result: FAILED. 0 passed; 5 failed; 0 ignored; 0 measured; 0 filtered out; finished in 0.00s
[INFO] [stdout] 
[INFO] [stderr] error: test failed, to rerun pass `--bin copyclip`
[INFO] running `Command { std: "docker" "inspect" "0b6f1128d4c760dd93bb97075798a9f7b4b73913aa9fdebbf7bb397cfb9676fa", kill_on_drop: false }`
[INFO] running `Command { std: "docker" "rm" "-f" "0b6f1128d4c760dd93bb97075798a9f7b4b73913aa9fdebbf7bb397cfb9676fa", kill_on_drop: false }`
[INFO] [stdout] 0b6f1128d4c760dd93bb97075798a9f7b4b73913aa9fdebbf7bb397cfb9676fa
