[INFO] cloning repository https://github.com/tranzystorek-io/untangle
[INFO] running `Command { std: "git" "-c" "credential.helper=" "-c" "credential.helper=/workspace/cargo-home/bin/git-credential-null" "clone" "--bare" "https://github.com/tranzystorek-io/untangle" "/workspace/cache/git-repos/https%3A%2F%2Fgithub.com%2Ftranzystorek-io%2Funtangle", kill_on_drop: false }`
[INFO] [stderr] Cloning into bare repository '/workspace/cache/git-repos/https%3A%2F%2Fgithub.com%2Ftranzystorek-io%2Funtangle'...
[INFO] running `Command { std: "git" "rev-parse" "HEAD", kill_on_drop: false }`
[INFO] [stdout] 19bf9e0588f8db48b7e6e1dfea970d78a3fb9c4d
[INFO] testing tranzystorek-io/untangle against 1.100.0-beta.1+cargoflags=--release for beta-release-1.100-3
[INFO] running `Command { std: "git" "clone" "/workspace/cache/git-repos/https%3A%2F%2Fgithub.com%2Ftranzystorek-io%2Funtangle" "/workspace/builds/worker-1-tc2/source", kill_on_drop: false }`
[INFO] [stderr] Cloning into '/workspace/builds/worker-1-tc2/source'...
[INFO] [stderr] done.
[INFO] started tweaking git repo https://github.com/tranzystorek-io/untangle
[INFO] finished tweaking git repo https://github.com/tranzystorek-io/untangle
[INFO] tweaked toml for git repo https://github.com/tranzystorek-io/untangle written to /workspace/builds/worker-1-tc2/source/Cargo.toml
[INFO] validating manifest of git repo https://github.com/tranzystorek-io/untangle on toolchain 1.100.0-beta.1
[INFO] running `Command { std: CARGO_HOME="/workspace/cargo-home" RUSTUP_HOME="/workspace/rustup-home" "/workspace/cargo-home/bin/cargo" "+1.100.0-beta.1" "metadata" "--manifest-path" "Cargo.toml" "--no-deps", kill_on_drop: false }`
[INFO] crate git repo https://github.com/tranzystorek-io/untangle already has a lockfile, it will not be regenerated
[INFO] running `Command { std: CARGO_HOME="/workspace/cargo-home" RUSTUP_HOME="/workspace/rustup-home" "/workspace/cargo-home/bin/cargo" "+1.100.0-beta.1" "fetch" "--manifest-path" "Cargo.toml", kill_on_drop: false }`
[INFO] running `Command { std: "docker" "create" "-v" "/var/lib/crater-agent-workspace/builds/worker-1-tc2/source:/opt/rustwide/workdir:ro,Z" "-v" "/var/lib/crater-agent-workspace/builds/worker-1-tc2/target:/opt/rustwide/target:rw,Z" "-v" "/var/lib/crater-agent-workspace/cargo-home:/opt/rustwide/cargo-home:ro,Z" "-v" "/var/lib/crater-agent-workspace/rustup-home:/opt/rustwide/rustup-home:ro,Z" "-m" "1610612736" "--network" "none" "ghcr.io/rust-lang/crates-build-env/linux@sha256:77db811e55d90add9212f6832c23229e3de5f1c1f9905e8cb07319ea15df73ac" "sleep" "infinity", kill_on_drop: false }`
[INFO] [stdout] 5a2c5bbdb2b22a52a85538ee658a727b77c4f0a82afe609b60d1e8aea48a4938
[INFO] running `Command { std: "docker" "start" "5a2c5bbdb2b22a52a85538ee658a727b77c4f0a82afe609b60d1e8aea48a4938", kill_on_drop: false }`
[INFO] running `Command { std: "docker" "inspect" "5a2c5bbdb2b22a52a85538ee658a727b77c4f0a82afe609b60d1e8aea48a4938", kill_on_drop: false }`
[INFO] running `Command { std: "docker" "exec" "-e" "SOURCE_DIR=/opt/rustwide/workdir" "-e" "CARGO_HOME=/opt/rustwide/cargo-home" "-e" "RUSTUP_HOME=/opt/rustwide/rustup-home" "-e" "CARGO_TARGET_DIR=/opt/rustwide/target" "-w" "/opt/rustwide/workdir" "--user" "0:0" "5a2c5bbdb2b22a52a85538ee658a727b77c4f0a82afe609b60d1e8aea48a4938" "/opt/rustwide/cargo-home/bin/cargo" "+1.100.0-beta.1" "metadata" "--no-deps" "--format-version=1", kill_on_drop: false }`
[INFO] running `Command { std: "docker" "inspect" "5a2c5bbdb2b22a52a85538ee658a727b77c4f0a82afe609b60d1e8aea48a4938", kill_on_drop: false }`
[INFO] running `Command { std: "docker" "exec" "-e" "SOURCE_DIR=/opt/rustwide/workdir" "-e" "CARGO_HOME=/opt/rustwide/cargo-home" "-e" "RUSTUP_HOME=/opt/rustwide/rustup-home" "-e" "CARGO_TARGET_DIR=/opt/rustwide/target" "-e" "CARGO_INCREMENTAL=0" "-e" "RUST_BACKTRACE=full" "-e" "RUSTFLAGS=--cap-lints=warn" "-e" "RUSTDOCFLAGS=--cap-lints=warn" "-w" "/opt/rustwide/workdir" "--user" "0:0" "5a2c5bbdb2b22a52a85538ee658a727b77c4f0a82afe609b60d1e8aea48a4938" "/opt/rustwide/cargo-home/bin/cargo" "+1.100.0-beta.1" "build" "--frozen" "--message-format=json" "--release", kill_on_drop: false }`
[INFO] [stderr]    Compiling proc-macro2 v1.0.46
[INFO] [stderr]    Compiling unicode-ident v1.0.4
[INFO] [stderr]    Compiling syn v1.0.84
[INFO] [stderr]    Compiling unicode-xid v0.2.1
[INFO] [stderr]    Compiling autocfg v1.0.1
[INFO] [stderr]    Compiling version_check v0.9.2
[INFO] [stderr]    Compiling unicode-segmentation v1.7.1
[INFO] [stderr]    Compiling libc v0.2.81
[INFO] [stderr]    Compiling rawpointer v0.2.1
[INFO] [stderr]    Compiling bitflags v1.2.1
[INFO] [stderr]    Compiling matrixmultiply v0.3.2
[INFO] [stderr]    Compiling os_str_bytes v6.0.0
[INFO] [stderr]    Compiling either v1.6.1
[INFO] [stderr]    Compiling proc-macro-error-attr v1.0.4
[INFO] [stderr]    Compiling num-traits v0.2.14
[INFO] [stderr]    Compiling num-integer v0.1.44
[INFO] [stderr]    Compiling proc-macro-error v1.0.4
[INFO] [stderr]    Compiling heck v0.3.2
[INFO] [stderr]    Compiling anyhow v1.0.37
[INFO] [stderr]    Compiling heck v0.4.0
[INFO] [stderr]    Compiling clap_lex v0.3.0
[INFO] [stderr]    Compiling itertools v0.10.0
[INFO] [stderr]    Compiling quote v1.0.14
[INFO] [stderr]    Compiling atty v0.2.14
[INFO] [stderr]    Compiling once_cell v1.12.0
[INFO] [stderr]    Compiling strsim v0.10.0
[INFO] [stderr]    Compiling termcolor v1.1.2
[INFO] [stderr]    Compiling num-complex v0.4.0
[INFO] [stderr]    Compiling ndarray v0.15.4
[INFO] [stderr]    Compiling strum_macros v0.22.0
[INFO] [stderr]    Compiling thiserror-impl v1.0.23
[INFO] [stderr]    Compiling clap_derive v4.0.1
[INFO] [stderr]    Compiling thiserror v1.0.23
[INFO] [stderr]    Compiling strum v0.22.0
[INFO] [stderr]    Compiling clap v4.0.2
[INFO] [stderr]    Compiling untangle_solver v0.1.0 (/opt/rustwide/workdir/solver)
[INFO] [stdout] warning: hiding a lifetime that's elided elsewhere is confusing
[INFO] [stdout]   --> solver/src/grid.rs:22:19
[INFO] [stdout]    |
[INFO] [stdout] 22 |     pub fn ribbon(&self, index: usize) -> Ribbon {
[INFO] [stdout]    |                   ^^^^^                   ^^^^^^ the same lifetime is hidden here
[INFO] [stdout]    |                   |
[INFO] [stdout]    |                   the lifetime is elided here
[INFO] [stdout]    |
[INFO] [stdout]    = help: the same lifetime is referred to in inconsistent ways, making the signature confusing
[INFO] [stdout]    = note: `#[warn(mismatched_lifetime_syntaxes)]` on by default
[INFO] [stdout] help: use `'_` for type paths
[INFO] [stdout]    |
[INFO] [stdout] 22 |     pub fn ribbon(&self, index: usize) -> Ribbon<'_> {
[INFO] [stdout]    |                                                 ++++
[INFO] [stdout] 
[INFO] [stdout] 
[INFO] [stdout] warning: hiding a lifetime that's elided elsewhere is confusing
[INFO] [stdout]   --> solver/src/grid.rs:29:23
[INFO] [stdout]    |
[INFO] [stdout] 29 |     pub fn ribbon_mut(&mut self, index: usize) -> RibbonMut {
[INFO] [stdout]    |                       ^^^^^^^^^                   ^^^^^^^^^ the same lifetime is hidden here
[INFO] [stdout]    |                       |
[INFO] [stdout]    |                       the lifetime is elided here
[INFO] [stdout]    |
[INFO] [stdout]    = help: the same lifetime is referred to in inconsistent ways, making the signature confusing
[INFO] [stdout] help: use `'_` for type paths
[INFO] [stdout]    |
[INFO] [stdout] 29 |     pub fn ribbon_mut(&mut self, index: usize) -> RibbonMut<'_> {
[INFO] [stdout]    |                                                            ++++
[INFO] [stdout] 
[INFO] [stdout] 
[INFO] [stdout] warning: hiding a lifetime that's elided elsewhere is confusing
[INFO] [stdout]   --> solver/src/grid.rs:36:20
[INFO] [stdout]    |
[INFO] [stdout] 36 |     pub fn ribbons(&self) -> impl Iterator<Item = Ribbon> {
[INFO] [stdout]    |                    ^^^^^                          ^^^^^^ the same lifetime is hidden here
[INFO] [stdout]    |                    |
[INFO] [stdout]    |                    the lifetime is elided here
[INFO] [stdout]    |
[INFO] [stdout]    = help: the same lifetime is referred to in inconsistent ways, making the signature confusing
[INFO] [stdout] help: use `'_` for type paths
[INFO] [stdout]    |
[INFO] [stdout] 36 |     pub fn ribbons(&self) -> impl Iterator<Item = Ribbon<'_>> {
[INFO] [stdout]    |                                                         ++++
[INFO] [stdout] 
[INFO] [stdout] 
[INFO] [stderr]    Compiling untangle v0.1.0 (/opt/rustwide/workdir/cli)
[INFO] [stderr]     Finished `release` profile [optimized] target(s) in 38.78s
[INFO] running `Command { std: "docker" "inspect" "5a2c5bbdb2b22a52a85538ee658a727b77c4f0a82afe609b60d1e8aea48a4938", kill_on_drop: false }`
[INFO] running `Command { std: "docker" "exec" "-e" "SOURCE_DIR=/opt/rustwide/workdir" "-e" "CARGO_HOME=/opt/rustwide/cargo-home" "-e" "RUSTUP_HOME=/opt/rustwide/rustup-home" "-e" "CARGO_TARGET_DIR=/opt/rustwide/target" "-e" "CARGO_INCREMENTAL=0" "-e" "RUST_BACKTRACE=full" "-e" "RUSTFLAGS=--cap-lints=warn" "-e" "RUSTDOCFLAGS=--cap-lints=warn" "-w" "/opt/rustwide/workdir" "--user" "0:0" "5a2c5bbdb2b22a52a85538ee658a727b77c4f0a82afe609b60d1e8aea48a4938" "/opt/rustwide/cargo-home/bin/cargo" "+1.100.0-beta.1" "test" "--frozen" "--no-run" "--message-format=json" "--release", kill_on_drop: false }`
[INFO] [stderr]    Compiling doc-comment v0.3.3
[INFO] [stderr]    Compiling predicates-core v1.0.1
[INFO] [stderr]    Compiling difference v2.0.0
[INFO] [stderr]    Compiling treeline v0.1.0
[INFO] [stdout] warning: hiding a lifetime that's elided elsewhere is confusing
[INFO] [stdout]   --> solver/src/grid.rs:22:19
[INFO] [stdout]    |
[INFO] [stdout] 22 |     pub fn ribbon(&self, index: usize) -> Ribbon {
[INFO] [stdout]    |                   ^^^^^                   ^^^^^^ the same lifetime is hidden here
[INFO] [stdout]    |                   |
[INFO] [stdout]    |                   the lifetime is elided here
[INFO] [stdout]    |
[INFO] [stdout]    = help: the same lifetime is referred to in inconsistent ways, making the signature confusing
[INFO] [stdout]    = note: `#[warn(mismatched_lifetime_syntaxes)]` on by default
[INFO] [stdout] help: use `'_` for type paths
[INFO] [stdout]    |
[INFO] [stdout] 22 |     pub fn ribbon(&self, index: usize) -> Ribbon<'_> {
[INFO] [stdout]    |                                                 ++++
[INFO] [stdout] 
[INFO] [stdout] 
[INFO] [stdout] warning: hiding a lifetime that's elided elsewhere is confusing
[INFO] [stdout]   --> solver/src/grid.rs:29:23
[INFO] [stdout]    |
[INFO] [stdout] 29 |     pub fn ribbon_mut(&mut self, index: usize) -> RibbonMut {
[INFO] [stdout]    |                       ^^^^^^^^^                   ^^^^^^^^^ the same lifetime is hidden here
[INFO] [stdout]    |                       |
[INFO] [stdout]    |                       the lifetime is elided here
[INFO] [stdout]    |
[INFO] [stdout]    = help: the same lifetime is referred to in inconsistent ways, making the signature confusing
[INFO] [stdout] help: use `'_` for type paths
[INFO] [stdout]    |
[INFO] [stdout] 29 |     pub fn ribbon_mut(&mut self, index: usize) -> RibbonMut<'_> {
[INFO] [stdout]    |                                                            ++++
[INFO] [stdout] 
[INFO] [stdout] 
[INFO] [stdout] warning: hiding a lifetime that's elided elsewhere is confusing
[INFO] [stdout]   --> solver/src/grid.rs:36:20
[INFO] [stdout]    |
[INFO] [stdout] 36 |     pub fn ribbons(&self) -> impl Iterator<Item = Ribbon> {
[INFO] [stdout]    |                    ^^^^^                          ^^^^^^ the same lifetime is hidden here
[INFO] [stdout]    |                    |
[INFO] [stdout]    |                    the lifetime is elided here
[INFO] [stdout]    |
[INFO] [stdout]    = help: the same lifetime is referred to in inconsistent ways, making the signature confusing
[INFO] [stdout] help: use `'_` for type paths
[INFO] [stdout]    |
[INFO] [stdout] 36 |     pub fn ribbons(&self) -> impl Iterator<Item = Ribbon<'_>> {
[INFO] [stdout]    |                                                         ++++
[INFO] [stdout] 
[INFO] [stdout] 
[INFO] [stderr]    Compiling wait-timeout v0.2.0
[INFO] [stderr]    Compiling untangle_solver v0.1.0 (/opt/rustwide/workdir/solver)
[INFO] [stdout] warning: hiding a lifetime that's elided elsewhere is confusing
[INFO] [stdout]   --> solver/src/grid.rs:22:19
[INFO] [stdout]    |
[INFO] [stdout] 22 |     pub fn ribbon(&self, index: usize) -> Ribbon {
[INFO] [stdout]    |                   ^^^^^                   ^^^^^^ the same lifetime is hidden here
[INFO] [stdout]    |                   |
[INFO] [stdout]    |                   the lifetime is elided here
[INFO] [stdout]    |
[INFO] [stdout]    = help: the same lifetime is referred to in inconsistent ways, making the signature confusing
[INFO] [stdout]    = note: `#[warn(mismatched_lifetime_syntaxes)]` on by default
[INFO] [stdout] help: use `'_` for type paths
[INFO] [stdout]    |
[INFO] [stdout] 22 |     pub fn ribbon(&self, index: usize) -> Ribbon<'_> {
[INFO] [stdout]    |                                                 ++++
[INFO] [stdout] 
[INFO] [stdout] 
[INFO] [stdout] warning: hiding a lifetime that's elided elsewhere is confusing
[INFO] [stdout]   --> solver/src/grid.rs:29:23
[INFO] [stdout]    |
[INFO] [stdout] 29 |     pub fn ribbon_mut(&mut self, index: usize) -> RibbonMut {
[INFO] [stdout]    |                       ^^^^^^^^^                   ^^^^^^^^^ the same lifetime is hidden here
[INFO] [stdout]    |                       |
[INFO] [stdout]    |                       the lifetime is elided here
[INFO] [stdout]    |
[INFO] [stdout]    = help: the same lifetime is referred to in inconsistent ways, making the signature confusing
[INFO] [stdout] help: use `'_` for type paths
[INFO] [stdout]    |
[INFO] [stdout] 29 |     pub fn ribbon_mut(&mut self, index: usize) -> RibbonMut<'_> {
[INFO] [stdout]    |                                                            ++++
[INFO] [stdout] 
[INFO] [stdout] 
[INFO] [stdout] warning: hiding a lifetime that's elided elsewhere is confusing
[INFO] [stdout]   --> solver/src/grid.rs:36:20
[INFO] [stdout]    |
[INFO] [stdout] 36 |     pub fn ribbons(&self) -> impl Iterator<Item = Ribbon> {
[INFO] [stdout]    |                    ^^^^^                          ^^^^^^ the same lifetime is hidden here
[INFO] [stdout]    |                    |
[INFO] [stdout]    |                    the lifetime is elided here
[INFO] [stdout]    |
[INFO] [stdout]    = help: the same lifetime is referred to in inconsistent ways, making the signature confusing
[INFO] [stdout] help: use `'_` for type paths
[INFO] [stdout]    |
[INFO] [stdout] 36 |     pub fn ribbons(&self) -> impl Iterator<Item = Ribbon<'_>> {
[INFO] [stdout]    |                                                         ++++
[INFO] [stdout] 
[INFO] [stdout] 
[INFO] [stderr]    Compiling predicates-tree v1.0.1
[INFO] [stderr]    Compiling predicates v1.0.6
[INFO] [stderr]    Compiling assert_cmd v1.0.2
[INFO] [stderr]    Compiling untangle v0.1.0 (/opt/rustwide/workdir/cli)
[INFO] [stderr]     Finished `release` profile [optimized] target(s) in 4.57s
[INFO] running `Command { std: "docker" "inspect" "5a2c5bbdb2b22a52a85538ee658a727b77c4f0a82afe609b60d1e8aea48a4938", kill_on_drop: false }`
[INFO] running `Command { std: "docker" "exec" "-e" "SOURCE_DIR=/opt/rustwide/workdir" "-e" "CARGO_HOME=/opt/rustwide/cargo-home" "-e" "RUSTUP_HOME=/opt/rustwide/rustup-home" "-e" "CARGO_TARGET_DIR=/opt/rustwide/target" "-e" "CARGO_INCREMENTAL=0" "-e" "RUST_BACKTRACE=full" "-e" "RUSTFLAGS=--cap-lints=warn" "-e" "RUSTDOCFLAGS=--cap-lints=warn" "-w" "/opt/rustwide/workdir" "--user" "0:0" "5a2c5bbdb2b22a52a85538ee658a727b77c4f0a82afe609b60d1e8aea48a4938" "/opt/rustwide/cargo-home/bin/cargo" "+1.100.0-beta.1" "test" "--frozen" "--release", kill_on_drop: false }`
[INFO] [stderr] warning: hiding a lifetime that's elided elsewhere is confusing
[INFO] [stderr]   --> solver/src/grid.rs:22:19
[INFO] [stderr]    |
[INFO] [stderr] 22 |     pub fn ribbon(&self, index: usize) -> Ribbon {
[INFO] [stderr]    |                   ^^^^^                   ^^^^^^ the same lifetime is hidden here
[INFO] [stderr]    |                   |
[INFO] [stderr]    |                   the lifetime is elided here
[INFO] [stderr]    |
[INFO] [stderr]    = help: the same lifetime is referred to in inconsistent ways, making the signature confusing
[INFO] [stderr]    = note: `#[warn(mismatched_lifetime_syntaxes)]` on by default
[INFO] [stderr] help: use `'_` for type paths
[INFO] [stderr]    |
[INFO] [stderr] 22 |     pub fn ribbon(&self, index: usize) -> Ribbon<'_> {
[INFO] [stderr]    |                                                 ++++
[INFO] [stderr] 
[INFO] [stderr] warning: hiding a lifetime that's elided elsewhere is confusing
[INFO] [stderr]   --> solver/src/grid.rs:29:23
[INFO] [stderr]    |
[INFO] [stderr] 29 |     pub fn ribbon_mut(&mut self, index: usize) -> RibbonMut {
[INFO] [stderr]    |                       ^^^^^^^^^                   ^^^^^^^^^ the same lifetime is hidden here
[INFO] [stderr]    |                       |
[INFO] [stderr]    |                       the lifetime is elided here
[INFO] [stderr]    |
[INFO] [stderr]    = help: the same lifetime is referred to in inconsistent ways, making the signature confusing
[INFO] [stderr] help: use `'_` for type paths
[INFO] [stderr]    |
[INFO] [stderr] 29 |     pub fn ribbon_mut(&mut self, index: usize) -> RibbonMut<'_> {
[INFO] [stderr]    |                                                            ++++
[INFO] [stderr] 
[INFO] [stderr] warning: hiding a lifetime that's elided elsewhere is confusing
[INFO] [stderr]   --> solver/src/grid.rs:36:20
[INFO] [stderr]    |
[INFO] [stderr] 36 |     pub fn ribbons(&self) -> impl Iterator<Item = Ribbon> {
[INFO] [stderr]    |                    ^^^^^                          ^^^^^^ the same lifetime is hidden here
[INFO] [stderr]    |                    |
[INFO] [stderr]    |                    the lifetime is elided here
[INFO] [stderr]    |
[INFO] [stderr]    = help: the same lifetime is referred to in inconsistent ways, making the signature confusing
[INFO] [stderr] help: use `'_` for type paths
[INFO] [stderr]    |
[INFO] [stderr] 36 |     pub fn ribbons(&self) -> impl Iterator<Item = Ribbon<'_>> {
[INFO] [stderr]    |                                                         ++++
[INFO] [stderr] 
[INFO] [stderr] warning: `untangle_solver` (lib) generated 3 warnings (run `cargo fix --lib -p untangle_solver` to apply 3 suggestions)
[INFO] [stderr] warning: `untangle_solver` (lib test) generated 3 warnings (3 duplicates)
[INFO] [stderr]     Finished `release` profile [optimized] target(s) in 0.12s
[INFO] [stderr]      Running unittests src/main.rs (/opt/rustwide/target/release/build/untangle/038aeee2ff3aacce/out/untangle-038aeee2ff3aacce)
[INFO] [stdout] 
[INFO] [stdout] running 0 tests
[INFO] [stdout] 
[INFO] [stdout] test result: ok. 0 passed; 0 failed; 0 ignored; 0 measured; 0 filtered out; finished in 0.00s
[INFO] [stdout] 
[INFO] [stderr]      Running tests/cli_test.rs (/opt/rustwide/target/release/build/untangle/223d01686a731aad/out/cli_test-223d01686a731aad)
[INFO] [stdout] 
[INFO] [stdout] running 6 tests
[INFO] [stdout] test untangle_fails_on_fields_number_not_matching_shape ... FAILED
[INFO] [stdout] test untangle_succeeds_on_valid_input ... FAILED
[INFO] [stdout] test untangle_fails_on_shape_parse_error ... FAILED
[INFO] [stdout] test untangle_fails_on_nonexistent_flag ... FAILED
[INFO] [stdout] test untangle_fails_on_empty_file ... FAILED
[INFO] [stdout] test untangle_fails_on_field_parse_error ... FAILED
[INFO] [stdout] 
[INFO] [stdout] failures:
[INFO] [stdout] 
[INFO] [stdout] ---- untangle_fails_on_fields_number_not_matching_shape stdout ----
[INFO] [stdout] 
[INFO] [stdout] thread 'untangle_fails_on_fields_number_not_matching_shape' (974) panicked at cli/tests/cli_test.rs:61:53:
[INFO] [stdout] called `Result::unwrap()` on an `Err` value: CargoError { cause: Some(NotFoundError { path: "/opt/rustwide/target/release/build/untangle/223d01686a731aad/out/untangle" }) }
[INFO] [stdout] stack backtrace:
[INFO] [stdout]    0:     0x5758937bc451 - <<std[617be2ca0a6fd877]::sys::backtrace::BacktraceLock>::print::DisplayBacktrace as core[a373ad73a504971]::fmt::Display>::fmt
[INFO] [stdout]    1:     0x5758937d1aca - core[a373ad73a504971]::fmt::write
[INFO] [stdout]    2:     0x5758937c1a7c - <alloc[2e1b2a31b91974c5]::vec::Vec<u8> as core[a373ad73a504971]::io::write::Write>::write_fmt
[INFO] [stdout]    3:     0x575893797f66 - std[617be2ca0a6fd877]::panicking::default_hook::{closure#0}
[INFO] [stdout]    4:     0x5758937b4a69 - std[617be2ca0a6fd877]::panicking::default_hook
[INFO] [stdout]    5:     0x57589374a040 - test[aada8e7e76ba119b]::test_main_inner::{closure#0}
[INFO] [stdout]    6:     0x5758937b4c22 - std[617be2ca0a6fd877]::panicking::panic_with_hook
[INFO] [stdout]    7:     0x575893798012 - std[617be2ca0a6fd877]::panicking::panic_handler::{closure#0}
[INFO] [stdout]    8:     0x575893790d29 - std[617be2ca0a6fd877]::sys::backtrace::__rust_end_short_backtrace::<std[617be2ca0a6fd877]::panicking::panic_handler::{closure#0}, !>
[INFO] [stdout]    9:     0x575893798c1d - __rustc[ea4f61d10b84890b]::rust_begin_unwind
[INFO] [stdout]   10:     0x5758937d21fc - core[a373ad73a504971]::panicking::panic_fmt
[INFO] [stdout]   11:     0x5758937d1fd2 - core[a373ad73a504971]::result::unwrap_failed
[INFO] [stdout]   12:     0x57589373d3bf - <cli_test[408e767810396144]::untangle_fails_on_fields_number_not_matching_shape::{closure#0} as core[a373ad73a504971]::ops::function::FnOnce<()>>::call_once
[INFO] [stdout]   13:     0x57589373d48b - test[aada8e7e76ba119b]::__rust_begin_short_backtrace::<core[a373ad73a504971]::result::Result<(), alloc[2e1b2a31b91974c5]::string::String>, fn() -> core[a373ad73a504971]::result::Result<(), alloc[2e1b2a31b91974c5]::string::String>>
[INFO] [stdout]   14:     0x57589374a665 - test[aada8e7e76ba119b]::run_test::{closure#0}
[INFO] [stdout]   15:     0x575893743f54 - std[617be2ca0a6fd877]::sys::backtrace::__rust_begin_short_backtrace::<test[aada8e7e76ba119b]::run_test::{closure#1}, ()>
[INFO] [stdout]   16:     0x57589374d6f2 - <std[617be2ca0a6fd877]::thread::lifecycle::spawn_unchecked<test[aada8e7e76ba119b]::run_test::{closure#1}, ()>::{closure#1} as core[a373ad73a504971]::ops::function::FnOnce<()>>::call_once::{shim:vtable#0}
[INFO] [stdout]   17:     0x5758937bbc2f - <std[617be2ca0a6fd877]::sys::thread::unix::Thread>::new::thread_start
[INFO] [stdout]   18:     0x75101b1afdfa - <unknown>
[INFO] [stdout]   19:     0x75101b2433d4 - clone
[INFO] [stdout]   20:                0x0 - <unknown>
[INFO] [stdout] 
[INFO] [stdout] ---- untangle_succeeds_on_valid_input stdout ----
[INFO] [stdout] 
[INFO] [stdout] thread 'untangle_succeeds_on_valid_input' (977) panicked at cli/tests/cli_test.rs:11:53:
[INFO] [stdout] called `Result::unwrap()` on an `Err` value: CargoError { cause: Some(NotFoundError { path: "/opt/rustwide/target/release/build/untangle/223d01686a731aad/out/untangle" }) }
[INFO] [stdout] stack backtrace:
[INFO] [stdout]    0:     0x5758937bc451 - <<std[617be2ca0a6fd877]::sys::backtrace::BacktraceLock>::print::DisplayBacktrace as core[a373ad73a504971]::fmt::Display>::fmt
[INFO] [stdout]    1:     0x5758937d1aca - core[a373ad73a504971]::fmt::write
[INFO] [stdout]    2:     0x5758937c1a7c - <alloc[2e1b2a31b91974c5]::vec::Vec<u8> as core[a373ad73a504971]::io::write::Write>::write_fmt
[INFO] [stdout]    3:     0x575893797f66 - std[617be2ca0a6fd877]::panicking::default_hook::{closure#0}
[INFO] [stdout]    4:     0x5758937b4a69 - std[617be2ca0a6fd877]::panicking::default_hook
[INFO] [stdout]    5:     0x57589374a040 - test[aada8e7e76ba119b]::test_main_inner::{closure#0}
[INFO] [stdout]    6:     0x5758937b4c22 - std[617be2ca0a6fd877]::panicking::panic_with_hook
[INFO] [stdout]    7:     0x575893798012 - std[617be2ca0a6fd877]::panicking::panic_handler::{closure#0}
[INFO] [stdout]    8:     0x575893790d29 - std[617be2ca0a6fd877]::sys::backtrace::__rust_end_short_backtrace::<std[617be2ca0a6fd877]::panicking::panic_handler::{closure#0}, !>
[INFO] [stdout]    9:     0x575893798c1d - __rustc[ea4f61d10b84890b]::rust_begin_unwind
[INFO] [stdout]   10:     0x5758937d21fc - core[a373ad73a504971]::panicking::panic_fmt
[INFO] [stdout]   11:     0x5758937d1fd2 - core[a373ad73a504971]::result::unwrap_failed
[INFO] [stdout]   12:     0x57589373cdef - <cli_test[408e767810396144]::untangle_succeeds_on_valid_input::{closure#0} as core[a373ad73a504971]::ops::function::FnOnce<()>>::call_once
[INFO] [stdout]   13:     0x57589373d48b - test[aada8e7e76ba119b]::__rust_begin_short_backtrace::<core[a373ad73a504971]::result::Result<(), alloc[2e1b2a31b91974c5]::string::String>, fn() -> core[a373ad73a504971]::result::Result<(), alloc[2e1b2a31b91974c5]::string::String>>
[INFO] [stdout]   14:     0x57589374a665 - test[aada8e7e76ba119b]::run_test::{closure#0}
[INFO] [stdout]   15:     0x575893743f54 - std[617be2ca0a6fd877]::sys::backtrace::__rust_begin_short_backtrace::<test[aada8e7e76ba119b]::run_test::{closure#1}, ()>
[INFO] [stdout]   16:     0x57589374d6f2 - <std[617be2ca0a6fd877]::thread::lifecycle::spawn_unchecked<test[aada8e7e76ba119b]::run_test::{closure#1}, ()>::{closure#1} as core[a373ad73a504971]::ops::function::FnOnce<()>>::call_once::{shim:vtable#0}
[INFO] [stdout]   17:     0x5758937bbc2f - <std[617be2ca0a6fd877]::sys::thread::unix::Thread>::new::thread_start
[INFO] [stdout]   18:     0x75101b1afdfa - <unknown>
[INFO] [stdout]   19:     0x75101b2433d4 - clone
[INFO] [stdout]   20:                0x0 - <unknown>
[INFO] [stdout] 
[INFO] [stdout] ---- untangle_fails_on_shape_parse_error stdout ----
[INFO] [stdout] 
[INFO] [stdout] thread 'untangle_fails_on_shape_parse_error' (976) panicked at cli/tests/cli_test.rs:32:53:
[INFO] [stdout] called `Result::unwrap()` on an `Err` value: CargoError { cause: Some(NotFoundError { path: "/opt/rustwide/target/release/build/untangle/223d01686a731aad/out/untangle" }) }
[INFO] [stdout] stack backtrace:
[INFO] [stdout]    0:     0x5758937bc451 - <<std[617be2ca0a6fd877]::sys::backtrace::BacktraceLock>::print::DisplayBacktrace as core[a373ad73a504971]::fmt::Display>::fmt
[INFO] [stdout]    1:     0x5758937d1aca - core[a373ad73a504971]::fmt::write
[INFO] [stdout]    2:     0x5758937c1a7c - <alloc[2e1b2a31b91974c5]::vec::Vec<u8> as core[a373ad73a504971]::io::write::Write>::write_fmt
[INFO] [stdout]    3:     0x575893797f66 - std[617be2ca0a6fd877]::panicking::default_hook::{closure#0}
[INFO] [stdout]    4:     0x5758937b4a69 - std[617be2ca0a6fd877]::panicking::default_hook
[INFO] [stdout]    5:     0x57589374a040 - test[aada8e7e76ba119b]::test_main_inner::{closure#0}
[INFO] [stdout]    6:     0x5758937b4c22 - std[617be2ca0a6fd877]::panicking::panic_with_hook
[INFO] [stdout]    7:     0x575893798012 - std[617be2ca0a6fd877]::panicking::panic_handler::{closure#0}
[INFO] [stdout]    8:     0x575893790d29 - std[617be2ca0a6fd877]::sys::backtrace::__rust_end_short_backtrace::<std[617be2ca0a6fd877]::panicking::panic_handler::{closure#0}, !>
[INFO] [stdout]    9:     0x575893798c1d - __rustc[ea4f61d10b84890b]::rust_begin_unwind
[INFO] [stdout]   10:     0x5758937d21fc - core[a373ad73a504971]::panicking::panic_fmt
[INFO] [stdout]   11:     0x5758937d1fd2 - core[a373ad73a504971]::result::unwrap_failed
[INFO] [stdout]   12:     0x57589373d23f - <cli_test[408e767810396144]::untangle_fails_on_shape_parse_error::{closure#0} as core[a373ad73a504971]::ops::function::FnOnce<()>>::call_once
[INFO] [stdout]   13:     0x57589373d48b - test[aada8e7e76ba119b]::__rust_begin_short_backtrace::<core[a373ad73a504971]::result::Result<(), alloc[2e1b2a31b91974c5]::string::String>, fn() -> core[a373ad73a504971]::result::Result<(), alloc[2e1b2a31b91974c5]::string::String>>
[INFO] [stdout]   14:     0x57589374a665 - test[aada8e7e76ba119b]::run_test::{closure#0}
[INFO] [stdout]   15:     0x575893743f54 - std[617be2ca0a6fd877]::sys::backtrace::__rust_begin_short_backtrace::<test[aada8e7e76ba119b]::run_test::{closure#1}, ()>
[INFO] [stdout]   16:     0x57589374d6f2 - <std[617be2ca0a6fd877]::thread::lifecycle::spawn_unchecked<test[aada8e7e76ba119b]::run_test::{closure#1}, ()>::{closure#1} as core[a373ad73a504971]::ops::function::FnOnce<()>>::call_once::{shim:vtable#0}
[INFO] [stdout]   17:     0x5758937bbc2f - <std[617be2ca0a6fd877]::sys::thread::unix::Thread>::new::thread_start
[INFO] [stdout]   18:     0x75101b1afdfa - <unknown>
[INFO] [stdout]   19:     0x75101b2433d4 - clone
[INFO] [stdout]   20:                0x0 - <unknown>
[INFO] [stdout] 
[INFO] [stdout] ---- untangle_fails_on_nonexistent_flag stdout ----
[INFO] [stdout] 
[INFO] [stdout] thread 'untangle_fails_on_nonexistent_flag' (975) panicked at cli/tests/cli_test.rs:69:53:
[INFO] [stdout] called `Result::unwrap()` on an `Err` value: CargoError { cause: Some(NotFoundError { path: "/opt/rustwide/target/release/build/untangle/223d01686a731aad/out/untangle" }) }
[INFO] [stdout] stack backtrace:
[INFO] [stdout]    0:     0x5758937bc451 - <<std[617be2ca0a6fd877]::sys::backtrace::BacktraceLock>::print::DisplayBacktrace as core[a373ad73a504971]::fmt::Display>::fmt
[INFO] [stdout]    1:     0x5758937d1aca - core[a373ad73a504971]::fmt::write
[INFO] [stdout]    2:     0x5758937c1a7c - <alloc[2e1b2a31b91974c5]::vec::Vec<u8> as core[a373ad73a504971]::io::write::Write>::write_fmt
[INFO] [stdout]    3:     0x575893797f66 - std[617be2ca0a6fd877]::panicking::default_hook::{closure#0}
[INFO] [stdout]    4:     0x5758937b4a69 - std[617be2ca0a6fd877]::panicking::default_hook
[INFO] [stdout]    5:     0x57589374a040 - test[aada8e7e76ba119b]::test_main_inner::{closure#0}
[INFO] [stdout]    6:     0x5758937b4c22 - std[617be2ca0a6fd877]::panicking::panic_with_hook
[INFO] [stdout]    7:     0x575893798012 - std[617be2ca0a6fd877]::panicking::panic_handler::{closure#0}
[INFO] [stdout]    8:     0x575893790d29 - std[617be2ca0a6fd877]::sys::backtrace::__rust_end_short_backtrace::<std[617be2ca0a6fd877]::panicking::panic_handler::{closure#0}, !>
[INFO] [stdout]    9:     0x575893798c1d - __rustc[ea4f61d10b84890b]::rust_begin_unwind
[INFO] [stdout]   10:     0x5758937d21fc - core[a373ad73a504971]::panicking::panic_fmt
[INFO] [stdout]   11:     0x5758937d1fd2 - core[a373ad73a504971]::result::unwrap_failed
[INFO] [stdout]   12:     0x57589373cf39 - <cli_test[408e767810396144]::untangle_fails_on_nonexistent_flag::{closure#0} as core[a373ad73a504971]::ops::function::FnOnce<()>>::call_once
[INFO] [stdout]   13:     0x57589373d48b - test[aada8e7e76ba119b]::__rust_begin_short_backtrace::<core[a373ad73a504971]::result::Result<(), alloc[2e1b2a31b91974c5]::string::String>, fn() -> core[a373ad73a504971]::result::Result<(), alloc[2e1b2a31b91974c5]::string::String>>
[INFO] [stdout]   14:     0x57589374a665 - test[aada8e7e76ba119b]::run_test::{closure#0}
[INFO] [stdout]   15:     0x575893743f54 - std[617be2ca0a6fd877]::sys::backtrace::__rust_begin_short_backtrace::<test[aada8e7e76ba119b]::run_test::{closure#1}, ()>
[INFO] [stdout]   16:     0x57589374d6f2 - <std[617be2ca0a6fd877]::thread::lifecycle::spawn_unchecked<test[aada8e7e76ba119b]::run_test::{closure#1}, ()>::{closure#1} as core[a373ad73a504971]::ops::function::FnOnce<()>>::call_once::{shim:vtable#0}
[INFO] [stdout]   17:     0x5758937bbc2f - <std[617be2ca0a6fd877]::sys::thread::unix::Thread>::new::thread_start
[INFO] [stdout]   18:     0x75101b1afdfa - <unknown>
[INFO] [stdout]   19:     0x75101b2433d4 - clone
[INFO] [stdout]   20:                0x0 - <unknown>
[INFO] [stdout] 
[INFO] [stdout] ---- untangle_fails_on_empty_file stdout ----
[INFO] [stdout] 
[INFO] [stdout] thread 'untangle_fails_on_empty_file' (972) panicked at cli/tests/cli_test.rs:19:53:
[INFO] [stdout] called `Result::unwrap()` on an `Err` value: CargoError { cause: Some(NotFoundError { path: "/opt/rustwide/target/release/build/untangle/223d01686a731aad/out/untangle" }) }
[INFO] [stdout] stack backtrace:
[INFO] [stdout]    0:     0x5758937bc451 - <<std[617be2ca0a6fd877]::sys::backtrace::BacktraceLock>::print::DisplayBacktrace as core[a373ad73a504971]::fmt::Display>::fmt
[INFO] [stdout]    1:     0x5758937d1aca - core[a373ad73a504971]::fmt::write
[INFO] [stdout]    2:     0x5758937c1a7c - <alloc[2e1b2a31b91974c5]::vec::Vec<u8> as core[a373ad73a504971]::io::write::Write>::write_fmt
[INFO] [stdout]    3:     0x575893797f66 - std[617be2ca0a6fd877]::panicking::default_hook::{closure#0}
[INFO] [stdout]    4:     0x5758937b4a69 - std[617be2ca0a6fd877]::panicking::default_hook
[INFO] [stdout]    5:     0x57589374a040 - test[aada8e7e76ba119b]::test_main_inner::{closure#0}
[INFO] [stdout]    6:     0x5758937b4c22 - std[617be2ca0a6fd877]::panicking::panic_with_hook
[INFO] [stdout]    7:     0x575893798012 - std[617be2ca0a6fd877]::panicking::panic_handler::{closure#0}
[INFO] [stdout]    8:     0x575893790d29 - std[617be2ca0a6fd877]::sys::backtrace::__rust_end_short_backtrace::<std[617be2ca0a6fd877]::panicking::panic_handler::{closure#0}, !>
[INFO] [stdout]    9:     0x575893798c1d - __rustc[ea4f61d10b84890b]::rust_begin_unwind
[INFO] [stdout]   10:     0x5758937d21fc - core[a373ad73a504971]::panicking::panic_fmt
[INFO] [stdout]   11:     0x5758937d1fd2 - core[a373ad73a504971]::result::unwrap_failed
[INFO] [stdout]   12:     0x57589373cc6f - <cli_test[408e767810396144]::untangle_fails_on_empty_file::{closure#0} as core[a373ad73a504971]::ops::function::FnOnce<()>>::call_once
[INFO] [stdout]   13:     0x57589373d48b - test[aada8e7e76ba119b]::__rust_begin_short_backtrace::<core[a373ad73a504971]::result::Result<(), alloc[2e1b2a31b91974c5]::string::String>, fn() -> core[a373ad73a504971]::result::Result<(), alloc[2e1b2a31b91974c5]::string::String>>
[INFO] [stdout]   14:     0x57589374a665 - test[aada8e7e76ba119b]::run_test::{closure#0}
[INFO] [stdout]   15:     0x575893743f54 - std[617be2ca0a6fd877]::sys::backtrace::__rust_begin_short_backtrace::<test[aada8e7e76ba119b]::run_test::{closure#1}, ()>
[INFO] [stdout]   16:     0x57589374d6f2 - <std[617be2ca0a6fd877]::thread::lifecycle::spawn_unchecked<test[aada8e7e76ba119b]::run_test::{closure#1}, ()>::{closure#1} as core[a373ad73a504971]::ops::function::FnOnce<()>>::call_once::{shim:vtable#0}
[INFO] [stdout]   17:     0x5758937bbc2f - <std[617be2ca0a6fd877]::sys::thread::unix::Thread>::new::thread_start
[INFO] [stdout]   18:     0x75101b1afdfa - <unknown>
[INFO] [stdout]   19:     0x75101b2433d4 - clone
[INFO] [stdout]   20:                0x0 - <unknown>
[INFO] [stdout] 
[INFO] [stdout] ---- untangle_fails_on_field_parse_error stdout ----
[INFO] [stdout] 
[INFO] [stdout] thread 'untangle_fails_on_field_parse_error' (973) panicked at cli/tests/cli_test.rs:46:53:
[INFO] [stdout] called `Result::unwrap()` on an `Err` value: CargoError { cause: Some(NotFoundError { path: "/opt/rustwide/target/release/build/untangle/223d01686a731aad/out/untangle" }) }
[INFO] [stdout] stack backtrace:
[INFO] [stdout]    0:     0x5758937bc451 - <<std[617be2ca0a6fd877]::sys::backtrace::BacktraceLock>::print::DisplayBacktrace as core[a373ad73a504971]::fmt::Display>::fmt
[INFO] [stdout]    1:     0x5758937d1aca - core[a373ad73a504971]::fmt::write
[INFO] [stdout]    2:     0x5758937c1a7c - <alloc[2e1b2a31b91974c5]::vec::Vec<u8> as core[a373ad73a504971]::io::write::Write>::write_fmt
[INFO] [stdout]    3:     0x575893797f66 - std[617be2ca0a6fd877]::panicking::default_hook::{closure#0}
[INFO] [stdout]    4:     0x5758937b4a69 - std[617be2ca0a6fd877]::panicking::default_hook
[INFO] [stdout]    5:     0x57589374a040 - test[aada8e7e76ba119b]::test_main_inner::{closure#0}
[INFO] [stdout]    6:     0x5758937b4c22 - std[617be2ca0a6fd877]::panicking::panic_with_hook
[INFO] [stdout]    7:     0x575893798012 - std[617be2ca0a6fd877]::panicking::panic_handler::{closure#0}
[INFO] [stdout]    8:     0x575893790d29 - std[617be2ca0a6fd877]::sys::backtrace::__rust_end_short_backtrace::<std[617be2ca0a6fd877]::panicking::panic_handler::{closure#0}, !>
[INFO] [stdout]    9:     0x575893798c1d - __rustc[ea4f61d10b84890b]::rust_begin_unwind
[INFO] [stdout]   10:     0x5758937d21fc - core[a373ad73a504971]::panicking::panic_fmt
[INFO] [stdout]   11:     0x5758937d1fd2 - core[a373ad73a504971]::result::unwrap_failed
[INFO] [stdout]   12:     0x57589373d0bf - <cli_test[408e767810396144]::untangle_fails_on_field_parse_error::{closure#0} as core[a373ad73a504971]::ops::function::FnOnce<()>>::call_once
[INFO] [stdout]   13:     0x57589373d48b - test[aada8e7e76ba119b]::__rust_begin_short_backtrace::<core[a373ad73a504971]::result::Result<(), alloc[2e1b2a31b91974c5]::string::String>, fn() -> core[a373ad73a504971]::result::Result<(), alloc[2e1b2a31b91974c5]::string::String>>
[INFO] [stdout]   14:     0x57589374a665 - test[aada8e7e76ba119b]::run_test::{closure#0}
[INFO] [stdout]   15:     0x575893743f54 - std[617be2ca0a6fd877]::sys::backtrace::__rust_begin_short_backtrace::<test[aada8e7e76ba119b]::run_test::{closure#1}, ()>
[INFO] [stdout]   16:     0x57589374d6f2 - <std[617be2ca0a6fd877]::thread::lifecycle::spawn_unchecked<test[aada8e7e76ba119b]::run_test::{closure#1}, ()>::{closure#1} as core[a373ad73a504971]::ops::function::FnOnce<()>>::call_once::{shim:vtable#0}
[INFO] [stdout]   17:     0x5758937bbc2f - <std[617be2ca0a6fd877]::sys::thread::unix::Thread>::new::thread_start
[INFO] [stdout]   18:     0x75101b1afdfa - <unknown>
[INFO] [stdout]   19:     0x75101b2433d4 - clone
[INFO] [stdout]   20:                0x0 - <unknown>
[INFO] [stdout] 
[INFO] [stdout] 
[INFO] [stdout] failures:
[INFO] [stdout]     untangle_fails_on_empty_file
[INFO] [stdout]     untangle_fails_on_field_parse_error
[INFO] [stdout]     untangle_fails_on_fields_number_not_matching_shape
[INFO] [stdout]     untangle_fails_on_nonexistent_flag
[INFO] [stdout]     untangle_fails_on_shape_parse_error
[INFO] [stdout]     untangle_succeeds_on_valid_input
[INFO] [stdout] 
[INFO] [stdout] test result: FAILED. 0 passed; 6 failed; 0 ignored; 0 measured; 0 filtered out; finished in 0.01s
[INFO] [stdout] 
[INFO] [stderr] error: test failed, to rerun pass `-p untangle --test cli_test`
[INFO] running `Command { std: "docker" "inspect" "5a2c5bbdb2b22a52a85538ee658a727b77c4f0a82afe609b60d1e8aea48a4938", kill_on_drop: false }`
[INFO] running `Command { std: "docker" "rm" "-f" "5a2c5bbdb2b22a52a85538ee658a727b77c4f0a82afe609b60d1e8aea48a4938", kill_on_drop: false }`
[INFO] [stdout] 5a2c5bbdb2b22a52a85538ee658a727b77c4f0a82afe609b60d1e8aea48a4938
