[INFO] cloning repository https://github.com/thomas-k-cameron/df_rs_error_find
[INFO] running `Command { std: "git" "-c" "credential.helper=" "-c" "credential.helper=/workspace/cargo-home/bin/git-credential-null" "clone" "--bare" "https://github.com/thomas-k-cameron/df_rs_error_find" "/workspace/cache/git-repos/https%3A%2F%2Fgithub.com%2Fthomas-k-cameron%2Fdf_rs_error_find", kill_on_drop: false }`
[INFO] [stderr] Cloning into bare repository '/workspace/cache/git-repos/https%3A%2F%2Fgithub.com%2Fthomas-k-cameron%2Fdf_rs_error_find'...
[INFO] running `Command { std: "git" "rev-parse" "HEAD", kill_on_drop: false }`
[INFO] [stdout] eea5d881fab93a603d629935e0f0cd491d0781a9
[INFO] testing thomas-k-cameron/df_rs_error_find against 1.100.0-beta.1+cargoflags=--release for beta-release-1.100-3
[INFO] running `Command { std: "git" "clone" "/workspace/cache/git-repos/https%3A%2F%2Fgithub.com%2Fthomas-k-cameron%2Fdf_rs_error_find" "/workspace/builds/worker-0-tc2/source", kill_on_drop: false }`
[INFO] [stderr] Cloning into '/workspace/builds/worker-0-tc2/source'...
[INFO] [stderr] done.
[INFO] started tweaking git repo https://github.com/thomas-k-cameron/df_rs_error_find
[INFO] finished tweaking git repo https://github.com/thomas-k-cameron/df_rs_error_find
[INFO] tweaked toml for git repo https://github.com/thomas-k-cameron/df_rs_error_find written to /workspace/builds/worker-0-tc2/source/Cargo.toml
[INFO] validating manifest of git repo https://github.com/thomas-k-cameron/df_rs_error_find on toolchain 1.100.0-beta.1
[INFO] running `Command { std: CARGO_HOME="/workspace/cargo-home" RUSTUP_HOME="/workspace/rustup-home" "/workspace/cargo-home/bin/cargo" "+1.100.0-beta.1" "metadata" "--manifest-path" "Cargo.toml" "--no-deps", kill_on_drop: false }`
[INFO] crate git repo https://github.com/thomas-k-cameron/df_rs_error_find already has a lockfile, it will not be regenerated
[INFO] running `Command { std: CARGO_HOME="/workspace/cargo-home" RUSTUP_HOME="/workspace/rustup-home" "/workspace/cargo-home/bin/cargo" "+1.100.0-beta.1" "fetch" "--manifest-path" "Cargo.toml", kill_on_drop: false }`
[INFO] running `Command { std: "docker" "create" "-v" "/var/lib/crater-agent-workspace/builds/worker-0-tc2/source:/opt/rustwide/workdir:ro,Z" "-v" "/var/lib/crater-agent-workspace/builds/worker-0-tc2/target:/opt/rustwide/target:rw,Z" "-v" "/var/lib/crater-agent-workspace/cargo-home:/opt/rustwide/cargo-home:ro,Z" "-v" "/var/lib/crater-agent-workspace/rustup-home:/opt/rustwide/rustup-home:ro,Z" "-m" "1610612736" "--network" "none" "ghcr.io/rust-lang/crates-build-env/linux@sha256:77db811e55d90add9212f6832c23229e3de5f1c1f9905e8cb07319ea15df73ac" "sleep" "infinity", kill_on_drop: false }`
[INFO] [stdout] 44dfa94aae64dc42b3edca716e3f24293972d2bb97cbe50f6f3b26b36c24e52e
[INFO] running `Command { std: "docker" "start" "44dfa94aae64dc42b3edca716e3f24293972d2bb97cbe50f6f3b26b36c24e52e", kill_on_drop: false }`
[INFO] running `Command { std: "docker" "inspect" "44dfa94aae64dc42b3edca716e3f24293972d2bb97cbe50f6f3b26b36c24e52e", kill_on_drop: false }`
[INFO] running `Command { std: "docker" "exec" "-e" "SOURCE_DIR=/opt/rustwide/workdir" "-e" "CARGO_HOME=/opt/rustwide/cargo-home" "-e" "RUSTUP_HOME=/opt/rustwide/rustup-home" "-e" "CARGO_TARGET_DIR=/opt/rustwide/target" "-w" "/opt/rustwide/workdir" "--user" "0:0" "44dfa94aae64dc42b3edca716e3f24293972d2bb97cbe50f6f3b26b36c24e52e" "/opt/rustwide/cargo-home/bin/cargo" "+1.100.0-beta.1" "metadata" "--no-deps" "--format-version=1", kill_on_drop: false }`
[INFO] running `Command { std: "docker" "inspect" "44dfa94aae64dc42b3edca716e3f24293972d2bb97cbe50f6f3b26b36c24e52e", kill_on_drop: false }`
[INFO] running `Command { std: "docker" "exec" "-e" "SOURCE_DIR=/opt/rustwide/workdir" "-e" "CARGO_HOME=/opt/rustwide/cargo-home" "-e" "RUSTUP_HOME=/opt/rustwide/rustup-home" "-e" "CARGO_TARGET_DIR=/opt/rustwide/target" "-e" "CARGO_INCREMENTAL=0" "-e" "RUST_BACKTRACE=full" "-e" "RUSTFLAGS=--cap-lints=warn" "-e" "RUSTDOCFLAGS=--cap-lints=warn" "-w" "/opt/rustwide/workdir" "--user" "0:0" "44dfa94aae64dc42b3edca716e3f24293972d2bb97cbe50f6f3b26b36c24e52e" "/opt/rustwide/cargo-home/bin/cargo" "+1.100.0-beta.1" "build" "--frozen" "--message-format=json" "--release", kill_on_drop: false }`
[INFO] [stderr]    Compiling libc v0.2.126
[INFO] [stderr]    Compiling autocfg v1.1.0
[INFO] [stderr]    Compiling cfg-if v1.0.0
[INFO] [stderr]    Compiling proc-macro2 v1.0.40
[INFO] [stderr]    Compiling unicode-ident v1.0.1
[INFO] [stderr]    Compiling quote v1.0.20
[INFO] [stderr]    Compiling syn v1.0.98
[INFO] [stderr]    Compiling version_check v0.9.4
[INFO] [stderr]    Compiling memchr v2.5.0
[INFO] [stderr]    Compiling once_cell v1.13.0
[INFO] [stderr]    Compiling static_assertions v1.1.0
[INFO] [stderr]    Compiling smallvec v1.9.0
[INFO] [stderr]    Compiling serde v1.0.139
[INFO] [stderr]    Compiling typenum v1.15.0
[INFO] [stderr]    Compiling rustversion v1.0.7
[INFO] [stderr]    Compiling log v0.4.17
[INFO] [stderr]    Compiling unicode-segmentation v1.9.0
[INFO] [stderr]    Compiling lexical-util v0.8.5
[INFO] [stderr]    Compiling ppv-lite86 v0.2.16
[INFO] [stderr]    Compiling lazy_static v1.4.0
[INFO] [stderr]    Compiling ryu v1.0.10
[INFO] [stderr]    Compiling regex-automata v0.1.10
[INFO] [stderr]    Compiling num-traits v0.2.15
[INFO] [stderr]    Compiling num-integer v0.1.45
[INFO] [stderr]    Compiling num-bigint v0.4.3
[INFO] [stderr]    Compiling ahash v0.7.6
[INFO] [stderr]    Compiling generic-array v0.14.5
[INFO] [stderr]    Compiling indexmap v1.9.1
[INFO] [stderr]    Compiling num-rational v0.4.1
[INFO] [stderr]    Compiling num-iter v0.1.43
[INFO] [stderr]    Compiling lexical-write-integer v0.8.5
[INFO] [stderr]    Compiling lexical-parse-integer v0.8.6
[INFO] [stderr]    Compiling heck v0.3.3
[INFO] [stderr]    Compiling getrandom v0.2.7
[INFO] [stderr]    Compiling num_cpus v1.13.1
[INFO] [stderr]    Compiling crc32fast v1.3.2
[INFO] [stderr]    Compiling jobserver v0.1.24
[INFO] [stderr]    Compiling rand_core v0.6.3
[INFO] [stderr]    Compiling serde_json v1.0.82
[INFO] [stderr]    Compiling zstd-safe v5.0.2+zstd.1.5.2
[INFO] [stderr]    Compiling alloc-no-stdlib v2.0.3
[INFO] [stderr]    Compiling serde_derive v1.0.139
[INFO] [stderr]    Compiling cc v1.0.73
[INFO] [stderr]    Compiling alloc-stdlib v0.2.1
[INFO] [stderr]    Compiling threadpool v1.8.1
[INFO] [stderr]    Compiling lexical-parse-float v0.8.5
[INFO] [stderr]    Compiling aho-corasick v0.7.18
[INFO] [stderr]    Compiling rand_chacha v0.3.1
[INFO] [stderr]    Compiling hashbrown v0.12.2
[INFO] [stderr]    Compiling csv-core v0.1.10
[INFO] [stderr]    Compiling lexical-write-float v0.8.5
[INFO] [stderr]    Compiling regex-syntax v0.6.27
[INFO] [stderr]    Compiling strum v0.23.0
[INFO] [stderr]    Compiling unicode-width v0.1.9
[INFO] [stderr]    Compiling snap v1.0.5
[INFO] [stderr]    Compiling ordered-float v1.1.1
[INFO] [stderr]    Compiling num-complex v0.4.2
[INFO] [stderr]    Compiling itoa v0.4.8
[INFO] [stderr]    Compiling byteorder v1.4.3
[INFO] [stderr]    Compiling itoa v1.0.2
[INFO] [stderr]    Compiling integer-encoding v1.1.7
[INFO] [stderr]    Compiling bitflags v1.3.2
[INFO] [stderr]    Compiling adler v1.0.2
[INFO] [stderr]    Compiling lexical-core v0.8.5
[INFO] [stderr]    Compiling zstd-sys v2.0.1+zstd.1.5.2
[INFO] [stderr]    Compiling lz4-sys v1.9.3
[INFO] [stderr]    Compiling miniz_oxide v0.5.3
[INFO] [stderr]    Compiling rand v0.8.5
[INFO] [stderr]    Compiling brotli-decompressor v2.3.2
[INFO] [stderr]    Compiling hex v0.4.3
[INFO] [stderr]    Compiling chrono v0.4.19
[INFO] [stderr]    Compiling thrift v0.13.0
[INFO] [stderr]    Compiling parquet v15.0.0
[INFO] [stderr]    Compiling half v1.8.2
[INFO] [stderr]    Compiling futures-core v0.3.21
[INFO] [stderr]    Compiling flate2 v1.0.24
[INFO] [stderr]    Compiling lock_api v0.4.7
[INFO] [stderr]    Compiling base64 v0.13.0
[INFO] [stderr]    Compiling subtle v2.4.1
[INFO] [stderr]    Compiling block-buffer v0.10.2
[INFO] [stderr]    Compiling crypto-common v0.1.5
[INFO] [stderr]    Compiling pin-project-lite v0.2.9
[INFO] [stderr]    Compiling parking_lot_core v0.9.3
[INFO] [stderr]    Compiling parquet-format v4.0.0
[INFO] [stderr]    Compiling bytes v1.1.0
[INFO] [stderr]    Compiling digest v0.10.3
[INFO] [stderr]    Compiling brotli v3.3.4
[INFO] [stderr]    Compiling ordered-float v3.0.0
[INFO] [stderr]    Compiling sqlparser v0.18.0
[INFO] [stderr]    Compiling futures-task v0.3.21
[INFO] [stderr]    Compiling scopeguard v1.1.0
[INFO] [stderr]    Compiling futures-channel v0.3.21
[INFO] [stderr]    Compiling regex v1.6.0
[INFO] [stderr]    Compiling tokio v1.20.0
[INFO] [stderr]    Compiling num v0.4.0
[INFO] [stderr]    Compiling futures-util v0.3.21
[INFO] [stderr]    Compiling futures-sink v0.3.21
[INFO] [stderr]    Compiling parking_lot v0.12.1
[INFO] [stderr]    Compiling bstr v0.2.17
[INFO] [stderr]    Compiling blake3 v1.3.1
[INFO] [stderr]    Compiling slab v0.4.6
[INFO] [stderr]    Compiling futures-io v0.3.21
[INFO] [stderr]    Compiling tinyvec_macros v0.1.0
[INFO] [stderr]    Compiling async-trait v0.1.56
[INFO] [stderr]    Compiling pin-utils v0.1.0
[INFO] [stderr]    Compiling csv v1.1.6
[INFO] [stderr]    Compiling tinyvec v1.6.0
[INFO] [stderr]    Compiling arrayvec v0.7.2
[INFO] [stderr]    Compiling paste v1.0.7
[INFO] [stderr]    Compiling constant_time_eq v0.1.5
[INFO] [stderr]    Compiling cpufeatures v0.2.2
[INFO] [stderr]    Compiling arrayref v0.3.6
[INFO] [stderr]    Compiling matches v0.1.9
[INFO] [stderr]    Compiling sha2 v0.10.2
[INFO] [stderr]    Compiling blake2 v0.10.4
[INFO] [stderr]    Compiling md-5 v0.10.1
[INFO] [stderr]    Compiling percent-encoding v2.1.0
[INFO] [stderr]    Compiling unicode-normalization v0.1.21
[INFO] [stderr]    Compiling fastrand v1.7.0
[INFO] [stderr]    Compiling unicode-bidi v0.3.8
[INFO] [stderr]    Compiling remove_dir_all v0.5.3
[INFO] [stderr]    Compiling form_urlencoded v1.0.1
[INFO] [stderr]    Compiling either v1.7.0
[INFO] [stderr]    Compiling tempfile v3.3.0
[INFO] [stderr]    Compiling itertools v0.10.3
[INFO] [stderr]    Compiling idna v0.2.3
[INFO] [stderr]    Compiling thiserror-impl v1.0.31
[INFO] [stderr]    Compiling strum_macros v0.23.1
[INFO] [stderr]    Compiling multiversion-macros v0.6.1
[INFO] [stderr]    Compiling tokio-macros v1.8.0
[INFO] [stderr]    Compiling futures-macro v0.3.21
[INFO] [stderr]    Compiling thiserror v1.0.31
[INFO] [stderr]    Compiling comfy-table v5.0.1
[INFO] [stderr]    Compiling flatbuffers v2.1.2
[INFO] [stderr]    Compiling multiversion v0.6.1
[INFO] [stderr]    Compiling url v2.2.2
[INFO] [stderr]    Compiling uuid v1.1.2
[INFO] [stderr]    Compiling glob v0.3.0
[INFO] [stderr]    Compiling arrow v15.0.0
[INFO] [stderr]    Compiling tokio-stream v0.1.9
[INFO] [stderr]    Compiling futures-executor v0.3.21
[INFO] [stderr]    Compiling futures v0.3.21
[INFO] [stderr]    Compiling datafusion-data-access v9.0.0
[INFO] [stderr]    Compiling lz4 v1.23.3
[INFO] [stderr]    Compiling zstd v0.11.2+zstd.1.5.2
[INFO] [stderr]    Compiling datafusion-common v9.0.0
[INFO] [stderr]    Compiling datafusion-expr v9.0.0
[INFO] [stderr]    Compiling datafusion-row v9.0.0
[INFO] [stderr]    Compiling datafusion-physical-expr v9.0.0
[INFO] [stderr]    Compiling datafusion-sql v9.0.0
[INFO] [stderr]    Compiling datafusion-optimizer v9.0.0
[INFO] [stderr]    Compiling datafusion v9.0.0
[INFO] [stdout] error[E0277]: the trait bound `!: std::default::Default` is not satisfied
[INFO] [stdout]    --> /opt/rustwide/cargo-home/registry/src/index.crates.io-1949cf8c6b5b557f/datafusion-9.0.0/src/physical_plan/file_format/parquet.rs:617:30
[INFO] [stdout]     |
[INFO] [stdout] 617 | ...                   .try_collect()
[INFO] [stdout]     |                        ^^^^^^^^^^^ the trait `std::default::Default` is not implemented for `!`
[INFO] [stdout]     |
[INFO] [stdout]     = note: this error might have been caused by changes to Rust's type-inference algorithm (see issue #148922 <https://github.com/rust-lang/rust/issues/148922> for more information)
[INFO] [stdout]     = help: you might have intended to use the type `()` here instead
[INFO] [stdout] note: required by a bound in `futures::TryStreamExt::try_collect`
[INFO] [stdout]    --> /opt/rustwide/cargo-home/registry/src/index.crates.io-1949cf8c6b5b557f/futures-util-0.3.21/src/stream/try_stream/mod.rs:580:23
[INFO] [stdout]     |
[INFO] [stdout] 157 | pub trait TryStreamExt: TryStream {
[INFO] [stdout] ...
[INFO] [stdout] 580 |     fn try_collect<C: Default + Extend<Self::Ok>>(self) -> TryCollect<Self, C>
[INFO] [stdout]     |                       ^^^^^^^ required by this bound in `TryStreamExt::try_collect`
[INFO] [stdout] 
[INFO] [stdout] 
[INFO] [stdout] error[E0277]: the trait bound `!: Extend<()>` is not satisfied
[INFO] [stdout]    --> /opt/rustwide/cargo-home/registry/src/index.crates.io-1949cf8c6b5b557f/datafusion-9.0.0/src/physical_plan/file_format/parquet.rs:617:30
[INFO] [stdout]     |
[INFO] [stdout] 617 | ...                   .try_collect()
[INFO] [stdout]     |                        ^^^^^^^^^^^ the trait `Extend<()>` is not implemented for `!`
[INFO] [stdout]     |
[INFO] [stdout] help: the trait `Extend<()>` is implemented for `()`
[INFO] [stdout]    --> /rustc/e3feeb59cd1bdd011a2bfcc0747b55125d9b8527/library/core/src/iter/traits/collect.rs:454:0
[INFO] [stdout]     = note: this error might have been caused by changes to Rust's type-inference algorithm (see issue #148922 <https://github.com/rust-lang/rust/issues/148922> for more information)
[INFO] [stdout]     = help: you might have intended to use the type `()` here instead
[INFO] [stdout] note: the method call chain might not have had the expected associated types
[INFO] [stdout]    --> /opt/rustwide/cargo-home/registry/src/index.crates.io-1949cf8c6b5b557f/datafusion-9.0.0/src/physical_plan/file_format/parquet.rs:616:30
[INFO] [stdout]     |
[INFO] [stdout] 612 |                 let stream = plan.execute(i, task_ctx)?;
[INFO] [stdout]     |                              -------------------------- this expression has type `Pin<Box<dyn RecordBatchStream + Send>>`
[INFO] [stdout] ...
[INFO] [stdout] 616 |                             .map(|batch| writer.write(&batch?))
[INFO] [stdout]     |                              ^^^^^^^^^^^^^^^^^^^^^^^^^^^^^^^^^^ `TryStream::Ok` is `()` here
[INFO] [stdout] note: required by a bound in `futures::TryStreamExt::try_collect`
[INFO] [stdout]    --> /opt/rustwide/cargo-home/registry/src/index.crates.io-1949cf8c6b5b557f/futures-util-0.3.21/src/stream/try_stream/mod.rs:580:33
[INFO] [stdout]     |
[INFO] [stdout] 157 | pub trait TryStreamExt: TryStream {
[INFO] [stdout] ...
[INFO] [stdout] 580 |     fn try_collect<C: Default + Extend<Self::Ok>>(self) -> TryCollect<Self, C>
[INFO] [stdout]     |                                 ^^^^^^^^^^^^^^^^ required by this bound in `TryStreamExt::try_collect`
[INFO] [stdout] 
[INFO] [stdout] 
[INFO] [stdout] error[E0277]: the trait bound `!: std::default::Default` is not satisfied
[INFO] [stdout]    --> /opt/rustwide/cargo-home/registry/src/index.crates.io-1949cf8c6b5b557f/datafusion-9.0.0/src/physical_plan/file_format/parquet.rs:618:30
[INFO] [stdout]     |
[INFO] [stdout] 618 | ...                   .await
[INFO] [stdout]     |                        ^^^^^ the trait `std::default::Default` is not implemented for `!`
[INFO] [stdout]     |
[INFO] [stdout]     = note: this error might have been caused by changes to Rust's type-inference algorithm (see issue #148922 <https://github.com/rust-lang/rust/issues/148922> for more information)
[INFO] [stdout]     = help: you might have intended to use the type `()` here instead
[INFO] [stdout]     = note: required for `TryCollect<Map<Pin<Box<_>>, {closure@...}>, !>` to implement `futures::Future`
[INFO] [stdout]     = note: the full name for the type has been written to '/opt/rustwide/target/release/build/datafusion/4b47084e2b0694be/out/datafusion-4b47084e2b0694be.long-type-14606486014382967951.txt'
[INFO] [stdout]     = note: consider using `--verbose` to print the full type name to the console
[INFO] [stdout] 
[INFO] [stdout] 
[INFO] [stdout] error[E0277]: the trait bound `!: Extend<()>` is not satisfied
[INFO] [stdout]    --> /opt/rustwide/cargo-home/registry/src/index.crates.io-1949cf8c6b5b557f/datafusion-9.0.0/src/physical_plan/file_format/parquet.rs:618:30
[INFO] [stdout]     |
[INFO] [stdout] 618 | ...                   .await
[INFO] [stdout]     |                        ^^^^^ the trait `Extend<()>` is not implemented for `!`
[INFO] [stdout]     |
[INFO] [stdout] help: the trait `Extend<()>` is implemented for `()`
[INFO] [stdout]    --> /rustc/e3feeb59cd1bdd011a2bfcc0747b55125d9b8527/library/core/src/iter/traits/collect.rs:454:0
[INFO] [stdout]     = note: this error might have been caused by changes to Rust's type-inference algorithm (see issue #148922 <https://github.com/rust-lang/rust/issues/148922> for more information)
[INFO] [stdout]     = help: you might have intended to use the type `()` here instead
[INFO] [stdout]     = note: required for `TryCollect<Map<Pin<Box<_>>, {closure@...}>, !>` to implement `futures::Future`
[INFO] [stdout]     = note: the full name for the type has been written to '/opt/rustwide/target/release/build/datafusion/4b47084e2b0694be/out/datafusion-4b47084e2b0694be.long-type-14606486014382967951.txt'
[INFO] [stdout]     = note: consider using `--verbose` to print the full type name to the console
[INFO] [stdout] 
[INFO] [stdout] 
[INFO] [stdout] For more information about this error, try `rustc --explain E0277`.
[INFO] [stdout] 
[INFO] [stderr] error: could not compile `datafusion` (lib) due to 4 previous errors
[INFO] [stderr] warning: build failed, waiting for other jobs to finish...
[INFO] running `Command { std: "docker" "inspect" "44dfa94aae64dc42b3edca716e3f24293972d2bb97cbe50f6f3b26b36c24e52e", kill_on_drop: false }`
[INFO] running `Command { std: "docker" "rm" "-f" "44dfa94aae64dc42b3edca716e3f24293972d2bb97cbe50f6f3b26b36c24e52e", kill_on_drop: false }`
[INFO] [stdout] 44dfa94aae64dc42b3edca716e3f24293972d2bb97cbe50f6f3b26b36c24e52e
