[INFO] cloning repository https://github.com/terassyi/rscni
[INFO] running `Command { std: "git" "-c" "credential.helper=" "-c" "credential.helper=/workspace/cargo-home/bin/git-credential-null" "clone" "--bare" "https://github.com/terassyi/rscni" "/workspace/cache/git-repos/https%3A%2F%2Fgithub.com%2Fterassyi%2Frscni", kill_on_drop: false }`
[INFO] [stderr] Cloning into bare repository '/workspace/cache/git-repos/https%3A%2F%2Fgithub.com%2Fterassyi%2Frscni'...
[INFO] running `Command { std: "git" "rev-parse" "HEAD", kill_on_drop: false }`
[INFO] [stdout] 15883062137709461867d2836c11470d6cad4335
[INFO] testing terassyi/rscni against 1.100.0-beta.1+cargoflags=--release for beta-release-1.100-3
[INFO] running `Command { std: "git" "clone" "/workspace/cache/git-repos/https%3A%2F%2Fgithub.com%2Fterassyi%2Frscni" "/workspace/builds/worker-6-tc2/source", kill_on_drop: false }`
[INFO] [stderr] Cloning into '/workspace/builds/worker-6-tc2/source'...
[INFO] [stderr] done.
[INFO] removed /workspace/builds/worker-6-tc2/source/rust-toolchain.toml
[INFO] started tweaking git repo https://github.com/terassyi/rscni
[INFO] finished tweaking git repo https://github.com/terassyi/rscni
[INFO] tweaked toml for git repo https://github.com/terassyi/rscni written to /workspace/builds/worker-6-tc2/source/Cargo.toml
[INFO] validating manifest of git repo https://github.com/terassyi/rscni on toolchain 1.100.0-beta.1
[INFO] running `Command { std: CARGO_HOME="/workspace/cargo-home" RUSTUP_HOME="/workspace/rustup-home" "/workspace/cargo-home/bin/cargo" "+1.100.0-beta.1" "metadata" "--manifest-path" "Cargo.toml" "--no-deps", kill_on_drop: false }`
[INFO] crate git repo https://github.com/terassyi/rscni already has a lockfile, it will not be regenerated
[INFO] running `Command { std: CARGO_HOME="/workspace/cargo-home" RUSTUP_HOME="/workspace/rustup-home" "/workspace/cargo-home/bin/cargo" "+1.100.0-beta.1" "fetch" "--manifest-path" "Cargo.toml", kill_on_drop: false }`
[INFO] [stderr] warning: `package.homepage` is redundant with `package.repository`
[INFO] [stderr]   --> plugin/Cargo.toml:12:1
[INFO] [stderr]    |
[INFO] [stderr] 11 | repository.workspace = true
[INFO] [stderr]    | ----------
[INFO] [stderr] 12 | homepage.workspace = true
[INFO] [stderr]    | ^^^^^^^^
[INFO] [stderr]    |
[INFO] [stderr]    = note: `cargo::redundant_homepage` is set to `warn` by default
[INFO] [stderr] help: consider removing `package.homepage`
[INFO] [stderr] warning: `rscni-plugin` (manifest) generated 1 warning
[INFO] [stderr] warning: missing `[lints]` to inherit `[workspace.lints]`
[INFO] [stderr]   --> examples/Cargo.toml
[INFO] [stderr]    = note: `cargo::missing_lints_inheritance` is set to `warn` by default
[INFO] [stderr] help: to inherit `workspace.lints, add:
[INFO] [stderr]    |
[INFO] [stderr] 28 ~ rscni-plugin = { path = "../plugin", features = ["async", "test-util"] }
[INFO] [stderr] 29 + [lints]
[INFO] [stderr] 30 + workspace = true
[INFO] [stderr]    |
[INFO] [stderr] help: to clarify your intent to not inherit, add:
[INFO] [stderr]    |
[INFO] [stderr] 28 ~ rscni-plugin = { path = "../plugin", features = ["async", "test-util"] }
[INFO] [stderr] 29 + [lints]
[INFO] [stderr]    |
[INFO] [stderr] warning: `rscni-examples` (manifest) generated 1 warning
[INFO] [stderr] warning: `package.homepage` is redundant with `package.repository`
[INFO] [stderr]   --> types/Cargo.toml:12:1
[INFO] [stderr]    |
[INFO] [stderr] 11 | repository.workspace = true
[INFO] [stderr]    | ----------
[INFO] [stderr] 12 | homepage.workspace = true
[INFO] [stderr]    | ^^^^^^^^
[INFO] [stderr]    |
[INFO] [stderr]    = note: `cargo::redundant_homepage` is set to `warn` by default
[INFO] [stderr] help: consider removing `package.homepage`
[INFO] [stderr] warning: `rscni-types` (manifest) generated 1 warning
[INFO] running `Command { std: "docker" "create" "-v" "/var/lib/crater-agent-workspace/builds/worker-6-tc2/source:/opt/rustwide/workdir:ro,Z" "-v" "/var/lib/crater-agent-workspace/builds/worker-6-tc2/target:/opt/rustwide/target:rw,Z" "-v" "/var/lib/crater-agent-workspace/cargo-home:/opt/rustwide/cargo-home:ro,Z" "-v" "/var/lib/crater-agent-workspace/rustup-home:/opt/rustwide/rustup-home:ro,Z" "-m" "1610612736" "--network" "none" "ghcr.io/rust-lang/crates-build-env/linux@sha256:77db811e55d90add9212f6832c23229e3de5f1c1f9905e8cb07319ea15df73ac" "sleep" "infinity", kill_on_drop: false }`
[INFO] [stdout] 3e248916300c1c3cb6dde46021eddcaaf80592cefd4345a6a4b0c8806e3155ca
[INFO] running `Command { std: "docker" "start" "3e248916300c1c3cb6dde46021eddcaaf80592cefd4345a6a4b0c8806e3155ca", kill_on_drop: false }`
[INFO] running `Command { std: "docker" "inspect" "3e248916300c1c3cb6dde46021eddcaaf80592cefd4345a6a4b0c8806e3155ca", kill_on_drop: false }`
[INFO] running `Command { std: "docker" "exec" "-e" "SOURCE_DIR=/opt/rustwide/workdir" "-e" "CARGO_HOME=/opt/rustwide/cargo-home" "-e" "RUSTUP_HOME=/opt/rustwide/rustup-home" "-e" "CARGO_TARGET_DIR=/opt/rustwide/target" "-w" "/opt/rustwide/workdir" "--user" "0:0" "3e248916300c1c3cb6dde46021eddcaaf80592cefd4345a6a4b0c8806e3155ca" "/opt/rustwide/cargo-home/bin/cargo" "+1.100.0-beta.1" "metadata" "--no-deps" "--format-version=1", kill_on_drop: false }`
[INFO] running `Command { std: "docker" "inspect" "3e248916300c1c3cb6dde46021eddcaaf80592cefd4345a6a4b0c8806e3155ca", kill_on_drop: false }`
[INFO] running `Command { std: "docker" "exec" "-e" "SOURCE_DIR=/opt/rustwide/workdir" "-e" "CARGO_HOME=/opt/rustwide/cargo-home" "-e" "RUSTUP_HOME=/opt/rustwide/rustup-home" "-e" "CARGO_TARGET_DIR=/opt/rustwide/target" "-e" "CARGO_INCREMENTAL=0" "-e" "RUST_BACKTRACE=full" "-e" "RUSTFLAGS=--cap-lints=warn" "-e" "RUSTDOCFLAGS=--cap-lints=warn" "-w" "/opt/rustwide/workdir" "--user" "0:0" "3e248916300c1c3cb6dde46021eddcaaf80592cefd4345a6a4b0c8806e3155ca" "/opt/rustwide/cargo-home/bin/cargo" "+1.100.0-beta.1" "build" "--frozen" "--message-format=json" "--release", kill_on_drop: false }`
[INFO] [stderr] warning: `package.homepage` is redundant with `package.repository`
[INFO] [stderr]   --> plugin/Cargo.toml:12:1
[INFO] [stderr]    |
[INFO] [stderr] 11 | repository.workspace = true
[INFO] [stderr]    | ----------
[INFO] [stderr] 12 | homepage.workspace = true
[INFO] [stderr]    | ^^^^^^^^
[INFO] [stderr]    |
[INFO] [stderr]    = note: `cargo::redundant_homepage` is set to `warn` by default
[INFO] [stderr] help: consider removing `package.homepage`
[INFO] [stderr] warning: `rscni-plugin` (manifest) generated 1 warning
[INFO] [stderr] warning: missing `[lints]` to inherit `[workspace.lints]`
[INFO] [stderr]   --> examples/Cargo.toml
[INFO] [stderr]    = note: `cargo::missing_lints_inheritance` is set to `warn` by default
[INFO] [stderr] help: to inherit `workspace.lints, add:
[INFO] [stderr]    |
[INFO] [stderr] 28 ~ rscni-plugin = { path = "../plugin", features = ["async", "test-util"] }
[INFO] [stderr] 29 + [lints]
[INFO] [stderr] 30 + workspace = true
[INFO] [stderr]    |
[INFO] [stderr] help: to clarify your intent to not inherit, add:
[INFO] [stderr]    |
[INFO] [stderr] 28 ~ rscni-plugin = { path = "../plugin", features = ["async", "test-util"] }
[INFO] [stderr] 29 + [lints]
[INFO] [stderr]    |
[INFO] [stderr] warning: `rscni-examples` (manifest) generated 1 warning
[INFO] [stderr] warning: `package.homepage` is redundant with `package.repository`
[INFO] [stderr]   --> types/Cargo.toml:12:1
[INFO] [stderr]    |
[INFO] [stderr] 11 | repository.workspace = true
[INFO] [stderr]    | ----------
[INFO] [stderr] 12 | homepage.workspace = true
[INFO] [stderr]    | ^^^^^^^^
[INFO] [stderr]    |
[INFO] [stderr]    = note: `cargo::redundant_homepage` is set to `warn` by default
[INFO] [stderr] help: consider removing `package.homepage`
[INFO] [stderr] warning: `rscni-types` (manifest) generated 1 warning
[INFO] [stderr]    Compiling proc-macro2 v1.0.103
[INFO] [stderr]    Compiling quote v1.0.42
[INFO] [stderr]    Compiling unicode-ident v1.0.22
[INFO] [stderr]    Compiling serde_core v1.0.228
[INFO] [stderr]    Compiling serde v1.0.228
[INFO] [stderr]    Compiling serde_json v1.0.145
[INFO] [stderr]    Compiling memchr v2.7.1
[INFO] [stderr]    Compiling itoa v1.0.10
[INFO] [stderr]    Compiling ryu v1.0.16
[INFO] [stderr]    Compiling pin-project-lite v0.2.13
[INFO] [stderr]    Compiling bytes v1.5.0
[INFO] [stderr]    Compiling syn v2.0.111
[INFO] [stderr]    Compiling serde_derive v1.0.228
[INFO] [stderr]    Compiling tokio-macros v2.6.0
[INFO] [stderr]    Compiling async-trait v0.1.89
[INFO] [stderr]    Compiling tokio v1.48.0
[INFO] [stderr]    Compiling ipnet v2.12.1
[INFO] [stderr]    Compiling rscni-types v0.2.0 (/opt/rustwide/workdir/types)
[INFO] [stderr]    Compiling rscni-plugin v0.5.0 (/opt/rustwide/workdir/plugin)
[INFO] [stderr]    Compiling rscni-examples v0.0.0 (/opt/rustwide/workdir/examples)
[INFO] [stderr]     Finished `release` profile [optimized] target(s) in 24.00s
[INFO] running `Command { std: "docker" "inspect" "3e248916300c1c3cb6dde46021eddcaaf80592cefd4345a6a4b0c8806e3155ca", kill_on_drop: false }`
[INFO] running `Command { std: "docker" "exec" "-e" "SOURCE_DIR=/opt/rustwide/workdir" "-e" "CARGO_HOME=/opt/rustwide/cargo-home" "-e" "RUSTUP_HOME=/opt/rustwide/rustup-home" "-e" "CARGO_TARGET_DIR=/opt/rustwide/target" "-e" "CARGO_INCREMENTAL=0" "-e" "RUST_BACKTRACE=full" "-e" "RUSTFLAGS=--cap-lints=warn" "-e" "RUSTDOCFLAGS=--cap-lints=warn" "-w" "/opt/rustwide/workdir" "--user" "0:0" "3e248916300c1c3cb6dde46021eddcaaf80592cefd4345a6a4b0c8806e3155ca" "/opt/rustwide/cargo-home/bin/cargo" "+1.100.0-beta.1" "test" "--frozen" "--no-run" "--message-format=json" "--release", kill_on_drop: false }`
[INFO] [stderr] warning: `package.homepage` is redundant with `package.repository`
[INFO] [stderr]   --> plugin/Cargo.toml:12:1
[INFO] [stderr]    |
[INFO] [stderr] 11 | repository.workspace = true
[INFO] [stderr]    | ----------
[INFO] [stderr] 12 | homepage.workspace = true
[INFO] [stderr]    | ^^^^^^^^
[INFO] [stderr]    |
[INFO] [stderr]    = note: `cargo::redundant_homepage` is set to `warn` by default
[INFO] [stderr] help: consider removing `package.homepage`
[INFO] [stderr] warning: `rscni-plugin` (manifest) generated 1 warning
[INFO] [stderr] warning: missing `[lints]` to inherit `[workspace.lints]`
[INFO] [stderr]   --> examples/Cargo.toml
[INFO] [stderr]    = note: `cargo::missing_lints_inheritance` is set to `warn` by default
[INFO] [stderr] help: to inherit `workspace.lints, add:
[INFO] [stderr]    |
[INFO] [stderr] 28 ~ rscni-plugin = { path = "../plugin", features = ["async", "test-util"] }
[INFO] [stderr] 29 + [lints]
[INFO] [stderr] 30 + workspace = true
[INFO] [stderr]    |
[INFO] [stderr] help: to clarify your intent to not inherit, add:
[INFO] [stderr]    |
[INFO] [stderr] 28 ~ rscni-plugin = { path = "../plugin", features = ["async", "test-util"] }
[INFO] [stderr] 29 + [lints]
[INFO] [stderr]    |
[INFO] [stderr] warning: `rscni-examples` (manifest) generated 1 warning
[INFO] [stderr] warning: `package.homepage` is redundant with `package.repository`
[INFO] [stderr]   --> types/Cargo.toml:12:1
[INFO] [stderr]    |
[INFO] [stderr] 11 | repository.workspace = true
[INFO] [stderr]    | ----------
[INFO] [stderr] 12 | homepage.workspace = true
[INFO] [stderr]    | ^^^^^^^^
[INFO] [stderr]    |
[INFO] [stderr]    = note: `cargo::redundant_homepage` is set to `warn` by default
[INFO] [stderr] help: consider removing `package.homepage`
[INFO] [stderr] warning: `rscni-types` (manifest) generated 1 warning
[INFO] [stderr]    Compiling syn v2.0.111
[INFO] [stderr]    Compiling semver v1.0.21
[INFO] [stderr]    Compiling autocfg v1.1.0
[INFO] [stderr]    Compiling memchr v2.7.1
[INFO] [stderr]    Compiling winnow v0.7.14
[INFO] [stderr]    Compiling equivalent v1.0.2
[INFO] [stderr]    Compiling hashbrown v0.16.1
[INFO] [stderr]    Compiling toml_datetime v0.7.3
[INFO] [stderr]    Compiling regex-syntax v0.8.8
[INFO] [stderr]    Compiling glob v0.3.1
[INFO] [stderr]    Compiling cfg-if v1.0.0
[INFO] [stderr]    Compiling futures-task v0.3.30
[INFO] [stderr]    Compiling relative-path v1.9.3
[INFO] [stderr]    Compiling futures-core v0.3.30
[INFO] [stderr]    Compiling pin-utils v0.1.0
[INFO] [stderr]    Compiling futures-timer v3.0.3
[INFO] [stderr]    Compiling libc v0.2.178
[INFO] [stderr]    Compiling getrandom v0.3.4
[INFO] [stderr]    Compiling rustix v1.1.2
[INFO] [stderr]    Compiling linux-raw-sys v0.11.0
[INFO] [stderr]    Compiling bitflags v2.10.0
[INFO] [stderr]    Compiling once_cell v1.21.3
[INFO] [stderr]    Compiling fastrand v2.3.0
[INFO] [stderr]    Compiling slab v0.4.9
[INFO] [stderr]    Compiling rustc_version v0.4.1
[INFO] [stderr]    Compiling rstest_macros v0.26.1
[INFO] [stderr]    Compiling aho-corasick v1.1.2
[INFO] [stderr]    Compiling indexmap v2.12.1
[INFO] [stderr]    Compiling toml_parser v1.0.4
[INFO] [stderr]    Compiling toml_edit v0.23.9
[INFO] [stderr]    Compiling regex-automata v0.4.13
[INFO] [stderr]    Compiling tempfile v3.23.0
[INFO] [stderr]    Compiling proc-macro-crate v3.4.0
[INFO] [stderr]    Compiling regex v1.12.2
[INFO] [stderr]    Compiling serde_derive v1.0.228
[INFO] [stderr]    Compiling async-trait v0.1.89
[INFO] [stderr]    Compiling futures-macro v0.3.30
[INFO] [stderr]    Compiling tokio-macros v2.6.0
[INFO] [stderr]    Compiling tokio v1.48.0
[INFO] [stderr]    Compiling futures-util v0.3.30
[INFO] [stderr]    Compiling serde v1.0.228
[INFO] [stderr]    Compiling rstest v0.26.1
[INFO] [stderr]    Compiling ipnet v2.12.1
[INFO] [stderr]    Compiling rscni-types v0.2.0 (/opt/rustwide/workdir/types)
[INFO] [stderr]    Compiling rscni-plugin v0.5.0 (/opt/rustwide/workdir/plugin)
[INFO] [stderr]    Compiling rscni-examples v0.0.0 (/opt/rustwide/workdir/examples)
[INFO] [stderr]    Compiling integration-tests v0.0.0 (/opt/rustwide/workdir/tests/integration)
[INFO] [stderr]     Finished `release` profile [optimized] target(s) in 44.15s
[INFO] running `Command { std: "docker" "inspect" "3e248916300c1c3cb6dde46021eddcaaf80592cefd4345a6a4b0c8806e3155ca", kill_on_drop: false }`
[INFO] running `Command { std: "docker" "exec" "-e" "SOURCE_DIR=/opt/rustwide/workdir" "-e" "CARGO_HOME=/opt/rustwide/cargo-home" "-e" "RUSTUP_HOME=/opt/rustwide/rustup-home" "-e" "CARGO_TARGET_DIR=/opt/rustwide/target" "-e" "CARGO_INCREMENTAL=0" "-e" "RUST_BACKTRACE=full" "-e" "RUSTFLAGS=--cap-lints=warn" "-e" "RUSTDOCFLAGS=--cap-lints=warn" "-w" "/opt/rustwide/workdir" "--user" "0:0" "3e248916300c1c3cb6dde46021eddcaaf80592cefd4345a6a4b0c8806e3155ca" "/opt/rustwide/cargo-home/bin/cargo" "+1.100.0-beta.1" "test" "--frozen" "--release", kill_on_drop: false }`
[INFO] [stderr] warning: `package.homepage` is redundant with `package.repository`
[INFO] [stderr]   --> plugin/Cargo.toml:12:1
[INFO] [stderr]    |
[INFO] [stderr] 11 | repository.workspace = true
[INFO] [stderr]    | ----------
[INFO] [stderr] 12 | homepage.workspace = true
[INFO] [stderr]    | ^^^^^^^^
[INFO] [stderr]    |
[INFO] [stderr]    = note: `cargo::redundant_homepage` is set to `warn` by default
[INFO] [stderr] help: consider removing `package.homepage`
[INFO] [stderr] warning: `rscni-plugin` (manifest) generated 1 warning
[INFO] [stderr] warning: missing `[lints]` to inherit `[workspace.lints]`
[INFO] [stderr]   --> examples/Cargo.toml
[INFO] [stderr]    = note: `cargo::missing_lints_inheritance` is set to `warn` by default
[INFO] [stderr] help: to inherit `workspace.lints, add:
[INFO] [stderr]    |
[INFO] [stderr] 28 ~ rscni-plugin = { path = "../plugin", features = ["async", "test-util"] }
[INFO] [stderr] 29 + [lints]
[INFO] [stderr] 30 + workspace = true
[INFO] [stderr]    |
[INFO] [stderr] help: to clarify your intent to not inherit, add:
[INFO] [stderr]    |
[INFO] [stderr] 28 ~ rscni-plugin = { path = "../plugin", features = ["async", "test-util"] }
[INFO] [stderr] 29 + [lints]
[INFO] [stderr]    |
[INFO] [stderr] warning: `rscni-examples` (manifest) generated 1 warning
[INFO] [stderr] warning: `package.homepage` is redundant with `package.repository`
[INFO] [stderr]   --> types/Cargo.toml:12:1
[INFO] [stderr]    |
[INFO] [stderr] 11 | repository.workspace = true
[INFO] [stderr]    | ----------
[INFO] [stderr] 12 | homepage.workspace = true
[INFO] [stderr]    | ^^^^^^^^
[INFO] [stderr]    |
[INFO] [stderr]    = note: `cargo::redundant_homepage` is set to `warn` by default
[INFO] [stderr] help: consider removing `package.homepage`
[INFO] [stderr] warning: `rscni-types` (manifest) generated 1 warning
[INFO] [stderr]     Finished `release` profile [optimized] target(s) in 0.11s
[INFO] [stderr]      Running tests/plugin.rs (/opt/rustwide/target/release/build/integration-tests/210b39cc017ec83e/out/plugin-210b39cc017ec83e)
[INFO] [stdout] 
[INFO] [stdout] running 15 tests
[INFO] [stdout] test test_async_plugin_add_command ... FAILED
[INFO] [stdout] test test_async_plugin_with_prev_result ... FAILED
[INFO] [stdout] test test_plugin_del_command ... FAILED
[INFO] [stdout] test test_plugin_del_without_netns ... FAILED
[INFO] [stdout] test test_plugin_error_emits_error_json ... FAILED
[INFO] [stdout] test test_async_plugin_del_without_netns ... FAILED
[INFO] [stdout] test test_plugin_with_prev_result ... FAILED
[INFO] [stdout] test test_plugin_version_command ... FAILED
[INFO] [stdout] test test_plugin_add_command ... FAILED
[INFO] [stdout] test test_async_plugin_del_command ... FAILED
[INFO] [stdout] test test_async_plugin_check_command ... FAILED
[INFO] [stdout] test test_async_plugin_error_emits_error_json ... FAILED
[INFO] [stdout] test test_cni_version_compatibility ... FAILED
[INFO] [stdout] test test_plugin_check_command ... FAILED
[INFO] [stderr] error: test failed, to rerun pass `-p integration-tests --test plugin`
[INFO] [stdout] test test_async_plugin_version_command ... FAILED
[INFO] [stdout] 
[INFO] [stdout] failures:
[INFO] [stdout] 
[INFO] [stdout] ---- test_async_plugin_add_command stdout ----
[INFO] [stdout] 
[INFO] [stdout] thread 'test_async_plugin_add_command' (1751) panicked at tests/integration/tests/plugin.rs:67:5:
[INFO] [stdout] Plugin binary not found: /opt/rustwide/target/release/build/integration-tests/210b39cc017ec83e/out/async-rscni-debug
[INFO] [stdout] stack backtrace:
[INFO] [stdout]    0:     0x62cd1688a2b1 - <<std[617be2ca0a6fd877]::sys::backtrace::BacktraceLock>::print::DisplayBacktrace as core[a373ad73a504971]::fmt::Display>::fmt
[INFO] [stdout]    1:     0x62cd1689f0da - core[a373ad73a504971]::fmt::write
[INFO] [stdout]    2:     0x62cd1688e7bc - <alloc[2e1b2a31b91974c5]::vec::Vec<u8> as core[a373ad73a504971]::io::write::Write>::write_fmt
[INFO] [stdout]    3:     0x62cd16864986 - std[617be2ca0a6fd877]::panicking::default_hook::{closure#0}
[INFO] [stdout]    4:     0x62cd16881e49 - std[617be2ca0a6fd877]::panicking::default_hook
[INFO] [stdout]    5:     0x62cd16815dc0 - test[aada8e7e76ba119b]::test_main_inner::{closure#0}
[INFO] [stdout]    6:     0x62cd16882002 - std[617be2ca0a6fd877]::panicking::panic_with_hook
[INFO] [stdout]    7:     0x62cd16864a32 - std[617be2ca0a6fd877]::panicking::panic_handler::{closure#0}
[INFO] [stdout]    8:     0x62cd1685d499 - std[617be2ca0a6fd877]::sys::backtrace::__rust_end_short_backtrace::<std[617be2ca0a6fd877]::panicking::panic_handler::{closure#0}, !>
[INFO] [stdout]    9:     0x62cd1686563d - __rustc[ea4f61d10b84890b]::rust_begin_unwind
[INFO] [stdout]   10:     0x62cd1689f80c - core[a373ad73a504971]::panicking::panic_fmt
[INFO] [stdout]   11:     0x62cd167fd9cb - plugin[b4e76a6c25cbb69c]::build_plugin
[INFO] [stdout]   12:     0x62cd167fda72 - plugin[b4e76a6c25cbb69c]::test_add_command_helper
[INFO] [stdout]   13:     0x62cd16801ef2 - <plugin[b4e76a6c25cbb69c]::test_async_plugin_add_command::{closure#0} as core[a373ad73a504971]::ops::function::FnOnce<()>>::call_once
[INFO] [stdout]   14:     0x62cd1680920b - test[aada8e7e76ba119b]::__rust_begin_short_backtrace::<core[a373ad73a504971]::result::Result<(), alloc[2e1b2a31b91974c5]::string::String>, fn() -> core[a373ad73a504971]::result::Result<(), alloc[2e1b2a31b91974c5]::string::String>>
[INFO] [stdout]   15:     0x62cd168163e5 - test[aada8e7e76ba119b]::run_test::{closure#0}
[INFO] [stdout]   16:     0x62cd1680fcd4 - std[617be2ca0a6fd877]::sys::backtrace::__rust_begin_short_backtrace::<test[aada8e7e76ba119b]::run_test::{closure#1}, ()>
[INFO] [stdout]   17:     0x62cd16819472 - <std[617be2ca0a6fd877]::thread::lifecycle::spawn_unchecked<test[aada8e7e76ba119b]::run_test::{closure#1}, ()>::{closure#1} as core[a373ad73a504971]::ops::function::FnOnce<()>>::call_once::{shim:vtable#0}
[INFO] [stdout]   18:     0x62cd168897af - <std[617be2ca0a6fd877]::sys::thread::unix::Thread>::new::thread_start
[INFO] [stdout]   19:     0x73da5ae55dfa - <unknown>
[INFO] [stdout]   20:     0x73da5aee93d4 - clone
[INFO] [stdout]   21:                0x0 - <unknown>
[INFO] [stdout] 
[INFO] [stdout] ---- test_async_plugin_with_prev_result stdout ----
[INFO] [stdout] 
[INFO] [stdout] thread 'test_async_plugin_with_prev_result' (1757) panicked at tests/integration/tests/plugin.rs:67:5:
[INFO] [stdout] Plugin binary not found: /opt/rustwide/target/release/build/integration-tests/210b39cc017ec83e/out/async-rscni-debug
[INFO] [stdout] stack backtrace:
[INFO] [stdout]    0:     0x62cd1688a2b1 - <<std[617be2ca0a6fd877]::sys::backtrace::BacktraceLock>::print::DisplayBacktrace as core[a373ad73a504971]::fmt::Display>::fmt
[INFO] [stdout]    1:     0x62cd1689f0da - core[a373ad73a504971]::fmt::write
[INFO] [stdout]    2:     0x62cd1688e7bc - <alloc[2e1b2a31b91974c5]::vec::Vec<u8> as core[a373ad73a504971]::io::write::Write>::write_fmt
[INFO] [stdout]    3:     0x62cd16864986 - std[617be2ca0a6fd877]::panicking::default_hook::{closure#0}
[INFO] [stdout]    4:     0x62cd16881e49 - std[617be2ca0a6fd877]::panicking::default_hook
[INFO] [stdout]    5:     0x62cd16815dc0 - test[aada8e7e76ba119b]::test_main_inner::{closure#0}
[INFO] [stdout]    6:     0x62cd16882002 - std[617be2ca0a6fd877]::panicking::panic_with_hook
[INFO] [stdout]    7:     0x62cd16864a32 - std[617be2ca0a6fd877]::panicking::panic_handler::{closure#0}
[INFO] [stdout]    8:     0x62cd1685d499 - std[617be2ca0a6fd877]::sys::backtrace::__rust_end_short_backtrace::<std[617be2ca0a6fd877]::panicking::panic_handler::{closure#0}, !>
[INFO] [stdout]    9:     0x62cd1686563d - __rustc[ea4f61d10b84890b]::rust_begin_unwind
[INFO] [stdout]   10:     0x62cd1689f80c - core[a373ad73a504971]::panicking::panic_fmt
[INFO] [stdout]   11:     0x62cd167fd9cb - plugin[b4e76a6c25cbb69c]::build_plugin
[INFO] [stdout]   12:     0x62cd167fffdf - plugin[b4e76a6c25cbb69c]::test_with_prev_result_helper
[INFO] [stdout]   13:     0x62cd168029b2 - <plugin[b4e76a6c25cbb69c]::test_async_plugin_with_prev_result::{closure#0} as core[a373ad73a504971]::ops::function::FnOnce<()>>::call_once
[INFO] [stdout]   14:     0x62cd1680920b - test[aada8e7e76ba119b]::__rust_begin_short_backtrace::<core[a373ad73a504971]::result::Result<(), alloc[2e1b2a31b91974c5]::string::String>, fn() -> core[a373ad73a504971]::result::Result<(), alloc[2e1b2a31b91974c5]::string::String>>
[INFO] [stdout]   15:     0x62cd168163e5 - test[aada8e7e76ba119b]::run_test::{closure#0}
[INFO] [stdout]   16:     0x62cd1680fcd4 - std[617be2ca0a6fd877]::sys::backtrace::__rust_begin_short_backtrace::<test[aada8e7e76ba119b]::run_test::{closure#1}, ()>
[INFO] [stdout]   17:     0x62cd16819472 - <std[617be2ca0a6fd877]::thread::lifecycle::spawn_unchecked<test[aada8e7e76ba119b]::run_test::{closure#1}, ()>::{closure#1} as core[a373ad73a504971]::ops::function::FnOnce<()>>::call_once::{shim:vtable#0}
[INFO] [stdout]   18:     0x62cd168897af - <std[617be2ca0a6fd877]::sys::thread::unix::Thread>::new::thread_start
[INFO] [stdout]   19:     0x73da5ae55dfa - <unknown>
[INFO] [stdout]   20:     0x73da5aee93d4 - clone
[INFO] [stdout]   21:                0x0 - <unknown>
[INFO] [stdout] 
[INFO] [stdout] ---- test_plugin_del_command stdout ----
[INFO] [stdout] 
[INFO] [stdout] thread 'test_plugin_del_command' (1761) panicked at tests/integration/tests/plugin.rs:67:5:
[INFO] [stdout] Plugin binary not found: /opt/rustwide/target/release/build/integration-tests/210b39cc017ec83e/out/rscni-debug
[INFO] [stdout] stack backtrace:
[INFO] [stdout]    0:     0x62cd1688a2b1 - <<std[617be2ca0a6fd877]::sys::backtrace::BacktraceLock>::print::DisplayBacktrace as core[a373ad73a504971]::fmt::Display>::fmt
[INFO] [stdout]    1:     0x62cd1689f0da - core[a373ad73a504971]::fmt::write
[INFO] [stdout]    2:     0x62cd1688e7bc - <alloc[2e1b2a31b91974c5]::vec::Vec<u8> as core[a373ad73a504971]::io::write::Write>::write_fmt
[INFO] [stdout]    3:     0x62cd16864986 - std[617be2ca0a6fd877]::panicking::default_hook::{closure#0}
[INFO] [stdout]    4:     0x62cd16881e49 - std[617be2ca0a6fd877]::panicking::default_hook
[INFO] [stdout]    5:     0x62cd16815dc0 - test[aada8e7e76ba119b]::test_main_inner::{closure#0}
[INFO] [stdout]    6:     0x62cd16882002 - std[617be2ca0a6fd877]::panicking::panic_with_hook
[INFO] [stdout]    7:     0x62cd16864a32 - std[617be2ca0a6fd877]::panicking::panic_handler::{closure#0}
[INFO] [stdout]    8:     0x62cd1685d499 - std[617be2ca0a6fd877]::sys::backtrace::__rust_end_short_backtrace::<std[617be2ca0a6fd877]::panicking::panic_handler::{closure#0}, !>
[INFO] [stdout]    9:     0x62cd1686563d - __rustc[ea4f61d10b84890b]::rust_begin_unwind
[INFO] [stdout]   10:     0x62cd1689f80c - core[a373ad73a504971]::panicking::panic_fmt
[INFO] [stdout]   11:     0x62cd167fd9cb - plugin[b4e76a6c25cbb69c]::build_plugin
[INFO] [stdout]   12:     0x62cd167fe704 - plugin[b4e76a6c25cbb69c]::test_del_command_helper
[INFO] [stdout]   13:     0x62cd16801d2f - <plugin[b4e76a6c25cbb69c]::test_plugin_del_command::{closure#0} as core[a373ad73a504971]::ops::function::FnOnce<()>>::call_once
[INFO] [stdout]   14:     0x62cd1680920b - test[aada8e7e76ba119b]::__rust_begin_short_backtrace::<core[a373ad73a504971]::result::Result<(), alloc[2e1b2a31b91974c5]::string::String>, fn() -> core[a373ad73a504971]::result::Result<(), alloc[2e1b2a31b91974c5]::string::String>>
[INFO] [stdout]   15:     0x62cd168163e5 - test[aada8e7e76ba119b]::run_test::{closure#0}
[INFO] [stdout]   16:     0x62cd1680fcd4 - std[617be2ca0a6fd877]::sys::backtrace::__rust_begin_short_backtrace::<test[aada8e7e76ba119b]::run_test::{closure#1}, ()>
[INFO] [stdout]   17:     0x62cd16819472 - <std[617be2ca0a6fd877]::thread::lifecycle::spawn_unchecked<test[aada8e7e76ba119b]::run_test::{closure#1}, ()>::{closure#1} as core[a373ad73a504971]::ops::function::FnOnce<()>>::call_once::{shim:vtable#0}
[INFO] [stdout]   18:     0x62cd168897af - <std[617be2ca0a6fd877]::sys::thread::unix::Thread>::new::thread_start
[INFO] [stdout]   19:     0x73da5ae55dfa - <unknown>
[INFO] [stdout]   20:     0x73da5aee93d4 - clone
[INFO] [stdout]   21:                0x0 - <unknown>
[INFO] [stdout] 
[INFO] [stdout] ---- test_plugin_del_without_netns stdout ----
[INFO] [stdout] 
[INFO] [stdout] thread 'test_plugin_del_without_netns' (1762) panicked at tests/integration/tests/plugin.rs:67:5:
[INFO] [stdout] Plugin binary not found: /opt/rustwide/target/release/build/integration-tests/210b39cc017ec83e/out/rscni-debug
[INFO] [stdout] stack backtrace:
[INFO] [stdout]    0:     0x62cd1688a2b1 - <<std[617be2ca0a6fd877]::sys::backtrace::BacktraceLock>::print::DisplayBacktrace as core[a373ad73a504971]::fmt::Display>::fmt
[INFO] [stdout]    1:     0x62cd1689f0da - core[a373ad73a504971]::fmt::write
[INFO] [stdout]    2:     0x62cd1688e7bc - <alloc[2e1b2a31b91974c5]::vec::Vec<u8> as core[a373ad73a504971]::io::write::Write>::write_fmt
[INFO] [stdout]    3:     0x62cd16864986 - std[617be2ca0a6fd877]::panicking::default_hook::{closure#0}
[INFO] [stdout]    4:     0x62cd16881e49 - std[617be2ca0a6fd877]::panicking::default_hook
[INFO] [stdout]    5:     0x62cd16815dc0 - test[aada8e7e76ba119b]::test_main_inner::{closure#0}
[INFO] [stdout]    6:     0x62cd16882002 - std[617be2ca0a6fd877]::panicking::panic_with_hook
[INFO] [stdout]    7:     0x62cd16864a32 - std[617be2ca0a6fd877]::panicking::panic_handler::{closure#0}
[INFO] [stdout]    8:     0x62cd1685d499 - std[617be2ca0a6fd877]::sys::backtrace::__rust_end_short_backtrace::<std[617be2ca0a6fd877]::panicking::panic_handler::{closure#0}, !>
[INFO] [stdout]    9:     0x62cd1686563d - __rustc[ea4f61d10b84890b]::rust_begin_unwind
[INFO] [stdout]   10:     0x62cd1689f80c - core[a373ad73a504971]::panicking::panic_fmt
[INFO] [stdout]   11:     0x62cd167fd9cb - plugin[b4e76a6c25cbb69c]::build_plugin
[INFO] [stdout]   12:     0x62cd168008c1 - plugin[b4e76a6c25cbb69c]::test_del_without_netns_helper
[INFO] [stdout]   13:     0x62cd16801fcf - <plugin[b4e76a6c25cbb69c]::test_plugin_del_without_netns::{closure#0} as core[a373ad73a504971]::ops::function::FnOnce<()>>::call_once
[INFO] [stdout]   14:     0x62cd1680920b - test[aada8e7e76ba119b]::__rust_begin_short_backtrace::<core[a373ad73a504971]::result::Result<(), alloc[2e1b2a31b91974c5]::string::String>, fn() -> core[a373ad73a504971]::result::Result<(), alloc[2e1b2a31b91974c5]::string::String>>
[INFO] [stdout]   15:     0x62cd168163e5 - test[aada8e7e76ba119b]::run_test::{closure#0}
[INFO] [stdout]   16:     0x62cd1680fcd4 - std[617be2ca0a6fd877]::sys::backtrace::__rust_begin_short_backtrace::<test[aada8e7e76ba119b]::run_test::{closure#1}, ()>
[INFO] [stdout]   17:     0x62cd16819472 - <std[617be2ca0a6fd877]::thread::lifecycle::spawn_unchecked<test[aada8e7e76ba119b]::run_test::{closure#1}, ()>::{closure#1} as core[a373ad73a504971]::ops::function::FnOnce<()>>::call_once::{shim:vtable#0}
[INFO] [stdout]   18:     0x62cd168897af - <std[617be2ca0a6fd877]::sys::thread::unix::Thread>::new::thread_start
[INFO] [stdout]   19:     0x73da5ae55dfa - <unknown>
[INFO] [stdout]   20:     0x73da5aee93d4 - clone
[INFO] [stdout]   21:                0x0 - <unknown>
[INFO] [stdout] 
[INFO] [stdout] ---- test_plugin_error_emits_error_json stdout ----
[INFO] [stdout] 
[INFO] [stdout] thread 'test_plugin_error_emits_error_json' (1763) panicked at tests/integration/tests/plugin.rs:67:5:
[INFO] [stdout] Plugin binary not found: /opt/rustwide/target/release/build/integration-tests/210b39cc017ec83e/out/rscni-debug
[INFO] [stdout] stack backtrace:
[INFO] [stdout]    0:     0x62cd1688a2b1 - <<std[617be2ca0a6fd877]::sys::backtrace::BacktraceLock>::print::DisplayBacktrace as core[a373ad73a504971]::fmt::Display>::fmt
[INFO] [stdout]    1:     0x62cd1689f0da - core[a373ad73a504971]::fmt::write
[INFO] [stdout]    2:     0x62cd1688e7bc - <alloc[2e1b2a31b91974c5]::vec::Vec<u8> as core[a373ad73a504971]::io::write::Write>::write_fmt
[INFO] [stdout]    3:     0x62cd16864986 - std[617be2ca0a6fd877]::panicking::default_hook::{closure#0}
[INFO] [stdout]    4:     0x62cd16881e49 - std[617be2ca0a6fd877]::panicking::default_hook
[INFO] [stdout]    5:     0x62cd16815dc0 - test[aada8e7e76ba119b]::test_main_inner::{closure#0}
[INFO] [stdout]    6:     0x62cd16882002 - std[617be2ca0a6fd877]::panicking::panic_with_hook
[INFO] [stdout]    7:     0x62cd16864a32 - std[617be2ca0a6fd877]::panicking::panic_handler::{closure#0}
[INFO] [stdout]    8:     0x62cd1685d499 - std[617be2ca0a6fd877]::sys::backtrace::__rust_end_short_backtrace::<std[617be2ca0a6fd877]::panicking::panic_handler::{closure#0}, !>
[INFO] [stdout]    9:     0x62cd1686563d - __rustc[ea4f61d10b84890b]::rust_begin_unwind
[INFO] [stdout]   10:     0x62cd1689f80c - core[a373ad73a504971]::panicking::panic_fmt
[INFO] [stdout]   11:     0x62cd167fd9cb - plugin[b4e76a6c25cbb69c]::build_plugin
[INFO] [stdout]   12:     0x62cd16800e0f - plugin[b4e76a6c25cbb69c]::test_error_emits_error_json_helper
[INFO] [stdout]   13:     0x62cd16802a1f - <plugin[b4e76a6c25cbb69c]::test_plugin_error_emits_error_json::{closure#0} as core[a373ad73a504971]::ops::function::FnOnce<()>>::call_once
[INFO] [stdout]   14:     0x62cd1680920b - test[aada8e7e76ba119b]::__rust_begin_short_backtrace::<core[a373ad73a504971]::result::Result<(), alloc[2e1b2a31b91974c5]::string::String>, fn() -> core[a373ad73a504971]::result::Result<(), alloc[2e1b2a31b91974c5]::string::String>>
[INFO] [stdout]   15:     0x62cd168163e5 - test[aada8e7e76ba119b]::run_test::{closure#0}
[INFO] [stdout]   16:     0x62cd1680fcd4 - std[617be2ca0a6fd877]::sys::backtrace::__rust_begin_short_backtrace::<test[aada8e7e76ba119b]::run_test::{closure#1}, ()>
[INFO] [stdout]   17:     0x62cd16819472 - <std[617be2ca0a6fd877]::thread::lifecycle::spawn_unchecked<test[aada8e7e76ba119b]::run_test::{closure#1}, ()>::{closure#1} as core[a373ad73a504971]::ops::function::FnOnce<()>>::call_once::{shim:vtable#0}
[INFO] [stdout]   18:     0x62cd168897af - <std[617be2ca0a6fd877]::sys::thread::unix::Thread>::new::thread_start
[INFO] [stdout]   19:     0x73da5ae55dfa - <unknown>
[INFO] [stdout]   20:     0x73da5aee93d4 - clone
[INFO] [stdout]   21:                0x0 - <unknown>
[INFO] [stdout] 
[INFO] [stdout] ---- test_async_plugin_del_without_netns stdout ----
[INFO] [stdout] 
[INFO] [stdout] thread 'test_async_plugin_del_without_netns' (1754) panicked at tests/integration/tests/plugin.rs:67:5:
[INFO] [stdout] Plugin binary not found: /opt/rustwide/target/release/build/integration-tests/210b39cc017ec83e/out/async-rscni-debug
[INFO] [stdout] stack backtrace:
[INFO] [stdout]    0:     0x62cd1688a2b1 - <<std[617be2ca0a6fd877]::sys::backtrace::BacktraceLock>::print::DisplayBacktrace as core[a373ad73a504971]::fmt::Display>::fmt
[INFO] [stdout]    1:     0x62cd1689f0da - core[a373ad73a504971]::fmt::write
[INFO] [stdout]    2:     0x62cd1688e7bc - <alloc[2e1b2a31b91974c5]::vec::Vec<u8> as core[a373ad73a504971]::io::write::Write>::write_fmt
[INFO] [stdout]    3:     0x62cd16864986 - std[617be2ca0a6fd877]::panicking::default_hook::{closure#0}
[INFO] [stdout]    4:     0x62cd16881e49 - std[617be2ca0a6fd877]::panicking::default_hook
[INFO] [stdout]    5:     0x62cd16815dc0 - test[aada8e7e76ba119b]::test_main_inner::{closure#0}
[INFO] [stdout]    6:     0x62cd16882002 - std[617be2ca0a6fd877]::panicking::panic_with_hook
[INFO] [stdout]    7:     0x62cd16864a32 - std[617be2ca0a6fd877]::panicking::panic_handler::{closure#0}
[INFO] [stdout]    8:     0x62cd1685d499 - std[617be2ca0a6fd877]::sys::backtrace::__rust_end_short_backtrace::<std[617be2ca0a6fd877]::panicking::panic_handler::{closure#0}, !>
[INFO] [stdout]    9:     0x62cd1686563d - __rustc[ea4f61d10b84890b]::rust_begin_unwind
[INFO] [stdout]   10:     0x62cd1689f80c - core[a373ad73a504971]::panicking::panic_fmt
[INFO] [stdout]   11:     0x62cd167fd9cb - plugin[b4e76a6c25cbb69c]::build_plugin
[INFO] [stdout]   12:     0x62cd168008c1 - plugin[b4e76a6c25cbb69c]::test_del_without_netns_helper
[INFO] [stdout]   13:     0x62cd16802a92 - <plugin[b4e76a6c25cbb69c]::test_async_plugin_del_without_netns::{closure#0} as core[a373ad73a504971]::ops::function::FnOnce<()>>::call_once
[INFO] [stdout]   14:     0x62cd1680920b - test[aada8e7e76ba119b]::__rust_begin_short_backtrace::<core[a373ad73a504971]::result::Result<(), alloc[2e1b2a31b91974c5]::string::String>, fn() -> core[a373ad73a504971]::result::Result<(), alloc[2e1b2a31b91974c5]::string::String>>
[INFO] [stdout]   15:     0x62cd168163e5 - test[aada8e7e76ba119b]::run_test::{closure#0}
[INFO] [stdout]   16:     0x62cd1680fcd4 - std[617be2ca0a6fd877]::sys::backtrace::__rust_begin_short_backtrace::<test[aada8e7e76ba119b]::run_test::{closure#1}, ()>
[INFO] [stdout]   17:     0x62cd16819472 - <std[617be2ca0a6fd877]::thread::lifecycle::spawn_unchecked<test[aada8e7e76ba119b]::run_test::{closure#1}, ()>::{closure#1} as core[a373ad73a504971]::ops::function::FnOnce<()>>::call_once::{shim:vtable#0}
[INFO] [stdout]   18:     0x62cd168897af - <std[617be2ca0a6fd877]::sys::thread::unix::Thread>::new::thread_start
[INFO] [stdout]   19:     0x73da5ae55dfa - <unknown>
[INFO] [stdout]   20:     0x73da5aee93d4 - clone
[INFO] [stdout]   21:                0x0 - <unknown>
[INFO] [stdout] 
[INFO] [stdout] ---- test_plugin_with_prev_result stdout ----
[INFO] [stdout] 
[INFO] [stdout] thread 'test_plugin_with_prev_result' (1765) panicked at tests/integration/tests/plugin.rs:67:5:
[INFO] [stdout] Plugin binary not found: /opt/rustwide/target/release/build/integration-tests/210b39cc017ec83e/out/rscni-debug
[INFO] [stdout] stack backtrace:
[INFO] [stdout]    0:     0x62cd1688a2b1 - <<std[617be2ca0a6fd877]::sys::backtrace::BacktraceLock>::print::DisplayBacktrace as core[a373ad73a504971]::fmt::Display>::fmt
[INFO] [stdout]    1:     0x62cd1689f0da - core[a373ad73a504971]::fmt::write
[INFO] [stdout]    2:     0x62cd1688e7bc - <alloc[2e1b2a31b91974c5]::vec::Vec<u8> as core[a373ad73a504971]::io::write::Write>::write_fmt
[INFO] [stdout]    3:     0x62cd16864986 - std[617be2ca0a6fd877]::panicking::default_hook::{closure#0}
[INFO] [stdout]    4:     0x62cd16881e49 - std[617be2ca0a6fd877]::panicking::default_hook
[INFO] [stdout]    5:     0x62cd16815dc0 - test[aada8e7e76ba119b]::test_main_inner::{closure#0}
[INFO] [stdout]    6:     0x62cd16882002 - std[617be2ca0a6fd877]::panicking::panic_with_hook
[INFO] [stdout]    7:     0x62cd16864a32 - std[617be2ca0a6fd877]::panicking::panic_handler::{closure#0}
[INFO] [stdout]    8:     0x62cd1685d499 - std[617be2ca0a6fd877]::sys::backtrace::__rust_end_short_backtrace::<std[617be2ca0a6fd877]::panicking::panic_handler::{closure#0}, !>
[INFO] [stdout]    9:     0x62cd1686563d - __rustc[ea4f61d10b84890b]::rust_begin_unwind
[INFO] [stdout]   10:     0x62cd1689f80c - core[a373ad73a504971]::panicking::panic_fmt
[INFO] [stdout]   11:     0x62cd167fd9cb - plugin[b4e76a6c25cbb69c]::build_plugin
[INFO] [stdout]   12:     0x62cd167fffdf - plugin[b4e76a6c25cbb69c]::test_with_prev_result_helper
[INFO] [stdout]   13:     0x62cd16801e7f - <plugin[b4e76a6c25cbb69c]::test_plugin_with_prev_result::{closure#0} as core[a373ad73a504971]::ops::function::FnOnce<()>>::call_once
[INFO] [stdout]   14:     0x62cd1680920b - test[aada8e7e76ba119b]::__rust_begin_short_backtrace::<core[a373ad73a504971]::result::Result<(), alloc[2e1b2a31b91974c5]::string::String>, fn() -> core[a373ad73a504971]::result::Result<(), alloc[2e1b2a31b91974c5]::string::String>>
[INFO] [stdout]   15:     0x62cd168163e5 - test[aada8e7e76ba119b]::run_test::{closure#0}
[INFO] [stdout]   16:     0x62cd1680fcd4 - std[617be2ca0a6fd877]::sys::backtrace::__rust_begin_short_backtrace::<test[aada8e7e76ba119b]::run_test::{closure#1}, ()>
[INFO] [stdout]   17:     0x62cd16819472 - <std[617be2ca0a6fd877]::thread::lifecycle::spawn_unchecked<test[aada8e7e76ba119b]::run_test::{closure#1}, ()>::{closure#1} as core[a373ad73a504971]::ops::function::FnOnce<()>>::call_once::{shim:vtable#0}
[INFO] [stdout]   18:     0x62cd168897af - <std[617be2ca0a6fd877]::sys::thread::unix::Thread>::new::thread_start
[INFO] [stdout]   19:     0x73da5ae55dfa - <unknown>
[INFO] [stdout]   20:     0x73da5aee93d4 - clone
[INFO] [stdout]   21:                0x0 - <unknown>
[INFO] [stdout] 
[INFO] [stdout] ---- test_plugin_version_command stdout ----
[INFO] [stdout] 
[INFO] [stdout] thread 'test_plugin_version_command' (1764) panicked at tests/integration/tests/plugin.rs:67:5:
[INFO] [stdout] Plugin binary not found: /opt/rustwide/target/release/build/integration-tests/210b39cc017ec83e/out/rscni-debug
[INFO] [stdout] stack backtrace:
[INFO] [stdout]    0:     0x62cd1688a2b1 - <<std[617be2ca0a6fd877]::sys::backtrace::BacktraceLock>::print::DisplayBacktrace as core[a373ad73a504971]::fmt::Display>::fmt
[INFO] [stdout]    1:     0x62cd1689f0da - core[a373ad73a504971]::fmt::write
[INFO] [stdout]    2:     0x62cd1688e7bc - <alloc[2e1b2a31b91974c5]::vec::Vec<u8> as core[a373ad73a504971]::io::write::Write>::write_fmt
[INFO] [stdout]    3:     0x62cd16864986 - std[617be2ca0a6fd877]::panicking::default_hook::{closure#0}
[INFO] [stdout]    4:     0x62cd16881e49 - std[617be2ca0a6fd877]::panicking::default_hook
[INFO] [stdout]    5:     0x62cd16815dc0 - test[aada8e7e76ba119b]::test_main_inner::{closure#0}
[INFO] [stdout]    6:     0x62cd16882002 - std[617be2ca0a6fd877]::panicking::panic_with_hook
[INFO] [stdout]    7:     0x62cd16864a32 - std[617be2ca0a6fd877]::panicking::panic_handler::{closure#0}
[INFO] [stdout]    8:     0x62cd1685d499 - std[617be2ca0a6fd877]::sys::backtrace::__rust_end_short_backtrace::<std[617be2ca0a6fd877]::panicking::panic_handler::{closure#0}, !>
[INFO] [stdout]    9:     0x62cd1686563d - __rustc[ea4f61d10b84890b]::rust_begin_unwind
[INFO] [stdout]   10:     0x62cd1689f80c - core[a373ad73a504971]::panicking::panic_fmt
[INFO] [stdout]   11:     0x62cd167fd9cb - plugin[b4e76a6c25cbb69c]::build_plugin
[INFO] [stdout]   12:     0x62cd167ffbdf - plugin[b4e76a6c25cbb69c]::test_version_command_helper
[INFO] [stdout]   13:     0x62cd16801e0f - <plugin[b4e76a6c25cbb69c]::test_plugin_version_command::{closure#0} as core[a373ad73a504971]::ops::function::FnOnce<()>>::call_once
[INFO] [stdout]   14:     0x62cd1680920b - test[aada8e7e76ba119b]::__rust_begin_short_backtrace::<core[a373ad73a504971]::result::Result<(), alloc[2e1b2a31b91974c5]::string::String>, fn() -> core[a373ad73a504971]::result::Result<(), alloc[2e1b2a31b91974c5]::string::String>>
[INFO] [stdout]   15:     0x62cd168163e5 - test[aada8e7e76ba119b]::run_test::{closure#0}
[INFO] [stdout]   16:     0x62cd1680fcd4 - std[617be2ca0a6fd877]::sys::backtrace::__rust_begin_short_backtrace::<test[aada8e7e76ba119b]::run_test::{closure#1}, ()>
[INFO] [stdout]   17:     0x62cd16819472 - <std[617be2ca0a6fd877]::thread::lifecycle::spawn_unchecked<test[aada8e7e76ba119b]::run_test::{closure#1}, ()>::{closure#1} as core[a373ad73a504971]::ops::function::FnOnce<()>>::call_once::{shim:vtable#0}
[INFO] [stdout]   18:     0x62cd168897af - <std[617be2ca0a6fd877]::sys::thread::unix::Thread>::new::thread_start
[INFO] [stdout]   19:     0x73da5ae55dfa - <unknown>
[INFO] [stdout]   20:     0x73da5aee93d4 - clone
[INFO] [stdout]   21:                0x0 - <unknown>
[INFO] [stdout] 
[INFO] [stdout] ---- test_plugin_add_command stdout ----
[INFO] [stdout] 
[INFO] [stdout] thread 'test_plugin_add_command' (1759) panicked at tests/integration/tests/plugin.rs:67:5:
[INFO] [stdout] Plugin binary not found: /opt/rustwide/target/release/build/integration-tests/210b39cc017ec83e/out/rscni-debug
[INFO] [stdout] stack backtrace:
[INFO] [stdout]    0:     0x62cd1688a2b1 - <<std[617be2ca0a6fd877]::sys::backtrace::BacktraceLock>::print::DisplayBacktrace as core[a373ad73a504971]::fmt::Display>::fmt
[INFO] [stdout]    1:     0x62cd1689f0da - core[a373ad73a504971]::fmt::write
[INFO] [stdout]    2:     0x62cd1688e7bc - <alloc[2e1b2a31b91974c5]::vec::Vec<u8> as core[a373ad73a504971]::io::write::Write>::write_fmt
[INFO] [stdout]    3:     0x62cd16864986 - std[617be2ca0a6fd877]::panicking::default_hook::{closure#0}
[INFO] [stdout]    4:     0x62cd16881e49 - std[617be2ca0a6fd877]::panicking::default_hook
[INFO] [stdout]    5:     0x62cd16815dc0 - test[aada8e7e76ba119b]::test_main_inner::{closure#0}
[INFO] [stdout]    6:     0x62cd16882002 - std[617be2ca0a6fd877]::panicking::panic_with_hook
[INFO] [stdout]    7:     0x62cd16864a32 - std[617be2ca0a6fd877]::panicking::panic_handler::{closure#0}
[INFO] [stdout]    8:     0x62cd1685d499 - std[617be2ca0a6fd877]::sys::backtrace::__rust_end_short_backtrace::<std[617be2ca0a6fd877]::panicking::panic_handler::{closure#0}, !>
[INFO] [stdout]    9:     0x62cd1686563d - __rustc[ea4f61d10b84890b]::rust_begin_unwind
[INFO] [stdout]   10:     0x62cd1689f80c - core[a373ad73a504971]::panicking::panic_fmt
[INFO] [stdout]   11:     0x62cd167fd9cb - plugin[b4e76a6c25cbb69c]::build_plugin
[INFO] [stdout]   12:     0x62cd167fda72 - plugin[b4e76a6c25cbb69c]::test_add_command_helper
[INFO] [stdout]   13:     0x62cd16801cbf - <plugin[b4e76a6c25cbb69c]::test_plugin_add_command::{closure#0} as core[a373ad73a504971]::ops::function::FnOnce<()>>::call_once
[INFO] [stdout]   14:     0x62cd1680920b - test[aada8e7e76ba119b]::__rust_begin_short_backtrace::<core[a373ad73a504971]::result::Result<(), alloc[2e1b2a31b91974c5]::string::String>, fn() -> core[a373ad73a504971]::result::Result<(), alloc[2e1b2a31b91974c5]::string::String>>
[INFO] [stdout]   15:     0x62cd168163e5 - test[aada8e7e76ba119b]::run_test::{closure#0}
[INFO] [stdout]   16:     0x62cd1680fcd4 - std[617be2ca0a6fd877]::sys::backtrace::__rust_begin_short_backtrace::<test[aada8e7e76ba119b]::run_test::{closure#1}, ()>
[INFO] [stdout]   17:     0x62cd16819472 - <std[617be2ca0a6fd877]::thread::lifecycle::spawn_unchecked<test[aada8e7e76ba119b]::run_test::{closure#1}, ()>::{closure#1} as core[a373ad73a504971]::ops::function::FnOnce<()>>::call_once::{shim:vtable#0}
[INFO] [stdout]   18:     0x62cd168897af - <std[617be2ca0a6fd877]::sys::thread::unix::Thread>::new::thread_start
[INFO] [stdout]   19:     0x73da5ae55dfa - <unknown>
[INFO] [stdout]   20:     0x73da5aee93d4 - clone
[INFO] [stdout]   21:                0x0 - <unknown>
[INFO] [stdout] 
[INFO] [stdout] ---- test_async_plugin_del_command stdout ----
[INFO] [stdout] 
[INFO] [stdout] thread 'test_async_plugin_del_command' (1753) panicked at tests/integration/tests/plugin.rs:67:5:
[INFO] [stdout] Plugin binary not found: /opt/rustwide/target/release/build/integration-tests/210b39cc017ec83e/out/async-rscni-debug
[INFO] [stdout] stack backtrace:
[INFO] [stdout]    0:     0x62cd1688a2b1 - <<std[617be2ca0a6fd877]::sys::backtrace::BacktraceLock>::print::DisplayBacktrace as core[a373ad73a504971]::fmt::Display>::fmt
[INFO] [stdout]    1:     0x62cd1689f0da - core[a373ad73a504971]::fmt::write
[INFO] [stdout]    2:     0x62cd1688e7bc - <alloc[2e1b2a31b91974c5]::vec::Vec<u8> as core[a373ad73a504971]::io::write::Write>::write_fmt
[INFO] [stdout]    3:     0x62cd16864986 - std[617be2ca0a6fd877]::panicking::default_hook::{closure#0}
[INFO] [stdout]    4:     0x62cd16881e49 - std[617be2ca0a6fd877]::panicking::default_hook
[INFO] [stdout]    5:     0x62cd16815dc0 - test[aada8e7e76ba119b]::test_main_inner::{closure#0}
[INFO] [stdout]    6:     0x62cd16882002 - std[617be2ca0a6fd877]::panicking::panic_with_hook
[INFO] [stdout]    7:     0x62cd16864a32 - std[617be2ca0a6fd877]::panicking::panic_handler::{closure#0}
[INFO] [stdout]    8:     0x62cd1685d499 - std[617be2ca0a6fd877]::sys::backtrace::__rust_end_short_backtrace::<std[617be2ca0a6fd877]::panicking::panic_handler::{closure#0}, !>
[INFO] [stdout]    9:     0x62cd1686563d - __rustc[ea4f61d10b84890b]::rust_begin_unwind
[INFO] [stdout]   10:     0x62cd1689f80c - core[a373ad73a504971]::panicking::panic_fmt
[INFO] [stdout]   11:     0x62cd167fd9cb - plugin[b4e76a6c25cbb69c]::build_plugin
[INFO] [stdout]   12:     0x62cd167fe704 - plugin[b4e76a6c25cbb69c]::test_del_command_helper
[INFO] [stdout]   13:     0x62cd16801f62 - <plugin[b4e76a6c25cbb69c]::test_async_plugin_del_command::{closure#0} as core[a373ad73a504971]::ops::function::FnOnce<()>>::call_once
[INFO] [stdout]   14:     0x62cd1680920b - test[aada8e7e76ba119b]::__rust_begin_short_backtrace::<core[a373ad73a504971]::result::Result<(), alloc[2e1b2a31b91974c5]::string::String>, fn() -> core[a373ad73a504971]::result::Result<(), alloc[2e1b2a31b91974c5]::string::String>>
[INFO] [stdout]   15:     0x62cd168163e5 - test[aada8e7e76ba119b]::run_test::{closure#0}
[INFO] [stdout]   16:     0x62cd1680fcd4 - std[617be2ca0a6fd877]::sys::backtrace::__rust_begin_short_backtrace::<test[aada8e7e76ba119b]::run_test::{closure#1}, ()>
[INFO] [stdout]   17:     0x62cd16819472 - <std[617be2ca0a6fd877]::thread::lifecycle::spawn_unchecked<test[aada8e7e76ba119b]::run_test::{closure#1}, ()>::{closure#1} as core[a373ad73a504971]::ops::function::FnOnce<()>>::call_once::{shim:vtable#0}
[INFO] [stdout]   18:     0x62cd168897af - <std[617be2ca0a6fd877]::sys::thread::unix::Thread>::new::thread_start
[INFO] [stdout]   19:     0x73da5ae55dfa - <unknown>
[INFO] [stdout]   20:     0x73da5aee93d4 - clone
[INFO] [stdout]   21:                0x0 - <unknown>
[INFO] [stdout] 
[INFO] [stdout] ---- test_async_plugin_check_command stdout ----
[INFO] [stdout] 
[INFO] [stdout] thread 'test_async_plugin_check_command' (1752) panicked at tests/integration/tests/plugin.rs:67:5:
[INFO] [stdout] Plugin binary not found: /opt/rustwide/target/release/build/integration-tests/210b39cc017ec83e/out/async-rscni-debug
[INFO] [stdout] stack backtrace:
[INFO] [stdout]    0:     0x62cd1688a2b1 - <<std[617be2ca0a6fd877]::sys::backtrace::BacktraceLock>::print::DisplayBacktrace as core[a373ad73a504971]::fmt::Display>::fmt
[INFO] [stdout]    1:     0x62cd1689f0da - core[a373ad73a504971]::fmt::write
[INFO] [stdout]    2:     0x62cd1688e7bc - <alloc[2e1b2a31b91974c5]::vec::Vec<u8> as core[a373ad73a504971]::io::write::Write>::write_fmt
[INFO] [stdout]    3:     0x62cd16864986 - std[617be2ca0a6fd877]::panicking::default_hook::{closure#0}
[INFO] [stdout]    4:     0x62cd16881e49 - std[617be2ca0a6fd877]::panicking::default_hook
[INFO] [stdout]    5:     0x62cd16815dc0 - test[aada8e7e76ba119b]::test_main_inner::{closure#0}
[INFO] [stdout]    6:     0x62cd16882002 - std[617be2ca0a6fd877]::panicking::panic_with_hook
[INFO] [stdout]    7:     0x62cd16864a32 - std[617be2ca0a6fd877]::panicking::panic_handler::{closure#0}
[INFO] [stdout]    8:     0x62cd1685d499 - std[617be2ca0a6fd877]::sys::backtrace::__rust_end_short_backtrace::<std[617be2ca0a6fd877]::panicking::panic_handler::{closure#0}, !>
[INFO] [stdout]    9:     0x62cd1686563d - __rustc[ea4f61d10b84890b]::rust_begin_unwind
[INFO] [stdout]   10:     0x62cd1689f80c - core[a373ad73a504971]::panicking::panic_fmt
[INFO] [stdout]   11:     0x62cd167fd9cb - plugin[b4e76a6c25cbb69c]::build_plugin
[INFO] [stdout]   12:     0x62cd167ff174 - plugin[b4e76a6c25cbb69c]::test_check_command_helper
[INFO] [stdout]   13:     0x62cd168028d2 - <plugin[b4e76a6c25cbb69c]::test_async_plugin_check_command::{closure#0} as core[a373ad73a504971]::ops::function::FnOnce<()>>::call_once
[INFO] [stdout]   14:     0x62cd1680920b - test[aada8e7e76ba119b]::__rust_begin_short_backtrace::<core[a373ad73a504971]::result::Result<(), alloc[2e1b2a31b91974c5]::string::String>, fn() -> core[a373ad73a504971]::result::Result<(), alloc[2e1b2a31b91974c5]::string::String>>
[INFO] [stdout]   15:     0x62cd168163e5 - test[aada8e7e76ba119b]::run_test::{closure#0}
[INFO] [stdout]   16:     0x62cd1680fcd4 - std[617be2ca0a6fd877]::sys::backtrace::__rust_begin_short_backtrace::<test[aada8e7e76ba119b]::run_test::{closure#1}, ()>
[INFO] [stdout]   17:     0x62cd16819472 - <std[617be2ca0a6fd877]::thread::lifecycle::spawn_unchecked<test[aada8e7e76ba119b]::run_test::{closure#1}, ()>::{closure#1} as core[a373ad73a504971]::ops::function::FnOnce<()>>::call_once::{shim:vtable#0}
[INFO] [stdout]   18:     0x62cd168897af - <std[617be2ca0a6fd877]::sys::thread::unix::Thread>::new::thread_start
[INFO] [stdout]   19:     0x73da5ae55dfa - <unknown>
[INFO] [stdout]   20:     0x73da5aee93d4 - clone
[INFO] [stdout]   21:                0x0 - <unknown>
[INFO] [stdout] 
[INFO] [stdout] ---- test_async_plugin_error_emits_error_json stdout ----
[INFO] [stdout] 
[INFO] [stdout] thread 'test_async_plugin_error_emits_error_json' (1755) panicked at tests/integration/tests/plugin.rs:67:5:
[INFO] [stdout] Plugin binary not found: /opt/rustwide/target/release/build/integration-tests/210b39cc017ec83e/out/async-rscni-debug
[INFO] [stdout] stack backtrace:
[INFO] [stdout]    0:     0x62cd1688a2b1 - <<std[617be2ca0a6fd877]::sys::backtrace::BacktraceLock>::print::DisplayBacktrace as core[a373ad73a504971]::fmt::Display>::fmt
[INFO] [stdout]    1:     0x62cd1689f0da - core[a373ad73a504971]::fmt::write
[INFO] [stdout]    2:     0x62cd1688e7bc - <alloc[2e1b2a31b91974c5]::vec::Vec<u8> as core[a373ad73a504971]::io::write::Write>::write_fmt
[INFO] [stdout]    3:     0x62cd16864986 - std[617be2ca0a6fd877]::panicking::default_hook::{closure#0}
[INFO] [stdout]    4:     0x62cd16881e49 - std[617be2ca0a6fd877]::panicking::default_hook
[INFO] [stdout]    5:     0x62cd16815dc0 - test[aada8e7e76ba119b]::test_main_inner::{closure#0}
[INFO] [stdout]    6:     0x62cd16882002 - std[617be2ca0a6fd877]::panicking::panic_with_hook
[INFO] [stdout]    7:     0x62cd16864a32 - std[617be2ca0a6fd877]::panicking::panic_handler::{closure#0}
[INFO] [stdout]    8:     0x62cd1685d499 - std[617be2ca0a6fd877]::sys::backtrace::__rust_end_short_backtrace::<std[617be2ca0a6fd877]::panicking::panic_handler::{closure#0}, !>
[INFO] [stdout]    9:     0x62cd1686563d - __rustc[ea4f61d10b84890b]::rust_begin_unwind
[INFO] [stdout]   10:     0x62cd1689f80c - core[a373ad73a504971]::panicking::panic_fmt
[INFO] [stdout]   11:     0x62cd167fd9cb - plugin[b4e76a6c25cbb69c]::build_plugin
[INFO] [stdout]   12:     0x62cd16800e0f - plugin[b4e76a6c25cbb69c]::test_error_emits_error_json_helper
[INFO] [stdout]   13:     0x62cd16802b02 - <plugin[b4e76a6c25cbb69c]::test_async_plugin_error_emits_error_json::{closure#0} as core[a373ad73a504971]::ops::function::FnOnce<()>>::call_once
[INFO] [stdout]   14:     0x62cd1680920b - test[aada8e7e76ba119b]::__rust_begin_short_backtrace::<core[a373ad73a504971]::result::Result<(), alloc[2e1b2a31b91974c5]::string::String>, fn() -> core[a373ad73a504971]::result::Result<(), alloc[2e1b2a31b91974c5]::string::String>>
[INFO] [stdout]   15:     0x62cd168163e5 - test[aada8e7e76ba119b]::run_test::{closure#0}
[INFO] [stdout]   16:     0x62cd1680fcd4 - std[617be2ca0a6fd877]::sys::backtrace::__rust_begin_short_backtrace::<test[aada8e7e76ba119b]::run_test::{closure#1}, ()>
[INFO] [stdout]   17:     0x62cd16819472 - <std[617be2ca0a6fd877]::thread::lifecycle::spawn_unchecked<test[aada8e7e76ba119b]::run_test::{closure#1}, ()>::{closure#1} as core[a373ad73a504971]::ops::function::FnOnce<()>>::call_once::{shim:vtable#0}
[INFO] [stdout]   18:     0x62cd168897af - <std[617be2ca0a6fd877]::sys::thread::unix::Thread>::new::thread_start
[INFO] [stdout]   19:     0x73da5ae55dfa - <unknown>
[INFO] [stdout]   20:     0x73da5aee93d4 - clone
[INFO] [stdout]   21:                0x0 - <unknown>
[INFO] [stdout] 
[INFO] [stdout] ---- test_cni_version_compatibility stdout ----
[INFO] [stdout] 
[INFO] [stdout] thread 'test_cni_version_compatibility' (1758) panicked at tests/integration/tests/plugin.rs:67:5:
[INFO] [stdout] Plugin binary not found: /opt/rustwide/target/release/build/integration-tests/210b39cc017ec83e/out/rscni-debug
[INFO] [stdout] stack backtrace:
[INFO] [stdout]    0:     0x62cd1688a2b1 - <<std[617be2ca0a6fd877]::sys::backtrace::BacktraceLock>::print::DisplayBacktrace as core[a373ad73a504971]::fmt::Display>::fmt
[INFO] [stdout]    1:     0x62cd1689f0da - core[a373ad73a504971]::fmt::write
[INFO] [stdout]    2:     0x62cd1688e7bc - <alloc[2e1b2a31b91974c5]::vec::Vec<u8> as core[a373ad73a504971]::io::write::Write>::write_fmt
[INFO] [stdout]    3:     0x62cd16864986 - std[617be2ca0a6fd877]::panicking::default_hook::{closure#0}
[INFO] [stdout]    4:     0x62cd16881e49 - std[617be2ca0a6fd877]::panicking::default_hook
[INFO] [stdout]    5:     0x62cd16815dc0 - test[aada8e7e76ba119b]::test_main_inner::{closure#0}
[INFO] [stdout]    6:     0x62cd16882002 - std[617be2ca0a6fd877]::panicking::panic_with_hook
[INFO] [stdout]    7:     0x62cd16864a32 - std[617be2ca0a6fd877]::panicking::panic_handler::{closure#0}
[INFO] [stdout]    8:     0x62cd1685d499 - std[617be2ca0a6fd877]::sys::backtrace::__rust_end_short_backtrace::<std[617be2ca0a6fd877]::panicking::panic_handler::{closure#0}, !>
[INFO] [stdout]    9:     0x62cd1686563d - __rustc[ea4f61d10b84890b]::rust_begin_unwind
[INFO] [stdout]   10:     0x62cd1689f80c - core[a373ad73a504971]::panicking::panic_fmt
[INFO] [stdout]   11:     0x62cd167fd9cb - plugin[b4e76a6c25cbb69c]::build_plugin
[INFO] [stdout]   12:     0x62cd16802050 - <plugin[b4e76a6c25cbb69c]::test_cni_version_compatibility::{closure#0} as core[a373ad73a504971]::ops::function::FnOnce<()>>::call_once
[INFO] [stdout]   13:     0x62cd1680920b - test[aada8e7e76ba119b]::__rust_begin_short_backtrace::<core[a373ad73a504971]::result::Result<(), alloc[2e1b2a31b91974c5]::string::String>, fn() -> core[a373ad73a504971]::result::Result<(), alloc[2e1b2a31b91974c5]::string::String>>
[INFO] [stdout]   14:     0x62cd168163e5 - test[aada8e7e76ba119b]::run_test::{closure#0}
[INFO] [stdout]   15:     0x62cd1680fcd4 - std[617be2ca0a6fd877]::sys::backtrace::__rust_begin_short_backtrace::<test[aada8e7e76ba119b]::run_test::{closure#1}, ()>
[INFO] [stdout]   16:     0x62cd16819472 - <std[617be2ca0a6fd877]::thread::lifecycle::spawn_unchecked<test[aada8e7e76ba119b]::run_test::{closure#1}, ()>::{closure#1} as core[a373ad73a504971]::ops::function::FnOnce<()>>::call_once::{shim:vtable#0}
[INFO] [stdout]   17:     0x62cd168897af - <std[617be2ca0a6fd877]::sys::thread::unix::Thread>::new::thread_start
[INFO] [stdout]   18:     0x73da5ae55dfa - <unknown>
[INFO] [stdout]   19:     0x73da5aee93d4 - clone
[INFO] [stdout]   20:                0x0 - <unknown>
[INFO] [stdout] 
[INFO] [stdout] ---- test_plugin_check_command stdout ----
[INFO] [stdout] 
[INFO] [stdout] thread 'test_plugin_check_command' (1760) panicked at tests/integration/tests/plugin.rs:67:5:
[INFO] [stdout] Plugin binary not found: /opt/rustwide/target/release/build/integration-tests/210b39cc017ec83e/out/rscni-debug
[INFO] [stdout] stack backtrace:
[INFO] [stdout]    0:     0x62cd1688a2b1 - <<std[617be2ca0a6fd877]::sys::backtrace::BacktraceLock>::print::DisplayBacktrace as core[a373ad73a504971]::fmt::Display>::fmt
[INFO] [stdout]    1:     0x62cd1689f0da - core[a373ad73a504971]::fmt::write
[INFO] [stdout]    2:     0x62cd1688e7bc - <alloc[2e1b2a31b91974c5]::vec::Vec<u8> as core[a373ad73a504971]::io::write::Write>::write_fmt
[INFO] [stdout]    3:     0x62cd16864986 - std[617be2ca0a6fd877]::panicking::default_hook::{closure#0}
[INFO] [stdout]    4:     0x62cd16881e49 - std[617be2ca0a6fd877]::panicking::default_hook
[INFO] [stdout]    5:     0x62cd16815dc0 - test[aada8e7e76ba119b]::test_main_inner::{closure#0}
[INFO] [stdout]    6:     0x62cd16882002 - std[617be2ca0a6fd877]::panicking::panic_with_hook
[INFO] [stdout]    7:     0x62cd16864a32 - std[617be2ca0a6fd877]::panicking::panic_handler::{closure#0}
[INFO] [stdout]    8:     0x62cd1685d499 - std[617be2ca0a6fd877]::sys::backtrace::__rust_end_short_backtrace::<std[617be2ca0a6fd877]::panicking::panic_handler::{closure#0}, !>
[INFO] [stdout]    9:     0x62cd1686563d - __rustc[ea4f61d10b84890b]::rust_begin_unwind
[INFO] [stdout]   10:     0x62cd1689f80c - core[a373ad73a504971]::panicking::panic_fmt
[INFO] [stdout]   11:     0x62cd167fd9cb - plugin[b4e76a6c25cbb69c]::build_plugin
[INFO] [stdout]   12:     0x62cd167ff174 - plugin[b4e76a6c25cbb69c]::test_check_command_helper
[INFO] [stdout]   13:     0x62cd16801d9f - <plugin[b4e76a6c25cbb69c]::test_plugin_check_command::{closure#0} as core[a373ad73a504971]::ops::function::FnOnce<()>>::call_once
[INFO] [stdout]   14:     0x62cd1680920b - test[aada8e7e76ba119b]::__rust_begin_short_backtrace::<core[a373ad73a504971]::result::Result<(), alloc[2e1b2a31b91974c5]::string::String>, fn() -> core[a373ad73a504971]::result::Result<(), alloc[2e1b2a31b91974c5]::string::String>>
[INFO] [stdout]   15:     0x62cd168163e5 - test[aada8e7e76ba119b]::run_test::{closure#0}
[INFO] [stdout]   16:     0x62cd1680fcd4 - std[617be2ca0a6fd877]::sys::backtrace::__rust_begin_short_backtrace::<test[aada8e7e76ba119b]::run_test::{closure#1}, ()>
[INFO] [stdout]   17:     0x62cd16819472 - <std[617be2ca0a6fd877]::thread::lifecycle::spawn_unchecked<test[aada8e7e76ba119b]::run_test::{closure#1}, ()>::{closure#1} as core[a373ad73a504971]::ops::function::FnOnce<()>>::call_once::{shim:vtable#0}
[INFO] [stdout]   18:     0x62cd168897af - <std[617be2ca0a6fd877]::sys::thread::unix::Thread>::new::thread_start
[INFO] [stdout]   19:     0x73da5ae55dfa - <unknown>
[INFO] [stdout]   20:     0x73da5aee93d4 - clone
[INFO] [stdout]   21:                0x0 - <unknown>
[INFO] [stdout] 
[INFO] [stdout] ---- test_async_plugin_version_command stdout ----
[INFO] [stdout] 
[INFO] [stdout] thread 'test_async_plugin_version_command' (1756) panicked at tests/integration/tests/plugin.rs:67:5:
[INFO] [stdout] Plugin binary not found: /opt/rustwide/target/release/build/integration-tests/210b39cc017ec83e/out/async-rscni-debug
[INFO] [stdout] stack backtrace:
[INFO] [stdout]    0:     0x62cd1688a2b1 - <<std[617be2ca0a6fd877]::sys::backtrace::BacktraceLock>::print::DisplayBacktrace as core[a373ad73a504971]::fmt::Display>::fmt
[INFO] [stdout]    1:     0x62cd1689f0da - core[a373ad73a504971]::fmt::write
[INFO] [stdout]    2:     0x62cd1688e7bc - <alloc[2e1b2a31b91974c5]::vec::Vec<u8> as core[a373ad73a504971]::io::write::Write>::write_fmt
[INFO] [stdout]    3:     0x62cd16864986 - std[617be2ca0a6fd877]::panicking::default_hook::{closure#0}
[INFO] [stdout]    4:     0x62cd16881e49 - std[617be2ca0a6fd877]::panicking::default_hook
[INFO] [stdout]    5:     0x62cd16815dc0 - test[aada8e7e76ba119b]::test_main_inner::{closure#0}
[INFO] [stdout]    6:     0x62cd16882002 - std[617be2ca0a6fd877]::panicking::panic_with_hook
[INFO] [stdout]    7:     0x62cd16864a32 - std[617be2ca0a6fd877]::panicking::panic_handler::{closure#0}
[INFO] [stdout]    8:     0x62cd1685d499 - std[617be2ca0a6fd877]::sys::backtrace::__rust_end_short_backtrace::<std[617be2ca0a6fd877]::panicking::panic_handler::{closure#0}, !>
[INFO] [stdout]    9:     0x62cd1686563d - __rustc[ea4f61d10b84890b]::rust_begin_unwind
[INFO] [stdout]   10:     0x62cd1689f80c - core[a373ad73a504971]::panicking::panic_fmt
[INFO] [stdout]   11:     0x62cd167fd9cb - plugin[b4e76a6c25cbb69c]::build_plugin
[INFO] [stdout]   12:     0x62cd167ffbdf - plugin[b4e76a6c25cbb69c]::test_version_command_helper
[INFO] [stdout]   13:     0x62cd16802942 - <plugin[b4e76a6c25cbb69c]::test_async_plugin_version_command::{closure#0} as core[a373ad73a504971]::ops::function::FnOnce<()>>::call_once
[INFO] [stdout]   14:     0x62cd1680920b - test[aada8e7e76ba119b]::__rust_begin_short_backtrace::<core[a373ad73a504971]::result::Result<(), alloc[2e1b2a31b91974c5]::string::String>, fn() -> core[a373ad73a504971]::result::Result<(), alloc[2e1b2a31b91974c5]::string::String>>
[INFO] [stdout]   15:     0x62cd168163e5 - test[aada8e7e76ba119b]::run_test::{closure#0}
[INFO] [stdout]   16:     0x62cd1680fcd4 - std[617be2ca0a6fd877]::sys::backtrace::__rust_begin_short_backtrace::<test[aada8e7e76ba119b]::run_test::{closure#1}, ()>
[INFO] [stdout]   17:     0x62cd16819472 - <std[617be2ca0a6fd877]::thread::lifecycle::spawn_unchecked<test[aada8e7e76ba119b]::run_test::{closure#1}, ()>::{closure#1} as core[a373ad73a504971]::ops::function::FnOnce<()>>::call_once::{shim:vtable#0}
[INFO] [stdout]   18:     0x62cd168897af - <std[617be2ca0a6fd877]::sys::thread::unix::Thread>::new::thread_start
[INFO] [stdout]   19:     0x73da5ae55dfa - <unknown>
[INFO] [stdout]   20:     0x73da5aee93d4 - clone
[INFO] [stdout]   21:                0x0 - <unknown>
[INFO] [stdout] 
[INFO] [stdout] 
[INFO] [stdout] failures:
[INFO] [stdout]     test_async_plugin_add_command
[INFO] [stdout]     test_async_plugin_check_command
[INFO] [stdout]     test_async_plugin_del_command
[INFO] [stdout]     test_async_plugin_del_without_netns
[INFO] [stdout]     test_async_plugin_error_emits_error_json
[INFO] [stdout]     test_async_plugin_version_command
[INFO] [stdout]     test_async_plugin_with_prev_result
[INFO] [stdout]     test_cni_version_compatibility
[INFO] [stdout]     test_plugin_add_command
[INFO] [stdout]     test_plugin_check_command
[INFO] [stdout]     test_plugin_del_command
[INFO] [stdout]     test_plugin_del_without_netns
[INFO] [stdout]     test_plugin_error_emits_error_json
[INFO] [stdout]     test_plugin_version_command
[INFO] [stdout]     test_plugin_with_prev_result
[INFO] [stdout] 
[INFO] [stdout] test result: FAILED. 0 passed; 15 failed; 0 ignored; 0 measured; 0 filtered out; finished in 16.30s
[INFO] [stdout] 
[INFO] running `Command { std: "docker" "inspect" "3e248916300c1c3cb6dde46021eddcaaf80592cefd4345a6a4b0c8806e3155ca", kill_on_drop: false }`
[INFO] running `Command { std: "docker" "rm" "-f" "3e248916300c1c3cb6dde46021eddcaaf80592cefd4345a6a4b0c8806e3155ca", kill_on_drop: false }`
[INFO] [stdout] 3e248916300c1c3cb6dde46021eddcaaf80592cefd4345a6a4b0c8806e3155ca
