[INFO] cloning repository https://github.com/streof/grrs
[INFO] running `Command { std: "git" "-c" "credential.helper=" "-c" "credential.helper=/workspace/cargo-home/bin/git-credential-null" "clone" "--bare" "https://github.com/streof/grrs" "/workspace/cache/git-repos/https%3A%2F%2Fgithub.com%2Fstreof%2Fgrrs", kill_on_drop: false }`
[INFO] [stderr] Cloning into bare repository '/workspace/cache/git-repos/https%3A%2F%2Fgithub.com%2Fstreof%2Fgrrs'...
[INFO] running `Command { std: "git" "rev-parse" "HEAD", kill_on_drop: false }`
[INFO] [stdout] fe2f1156a96e6d7236d5f2ae6dfedce60cc84390
[INFO] testing streof/grrs against 1.100.0-beta.1+cargoflags=--release for beta-release-1.100-3
[INFO] running `Command { std: "git" "clone" "/workspace/cache/git-repos/https%3A%2F%2Fgithub.com%2Fstreof%2Fgrrs" "/workspace/builds/worker-7-tc2/source", kill_on_drop: false }`
[INFO] [stderr] Cloning into '/workspace/builds/worker-7-tc2/source'...
[INFO] [stderr] done.
[INFO] started tweaking git repo https://github.com/streof/grrs
[INFO] finished tweaking git repo https://github.com/streof/grrs
[INFO] tweaked toml for git repo https://github.com/streof/grrs written to /workspace/builds/worker-7-tc2/source/Cargo.toml
[INFO] validating manifest of git repo https://github.com/streof/grrs on toolchain 1.100.0-beta.1
[INFO] running `Command { std: CARGO_HOME="/workspace/cargo-home" RUSTUP_HOME="/workspace/rustup-home" "/workspace/cargo-home/bin/cargo" "+1.100.0-beta.1" "metadata" "--manifest-path" "Cargo.toml" "--no-deps", kill_on_drop: false }`
[INFO] crate git repo https://github.com/streof/grrs already has a lockfile, it will not be regenerated
[INFO] running `Command { std: CARGO_HOME="/workspace/cargo-home" RUSTUP_HOME="/workspace/rustup-home" "/workspace/cargo-home/bin/cargo" "+1.100.0-beta.1" "fetch" "--manifest-path" "Cargo.toml", kill_on_drop: false }`
[INFO] running `Command { std: "docker" "create" "-v" "/var/lib/crater-agent-workspace/builds/worker-7-tc2/source:/opt/rustwide/workdir:ro,Z" "-v" "/var/lib/crater-agent-workspace/builds/worker-7-tc2/target:/opt/rustwide/target:rw,Z" "-v" "/var/lib/crater-agent-workspace/cargo-home:/opt/rustwide/cargo-home:ro,Z" "-v" "/var/lib/crater-agent-workspace/rustup-home:/opt/rustwide/rustup-home:ro,Z" "-m" "1610612736" "--network" "none" "ghcr.io/rust-lang/crates-build-env/linux@sha256:77db811e55d90add9212f6832c23229e3de5f1c1f9905e8cb07319ea15df73ac" "sleep" "infinity", kill_on_drop: false }`
[INFO] [stdout] 85bc1b703f0971cffaa12a6f7d94e06de730fac36b2e33270e11793ea2bbfb08
[INFO] running `Command { std: "docker" "start" "85bc1b703f0971cffaa12a6f7d94e06de730fac36b2e33270e11793ea2bbfb08", kill_on_drop: false }`
[INFO] running `Command { std: "docker" "inspect" "85bc1b703f0971cffaa12a6f7d94e06de730fac36b2e33270e11793ea2bbfb08", kill_on_drop: false }`
[INFO] running `Command { std: "docker" "exec" "-e" "SOURCE_DIR=/opt/rustwide/workdir" "-e" "CARGO_HOME=/opt/rustwide/cargo-home" "-e" "RUSTUP_HOME=/opt/rustwide/rustup-home" "-e" "CARGO_TARGET_DIR=/opt/rustwide/target" "-w" "/opt/rustwide/workdir" "--user" "0:0" "85bc1b703f0971cffaa12a6f7d94e06de730fac36b2e33270e11793ea2bbfb08" "/opt/rustwide/cargo-home/bin/cargo" "+1.100.0-beta.1" "metadata" "--no-deps" "--format-version=1", kill_on_drop: false }`
[INFO] running `Command { std: "docker" "inspect" "85bc1b703f0971cffaa12a6f7d94e06de730fac36b2e33270e11793ea2bbfb08", kill_on_drop: false }`
[INFO] running `Command { std: "docker" "exec" "-e" "SOURCE_DIR=/opt/rustwide/workdir" "-e" "CARGO_HOME=/opt/rustwide/cargo-home" "-e" "RUSTUP_HOME=/opt/rustwide/rustup-home" "-e" "CARGO_TARGET_DIR=/opt/rustwide/target" "-e" "CARGO_INCREMENTAL=0" "-e" "RUST_BACKTRACE=full" "-e" "RUSTFLAGS=--cap-lints=warn" "-e" "RUSTDOCFLAGS=--cap-lints=warn" "-w" "/opt/rustwide/workdir" "--user" "0:0" "85bc1b703f0971cffaa12a6f7d94e06de730fac36b2e33270e11793ea2bbfb08" "/opt/rustwide/cargo-home/bin/cargo" "+1.100.0-beta.1" "build" "--frozen" "--message-format=json" "--release", kill_on_drop: false }`
[INFO] [stderr]    Compiling proc-macro2 v1.0.9
[INFO] [stderr]    Compiling version_check v0.9.1
[INFO] [stderr]    Compiling unicode-xid v0.2.0
[INFO] [stderr]    Compiling syn v1.0.16
[INFO] [stderr]    Compiling libc v0.2.67
[INFO] [stderr]    Compiling byteorder v1.3.4
[INFO] [stderr]    Compiling bitflags v1.2.1
[INFO] [stderr]    Compiling memchr v2.3.3
[INFO] [stderr]    Compiling unicode-width v0.1.7
[INFO] [stderr]    Compiling unicode-segmentation v1.6.0
[INFO] [stderr]    Compiling textwrap v0.11.0
[INFO] [stderr]    Compiling anyhow v1.0.26
[INFO] [stderr]    Compiling proc-macro-error-attr v0.4.11
[INFO] [stderr]    Compiling proc-macro-error v0.4.11
[INFO] [stderr]    Compiling vec_map v0.8.1
[INFO] [stderr]    Compiling ansi_term v0.11.0
[INFO] [stderr]    Compiling strsim v0.8.0
[INFO] [stderr]    Compiling heck v0.3.1
[INFO] [stderr]    Compiling regex-automata v0.1.9
[INFO] [stderr]    Compiling quote v1.0.3
[INFO] [stderr]    Compiling atty v0.2.14
[INFO] [stderr]    Compiling clap v2.33.0
[INFO] [stderr]    Compiling bstr v0.2.12
[INFO] [stderr]    Compiling syn-mid v0.5.0
[INFO] [stderr]    Compiling structopt-derive v0.4.4
[INFO] [stderr]    Compiling structopt v0.3.11
[INFO] [stderr]    Compiling sp v0.1.2 (/opt/rustwide/workdir)
[INFO] [stdout] warning: derive helper attribute is used before it is introduced
[INFO] [stdout]   --> src/cli.rs:31:3
[INFO] [stdout]    |
[INFO] [stdout] 31 | #[structopt(rename_all = "kebab-case", about = ABOUT, usage = USAGE, 
[INFO] [stdout]    |   ^^^^^^^^^
[INFO] [stdout] ...
[INFO] [stdout] 34 | #[derive(StructOpt, Debug)]
[INFO] [stdout]    |          --------- the attribute is introduced here
[INFO] [stdout]    |
[INFO] [stdout]    = warning: this was previously accepted by the compiler but is being phased out; it will become a hard error in a future release!
[INFO] [stdout]    = note: for more information, see issue #79202 <https://github.com/rust-lang/rust/issues/79202>
[INFO] [stdout]    = note: `#[warn(legacy_derive_helpers)]` (part of `#[warn(future_incompatible)]`) on by default
[INFO] [stdout] 
[INFO] [stdout] 
[INFO] [stderr]     Finished `release` profile [optimized] target(s) in 26.60s
[INFO] [stderr] warning: the following packages contain code that will be rejected by a future version of Rust: sp v0.1.2 (/opt/rustwide/workdir)
[INFO] [stderr] note: to see what the problems were, use the option `--future-incompat-report`, or run `cargo report future-incompatibilities --id 2`
[INFO] running `Command { std: "docker" "inspect" "85bc1b703f0971cffaa12a6f7d94e06de730fac36b2e33270e11793ea2bbfb08", kill_on_drop: false }`
[INFO] running `Command { std: "docker" "exec" "-e" "SOURCE_DIR=/opt/rustwide/workdir" "-e" "CARGO_HOME=/opt/rustwide/cargo-home" "-e" "RUSTUP_HOME=/opt/rustwide/rustup-home" "-e" "CARGO_TARGET_DIR=/opt/rustwide/target" "-e" "CARGO_INCREMENTAL=0" "-e" "RUST_BACKTRACE=full" "-e" "RUSTFLAGS=--cap-lints=warn" "-e" "RUSTDOCFLAGS=--cap-lints=warn" "-w" "/opt/rustwide/workdir" "--user" "0:0" "85bc1b703f0971cffaa12a6f7d94e06de730fac36b2e33270e11793ea2bbfb08" "/opt/rustwide/cargo-home/bin/cargo" "+1.100.0-beta.1" "test" "--frozen" "--no-run" "--message-format=json" "--release", kill_on_drop: false }`
[INFO] [stderr]    Compiling cfg-if v0.1.10
[INFO] [stderr]    Compiling getrandom v0.1.14
[INFO] [stderr]    Compiling autocfg v1.0.0
[INFO] [stderr]    Compiling ryu v1.0.2
[INFO] [stderr]    Compiling serde v1.0.104
[INFO] [stderr]    Compiling serde_derive v1.0.104
[INFO] [stderr]    Compiling log v0.4.8
[INFO] [stderr]    Compiling aho-corasick v0.7.10
[INFO] [stderr]    Compiling thread_local v1.0.1
[INFO] [stderr]    Compiling itoa v0.4.5
[INFO] [stderr]    Compiling ppv-lite86 v0.2.6
[INFO] [stderr]    Compiling regex-syntax v0.6.17
[INFO] [stderr]    Compiling num-traits v0.2.11
[INFO] [stderr]    Compiling rand_core v0.5.1
[INFO] [stderr]    Compiling doc-comment v0.3.2
[INFO] [stderr]    Compiling predicates-core v1.0.0
[INFO] [stderr]    Compiling escargot v0.5.0
[INFO] [stderr]    Compiling rand_chacha v0.2.2
[INFO] [stderr]    Compiling difference v2.0.0
[INFO] [stderr]    Compiling treeline v0.1.0
[INFO] [stderr]    Compiling predicates-tree v1.0.0
[INFO] [stderr]    Compiling rand v0.7.3
[INFO] [stderr]    Compiling remove_dir_all v0.5.2
[INFO] [stdout] warning: derive helper attribute is used before it is introduced
[INFO] [stdout]   --> src/cli.rs:31:3
[INFO] [stdout]    |
[INFO] [stdout] 31 | #[structopt(rename_all = "kebab-case", about = ABOUT, usage = USAGE, 
[INFO] [stdout]    |   ^^^^^^^^^
[INFO] [stdout] ...
[INFO] [stdout] 34 | #[derive(StructOpt, Debug)]
[INFO] [stdout]    |          --------- the attribute is introduced here
[INFO] [stdout]    |
[INFO] [stdout]    = warning: this was previously accepted by the compiler but is being phased out; it will become a hard error in a future release!
[INFO] [stdout]    = note: for more information, see issue #79202 <https://github.com/rust-lang/rust/issues/79202>
[INFO] [stdout]    = note: `#[warn(legacy_derive_helpers)]` (part of `#[warn(future_incompatible)]`) on by default
[INFO] [stdout] 
[INFO] [stdout] 
[INFO] [stderr]    Compiling float-cmp v0.6.0
[INFO] [stderr]    Compiling tempfile v3.1.0
[INFO] [stderr]    Compiling regex v1.3.5
[INFO] [stderr]    Compiling predicates v1.0.4
[INFO] [stderr]    Compiling serde_json v1.0.48
[INFO] [stderr]    Compiling assert_cmd v0.12.0
[INFO] [stderr]    Compiling sp v0.1.2 (/opt/rustwide/workdir)
[INFO] [stdout] warning: derive helper attribute is used before it is introduced
[INFO] [stdout]   --> src/cli.rs:31:3
[INFO] [stdout]    |
[INFO] [stdout] 31 | #[structopt(rename_all = "kebab-case", about = ABOUT, usage = USAGE, 
[INFO] [stdout]    |   ^^^^^^^^^
[INFO] [stdout] ...
[INFO] [stdout] 34 | #[derive(StructOpt, Debug)]
[INFO] [stdout]    |          --------- the attribute is introduced here
[INFO] [stdout]    |
[INFO] [stdout]    = warning: this was previously accepted by the compiler but is being phased out; it will become a hard error in a future release!
[INFO] [stdout]    = note: for more information, see issue #79202 <https://github.com/rust-lang/rust/issues/79202>
[INFO] [stdout]    = note: `#[warn(legacy_derive_helpers)]` (part of `#[warn(future_incompatible)]`) on by default
[INFO] [stdout] 
[INFO] [stdout] 
[INFO] [stderr]     Finished `release` profile [optimized] target(s) in 41.48s
[INFO] [stderr] warning: the following packages contain code that will be rejected by a future version of Rust: escargot v0.5.0, sp v0.1.2 (/opt/rustwide/workdir)
[INFO] [stderr] note: to see what the problems were, use the option `--future-incompat-report`, or run `cargo report future-incompatibilities --id 3`
[INFO] running `Command { std: "docker" "inspect" "85bc1b703f0971cffaa12a6f7d94e06de730fac36b2e33270e11793ea2bbfb08", kill_on_drop: false }`
[INFO] running `Command { std: "docker" "exec" "-e" "SOURCE_DIR=/opt/rustwide/workdir" "-e" "CARGO_HOME=/opt/rustwide/cargo-home" "-e" "RUSTUP_HOME=/opt/rustwide/rustup-home" "-e" "CARGO_TARGET_DIR=/opt/rustwide/target" "-e" "CARGO_INCREMENTAL=0" "-e" "RUST_BACKTRACE=full" "-e" "RUSTFLAGS=--cap-lints=warn" "-e" "RUSTDOCFLAGS=--cap-lints=warn" "-w" "/opt/rustwide/workdir" "--user" "0:0" "85bc1b703f0971cffaa12a6f7d94e06de730fac36b2e33270e11793ea2bbfb08" "/opt/rustwide/cargo-home/bin/cargo" "+1.100.0-beta.1" "test" "--frozen" "--release", kill_on_drop: false }`
[INFO] [stderr] warning: derive helper attribute is used before it is introduced
[INFO] [stderr]   --> src/cli.rs:31:3
[INFO] [stderr]    |
[INFO] [stderr] 31 | #[structopt(rename_all = "kebab-case", about = ABOUT, usage = USAGE, 
[INFO] [stderr]    |   ^^^^^^^^^
[INFO] [stderr] ...
[INFO] [stderr] 34 | #[derive(StructOpt, Debug)]
[INFO] [stderr]    |          --------- the attribute is introduced here
[INFO] [stderr]    |
[INFO] [stderr]    = warning: this was previously accepted by the compiler but is being phased out; it will become a hard error in a future release!
[INFO] [stderr]    = note: for more information, see issue #79202 <https://github.com/rust-lang/rust/issues/79202>
[INFO] [stderr]    = note: `#[warn(legacy_derive_helpers)]` (part of `#[warn(future_incompatible)]`) on by default
[INFO] [stderr] 
[INFO] [stderr] warning: `sp` (lib) generated 1 warning
[INFO] [stderr] warning: `sp` (lib test) generated 1 warning (1 duplicate)
[INFO] [stderr]     Finished `release` profile [optimized] target(s) in 0.13s
[INFO] [stderr] warning: the following packages contain code that will be rejected by a future version of Rust: escargot v0.5.0, sp v0.1.2 (/opt/rustwide/workdir)
[INFO] [stderr] note: to see what the problems were, use the option `--future-incompat-report`, or run `cargo report future-incompatibilities --id 3`
[INFO] [stderr]      Running unittests src/lib.rs (/opt/rustwide/target/release/build/sp/c508a398d704a72c/out/sp-c508a398d704a72c)
[INFO] [stdout] 
[INFO] [stdout] running 35 tests
[INFO] [stdout] test search::base::tests::cnt ... ok
[INFO] [stdout] test search::base::tests::find_no_match ... ok
[INFO] [stdout] test search::base::tests::line_number_caseless ... ok
[INFO] [stdout] test search::base::tests::no_line_number_caseless ... ok
[INFO] [stdout] test search::base::tests::search_binary_text ... ok
[INFO] [stdout] test search::base::tests::search_binary_text2 ... ok
[INFO] [stdout] test search::base::tests::search_binary_text3 ... ok
[INFO] [stdout] test search::base::tests::cnt_caseless ... ok
[INFO] [stdout] test search::ends_with::tests::line_number ... ok
[INFO] [stdout] test search::ends_with::tests::cnt_max_count ... ok
[INFO] [stdout] test search::ends_with::tests::line_number_caseless ... ok
[INFO] [stdout] test search::ends_with::tests::no_line_number_caseless ... ok
[INFO] [stdout] test search::ends_with::tests::no_line_number_caseless_max_count ... ok
[INFO] [stdout] test search::ends_with::tests::no_line_number_max_count ... ok
[INFO] [stdout] test search::max_count::tests::cnt_max_count_two ... ok
[INFO] [stdout] test search::max_count::tests::cnt_max_count_zero ... ok
[INFO] [stdout] test search::max_count::tests::line_number_caseless ... ok
[INFO] [stdout] test search::max_count::tests::max_count_empty ... ok
[INFO] [stdout] test search::max_count::tests::max_count_large ... ok
[INFO] [stdout] test search::max_count::tests::max_count_one ... ok
[INFO] [stdout] test search::max_count::tests::no_line_number_caseless ... ok
[INFO] [stdout] test search::starts_ends_with::tests::cnt_caseless_max_count ... ok
[INFO] [stdout] test search::base::tests::find_a_match ... ok
[INFO] [stdout] test search::starts_ends_with::tests::line_number ... ok
[INFO] [stdout] test search::starts_with::tests::cnt_caseless ... ok
[INFO] [stderr]      Running unittests src/main.rs (/opt/rustwide/target/release/build/sp/1a038b29c2199a45/out/sp-1a038b29c2199a45)
[INFO] [stdout] test search::starts_with::tests::line_number ... ok
[INFO] [stdout] test search::starts_with::tests::line_number_caseless ... ok
[INFO] [stdout] test search::starts_with::tests::no_line_number_caseless ... ok
[INFO] [stdout] test search::starts_with::tests::no_line_number_caseless_max_count ... ok
[INFO] [stdout] test search::starts_with::tests::no_line_number_max_count ... ok
[INFO] [stdout] test search::words::tests::line_number_starts_with ... ok
[INFO] [stdout] test search::words::tests::pattern_non_word ... ok
[INFO] [stdout] test writer::tests::print_dickens ... ok
[INFO] [stdout] test writer::tests::print_dickens_no_line_number ... ok
[INFO] [stdout] test search::words::tests::cnt_starts_with ... ok
[INFO] [stdout] 
[INFO] [stdout] test result: ok. 35 passed; 0 failed; 0 ignored; 0 measured; 0 filtered out; finished in 0.01s
[INFO] [stdout] 
[INFO] [stdout] 
[INFO] [stderr]      Running tests/cli.rs (/opt/rustwide/target/release/build/sp/45a5ea98aa3b0f65/out/cli-45a5ea98aa3b0f65)
[INFO] [stdout] running 0 tests
[INFO] [stdout] 
[INFO] [stdout] test result: ok. 0 passed; 0 failed; 0 ignored; 0 measured; 0 filtered out; finished in 0.00s
[INFO] [stdout] 
[INFO] [stdout] 
[INFO] [stdout] running 6 tests
[INFO] [stdout] test find_content_in_file_line_number ... FAILED
[INFO] [stdout] test count_match ... FAILED
[INFO] [stdout] test empty_string_search ... FAILED
[INFO] [stdout] test find_content_in_file ... FAILED
[INFO] [stdout] test file_doesnt_exist ... FAILED
[INFO] [stdout] test find_content_in_file_no_line_number ... FAILED
[INFO] [stdout] 
[INFO] [stdout] failures:
[INFO] [stdout] 
[INFO] [stderr] error: test failed, to rerun pass `--test cli`
[INFO] [stdout] ---- find_content_in_file_line_number stdout ----
[INFO] [stdout] Error: CargoError { cause: Some(NotFoundError { path: "/opt/rustwide/target/release/build/sp/45a5ea98aa3b0f65/out/sp" }) }
[INFO] [stdout] 
[INFO] [stdout] ---- count_match stdout ----
[INFO] [stdout] Error: CargoError { cause: Some(NotFoundError { path: "/opt/rustwide/target/release/build/sp/45a5ea98aa3b0f65/out/sp" }) }
[INFO] [stdout] 
[INFO] [stdout] ---- empty_string_search stdout ----
[INFO] [stdout] Error: CargoError { cause: Some(NotFoundError { path: "/opt/rustwide/target/release/build/sp/45a5ea98aa3b0f65/out/sp" }) }
[INFO] [stdout] 
[INFO] [stdout] ---- find_content_in_file stdout ----
[INFO] [stdout] Error: CargoError { cause: Some(NotFoundError { path: "/opt/rustwide/target/release/build/sp/45a5ea98aa3b0f65/out/sp" }) }
[INFO] [stdout] 
[INFO] [stdout] ---- file_doesnt_exist stdout ----
[INFO] [stdout] Error: CargoError { cause: Some(NotFoundError { path: "/opt/rustwide/target/release/build/sp/45a5ea98aa3b0f65/out/sp" }) }
[INFO] [stdout] 
[INFO] [stdout] ---- find_content_in_file_no_line_number stdout ----
[INFO] [stdout] Error: CargoError { cause: Some(NotFoundError { path: "/opt/rustwide/target/release/build/sp/45a5ea98aa3b0f65/out/sp" }) }
[INFO] [stdout] 
[INFO] [stdout] 
[INFO] [stdout] failures:
[INFO] [stdout]     count_match
[INFO] [stdout]     empty_string_search
[INFO] [stdout]     file_doesnt_exist
[INFO] [stdout]     find_content_in_file
[INFO] [stdout]     find_content_in_file_line_number
[INFO] [stdout]     find_content_in_file_no_line_number
[INFO] [stdout] 
[INFO] [stdout] test result: FAILED. 0 passed; 6 failed; 0 ignored; 0 measured; 0 filtered out; finished in 0.01s
[INFO] [stdout] 
[INFO] running `Command { std: "docker" "inspect" "85bc1b703f0971cffaa12a6f7d94e06de730fac36b2e33270e11793ea2bbfb08", kill_on_drop: false }`
[INFO] running `Command { std: "docker" "rm" "-f" "85bc1b703f0971cffaa12a6f7d94e06de730fac36b2e33270e11793ea2bbfb08", kill_on_drop: false }`
[INFO] [stdout] 85bc1b703f0971cffaa12a6f7d94e06de730fac36b2e33270e11793ea2bbfb08
