[INFO] cloning repository https://github.com/starkbaknet/web-spider
[INFO] running `Command { std: "git" "-c" "credential.helper=" "-c" "credential.helper=/workspace/cargo-home/bin/git-credential-null" "clone" "--bare" "https://github.com/starkbaknet/web-spider" "/workspace/cache/git-repos/https%3A%2F%2Fgithub.com%2Fstarkbaknet%2Fweb-spider", kill_on_drop: false }`
[INFO] [stderr] Cloning into bare repository '/workspace/cache/git-repos/https%3A%2F%2Fgithub.com%2Fstarkbaknet%2Fweb-spider'...
[INFO] running `Command { std: "git" "rev-parse" "HEAD", kill_on_drop: false }`
[INFO] [stdout] 158d93eb19b9f756a8858333da2cfe028d1a7d77
[INFO] testing starkbaknet/web-spider against 1.99.0-beta.8+cargoflags=--release for beta-release-1.100-3
[INFO] running `Command { std: "git" "clone" "/workspace/cache/git-repos/https%3A%2F%2Fgithub.com%2Fstarkbaknet%2Fweb-spider" "/workspace/builds/worker-5-tc1/source", kill_on_drop: false }`
[INFO] [stderr] Cloning into '/workspace/builds/worker-5-tc1/source'...
[INFO] [stderr] done.
[INFO] started tweaking git repo https://github.com/starkbaknet/web-spider
[INFO] finished tweaking git repo https://github.com/starkbaknet/web-spider
[INFO] tweaked toml for git repo https://github.com/starkbaknet/web-spider written to /workspace/builds/worker-5-tc1/source/Cargo.toml
[INFO] validating manifest of git repo https://github.com/starkbaknet/web-spider on toolchain 1.99.0-beta.8
[INFO] running `Command { std: CARGO_HOME="/workspace/cargo-home" RUSTUP_HOME="/workspace/rustup-home" "/workspace/cargo-home/bin/cargo" "+1.99.0-beta.8" "metadata" "--manifest-path" "Cargo.toml" "--no-deps", kill_on_drop: false }`
[INFO] crate git repo https://github.com/starkbaknet/web-spider already has a lockfile, it will not be regenerated
[INFO] running `Command { std: CARGO_HOME="/workspace/cargo-home" RUSTUP_HOME="/workspace/rustup-home" "/workspace/cargo-home/bin/cargo" "+1.99.0-beta.8" "fetch" "--manifest-path" "Cargo.toml", kill_on_drop: false }`
[INFO] [stderr]     Blocking waiting for file lock on package cache
[INFO] [stderr]     Blocking waiting for file lock on package cache
[INFO] [stderr]  Downloading crates ...
[INFO] [stderr]   Downloaded redox_syscall v0.5.12
[INFO] [stderr]   Downloaded tracing-attributes v0.1.29
[INFO] [stderr]   Downloaded miniz_oxide v0.8.8
[INFO] [stderr]   Downloaded windows-link v0.1.1
[INFO] [stderr]   Downloaded windows-registry v0.5.2
[INFO] [stderr]   Downloaded errno v0.3.12
[INFO] [stderr]   Downloaded dtoa v1.0.10
[INFO] [stderr]   Downloaded getopts v0.2.23
[INFO] [stderr]   Downloaded quinn-udp v0.5.12
[INFO] [stderr]   Downloaded quinn v0.11.8
[INFO] [stderr]   Downloaded rustls-webpki v0.103.3
[INFO] [stderr]   Downloaded rand v0.9.1
[INFO] [stderr]   Downloaded hyper-util v0.1.14
[INFO] [stderr]   Downloaded cc v1.2.26
[INFO] [stderr]   Downloaded async-compression v0.4.23
[INFO] [stderr]   Downloaded h2 v0.4.10
[INFO] [stderr]   Downloaded brotli-decompressor v5.0.0
[INFO] [stderr]   Downloaded redis v0.23.3
[INFO] [stderr]   Downloaded reqwest v0.12.19
[INFO] [stderr]   Downloaded quinn-proto v0.11.12
[INFO] [stderr]   Downloaded webpki-roots v1.0.0
[INFO] [stderr]   Downloaded unicode-width v0.2.0
[INFO] [stderr]   Downloaded rustls v0.23.27
[INFO] [stderr]   Downloaded rustix v1.0.7
[INFO] [stderr]   Downloaded tokio v1.45.1
[INFO] [stderr]   Downloaded brotli v8.0.1
[INFO] [stderr]   Downloaded libc v0.2.172
[INFO] running `Command { std: "docker" "create" "-v" "/var/lib/crater-agent-workspace/builds/worker-5-tc1/source:/opt/rustwide/workdir:ro,Z" "-v" "/var/lib/crater-agent-workspace/builds/worker-5-tc1/target:/opt/rustwide/target:rw,Z" "-v" "/var/lib/crater-agent-workspace/cargo-home:/opt/rustwide/cargo-home:ro,Z" "-v" "/var/lib/crater-agent-workspace/rustup-home:/opt/rustwide/rustup-home:ro,Z" "-m" "1610612736" "--network" "none" "ghcr.io/rust-lang/crates-build-env/linux@sha256:77db811e55d90add9212f6832c23229e3de5f1c1f9905e8cb07319ea15df73ac" "sleep" "infinity", kill_on_drop: false }`
[INFO] [stdout] 3baa132a9e550d70e7a712453339bfbe2328e611241e764f903e52ab3f34b7b3
[INFO] running `Command { std: "docker" "start" "3baa132a9e550d70e7a712453339bfbe2328e611241e764f903e52ab3f34b7b3", kill_on_drop: false }`
[INFO] running `Command { std: "docker" "inspect" "3baa132a9e550d70e7a712453339bfbe2328e611241e764f903e52ab3f34b7b3", kill_on_drop: false }`
[INFO] running `Command { std: "docker" "exec" "-e" "SOURCE_DIR=/opt/rustwide/workdir" "-e" "CARGO_HOME=/opt/rustwide/cargo-home" "-e" "RUSTUP_HOME=/opt/rustwide/rustup-home" "-e" "CARGO_TARGET_DIR=/opt/rustwide/target" "-w" "/opt/rustwide/workdir" "--user" "0:0" "3baa132a9e550d70e7a712453339bfbe2328e611241e764f903e52ab3f34b7b3" "/opt/rustwide/cargo-home/bin/cargo" "+1.99.0-beta.8" "metadata" "--no-deps" "--format-version=1", kill_on_drop: false }`
[INFO] running `Command { std: "docker" "inspect" "3baa132a9e550d70e7a712453339bfbe2328e611241e764f903e52ab3f34b7b3", kill_on_drop: false }`
[INFO] running `Command { std: "docker" "exec" "-e" "SOURCE_DIR=/opt/rustwide/workdir" "-e" "CARGO_HOME=/opt/rustwide/cargo-home" "-e" "RUSTUP_HOME=/opt/rustwide/rustup-home" "-e" "CARGO_TARGET_DIR=/opt/rustwide/target" "-e" "CARGO_INCREMENTAL=0" "-e" "RUST_BACKTRACE=full" "-e" "RUSTFLAGS=--cap-lints=warn" "-e" "RUSTDOCFLAGS=--cap-lints=warn" "-w" "/opt/rustwide/workdir" "--user" "0:0" "3baa132a9e550d70e7a712453339bfbe2328e611241e764f903e52ab3f34b7b3" "/opt/rustwide/cargo-home/bin/cargo" "+1.99.0-beta.8" "build" "--frozen" "--message-format=json" "--release", kill_on_drop: false }`
[INFO] [stderr]    Compiling proc-macro2 v1.0.95
[INFO] [stderr]    Compiling unicode-ident v1.0.18
[INFO] [stderr]    Compiling libc v0.2.172
[INFO] [stderr]    Compiling autocfg v1.4.0
[INFO] [stderr]    Compiling zerocopy v0.8.25
[INFO] [stderr]    Compiling parking_lot_core v0.9.11
[INFO] [stderr]    Compiling cc v1.2.26
[INFO] [stderr]    Compiling bytes v1.10.1
[INFO] [stderr]    Compiling stable_deref_trait v1.2.0
[INFO] [stderr]    Compiling itoa v1.0.15
[INFO] [stderr]    Compiling futures-sink v0.3.31
[INFO] [stderr]    Compiling siphasher v1.0.1
[INFO] [stderr]    Compiling phf_shared v0.11.3
[INFO] [stderr]    Compiling lock_api v0.4.13
[INFO] [stderr]    Compiling phf_shared v0.10.0
[INFO] [stderr]    Compiling quote v1.0.40
[INFO] [stderr]    Compiling pkg-config v0.3.32
[INFO] [stderr]    Compiling serde v1.0.219
[INFO] [stderr]    Compiling syn v2.0.101
[INFO] [stderr]    Compiling getrandom v0.2.16
[INFO] [stderr]    Compiling signal-hook-registry v1.4.5
[INFO] [stderr]    Compiling parking_lot v0.12.4
[INFO] [stderr]    Compiling rand_core v0.6.4
[INFO] [stderr]    Compiling mio v1.0.4
[INFO] [stderr]    Compiling socket2 v0.5.10
[INFO] [stderr]    Compiling log v0.4.27
[INFO] [stderr]    Compiling openssl-sys v0.9.109
[INFO] [stderr]    Compiling http v1.3.1
[INFO] [stderr]    Compiling tracing-core v0.1.34
[INFO] [stderr]    Compiling writeable v0.6.1
[INFO] [stderr]    Compiling litemap v0.8.0
[INFO] [stderr]    Compiling futures-task v0.3.31
[INFO] [stderr]    Compiling ppv-lite86 v0.2.21
[INFO] [stderr]    Compiling futures-util v0.3.31
[INFO] [stderr]    Compiling ring v0.17.14
[INFO] [stderr]    Compiling slab v0.4.9
[INFO] [stderr]    Compiling bitflags v2.9.1
[INFO] [stderr]    Compiling icu_normalizer_data v2.0.0
[INFO] [stderr]    Compiling rand_chacha v0.3.1
[INFO] [stderr]    Compiling memchr v2.7.4
[INFO] [stderr]    Compiling icu_properties_data v2.0.1
[INFO] [stderr]    Compiling http-body v1.0.1
[INFO] [stderr]    Compiling new_debug_unreachable v1.0.6
[INFO] [stderr]    Compiling rand v0.8.5
[INFO] [stderr]    Compiling zeroize v1.8.1
[INFO] [stderr]    Compiling hashbrown v0.15.4
[INFO] [stderr]    Compiling rustls-pki-types v1.12.0
[INFO] [stderr]    Compiling phf_generator v0.11.3
[INFO] [stderr]    Compiling phf_generator v0.10.0
[INFO] [stderr]    Compiling indexmap v2.9.0
[INFO] [stderr]    Compiling phf_codegen v0.10.0
[INFO] [stderr]    Compiling openssl v0.10.73
[INFO] [stderr]    Compiling syn v1.0.109
[INFO] [stderr]    Compiling string_cache_codegen v0.5.4
[INFO] [stderr]    Compiling futures-channel v0.3.31
[INFO] [stderr]    Compiling alloc-no-stdlib v2.0.4
[INFO] [stderr]    Compiling native-tls v0.2.14
[INFO] [stderr]    Compiling mac v0.1.1
[INFO] [stderr]    Compiling rustls v0.23.27
[INFO] [stderr]    Compiling precomputed-hash v0.1.1
[INFO] [stderr]    Compiling futf v0.1.5
[INFO] [stderr]    Compiling alloc-stdlib v0.2.2
[INFO] [stderr]    Compiling markup5ever v0.11.0
[INFO] [stderr]    Compiling phf v0.10.1
[INFO] [stderr]    Compiling adler2 v2.0.0
[INFO] [stderr]    Compiling getrandom v0.3.3
[INFO] [stderr]    Compiling openssl-probe v0.1.6
[INFO] [stderr]    Compiling ryu v1.0.20
[INFO] [stderr]    Compiling dtoa v1.0.10
[INFO] [stderr]    Compiling ipnet v2.11.0
[INFO] [stderr]    Compiling dtoa-short v0.3.5
[INFO] [stderr]    Compiling tendril v0.4.3
[INFO] [stderr]    Compiling miniz_oxide v0.8.8
[INFO] [stderr]    Compiling synstructure v0.13.2
[INFO] [stderr]    Compiling brotli-decompressor v5.0.0
[INFO] [stderr]    Compiling selectors v0.25.0
[INFO] [stderr]    Compiling num-traits v0.2.19
[INFO] [stderr]    Compiling sync_wrapper v1.0.2
[INFO] [stderr]    Compiling crc32fast v1.4.2
[INFO] [stderr]    Compiling serde_json v1.0.140
[INFO] [stderr]    Compiling byteorder v1.5.0
[INFO] [stderr]    Compiling crc16 v0.4.0
[INFO] [stderr]    Compiling flate2 v1.1.2
[INFO] [stderr]    Compiling brotli v8.0.1
[INFO] [stderr]    Compiling fxhash v0.2.1
[INFO] [stderr]    Compiling zerofrom-derive v0.1.6
[INFO] [stderr]    Compiling yoke-derive v0.8.0
[INFO] [stderr]    Compiling tokio-macros v2.5.0
[INFO] [stderr]    Compiling zerovec-derive v0.11.1
[INFO] [stderr]    Compiling tokio v1.45.1
[INFO] [stderr]    Compiling displaydoc v0.2.5
[INFO] [stderr]    Compiling zerofrom v0.1.6
[INFO] [stderr]    Compiling yoke v0.8.0
[INFO] [stderr]    Compiling serde_derive v1.0.219
[INFO] [stderr]    Compiling zerovec v0.11.2
[INFO] [stderr]    Compiling zerotrie v0.2.2
[INFO] [stderr]    Compiling tracing-attributes v0.1.29
[INFO] [stderr]    Compiling tinystr v0.8.1
[INFO] [stderr]    Compiling icu_locale_core v2.0.0
[INFO] [stderr]    Compiling potential_utf v0.1.2
[INFO] [stderr]    Compiling icu_collections v2.0.0
[INFO] [stderr]    Compiling tracing v0.1.41
[INFO] [stderr]    Compiling openssl-macros v0.1.1
[INFO] [stderr]    Compiling icu_provider v2.0.0
[INFO] [stderr]    Compiling phf_macros v0.11.3
[INFO] [stderr]    Compiling icu_properties v2.0.1
[INFO] [stderr]    Compiling icu_normalizer v2.0.0
[INFO] [stderr]    Compiling phf v0.11.3
[INFO] [stderr]    Compiling html5ever v0.26.0
[INFO] [stderr]    Compiling idna_adapter v1.2.1
[INFO] [stderr]    Compiling idna v1.0.3
[INFO] [stderr]    Compiling cssparser-macros v0.6.1
[INFO] [stderr]    Compiling cssparser v0.31.2
[INFO] [stderr]    Compiling url v2.5.4
[INFO] [stderr]    Compiling tokio-util v0.7.15
[INFO] [stderr]    Compiling h2 v0.4.10
[INFO] [stderr]    Compiling rustls-webpki v0.103.3
[INFO] [stderr]    Compiling string_cache v0.8.9
[INFO] [stderr]    Compiling tokio-native-tls v0.3.1
[INFO] [stderr]    Compiling tower v0.5.2
[INFO] [stderr]    Compiling derive_more v0.99.20
[INFO] [stderr]    Compiling webpki-roots v1.0.0
[INFO] [stderr]    Compiling aho-corasick v1.1.3
[INFO] [stderr]    Compiling http-body-util v0.1.3
[INFO] [stderr]    Compiling servo_arc v0.3.0
[INFO] [stderr]    Compiling iri-string v0.7.8
[INFO] [stderr]    Compiling overload v0.1.1
[INFO] [stderr]    Compiling regex-syntax v0.8.5
[INFO] [stderr]    Compiling unicode-width v0.2.0
[INFO] [stderr]    Compiling anyhow v1.0.98
[INFO] [stderr]    Compiling getopts v0.2.23
[INFO] [stderr]    Compiling hyper v1.6.0
[INFO] [stderr]    Compiling nu-ansi-term v0.46.0
[INFO] [stderr]    Compiling tower-http v0.6.6
[INFO] [stderr]    Compiling hyper-util v0.1.14
[INFO] [stderr]    Compiling tokio-rustls v0.26.2
[INFO] [stderr]    Compiling regex-automata v0.4.9
[INFO] [stderr]    Compiling hyper-tls v0.6.0
[INFO] [stderr]    Compiling hyper-rustls v0.27.7
[INFO] [stderr]    Compiling ahash v0.8.12
[INFO] [stderr]    Compiling serde_urlencoded v0.7.1
[INFO] [stderr]    Compiling combine v4.6.7
[INFO] [stderr]    Compiling async-compression v0.4.23
[INFO] [stderr]    Compiling async-trait v0.1.88
[INFO] [stderr]    Compiling tracing-log v0.2.0
[INFO] [stderr]    Compiling socket2 v0.4.10
[INFO] [stderr]    Compiling thread_local v1.1.8
[INFO] [stderr]    Compiling encoding_rs v0.8.35
[INFO] [stderr]    Compiling iana-time-zone v0.1.63
[INFO] [stderr]    Compiling sha1_smol v1.0.1
[INFO] [stderr]    Compiling ego-tree v0.6.3
[INFO] [stderr]    Compiling chrono v0.4.41
[INFO] [stderr]    Compiling tracing-subscriber v0.3.19
[INFO] [stderr]    Compiling scraper v0.18.1
[INFO] [stderr]    Compiling regex v1.11.1
[INFO] [stderr]    Compiling reqwest v0.12.19
[INFO] [stderr]    Compiling redis v0.23.3
[INFO] [stderr]    Compiling spider v0.1.0 (/opt/rustwide/workdir)
[INFO] [stdout] warning: unused import: `error`
[INFO] [stdout]  --> src/controllers/image_controller.rs:1:21
[INFO] [stdout]   |
[INFO] [stdout] 1 | use tracing::{info, error};
[INFO] [stdout]   |                     ^^^^^
[INFO] [stdout]   |
[INFO] [stdout]   = note: `#[warn(unused_imports)]` (part of `#[warn(unused)]`) on by default
[INFO] [stdout] 
[INFO] [stdout] 
[INFO] [stdout] warning: unused import: `Notify`
[INFO] [stdout]  --> src/main.rs:3:26
[INFO] [stdout]   |
[INFO] [stdout] 3 | use tokio::sync::{Mutex, Notify};
[INFO] [stdout]   |                          ^^^^^^
[INFO] [stdout]   |
[INFO] [stdout]   = note: `#[warn(unused_imports)]` (part of `#[warn(unused)]`) on by default
[INFO] [stdout] 
[INFO] [stdout] 
[INFO] [stdout] warning: unused import: `error`
[INFO] [stdout]  --> src/controllers/image_controller.rs:1:21
[INFO] [stdout]   |
[INFO] [stdout] 1 | use tracing::{info, error};
[INFO] [stdout]   |                     ^^^^^
[INFO] [stdout] 
[INFO] [stdout] 
[INFO] [stdout] warning: variable does not need to be mutable
[INFO] [stdout]    --> src/main.rs:113:13
[INFO] [stdout]     |
[INFO] [stdout] 113 |         let mut c = crawler.lock().await;
[INFO] [stdout]     |             ----^
[INFO] [stdout]     |             |
[INFO] [stdout]     |             help: remove this `mut`
[INFO] [stdout]     |
[INFO] [stdout]     = note: `#[warn(unused_mut)]` (part of `#[warn(unused)]`) on by default
[INFO] [stdout] 
[INFO] [stdout] 
[INFO] [stdout] warning: method `get_all_pages` is never used
[INFO] [stdout]   --> src/controllers/page_controller.rs:13:18
[INFO] [stdout]    |
[INFO] [stdout]  8 | impl PageController {
[INFO] [stdout]    | ------------------- method in this implementation
[INFO] [stdout] ...
[INFO] [stdout] 13 |     pub async fn get_all_pages(&self) -> Option<std::collections::HashMap<String, crate::pages::Page>> {
[INFO] [stdout]    |                  ^^^^^^^^^^^^^
[INFO] [stdout]    |
[INFO] [stdout]    = note: `#[warn(dead_code)]` (part of `#[warn(unused)]`) on by default
[INFO] [stdout] 
[INFO] [stdout] 
[INFO] [stdout] warning: field `concurrency_limit` is never read
[INFO] [stdout]   --> src/crawler/crawler.rs:14:9
[INFO] [stdout]    |
[INFO] [stdout]  8 | pub struct CrawlerConfig {
[INFO] [stdout]    |            ------------- field in this struct
[INFO] [stdout] ...
[INFO] [stdout] 14 |     pub concurrency_limit: Arc<Semaphore>,
[INFO] [stdout]    |         ^^^^^^^^^^^^^^^^^
[INFO] [stdout]    |
[INFO] [stdout]    = note: `CrawlerConfig` has a derived impl for the trait `Clone`, but this is intentionally ignored during dead code analysis
[INFO] [stdout] 
[INFO] [stdout] 
[INFO] [stdout] warning: method `len_pages` is never used
[INFO] [stdout]   --> src/crawler/crawler.rs:31:18
[INFO] [stdout]    |
[INFO] [stdout] 18 | impl CrawlerConfig {
[INFO] [stdout]    | ------------------ method in this implementation
[INFO] [stdout] ...
[INFO] [stdout] 31 |     pub async fn len_pages(&self) -> usize {
[INFO] [stdout]    |                  ^^^^^^^^^
[INFO] [stdout] 
[INFO] [stdout] 
[INFO] [stdout] warning: associated function `from_hash` is never used
[INFO] [stdout]   --> src/pages/page.rs:62:12
[INFO] [stdout]    |
[INFO] [stdout] 41 | impl Page {
[INFO] [stdout]    | --------- associated function in this implementation
[INFO] [stdout] ...
[INFO] [stdout] 62 |     pub fn from_hash(data: &HashMap<String, String>) -> Result<Self, String> {
[INFO] [stdout]    |            ^^^^^^^^^
[INFO] [stdout] 
[INFO] [stdout] 
[INFO] [stdout] warning: function `dehash_page` is never used
[INFO] [stdout]   --> src/pages/page.rs:95:8
[INFO] [stdout]    |
[INFO] [stdout] 95 | pub fn dehash_page(data: &HashMap<String, String>) -> Result<Page, String> {
[INFO] [stdout]    |        ^^^^^^^^^^^
[INFO] [stdout] 
[INFO] [stdout] 
[INFO] [stdout] warning: constant `TIMEOUT` is never used
[INFO] [stdout]  --> src/utils/constants.rs:5:15
[INFO] [stdout]   |
[INFO] [stdout] 5 |     pub const TIMEOUT: Duration = Duration::from_secs(5);
[INFO] [stdout]   |               ^^^^^^^
[INFO] [stdout] 
[INFO] [stdout] 
[INFO] [stdout] warning: constant `NORMALIZED_URL_PREFIX` is never used
[INFO] [stdout]   --> src/utils/constants.rs:17:15
[INFO] [stdout]    |
[INFO] [stdout] 17 |     pub const NORMALIZED_URL_PREFIX: &str = "normalized_url";
[INFO] [stdout]    |               ^^^^^^^^^^^^^^^^^^^^^
[INFO] [stdout] 
[INFO] [stdout] 
[INFO] [stdout] warning: function `parse_int` is never used
[INFO] [stdout]  --> src/utils/parse.rs:5:8
[INFO] [stdout]   |
[INFO] [stdout] 5 | pub fn parse_int(value: &str) -> Result<i32> {
[INFO] [stdout]   |        ^^^^^^^^^
[INFO] [stdout] 
[INFO] [stdout] 
[INFO] [stdout] warning: function `parse_time` is never used
[INFO] [stdout]   --> src/utils/parse.rs:10:8
[INFO] [stdout]    |
[INFO] [stdout] 10 | pub fn parse_time(value: &str) -> Result<DateTime<Utc>> {
[INFO] [stdout]    |        ^^^^^^^^^^
[INFO] [stdout] 
[INFO] [stdout] 
[INFO] [stdout] warning: function `parse_strings_slice` is never used
[INFO] [stdout]   --> src/utils/parse.rs:16:8
[INFO] [stdout]    |
[INFO] [stdout] 16 | pub fn parse_strings_slice(value: &str) -> Result<Vec<String>> {
[INFO] [stdout]    |        ^^^^^^^^^^^^^^^^^^^
[INFO] [stdout] 
[INFO] [stdout] 
[INFO] [stderr]     Finished `release` profile [optimized] target(s) in 4m 58s
[INFO] [stderr] warning: the following packages contain code that will be rejected by a future version of Rust: redis v0.23.3
[INFO] [stderr] note: to see what the problems were, use the option `--future-incompat-report`, or run `cargo report future-incompatibilities --id 4`
[INFO] running `Command { std: "docker" "inspect" "3baa132a9e550d70e7a712453339bfbe2328e611241e764f903e52ab3f34b7b3", kill_on_drop: false }`
[INFO] running `Command { std: "docker" "exec" "-e" "SOURCE_DIR=/opt/rustwide/workdir" "-e" "CARGO_HOME=/opt/rustwide/cargo-home" "-e" "RUSTUP_HOME=/opt/rustwide/rustup-home" "-e" "CARGO_TARGET_DIR=/opt/rustwide/target" "-e" "CARGO_INCREMENTAL=0" "-e" "RUST_BACKTRACE=full" "-e" "RUSTFLAGS=--cap-lints=warn" "-e" "RUSTDOCFLAGS=--cap-lints=warn" "-w" "/opt/rustwide/workdir" "--user" "0:0" "3baa132a9e550d70e7a712453339bfbe2328e611241e764f903e52ab3f34b7b3" "/opt/rustwide/cargo-home/bin/cargo" "+1.99.0-beta.8" "test" "--frozen" "--no-run" "--message-format=json" "--release", kill_on_drop: false }`
[INFO] [stderr]    Compiling spider v0.1.0 (/opt/rustwide/workdir)
[INFO] [stdout] warning: unused import: `error`
[INFO] [stdout]  --> src/controllers/image_controller.rs:1:21
[INFO] [stdout]   |
[INFO] [stdout] 1 | use tracing::{info, error};
[INFO] [stdout]   |                     ^^^^^
[INFO] [stdout]   |
[INFO] [stdout]   = note: `#[warn(unused_imports)]` (part of `#[warn(unused)]`) on by default
[INFO] [stdout] 
[INFO] [stdout] 
[INFO] [stdout] warning: unused import: `Notify`
[INFO] [stdout]  --> src/main.rs:3:26
[INFO] [stdout]   |
[INFO] [stdout] 3 | use tokio::sync::{Mutex, Notify};
[INFO] [stdout]   |                          ^^^^^^
[INFO] [stdout]   |
[INFO] [stdout]   = note: `#[warn(unused_imports)]` (part of `#[warn(unused)]`) on by default
[INFO] [stdout] 
[INFO] [stdout] 
[INFO] [stdout] warning: unused import: `error`
[INFO] [stdout]  --> src/controllers/image_controller.rs:1:21
[INFO] [stdout]   |
[INFO] [stdout] 1 | use tracing::{info, error};
[INFO] [stdout]   |                     ^^^^^
[INFO] [stdout] 
[INFO] [stdout] 
[INFO] [stdout] warning: variable does not need to be mutable
[INFO] [stdout]    --> src/main.rs:113:13
[INFO] [stdout]     |
[INFO] [stdout] 113 |         let mut c = crawler.lock().await;
[INFO] [stdout]     |             ----^
[INFO] [stdout]     |             |
[INFO] [stdout]     |             help: remove this `mut`
[INFO] [stdout]     |
[INFO] [stdout]     = note: `#[warn(unused_mut)]` (part of `#[warn(unused)]`) on by default
[INFO] [stdout] 
[INFO] [stdout] 
[INFO] [stdout] warning: method `get_all_pages` is never used
[INFO] [stdout]   --> src/controllers/page_controller.rs:13:18
[INFO] [stdout]    |
[INFO] [stdout]  8 | impl PageController {
[INFO] [stdout]    | ------------------- method in this implementation
[INFO] [stdout] ...
[INFO] [stdout] 13 |     pub async fn get_all_pages(&self) -> Option<std::collections::HashMap<String, crate::pages::Page>> {
[INFO] [stdout]    |                  ^^^^^^^^^^^^^
[INFO] [stdout]    |
[INFO] [stdout]    = note: `#[warn(dead_code)]` (part of `#[warn(unused)]`) on by default
[INFO] [stdout] 
[INFO] [stdout] 
[INFO] [stdout] warning: field `concurrency_limit` is never read
[INFO] [stdout]   --> src/crawler/crawler.rs:14:9
[INFO] [stdout]    |
[INFO] [stdout]  8 | pub struct CrawlerConfig {
[INFO] [stdout]    |            ------------- field in this struct
[INFO] [stdout] ...
[INFO] [stdout] 14 |     pub concurrency_limit: Arc<Semaphore>,
[INFO] [stdout]    |         ^^^^^^^^^^^^^^^^^
[INFO] [stdout]    |
[INFO] [stdout]    = note: `CrawlerConfig` has a derived impl for the trait `Clone`, but this is intentionally ignored during dead code analysis
[INFO] [stdout] 
[INFO] [stdout] 
[INFO] [stdout] warning: method `len_pages` is never used
[INFO] [stdout]   --> src/crawler/crawler.rs:31:18
[INFO] [stdout]    |
[INFO] [stdout] 18 | impl CrawlerConfig {
[INFO] [stdout]    | ------------------ method in this implementation
[INFO] [stdout] ...
[INFO] [stdout] 31 |     pub async fn len_pages(&self) -> usize {
[INFO] [stdout]    |                  ^^^^^^^^^
[INFO] [stdout] 
[INFO] [stdout] 
[INFO] [stdout] warning: associated function `from_hash` is never used
[INFO] [stdout]   --> src/pages/page.rs:62:12
[INFO] [stdout]    |
[INFO] [stdout] 41 | impl Page {
[INFO] [stdout]    | --------- associated function in this implementation
[INFO] [stdout] ...
[INFO] [stdout] 62 |     pub fn from_hash(data: &HashMap<String, String>) -> Result<Self, String> {
[INFO] [stdout]    |            ^^^^^^^^^
[INFO] [stdout] 
[INFO] [stdout] 
[INFO] [stdout] warning: function `dehash_page` is never used
[INFO] [stdout]   --> src/pages/page.rs:95:8
[INFO] [stdout]    |
[INFO] [stdout] 95 | pub fn dehash_page(data: &HashMap<String, String>) -> Result<Page, String> {
[INFO] [stdout]    |        ^^^^^^^^^^^
[INFO] [stdout] 
[INFO] [stdout] 
[INFO] [stdout] warning: constant `TIMEOUT` is never used
[INFO] [stdout]  --> src/utils/constants.rs:5:15
[INFO] [stdout]   |
[INFO] [stdout] 5 |     pub const TIMEOUT: Duration = Duration::from_secs(5);
[INFO] [stdout]   |               ^^^^^^^
[INFO] [stdout] 
[INFO] [stdout] 
[INFO] [stdout] warning: constant `NORMALIZED_URL_PREFIX` is never used
[INFO] [stdout]   --> src/utils/constants.rs:17:15
[INFO] [stdout]    |
[INFO] [stdout] 17 |     pub const NORMALIZED_URL_PREFIX: &str = "normalized_url";
[INFO] [stdout]    |               ^^^^^^^^^^^^^^^^^^^^^
[INFO] [stdout] 
[INFO] [stdout] 
[INFO] [stdout] warning: function `parse_int` is never used
[INFO] [stdout]  --> src/utils/parse.rs:5:8
[INFO] [stdout]   |
[INFO] [stdout] 5 | pub fn parse_int(value: &str) -> Result<i32> {
[INFO] [stdout]   |        ^^^^^^^^^
[INFO] [stdout] 
[INFO] [stdout] 
[INFO] [stdout] warning: function `parse_time` is never used
[INFO] [stdout]   --> src/utils/parse.rs:10:8
[INFO] [stdout]    |
[INFO] [stdout] 10 | pub fn parse_time(value: &str) -> Result<DateTime<Utc>> {
[INFO] [stdout]    |        ^^^^^^^^^^
[INFO] [stdout] 
[INFO] [stdout] 
[INFO] [stdout] warning: function `parse_strings_slice` is never used
[INFO] [stdout]   --> src/utils/parse.rs:16:8
[INFO] [stdout]    |
[INFO] [stdout] 16 | pub fn parse_strings_slice(value: &str) -> Result<Vec<String>> {
[INFO] [stdout]    |        ^^^^^^^^^^^^^^^^^^^
[INFO] [stdout] 
[INFO] [stdout] 
[INFO] [stdout] warning: unused import: `error`
[INFO] [stdout]  --> src/controllers/image_controller.rs:1:21
[INFO] [stdout]   |
[INFO] [stdout] 1 | use tracing::{info, error};
[INFO] [stdout]   |                     ^^^^^
[INFO] [stdout]   |
[INFO] [stdout]   = note: `#[warn(unused_imports)]` (part of `#[warn(unused)]`) on by default
[INFO] [stdout] 
[INFO] [stdout] 
[INFO] [stdout] warning: unused import: `Notify`
[INFO] [stdout]  --> src/main.rs:3:26
[INFO] [stdout]   |
[INFO] [stdout] 3 | use tokio::sync::{Mutex, Notify};
[INFO] [stdout]   |                          ^^^^^^
[INFO] [stdout]   |
[INFO] [stdout]   = note: `#[warn(unused_imports)]` (part of `#[warn(unused)]`) on by default
[INFO] [stdout] 
[INFO] [stdout] 
[INFO] [stdout] warning: unused import: `error`
[INFO] [stdout]  --> src/controllers/image_controller.rs:1:21
[INFO] [stdout]   |
[INFO] [stdout] 1 | use tracing::{info, error};
[INFO] [stdout]   |                     ^^^^^
[INFO] [stdout] 
[INFO] [stdout] 
[INFO] [stdout] warning: variable does not need to be mutable
[INFO] [stdout]    --> src/main.rs:113:13
[INFO] [stdout]     |
[INFO] [stdout] 113 |         let mut c = crawler.lock().await;
[INFO] [stdout]     |             ----^
[INFO] [stdout]     |             |
[INFO] [stdout]     |             help: remove this `mut`
[INFO] [stdout]     |
[INFO] [stdout]     = note: `#[warn(unused_mut)]` (part of `#[warn(unused)]`) on by default
[INFO] [stdout] 
[INFO] [stdout] 
[INFO] [stdout] warning: method `get_all_pages` is never used
[INFO] [stdout]   --> src/controllers/page_controller.rs:13:18
[INFO] [stdout]    |
[INFO] [stdout]  8 | impl PageController {
[INFO] [stdout]    | ------------------- method in this implementation
[INFO] [stdout] ...
[INFO] [stdout] 13 |     pub async fn get_all_pages(&self) -> Option<std::collections::HashMap<String, crate::pages::Page>> {
[INFO] [stdout]    |                  ^^^^^^^^^^^^^
[INFO] [stdout]    |
[INFO] [stdout]    = note: `#[warn(dead_code)]` (part of `#[warn(unused)]`) on by default
[INFO] [stdout] 
[INFO] [stdout] 
[INFO] [stdout] warning: field `concurrency_limit` is never read
[INFO] [stdout]   --> src/crawler/crawler.rs:14:9
[INFO] [stdout]    |
[INFO] [stdout]  8 | pub struct CrawlerConfig {
[INFO] [stdout]    |            ------------- field in this struct
[INFO] [stdout] ...
[INFO] [stdout] 14 |     pub concurrency_limit: Arc<Semaphore>,
[INFO] [stdout]    |         ^^^^^^^^^^^^^^^^^
[INFO] [stdout]    |
[INFO] [stdout]    = note: `CrawlerConfig` has a derived impl for the trait `Clone`, but this is intentionally ignored during dead code analysis
[INFO] [stdout] 
[INFO] [stdout] 
[INFO] [stdout] warning: method `len_pages` is never used
[INFO] [stdout]   --> src/crawler/crawler.rs:31:18
[INFO] [stdout]    |
[INFO] [stdout] 18 | impl CrawlerConfig {
[INFO] [stdout]    | ------------------ method in this implementation
[INFO] [stdout] ...
[INFO] [stdout] 31 |     pub async fn len_pages(&self) -> usize {
[INFO] [stdout]    |                  ^^^^^^^^^
[INFO] [stdout] 
[INFO] [stdout] 
[INFO] [stdout] warning: associated function `from_hash` is never used
[INFO] [stdout]   --> src/pages/page.rs:62:12
[INFO] [stdout]    |
[INFO] [stdout] 41 | impl Page {
[INFO] [stdout]    | --------- associated function in this implementation
[INFO] [stdout] ...
[INFO] [stdout] 62 |     pub fn from_hash(data: &HashMap<String, String>) -> Result<Self, String> {
[INFO] [stdout]    |            ^^^^^^^^^
[INFO] [stdout] 
[INFO] [stdout] 
[INFO] [stdout] warning: function `dehash_page` is never used
[INFO] [stdout]   --> src/pages/page.rs:95:8
[INFO] [stdout]    |
[INFO] [stdout] 95 | pub fn dehash_page(data: &HashMap<String, String>) -> Result<Page, String> {
[INFO] [stdout]    |        ^^^^^^^^^^^
[INFO] [stdout] 
[INFO] [stdout] 
[INFO] [stdout] warning: constant `TIMEOUT` is never used
[INFO] [stdout]  --> src/utils/constants.rs:5:15
[INFO] [stdout]   |
[INFO] [stdout] 5 |     pub const TIMEOUT: Duration = Duration::from_secs(5);
[INFO] [stdout]   |               ^^^^^^^
[INFO] [stdout] 
[INFO] [stdout] 
[INFO] [stdout] warning: constant `NORMALIZED_URL_PREFIX` is never used
[INFO] [stdout]   --> src/utils/constants.rs:17:15
[INFO] [stdout]    |
[INFO] [stdout] 17 |     pub const NORMALIZED_URL_PREFIX: &str = "normalized_url";
[INFO] [stdout]    |               ^^^^^^^^^^^^^^^^^^^^^
[INFO] [stdout] 
[INFO] [stdout] 
[INFO] [stdout] warning: function `parse_int` is never used
[INFO] [stdout]  --> src/utils/parse.rs:5:8
[INFO] [stdout]   |
[INFO] [stdout] 5 | pub fn parse_int(value: &str) -> Result<i32> {
[INFO] [stdout]   |        ^^^^^^^^^
[INFO] [stdout] 
[INFO] [stdout] 
[INFO] [stdout] warning: function `parse_time` is never used
[INFO] [stdout]   --> src/utils/parse.rs:10:8
[INFO] [stdout]    |
[INFO] [stdout] 10 | pub fn parse_time(value: &str) -> Result<DateTime<Utc>> {
[INFO] [stdout]    |        ^^^^^^^^^^
[INFO] [stdout] 
[INFO] [stdout] 
[INFO] [stdout] warning: function `parse_strings_slice` is never used
[INFO] [stdout]   --> src/utils/parse.rs:16:8
[INFO] [stdout]    |
[INFO] [stdout] 16 | pub fn parse_strings_slice(value: &str) -> Result<Vec<String>> {
[INFO] [stdout]    |        ^^^^^^^^^^^^^^^^^^^
[INFO] [stdout] 
[INFO] [stdout] 
[INFO] [stderr]     Finished `release` profile [optimized] target(s) in 5.60s
[INFO] [stderr] warning: the following packages contain code that will be rejected by a future version of Rust: redis v0.23.3
[INFO] [stderr] note: to see what the problems were, use the option `--future-incompat-report`, or run `cargo report future-incompatibilities --id 4`
[INFO] running `Command { std: "docker" "inspect" "3baa132a9e550d70e7a712453339bfbe2328e611241e764f903e52ab3f34b7b3", kill_on_drop: false }`
[INFO] running `Command { std: "docker" "exec" "-e" "SOURCE_DIR=/opt/rustwide/workdir" "-e" "CARGO_HOME=/opt/rustwide/cargo-home" "-e" "RUSTUP_HOME=/opt/rustwide/rustup-home" "-e" "CARGO_TARGET_DIR=/opt/rustwide/target" "-e" "CARGO_INCREMENTAL=0" "-e" "RUST_BACKTRACE=full" "-e" "RUSTFLAGS=--cap-lints=warn" "-e" "RUSTDOCFLAGS=--cap-lints=warn" "-w" "/opt/rustwide/workdir" "--user" "0:0" "3baa132a9e550d70e7a712453339bfbe2328e611241e764f903e52ab3f34b7b3" "/opt/rustwide/cargo-home/bin/cargo" "+1.99.0-beta.8" "test" "--frozen" "--release", kill_on_drop: false }`
[INFO] [stderr] warning: unused import: `error`
[INFO] [stderr]  --> src/controllers/image_controller.rs:1:21
[INFO] [stderr]   |
[INFO] [stderr] 1 | use tracing::{info, error};
[INFO] [stderr]   |                     ^^^^^
[INFO] [stderr]   |
[INFO] [stderr]   = note: `#[warn(unused_imports)]` (part of `#[warn(unused)]`) on by default
[INFO] [stderr] 
[INFO] [stderr] warning: `spider` (lib) generated 1 warning (run `cargo fix --lib -p spider` to apply 1 suggestion)
[INFO] [stderr] warning: `spider` (lib test) generated 1 warning (1 duplicate)
[INFO] [stderr] warning: unused import: `Notify`
[INFO] [stderr]  --> src/main.rs:3:26
[INFO] [stderr]   |
[INFO] [stderr] 3 | use tokio::sync::{Mutex, Notify};
[INFO] [stderr]   |                          ^^^^^^
[INFO] [stderr]   |
[INFO] [stderr]   = note: `#[warn(unused_imports)]` (part of `#[warn(unused)]`) on by default
[INFO] [stderr] 
[INFO] [stderr] warning: unused import: `error`
[INFO] [stderr]  --> src/controllers/image_controller.rs:1:21
[INFO] [stderr]   |
[INFO] [stderr] 1 | use tracing::{info, error};
[INFO] [stderr]   |                     ^^^^^
[INFO] [stderr] 
[INFO] [stderr] warning: variable does not need to be mutable
[INFO] [stderr]    --> src/main.rs:113:13
[INFO] [stderr]     |
[INFO] [stderr] 113 |         let mut c = crawler.lock().await;
[INFO] [stderr]     |             ----^
[INFO] [stderr]     |             |
[INFO] [stderr]     |             help: remove this `mut`
[INFO] [stderr]     |
[INFO] [stderr]     = note: `#[warn(unused_mut)]` (part of `#[warn(unused)]`) on by default
[INFO] [stderr] 
[INFO] [stderr] warning: method `get_all_pages` is never used
[INFO] [stderr]   --> src/controllers/page_controller.rs:13:18
[INFO] [stderr]    |
[INFO] [stderr]  8 | impl PageController {
[INFO] [stderr]    | ------------------- method in this implementation
[INFO] [stderr] ...
[INFO] [stderr] 13 |     pub async fn get_all_pages(&self) -> Option<std::collections::HashMap<String, crate::pages::Page>> {
[INFO] [stderr]    |                  ^^^^^^^^^^^^^
[INFO] [stderr]    |
[INFO] [stderr]    = note: `#[warn(dead_code)]` (part of `#[warn(unused)]`) on by default
[INFO] [stderr] 
[INFO] [stderr] warning: field `concurrency_limit` is never read
[INFO] [stderr]   --> src/crawler/crawler.rs:14:9
[INFO] [stderr]    |
[INFO] [stderr]  8 | pub struct CrawlerConfig {
[INFO] [stderr]    |            ------------- field in this struct
[INFO] [stderr] ...
[INFO] [stderr] 14 |     pub concurrency_limit: Arc<Semaphore>,
[INFO] [stderr]    |         ^^^^^^^^^^^^^^^^^
[INFO] [stderr]    |
[INFO] [stderr]    = note: `CrawlerConfig` has a derived impl for the trait `Clone`, but this is intentionally ignored during dead code analysis
[INFO] [stderr] 
[INFO] [stderr] warning: method `len_pages` is never used
[INFO] [stderr]   --> src/crawler/crawler.rs:31:18
[INFO] [stderr]    |
[INFO] [stderr] 18 | impl CrawlerConfig {
[INFO] [stderr]    | ------------------ method in this implementation
[INFO] [stderr] ...
[INFO] [stderr] 31 |     pub async fn len_pages(&self) -> usize {
[INFO] [stderr]    |                  ^^^^^^^^^
[INFO] [stderr] 
[INFO] [stderr] warning: associated function `from_hash` is never used
[INFO] [stderr]   --> src/pages/page.rs:62:12
[INFO] [stderr]    |
[INFO] [stderr] 41 | impl Page {
[INFO] [stderr]    | --------- associated function in this implementation
[INFO] [stderr] ...
[INFO] [stderr] 62 |     pub fn from_hash(data: &HashMap<String, String>) -> Result<Self, String> {
[INFO] [stderr]    |            ^^^^^^^^^
[INFO] [stderr] 
[INFO] [stderr] warning: function `dehash_page` is never used
[INFO] [stderr]   --> src/pages/page.rs:95:8
[INFO] [stderr]    |
[INFO] [stderr] 95 | pub fn dehash_page(data: &HashMap<String, String>) -> Result<Page, String> {
[INFO] [stderr]    |        ^^^^^^^^^^^
[INFO] [stderr] 
[INFO] [stderr] warning: constant `TIMEOUT` is never used
[INFO] [stderr]  --> src/utils/constants.rs:5:15
[INFO] [stderr]   |
[INFO] [stderr] 5 |     pub const TIMEOUT: Duration = Duration::from_secs(5);
[INFO] [stderr]   |               ^^^^^^^
[INFO] [stderr] 
[INFO] [stderr] warning: constant `NORMALIZED_URL_PREFIX` is never used
[INFO] [stderr]   --> src/utils/constants.rs:17:15
[INFO] [stderr]    |
[INFO] [stderr] 17 |     pub const NORMALIZED_URL_PREFIX: &str = "normalized_url";
[INFO] [stderr]    |               ^^^^^^^^^^^^^^^^^^^^^
[INFO] [stderr] 
[INFO] [stderr] warning: function `parse_int` is never used
[INFO] [stderr]  --> src/utils/parse.rs:5:8
[INFO] [stderr]   |
[INFO] [stderr] 5 | pub fn parse_int(value: &str) -> Result<i32> {
[INFO] [stderr]   |        ^^^^^^^^^
[INFO] [stderr] 
[INFO] [stderr] warning: function `parse_time` is never used
[INFO] [stderr]   --> src/utils/parse.rs:10:8
[INFO] [stderr]    |
[INFO] [stderr] 10 | pub fn parse_time(value: &str) -> Result<DateTime<Utc>> {
[INFO] [stderr]    |        ^^^^^^^^^^
[INFO] [stderr] 
[INFO] [stderr] warning: function `parse_strings_slice` is never used
[INFO] [stderr]   --> src/utils/parse.rs:16:8
[INFO] [stderr]    |
[INFO] [stderr] 16 | pub fn parse_strings_slice(value: &str) -> Result<Vec<String>> {
[INFO] [stderr]    |        ^^^^^^^^^^^^^^^^^^^
[INFO] [stderr] 
[INFO] [stderr] warning: `spider` (bin "spider" test) generated 13 warnings (run `cargo fix --bin "spider" -p spider --tests` to apply 3 suggestions)
[INFO] [stderr] warning: `spider` (bin "spider") generated 13 warnings (13 duplicates)
[INFO] [stderr]     Finished `release` profile [optimized] target(s) in 0.26s
[INFO] [stderr] warning: the following packages contain code that will be rejected by a future version of Rust: redis v0.23.3
[INFO] [stderr] note: to see what the problems were, use the option `--future-incompat-report`, or run `cargo report future-incompatibilities --id 4`
[INFO] [stderr]      Running unittests src/lib.rs (/opt/rustwide/target/release/deps/spider-7ddd1de5df86890d)
[INFO] [stderr]      Running unittests src/main.rs (/opt/rustwide/target/release/deps/spider-b8298819a25a0a12)
[INFO] [stdout] 
[INFO] [stdout] running 0 tests
[INFO] [stdout] 
[INFO] [stdout] test result: ok. 0 passed; 0 failed; 0 ignored; 0 measured; 0 filtered out; finished in 0.00s
[INFO] [stdout] 
[INFO] [stdout] 
[INFO] [stderr]      Running tests/get_page_data_test.rs (/opt/rustwide/target/release/deps/get_page_data_test-80062d6f8e571a62)
[INFO] [stdout] running 0 tests
[INFO] [stdout] 
[INFO] [stdout] test result: ok. 0 passed; 0 failed; 0 ignored; 0 measured; 0 filtered out; finished in 0.00s
[INFO] [stdout] 
[INFO] [stdout] 
[INFO] [stdout] running 1 test
[INFO] [stdout] test tests::test_get_page_data ... FAILED
[INFO] [stdout] 
[INFO] [stdout] failures:
[INFO] [stdout] 
[INFO] [stdout] ---- tests::test_get_page_data stdout ----
[INFO] [stdout] Running test 0 - absolute https url
[INFO] [stdout] 
[INFO] [stdout] thread 'tests::test_get_page_data' (3326) panicked at tests/get_page_data_test.rs:37:27:
[INFO] [stdout] Test 0 - 'absolute https url' FAIL: unexpected error: error sending request
[INFO] [stdout] stack backtrace:
[INFO] [stdout]    0:     0x55ce0017b2b1 - <<std[70759c8f55707aa4]::sys::backtrace::BacktraceLock>::print::DisplayBacktrace as core[df12db4294e9bfd3]::fmt::Display>::fmt
[INFO] [stdout]    1:     0x55ce001916fa - core[df12db4294e9bfd3]::fmt::write
[INFO] [stdout]    2:     0x55ce0017fe1c - <alloc[2182bb758b4b3781]::vec::Vec<u8> as core[df12db4294e9bfd3]::io::write::Write>::write_fmt
[INFO] [stdout]    3:     0x55ce00156616 - std[70759c8f55707aa4]::panicking::default_hook::{closure#0}
[INFO] [stdout]    4:     0x55ce001732d9 - std[70759c8f55707aa4]::panicking::default_hook
[INFO] [stdout]    5:     0x55cdffeae6d0 - test[9d35eded1c95d3be]::test_main_inner::<test[9d35eded1c95d3be]::test_main_static::{closure#0}>::{closure#0}
[INFO] [stdout]    6:     0x55ce00173602 - std[70759c8f55707aa4]::panicking::panic_with_hook
[INFO] [stdout]    7:     0x55ce001566c2 - std[70759c8f55707aa4]::panicking::panic_handler::{closure#0}
[INFO] [stdout]    8:     0x55ce0014f369 - std[70759c8f55707aa4]::sys::backtrace::__rust_end_short_backtrace::<std[70759c8f55707aa4]::panicking::panic_handler::{closure#0}, !>
[INFO] [stdout]    9:     0x55ce001574ad - __rustc[8fa7c3cbc660c2b3]::rust_begin_unwind
[INFO] [stdout]   10:     0x55ce00191e5c - core[df12db4294e9bfd3]::panicking::panic_fmt
[INFO] [stdout]   11:     0x55cdffe9a272 - get_page_data_test[a420a21b83fcb04c]::tests::test_get_page_data::{closure#0}
[INFO] [stdout]   12:     0x55cdffe9da13 - <tokio[4913130f14481c37]::runtime::scheduler::current_thread::Context>::enter::<core[df12db4294e9bfd3]::task::poll::Poll<()>, <tokio[4913130f14481c37]::runtime::scheduler::current_thread::CoreGuard>::block_on<core[df12db4294e9bfd3]::pin::Pin<&mut core[df12db4294e9bfd3]::pin::Pin<&mut dyn core[df12db4294e9bfd3]::future::future::Future<Output = ()>>>>::{closure#0}::{closure#0}>
[INFO] [stdout]   13:     0x55cdffe9beac - <tokio[4913130f14481c37]::runtime::context::scoped::Scoped<tokio[4913130f14481c37]::runtime::scheduler::Context>>::set::<<tokio[4913130f14481c37]::runtime::scheduler::current_thread::CoreGuard>::enter<<tokio[4913130f14481c37]::runtime::scheduler::current_thread::CoreGuard>::block_on<core[df12db4294e9bfd3]::pin::Pin<&mut core[df12db4294e9bfd3]::pin::Pin<&mut dyn core[df12db4294e9bfd3]::future::future::Future<Output = ()>>>>::{closure#0}, core[df12db4294e9bfd3]::option::Option<()>>::{closure#0}, (alloc[2182bb758b4b3781]::boxed::Box<tokio[4913130f14481c37]::runtime::scheduler::current_thread::Core>, core[df12db4294e9bfd3]::option::Option<()>)>
[INFO] [stdout]   14:     0x55cdffe9dd67 - <tokio[4913130f14481c37]::runtime::scheduler::current_thread::CoreGuard>::block_on::<core[df12db4294e9bfd3]::pin::Pin<&mut core[df12db4294e9bfd3]::pin::Pin<&mut dyn core[df12db4294e9bfd3]::future::future::Future<Output = ()>>>>
[INFO] [stdout]   15:     0x55cdffe9b627 - tokio[4913130f14481c37]::runtime::context::runtime::enter_runtime::<<tokio[4913130f14481c37]::runtime::scheduler::current_thread::CurrentThread>::block_on<core[df12db4294e9bfd3]::pin::Pin<&mut dyn core[df12db4294e9bfd3]::future::future::Future<Output = ()>>>::{closure#0}, ()>
[INFO] [stdout]   16:     0x55cdffe9bd85 - <tokio[4913130f14481c37]::runtime::runtime::Runtime>::block_on::<core[df12db4294e9bfd3]::pin::Pin<&mut dyn core[df12db4294e9bfd3]::future::future::Future<Output = ()>>>
[INFO] [stdout]   17:     0x55cdffe9a65b - get_page_data_test[a420a21b83fcb04c]::tests::test_get_page_data
[INFO] [stdout]   18:     0x55cdffe9d919 - <get_page_data_test[a420a21b83fcb04c]::tests::test_get_page_data::{closure#0} as core[df12db4294e9bfd3]::ops::function::FnOnce<()>>::call_once
[INFO] [stdout]   19:     0x55cdffea19bb - test[9d35eded1c95d3be]::__rust_begin_short_backtrace::<core[df12db4294e9bfd3]::result::Result<(), alloc[2182bb758b4b3781]::string::String>, fn() -> core[df12db4294e9bfd3]::result::Result<(), alloc[2182bb758b4b3781]::string::String>>
[INFO] [stdout]   20:     0x55cdffeaf025 - test[9d35eded1c95d3be]::run_test::{closure#0}
[INFO] [stdout]   21:     0x55cdffea88e4 - std[70759c8f55707aa4]::sys::backtrace::__rust_begin_short_backtrace::<test[9d35eded1c95d3be]::run_test::{closure#1}, ()>
[INFO] [stdout]   22:     0x55cdffeb2182 - <std[70759c8f55707aa4]::thread::lifecycle::spawn_unchecked<test[9d35eded1c95d3be]::run_test::{closure#1}, ()>::{closure#1} as core[df12db4294e9bfd3]::ops::function::FnOnce<()>>::call_once::{shim:vtable#0}
[INFO] [stdout]   23:     0x55ce0017a7d9 - <std[70759c8f55707aa4]::sys::thread::unix::Thread>::new::thread_start
[INFO] [stdout]   24:     0x73c398486dfa - <unknown>
[INFO] [stdout]   25:     0x73c39851a3d4 - clone
[INFO] [stdout]   26:                0x0 - <unknown>
[INFO] [stdout] 
[INFO] [stdout] 
[INFO] [stdout] failures:
[INFO] [stdout]     tests::test_get_page_data
[INFO] [stdout] 
[INFO] [stdout] test result: FAILED. 0 passed; 1 failed; 0 ignored; 0 measured; 0 filtered out; finished in 0.09s
[INFO] [stdout] 
[INFO] [stderr] error: test failed, to rerun pass `--test get_page_data_test`
[INFO] running `Command { std: "docker" "inspect" "3baa132a9e550d70e7a712453339bfbe2328e611241e764f903e52ab3f34b7b3", kill_on_drop: false }`
[INFO] running `Command { std: "docker" "rm" "-f" "3baa132a9e550d70e7a712453339bfbe2328e611241e764f903e52ab3f34b7b3", kill_on_drop: false }`
[INFO] [stdout] 3baa132a9e550d70e7a712453339bfbe2328e611241e764f903e52ab3f34b7b3
