[INFO] cloning repository https://github.com/somenoe/svg-to-png-cli
[INFO] running `Command { std: "git" "-c" "credential.helper=" "-c" "credential.helper=/workspace/cargo-home/bin/git-credential-null" "clone" "--bare" "https://github.com/somenoe/svg-to-png-cli" "/workspace/cache/git-repos/https%3A%2F%2Fgithub.com%2Fsomenoe%2Fsvg-to-png-cli", kill_on_drop: false }`
[INFO] [stderr] Cloning into bare repository '/workspace/cache/git-repos/https%3A%2F%2Fgithub.com%2Fsomenoe%2Fsvg-to-png-cli'...
[INFO] running `Command { std: "git" "rev-parse" "HEAD", kill_on_drop: false }`
[INFO] [stdout] 94bd078133642c63a64e5c0bde2591b1f213a9df
[INFO] testing somenoe/svg-to-png-cli against 1.100.0-beta.1+cargoflags=--release for beta-release-1.100-3
[INFO] running `Command { std: "git" "clone" "/workspace/cache/git-repos/https%3A%2F%2Fgithub.com%2Fsomenoe%2Fsvg-to-png-cli" "/workspace/builds/worker-0-tc2/source", kill_on_drop: false }`
[INFO] [stderr] Cloning into '/workspace/builds/worker-0-tc2/source'...
[INFO] [stderr] done.
[INFO] started tweaking git repo https://github.com/somenoe/svg-to-png-cli
[INFO] finished tweaking git repo https://github.com/somenoe/svg-to-png-cli
[INFO] tweaked toml for git repo https://github.com/somenoe/svg-to-png-cli written to /workspace/builds/worker-0-tc2/source/Cargo.toml
[INFO] validating manifest of git repo https://github.com/somenoe/svg-to-png-cli on toolchain 1.100.0-beta.1
[INFO] running `Command { std: CARGO_HOME="/workspace/cargo-home" RUSTUP_HOME="/workspace/rustup-home" "/workspace/cargo-home/bin/cargo" "+1.100.0-beta.1" "metadata" "--manifest-path" "Cargo.toml" "--no-deps", kill_on_drop: false }`
[INFO] crate git repo https://github.com/somenoe/svg-to-png-cli already has a lockfile, it will not be regenerated
[INFO] running `Command { std: CARGO_HOME="/workspace/cargo-home" RUSTUP_HOME="/workspace/rustup-home" "/workspace/cargo-home/bin/cargo" "+1.100.0-beta.1" "fetch" "--manifest-path" "Cargo.toml", kill_on_drop: false }`
[INFO] running `Command { std: "docker" "create" "-v" "/var/lib/crater-agent-workspace/builds/worker-0-tc2/source:/opt/rustwide/workdir:ro,Z" "-v" "/var/lib/crater-agent-workspace/builds/worker-0-tc2/target:/opt/rustwide/target:rw,Z" "-v" "/var/lib/crater-agent-workspace/cargo-home:/opt/rustwide/cargo-home:ro,Z" "-v" "/var/lib/crater-agent-workspace/rustup-home:/opt/rustwide/rustup-home:ro,Z" "-m" "1610612736" "--network" "none" "ghcr.io/rust-lang/crates-build-env/linux@sha256:77db811e55d90add9212f6832c23229e3de5f1c1f9905e8cb07319ea15df73ac" "sleep" "infinity", kill_on_drop: false }`
[INFO] [stdout] c7e542eb8b557cad5237e936fdc0d4a550e78c3613bad2637f4a0aef34abd023
[INFO] running `Command { std: "docker" "start" "c7e542eb8b557cad5237e936fdc0d4a550e78c3613bad2637f4a0aef34abd023", kill_on_drop: false }`
[INFO] running `Command { std: "docker" "inspect" "c7e542eb8b557cad5237e936fdc0d4a550e78c3613bad2637f4a0aef34abd023", kill_on_drop: false }`
[INFO] running `Command { std: "docker" "exec" "-e" "SOURCE_DIR=/opt/rustwide/workdir" "-e" "CARGO_HOME=/opt/rustwide/cargo-home" "-e" "RUSTUP_HOME=/opt/rustwide/rustup-home" "-e" "CARGO_TARGET_DIR=/opt/rustwide/target" "-w" "/opt/rustwide/workdir" "--user" "0:0" "c7e542eb8b557cad5237e936fdc0d4a550e78c3613bad2637f4a0aef34abd023" "/opt/rustwide/cargo-home/bin/cargo" "+1.100.0-beta.1" "metadata" "--no-deps" "--format-version=1", kill_on_drop: false }`
[INFO] running `Command { std: "docker" "inspect" "c7e542eb8b557cad5237e936fdc0d4a550e78c3613bad2637f4a0aef34abd023", kill_on_drop: false }`
[INFO] running `Command { std: "docker" "exec" "-e" "SOURCE_DIR=/opt/rustwide/workdir" "-e" "CARGO_HOME=/opt/rustwide/cargo-home" "-e" "RUSTUP_HOME=/opt/rustwide/rustup-home" "-e" "CARGO_TARGET_DIR=/opt/rustwide/target" "-e" "CARGO_INCREMENTAL=0" "-e" "RUST_BACKTRACE=full" "-e" "RUSTFLAGS=--cap-lints=warn" "-e" "RUSTDOCFLAGS=--cap-lints=warn" "-w" "/opt/rustwide/workdir" "--user" "0:0" "c7e542eb8b557cad5237e936fdc0d4a550e78c3613bad2637f4a0aef34abd023" "/opt/rustwide/cargo-home/bin/cargo" "+1.100.0-beta.1" "build" "--frozen" "--message-format=json" "--release", kill_on_drop: false }`
[INFO] [stderr]    Compiling libc v0.2.178
[INFO] [stderr]    Compiling log v0.4.29
[INFO] [stderr]    Compiling libm v0.2.15
[INFO] [stderr]    Compiling crc32fast v1.5.0
[INFO] [stderr]    Compiling simd-adler32 v0.3.8
[INFO] [stderr]    Compiling adler2 v2.0.1
[INFO] [stderr]    Compiling bytemuck v1.24.0
[INFO] [stderr]    Compiling proc-macro2 v1.0.104
[INFO] [stderr]    Compiling float-cmp v0.9.0
[INFO] [stderr]    Compiling bitflags v2.10.0
[INFO] [stderr]    Compiling arrayvec v0.7.6
[INFO] [stderr]    Compiling slotmap v1.1.1
[INFO] [stderr]    Compiling roxmltree v0.20.0
[INFO] [stderr]    Compiling arrayref v0.3.9
[INFO] [stderr]    Compiling tinyvec v1.10.0
[INFO] [stderr]    Compiling unicode-bidi-mirroring v0.4.0
[INFO] [stderr]    Compiling strict-num v0.1.1
[INFO] [stderr]    Compiling unicode-script v0.5.8
[INFO] [stderr]    Compiling siphasher v1.0.1
[INFO] [stderr]    Compiling miniz_oxide v0.8.9
[INFO] [stderr]    Compiling fdeflate v0.3.7
[INFO] [stderr]    Compiling tiny-skia-path v0.11.4
[INFO] [stderr]    Compiling kurbo v0.11.3
[INFO] [stderr]    Compiling unicode-ccc v0.4.0
[INFO] [stderr]    Compiling unicode-properties v0.1.4
[INFO] [stderr]    Compiling simplecss v0.2.2
[INFO] [stderr]    Compiling data-url v0.3.2
[INFO] [stderr]    Compiling unicode-vo v0.1.0
[INFO] [stderr]    Compiling color_quant v1.1.0
[INFO] [stderr]    Compiling quick-error v2.0.1
[INFO] [stderr]    Compiling imagesize v0.13.0
[INFO] [stderr]    Compiling zune-core v0.4.12
[INFO] [stderr]    Compiling anyhow v1.0.100
[INFO] [stderr]    Compiling pico-args v0.5.0
[INFO] [stderr]    Compiling quote v1.0.42
[INFO] [stderr]    Compiling xmlwriter v0.1.0
[INFO] [stderr]    Compiling syn v2.0.111
[INFO] [stderr]    Compiling weezl v0.1.12
[INFO] [stderr]    Compiling byteorder-lite v0.1.0
[INFO] [stderr]    Compiling clap_builder v4.5.53
[INFO] [stderr]    Compiling flate2 v1.1.5
[INFO] [stderr]    Compiling fontconfig-parser v0.5.8
[INFO] [stderr]    Compiling gif v0.13.3
[INFO] [stderr]    Compiling image-webp v0.2.4
[INFO] [stderr]    Compiling svgtypes v0.15.3
[INFO] [stderr]    Compiling core_maths v0.1.1
[INFO] [stderr]    Compiling ttf-parser v0.25.1
[INFO] [stderr]    Compiling png v0.17.16
[INFO] [stderr]    Compiling zune-jpeg v0.4.21
[INFO] [stderr]    Compiling rgb v0.8.52
[INFO] [stderr]    Compiling notify-types v2.0.0
[INFO] [stderr]    Compiling memmap2 v0.9.9
[INFO] [stderr]    Compiling inotify-sys v0.1.5
[INFO] [stderr]    Compiling mio v1.1.1
[INFO] [stderr]    Compiling inotify v0.11.0
[INFO] [stderr]    Compiling tiny-skia v0.11.4
[INFO] [stderr]    Compiling notify v8.2.0
[INFO] [stderr]    Compiling rustybuzz v0.20.1
[INFO] [stderr]    Compiling fontdb v0.23.0
[INFO] [stderr]    Compiling clap_derive v4.5.49
[INFO] [stderr]    Compiling clap v4.5.53
[INFO] [stderr]    Compiling usvg v0.45.1
[INFO] [stderr]    Compiling resvg v0.45.1
[INFO] [stderr]    Compiling svg-to-png-cli v0.1.0 (/opt/rustwide/workdir)
[INFO] [stderr]     Finished `release` profile [optimized] target(s) in 51.44s
[INFO] running `Command { std: "docker" "inspect" "c7e542eb8b557cad5237e936fdc0d4a550e78c3613bad2637f4a0aef34abd023", kill_on_drop: false }`
[INFO] running `Command { std: "docker" "exec" "-e" "SOURCE_DIR=/opt/rustwide/workdir" "-e" "CARGO_HOME=/opt/rustwide/cargo-home" "-e" "RUSTUP_HOME=/opt/rustwide/rustup-home" "-e" "CARGO_TARGET_DIR=/opt/rustwide/target" "-e" "CARGO_INCREMENTAL=0" "-e" "RUST_BACKTRACE=full" "-e" "RUSTFLAGS=--cap-lints=warn" "-e" "RUSTDOCFLAGS=--cap-lints=warn" "-w" "/opt/rustwide/workdir" "--user" "0:0" "c7e542eb8b557cad5237e936fdc0d4a550e78c3613bad2637f4a0aef34abd023" "/opt/rustwide/cargo-home/bin/cargo" "+1.100.0-beta.1" "test" "--frozen" "--no-run" "--message-format=json" "--release", kill_on_drop: false }`
[INFO] [stderr]    Compiling crossbeam-utils v0.8.21
[INFO] [stderr]    Compiling aho-corasick v1.1.4
[INFO] [stderr]    Compiling num-traits v0.2.19
[INFO] [stderr]    Compiling bstr v1.12.1
[INFO] [stderr]    Compiling rustix v1.1.3
[INFO] [stderr]    Compiling rustybuzz v0.20.1
[INFO] [stderr]    Compiling doc-comment v0.3.4
[INFO] [stderr]    Compiling predicates-core v1.0.9
[INFO] [stderr]    Compiling inotify v0.11.0
[INFO] [stderr]    Compiling getrandom v0.3.4
[INFO] [stderr]    Compiling termtree v0.5.1
[INFO] [stderr]    Compiling normalize-line-endings v0.3.0
[INFO] [stderr]    Compiling once_cell v1.21.3
[INFO] [stderr]    Compiling difflib v0.4.0
[INFO] [stderr]    Compiling predicates-tree v1.0.12
[INFO] [stderr]    Compiling notify v8.2.0
[INFO] [stderr]    Compiling crossbeam-epoch v0.9.18
[INFO] [stderr]    Compiling float-cmp v0.10.0
[INFO] [stderr]    Compiling crossbeam-deque v0.8.6
[INFO] [stderr]    Compiling regex-automata v0.4.13
[INFO] [stderr]    Compiling tempfile v3.24.0
[INFO] [stderr]    Compiling usvg v0.45.1
[INFO] [stderr]    Compiling globset v0.4.18
[INFO] [stderr]    Compiling regex v1.12.2
[INFO] [stderr]    Compiling ignore v0.4.25
[INFO] [stderr]    Compiling predicates v3.1.3
[INFO] [stderr]    Compiling resvg v0.45.1
[INFO] [stderr]    Compiling globwalk v0.9.1
[INFO] [stderr]    Compiling assert_fs v1.1.3
[INFO] [stderr]    Compiling svg-to-png-cli v0.1.0 (/opt/rustwide/workdir)
[INFO] [stderr]     Finished `release` profile [optimized] target(s) in 39.45s
[INFO] running `Command { std: "docker" "inspect" "c7e542eb8b557cad5237e936fdc0d4a550e78c3613bad2637f4a0aef34abd023", kill_on_drop: false }`
[INFO] running `Command { std: "docker" "exec" "-e" "SOURCE_DIR=/opt/rustwide/workdir" "-e" "CARGO_HOME=/opt/rustwide/cargo-home" "-e" "RUSTUP_HOME=/opt/rustwide/rustup-home" "-e" "CARGO_TARGET_DIR=/opt/rustwide/target" "-e" "CARGO_INCREMENTAL=0" "-e" "RUST_BACKTRACE=full" "-e" "RUSTFLAGS=--cap-lints=warn" "-e" "RUSTDOCFLAGS=--cap-lints=warn" "-w" "/opt/rustwide/workdir" "--user" "0:0" "c7e542eb8b557cad5237e936fdc0d4a550e78c3613bad2637f4a0aef34abd023" "/opt/rustwide/cargo-home/bin/cargo" "+1.100.0-beta.1" "test" "--frozen" "--release", kill_on_drop: false }`
[INFO] [stderr]     Finished `release` profile [optimized] target(s) in 0.13s
[INFO] [stderr]      Running unittests src/main.rs (/opt/rustwide/target/release/build/svg-to-png-cli/038c79ccaef61e8c/out/svg_to_png_cli-038c79ccaef61e8c)
[INFO] [stdout] 
[INFO] [stdout] running 8 tests
[INFO] [stdout] test tests::test_convert_nonexistent_file ... ok
[INFO] [stdout] test tests::test_convert_existing_files_empty_dir ... ok
[INFO] [stdout] test tests::test_convert_valid_svg ... ok
[INFO] [stdout] test tests::test_convert_svg_with_text ... ok
[INFO] [stdout] test tests::test_convert_invalid_svg ... ok
[INFO] [stdout] test tests::test_convert_with_subdirectory_output ... ok
[INFO] [stdout] test tests::test_convert_existing_files_mixed_types ... ok
[INFO] [stderr]      Running tests/integration_test.rs (/opt/rustwide/target/release/build/svg-to-png-cli/ffe1cc658bc8eda0/out/integration_test-ffe1cc658bc8eda0)
[INFO] [stdout] test tests::test_convert_existing_files_multiple ... ok
[INFO] [stdout] 
[INFO] [stdout] test result: ok. 8 passed; 0 failed; 0 ignored; 0 measured; 0 filtered out; finished in 0.10s
[INFO] [stdout] 
[INFO] [stdout] 
[INFO] [stdout] running 8 tests
[INFO] [stdout] test test_version_flag ... FAILED
[INFO] [stdout] test test_mixed_file_types ... FAILED
[INFO] [stdout] test test_convert_existing_flag ... FAILED
[INFO] [stdout] test test_creates_output_directory ... FAILED
[INFO] [stdout] test test_short_version_flag ... FAILED
[INFO] [stdout] test test_no_watch_mode_with_existing_svgs ... FAILED
[INFO] [stdout] test test_empty_directory_no_crash ... FAILED
[INFO] [stdout] test test_preserves_filename ... FAILED
[INFO] [stdout] 
[INFO] [stdout] failures:
[INFO] [stdout] 
[INFO] [stdout] ---- test_version_flag stdout ----
[INFO] [stdout] 
[INFO] [stdout] thread 'test_version_flag' (2092) panicked at tests/integration_test.rs:31:10:
[INFO] [stdout] Failed to execute command: Os { code: 2, kind: NotFound, message: "No such file or directory" }
[INFO] [stdout] stack backtrace:
[INFO] [stdout]    0:     0x5c3cdaad2791 - <<std[617be2ca0a6fd877]::sys::backtrace::BacktraceLock>::print::DisplayBacktrace as core[a373ad73a504971]::fmt::Display>::fmt
[INFO] [stdout]    1:     0x5c3cdaae69da - core[a373ad73a504971]::fmt::write
[INFO] [stdout]    2:     0x5c3cdaad6c2c - <alloc[2e1b2a31b91974c5]::vec::Vec<u8> as core[a373ad73a504971]::io::write::Write>::write_fmt
[INFO] [stdout]    3:     0x5c3cdaaad7c6 - std[617be2ca0a6fd877]::panicking::default_hook::{closure#0}
[INFO] [stdout]    4:     0x5c3cdaaca709 - std[617be2ca0a6fd877]::panicking::default_hook
[INFO] [stdout]    5:     0x5c3cdaa5fe80 - test[aada8e7e76ba119b]::test_main_inner::{closure#0}
[INFO] [stdout]    6:     0x5c3cdaaca8c2 - std[617be2ca0a6fd877]::panicking::panic_with_hook
[INFO] [stdout]    7:     0x5c3cdaaad872 - std[617be2ca0a6fd877]::panicking::panic_handler::{closure#0}
[INFO] [stdout]    8:     0x5c3cdaaa6469 - std[617be2ca0a6fd877]::sys::backtrace::__rust_end_short_backtrace::<std[617be2ca0a6fd877]::panicking::panic_handler::{closure#0}, !>
[INFO] [stdout]    9:     0x5c3cdaaae47d - __rustc[ea4f61d10b84890b]::rust_begin_unwind
[INFO] [stdout]   10:     0x5c3cdaae710c - core[a373ad73a504971]::panicking::panic_fmt
[INFO] [stdout]   11:     0x5c3cdaae6ee2 - core[a373ad73a504971]::result::unwrap_failed
[INFO] [stdout]   12:     0x5c3cdaa5039d - <integration_test[87130766adc4e578]::test_version_flag::{closure#0} as core[a373ad73a504971]::ops::function::FnOnce<()>>::call_once
[INFO] [stdout]   13:     0x5c3cdaa532cb - test[aada8e7e76ba119b]::__rust_begin_short_backtrace::<core[a373ad73a504971]::result::Result<(), alloc[2e1b2a31b91974c5]::string::String>, fn() -> core[a373ad73a504971]::result::Result<(), alloc[2e1b2a31b91974c5]::string::String>>
[INFO] [stdout]   14:     0x5c3cdaa604a5 - test[aada8e7e76ba119b]::run_test::{closure#0}
[INFO] [stdout]   15:     0x5c3cdaa59d94 - std[617be2ca0a6fd877]::sys::backtrace::__rust_begin_short_backtrace::<test[aada8e7e76ba119b]::run_test::{closure#1}, ()>
[INFO] [stdout]   16:     0x5c3cdaa63532 - <std[617be2ca0a6fd877]::thread::lifecycle::spawn_unchecked<test[aada8e7e76ba119b]::run_test::{closure#1}, ()>::{closure#1} as core[a373ad73a504971]::ops::function::FnOnce<()>>::call_once::{shim:vtable#0}
[INFO] [stdout]   17:     0x5c3cdaad1fef - <std[617be2ca0a6fd877]::sys::thread::unix::Thread>::new::thread_start
[INFO] [stdout]   18:     0x7d1c6d3c0dfa - <unknown>
[INFO] [stdout]   19:     0x7d1c6d4543d4 - clone
[INFO] [stdout]   20:                0x0 - <unknown>
[INFO] [stdout] 
[INFO] [stdout] ---- test_mixed_file_types stdout ----
[INFO] [stdout] 
[INFO] [stdout] thread 'test_mixed_file_types' (2088) panicked at tests/integration_test.rs:207:10:
[INFO] [stdout] Failed to execute command: Os { code: 2, kind: NotFound, message: "No such file or directory" }
[INFO] [stdout] stack backtrace:
[INFO] [stdout]    0:     0x5c3cdaad2791 - <<std[617be2ca0a6fd877]::sys::backtrace::BacktraceLock>::print::DisplayBacktrace as core[a373ad73a504971]::fmt::Display>::fmt
[INFO] [stdout]    1:     0x5c3cdaae69da - core[a373ad73a504971]::fmt::write
[INFO] [stdout]    2:     0x5c3cdaad6c2c - <alloc[2e1b2a31b91974c5]::vec::Vec<u8> as core[a373ad73a504971]::io::write::Write>::write_fmt
[INFO] [stdout]    3:     0x5c3cdaaad7c6 - std[617be2ca0a6fd877]::panicking::default_hook::{closure#0}
[INFO] [stdout]    4:     0x5c3cdaaca709 - std[617be2ca0a6fd877]::panicking::default_hook
[INFO] [stdout]    5:     0x5c3cdaa5fe80 - test[aada8e7e76ba119b]::test_main_inner::{closure#0}
[INFO] [stdout]    6:     0x5c3cdaaca8c2 - std[617be2ca0a6fd877]::panicking::panic_with_hook
[INFO] [stdout]    7:     0x5c3cdaaad872 - std[617be2ca0a6fd877]::panicking::panic_handler::{closure#0}
[INFO] [stdout]    8:     0x5c3cdaaa6469 - std[617be2ca0a6fd877]::sys::backtrace::__rust_end_short_backtrace::<std[617be2ca0a6fd877]::panicking::panic_handler::{closure#0}, !>
[INFO] [stdout]    9:     0x5c3cdaaae47d - __rustc[ea4f61d10b84890b]::rust_begin_unwind
[INFO] [stdout]   10:     0x5c3cdaae710c - core[a373ad73a504971]::panicking::panic_fmt
[INFO] [stdout]   11:     0x5c3cdaae6ee2 - core[a373ad73a504971]::result::unwrap_failed
[INFO] [stdout]   12:     0x5c3cdaa50c90 - <integration_test[87130766adc4e578]::test_mixed_file_types::{closure#0} as core[a373ad73a504971]::ops::function::FnOnce<()>>::call_once
[INFO] [stdout]   13:     0x5c3cdaa532cb - test[aada8e7e76ba119b]::__rust_begin_short_backtrace::<core[a373ad73a504971]::result::Result<(), alloc[2e1b2a31b91974c5]::string::String>, fn() -> core[a373ad73a504971]::result::Result<(), alloc[2e1b2a31b91974c5]::string::String>>
[INFO] [stdout]   14:     0x5c3cdaa604a5 - test[aada8e7e76ba119b]::run_test::{closure#0}
[INFO] [stdout]   15:     0x5c3cdaa59d94 - std[617be2ca0a6fd877]::sys::backtrace::__rust_begin_short_backtrace::<test[aada8e7e76ba119b]::run_test::{closure#1}, ()>
[INFO] [stdout]   16:     0x5c3cdaa63532 - <std[617be2ca0a6fd877]::thread::lifecycle::spawn_unchecked<test[aada8e7e76ba119b]::run_test::{closure#1}, ()>::{closure#1} as core[a373ad73a504971]::ops::function::FnOnce<()>>::call_once::{shim:vtable#0}
[INFO] [stdout]   17:     0x5c3cdaad1fef - <std[617be2ca0a6fd877]::sys::thread::unix::Thread>::new::thread_start
[INFO] [stdout]   18:     0x7d1c6d3c0dfa - <unknown>
[INFO] [stdout]   19:     0x7d1c6d4543d4 - clone
[INFO] [stdout]   20:                0x0 - <unknown>
[INFO] [stdout] 
[INFO] [stdout] ---- test_convert_existing_flag stdout ----
[INFO] [stdout] 
[INFO] [stdout] thread 'test_convert_existing_flag' (2085) panicked at tests/integration_test.rs:113:10:
[INFO] [stdout] Failed to execute command: Os { code: 2, kind: NotFound, message: "No such file or directory" }
[INFO] [stdout] stack backtrace:
[INFO] [stdout]    0:     0x5c3cdaad2791 - <<std[617be2ca0a6fd877]::sys::backtrace::BacktraceLock>::print::DisplayBacktrace as core[a373ad73a504971]::fmt::Display>::fmt
[INFO] [stdout]    1:     0x5c3cdaae69da - core[a373ad73a504971]::fmt::write
[INFO] [stdout]    2:     0x5c3cdaad6c2c - <alloc[2e1b2a31b91974c5]::vec::Vec<u8> as core[a373ad73a504971]::io::write::Write>::write_fmt
[INFO] [stdout]    3:     0x5c3cdaaad7c6 - std[617be2ca0a6fd877]::panicking::default_hook::{closure#0}
[INFO] [stdout]    4:     0x5c3cdaaca709 - std[617be2ca0a6fd877]::panicking::default_hook
[INFO] [stdout]    5:     0x5c3cdaa5fe80 - test[aada8e7e76ba119b]::test_main_inner::{closure#0}
[INFO] [stdout]    6:     0x5c3cdaaca8c2 - std[617be2ca0a6fd877]::panicking::panic_with_hook
[INFO] [stdout]    7:     0x5c3cdaaad872 - std[617be2ca0a6fd877]::panicking::panic_handler::{closure#0}
[INFO] [stdout]    8:     0x5c3cdaaa6469 - std[617be2ca0a6fd877]::sys::backtrace::__rust_end_short_backtrace::<std[617be2ca0a6fd877]::panicking::panic_handler::{closure#0}, !>
[INFO] [stdout]    9:     0x5c3cdaaae47d - __rustc[ea4f61d10b84890b]::rust_begin_unwind
[INFO] [stdout]   10:     0x5c3cdaae710c - core[a373ad73a504971]::panicking::panic_fmt
[INFO] [stdout]   11:     0x5c3cdaae6ee2 - core[a373ad73a504971]::result::unwrap_failed
[INFO] [stdout]   12:     0x5c3cdaa51c3b - <integration_test[87130766adc4e578]::test_convert_existing_flag::{closure#0} as core[a373ad73a504971]::ops::function::FnOnce<()>>::call_once
[INFO] [stdout]   13:     0x5c3cdaa532cb - test[aada8e7e76ba119b]::__rust_begin_short_backtrace::<core[a373ad73a504971]::result::Result<(), alloc[2e1b2a31b91974c5]::string::String>, fn() -> core[a373ad73a504971]::result::Result<(), alloc[2e1b2a31b91974c5]::string::String>>
[INFO] [stdout]   14:     0x5c3cdaa604a5 - test[aada8e7e76ba119b]::run_test::{closure#0}
[INFO] [stdout]   15:     0x5c3cdaa59d94 - std[617be2ca0a6fd877]::sys::backtrace::__rust_begin_short_backtrace::<test[aada8e7e76ba119b]::run_test::{closure#1}, ()>
[INFO] [stdout]   16:     0x5c3cdaa63532 - <std[617be2ca0a6fd877]::thread::lifecycle::spawn_unchecked<test[aada8e7e76ba119b]::run_test::{closure#1}, ()>::{closure#1} as core[a373ad73a504971]::ops::function::FnOnce<()>>::call_once::{shim:vtable#0}
[INFO] [stdout]   17:     0x5c3cdaad1fef - <std[617be2ca0a6fd877]::sys::thread::unix::Thread>::new::thread_start
[INFO] [stdout]   18:     0x7d1c6d3c0dfa - <unknown>
[INFO] [stdout]   19:     0x7d1c6d4543d4 - clone
[INFO] [stdout]   20:                0x0 - <unknown>
[INFO] [stdout] 
[INFO] [stdout] ---- test_creates_output_directory stdout ----
[INFO] [stdout] 
[INFO] [stdout] thread 'test_creates_output_directory' (2086) panicked at tests/integration_test.rs:143:10:
[INFO] [stdout] Failed to execute command: Os { code: 2, kind: NotFound, message: "No such file or directory" }
[INFO] [stdout] stack backtrace:
[INFO] [stdout]    0:     0x5c3cdaad2791 - <<std[617be2ca0a6fd877]::sys::backtrace::BacktraceLock>::print::DisplayBacktrace as core[a373ad73a504971]::fmt::Display>::fmt
[INFO] [stdout]    1:     0x5c3cdaae69da - core[a373ad73a504971]::fmt::write
[INFO] [stdout]    2:     0x5c3cdaad6c2c - <alloc[2e1b2a31b91974c5]::vec::Vec<u8> as core[a373ad73a504971]::io::write::Write>::write_fmt
[INFO] [stdout]    3:     0x5c3cdaaad7c6 - std[617be2ca0a6fd877]::panicking::default_hook::{closure#0}
[INFO] [stdout]    4:     0x5c3cdaaca709 - std[617be2ca0a6fd877]::panicking::default_hook
[INFO] [stdout]    5:     0x5c3cdaa5fe80 - test[aada8e7e76ba119b]::test_main_inner::{closure#0}
[INFO] [stdout]    6:     0x5c3cdaaca8c2 - std[617be2ca0a6fd877]::panicking::panic_with_hook
[INFO] [stdout]    7:     0x5c3cdaaad872 - std[617be2ca0a6fd877]::panicking::panic_handler::{closure#0}
[INFO] [stdout]    8:     0x5c3cdaaa6469 - std[617be2ca0a6fd877]::sys::backtrace::__rust_end_short_backtrace::<std[617be2ca0a6fd877]::panicking::panic_handler::{closure#0}, !>
[INFO] [stdout]    9:     0x5c3cdaaae47d - __rustc[ea4f61d10b84890b]::rust_begin_unwind
[INFO] [stdout]   10:     0x5c3cdaae710c - core[a373ad73a504971]::panicking::panic_fmt
[INFO] [stdout]   11:     0x5c3cdaae6ee2 - core[a373ad73a504971]::result::unwrap_failed
[INFO] [stdout]   12:     0x5c3cdaa523c1 - <integration_test[87130766adc4e578]::test_creates_output_directory::{closure#0} as core[a373ad73a504971]::ops::function::FnOnce<()>>::call_once
[INFO] [stdout]   13:     0x5c3cdaa532cb - test[aada8e7e76ba119b]::__rust_begin_short_backtrace::<core[a373ad73a504971]::result::Result<(), alloc[2e1b2a31b91974c5]::string::String>, fn() -> core[a373ad73a504971]::result::Result<(), alloc[2e1b2a31b91974c5]::string::String>>
[INFO] [stdout]   14:     0x5c3cdaa604a5 - test[aada8e7e76ba119b]::run_test::{closure#0}
[INFO] [stdout]   15:     0x5c3cdaa59d94 - std[617be2ca0a6fd877]::sys::backtrace::__rust_begin_short_backtrace::<test[aada8e7e76ba119b]::run_test::{closure#1}, ()>
[INFO] [stdout]   16:     0x5c3cdaa63532 - <std[617be2ca0a6fd877]::thread::lifecycle::spawn_unchecked<test[aada8e7e76ba119b]::run_test::{closure#1}, ()>::{closure#1} as core[a373ad73a504971]::ops::function::FnOnce<()>>::call_once::{shim:vtable#0}
[INFO] [stdout]   17:     0x5c3cdaad1fef - <std[617be2ca0a6fd877]::sys::thread::unix::Thread>::new::thread_start
[INFO] [stdout]   18:     0x7d1c6d3c0dfa - <unknown>
[INFO] [stdout]   19:     0x7d1c6d4543d4 - clone
[INFO] [stdout]   20:                0x0 - <unknown>
[INFO] [stdout] 
[INFO] [stdout] ---- test_short_version_flag stdout ----
[INFO] [stdout] 
[INFO] [stdout] thread 'test_short_version_flag' (2091) panicked at tests/integration_test.rs:44:10:
[INFO] [stdout] Failed to execute command: Os { code: 2, kind: NotFound, message: "No such file or directory" }
[INFO] [stdout] stack backtrace:
[INFO] [stdout]    0:     0x5c3cdaad2791 - <<std[617be2ca0a6fd877]::sys::backtrace::BacktraceLock>::print::DisplayBacktrace as core[a373ad73a504971]::fmt::Display>::fmt
[INFO] [stdout]    1:     0x5c3cdaae69da - core[a373ad73a504971]::fmt::write
[INFO] [stdout]    2:     0x5c3cdaad6c2c - <alloc[2e1b2a31b91974c5]::vec::Vec<u8> as core[a373ad73a504971]::io::write::Write>::write_fmt
[INFO] [stdout]    3:     0x5c3cdaaad7c6 - std[617be2ca0a6fd877]::panicking::default_hook::{closure#0}
[INFO] [stdout]    4:     0x5c3cdaaca709 - std[617be2ca0a6fd877]::panicking::default_hook
[INFO] [stdout]    5:     0x5c3cdaa5fe80 - test[aada8e7e76ba119b]::test_main_inner::{closure#0}
[INFO] [stdout]    6:     0x5c3cdaaca8c2 - std[617be2ca0a6fd877]::panicking::panic_with_hook
[INFO] [stdout]    7:     0x5c3cdaaad872 - std[617be2ca0a6fd877]::panicking::panic_handler::{closure#0}
[INFO] [stdout]    8:     0x5c3cdaaa6469 - std[617be2ca0a6fd877]::sys::backtrace::__rust_end_short_backtrace::<std[617be2ca0a6fd877]::panicking::panic_handler::{closure#0}, !>
[INFO] [stdout]    9:     0x5c3cdaaae47d - __rustc[ea4f61d10b84890b]::rust_begin_unwind
[INFO] [stdout]   10:     0x5c3cdaae710c - core[a373ad73a504971]::panicking::panic_fmt
[INFO] [stdout]   11:     0x5c3cdaae6ee2 - core[a373ad73a504971]::result::unwrap_failed
[INFO] [stdout]   12:     0x5c3cdaa516a7 - <integration_test[87130766adc4e578]::test_short_version_flag::{closure#0} as core[a373ad73a504971]::ops::function::FnOnce<()>>::call_once
[INFO] [stdout]   13:     0x5c3cdaa532cb - test[aada8e7e76ba119b]::__rust_begin_short_backtrace::<core[a373ad73a504971]::result::Result<(), alloc[2e1b2a31b91974c5]::string::String>, fn() -> core[a373ad73a504971]::result::Result<(), alloc[2e1b2a31b91974c5]::string::String>>
[INFO] [stdout]   14:     0x5c3cdaa604a5 - test[aada8e7e76ba119b]::run_test::{closure#0}
[INFO] [stdout]   15:     0x5c3cdaa59d94 - std[617be2ca0a6fd877]::sys::backtrace::__rust_begin_short_backtrace::<test[aada8e7e76ba119b]::run_test::{closure#1}, ()>
[INFO] [stdout]   16:     0x5c3cdaa63532 - <std[617be2ca0a6fd877]::thread::lifecycle::spawn_unchecked<test[aada8e7e76ba119b]::run_test::{closure#1}, ()>::{closure#1} as core[a373ad73a504971]::ops::function::FnOnce<()>>::call_once::{shim:vtable#0}
[INFO] [stdout]   17:     0x5c3cdaad1fef - <std[617be2ca0a6fd877]::sys::thread::unix::Thread>::new::thread_start
[INFO] [stdout]   18:     0x7d1c6d3c0dfa - <unknown>
[INFO] [stdout]   19:     0x7d1c6d4543d4 - clone
[INFO] [stdout]   20:                0x0 - <unknown>
[INFO] [stdout] 
[INFO] [stdout] ---- test_no_watch_mode_with_existing_svgs stdout ----
[INFO] [stdout] 
[INFO] [stdout] thread 'test_no_watch_mode_with_existing_svgs' (2089) panicked at tests/integration_test.rs:77:10:
[INFO] [stdout] Failed to execute command: Os { code: 2, kind: NotFound, message: "No such file or directory" }
[INFO] [stdout] stack backtrace:
[INFO] [stdout]    0:     0x5c3cdaad2791 - <<std[617be2ca0a6fd877]::sys::backtrace::BacktraceLock>::print::DisplayBacktrace as core[a373ad73a504971]::fmt::Display>::fmt
[INFO] [stdout]    1:     0x5c3cdaae69da - core[a373ad73a504971]::fmt::write
[INFO] [stdout]    2:     0x5c3cdaad6c2c - <alloc[2e1b2a31b91974c5]::vec::Vec<u8> as core[a373ad73a504971]::io::write::Write>::write_fmt
[INFO] [stdout]    3:     0x5c3cdaaad7c6 - std[617be2ca0a6fd877]::panicking::default_hook::{closure#0}
[INFO] [stdout]    4:     0x5c3cdaaca709 - std[617be2ca0a6fd877]::panicking::default_hook
[INFO] [stdout]    5:     0x5c3cdaa5fe80 - test[aada8e7e76ba119b]::test_main_inner::{closure#0}
[INFO] [stdout]    6:     0x5c3cdaaca8c2 - std[617be2ca0a6fd877]::panicking::panic_with_hook
[INFO] [stdout]    7:     0x5c3cdaaad872 - std[617be2ca0a6fd877]::panicking::panic_handler::{closure#0}
[INFO] [stdout]    8:     0x5c3cdaaa6469 - std[617be2ca0a6fd877]::sys::backtrace::__rust_end_short_backtrace::<std[617be2ca0a6fd877]::panicking::panic_handler::{closure#0}, !>
[INFO] [stdout]    9:     0x5c3cdaaae47d - __rustc[ea4f61d10b84890b]::rust_begin_unwind
[INFO] [stdout]   10:     0x5c3cdaae710c - core[a373ad73a504971]::panicking::panic_fmt
[INFO] [stdout]   11:     0x5c3cdaae6ee2 - core[a373ad73a504971]::result::unwrap_failed
[INFO] [stdout]   12:     0x5c3cdaa53097 - <integration_test[87130766adc4e578]::test_no_watch_mode_with_existing_svgs::{closure#0} as core[a373ad73a504971]::ops::function::FnOnce<()>>::call_once
[INFO] [stdout]   13:     0x5c3cdaa532cb - test[aada8e7e76ba119b]::__rust_begin_short_backtrace::<core[a373ad73a504971]::result::Result<(), alloc[2e1b2a31b91974c5]::string::String>, fn() -> core[a373ad73a504971]::result::Result<(), alloc[2e1b2a31b91974c5]::string::String>>
[INFO] [stdout]   14:     0x5c3cdaa604a5 - test[aada8e7e76ba119b]::run_test::{closure#0}
[INFO] [stdout]   15:     0x5c3cdaa59d94 - std[617be2ca0a6fd877]::sys::backtrace::__rust_begin_short_backtrace::<test[aada8e7e76ba119b]::run_test::{closure#1}, ()>
[INFO] [stdout]   16:     0x5c3cdaa63532 - <std[617be2ca0a6fd877]::thread::lifecycle::spawn_unchecked<test[aada8e7e76ba119b]::run_test::{closure#1}, ()>::{closure#1} as core[a373ad73a504971]::ops::function::FnOnce<()>>::call_once::{shim:vtable#0}
[INFO] [stdout]   17:     0x5c3cdaad1fef - <std[617be2ca0a6fd877]::sys::thread::unix::Thread>::new::thread_start
[INFO] [stdout]   18:     0x7d1c6d3c0dfa - <unknown>
[INFO] [stdout]   19:     0x7d1c6d4543d4 - clone
[INFO] [stdout]   20:                0x0 - <unknown>
[INFO] [stdout] 
[INFO] [stdout] ---- test_empty_directory_no_crash stdout ----
[INFO] [stdout] 
[INFO] [stdout] thread 'test_empty_directory_no_crash' (2087) panicked at tests/integration_test.rs:169:10:
[INFO] [stdout] Failed to execute command: Os { code: 2, kind: NotFound, message: "No such file or directory" }
[INFO] [stdout] stack backtrace:
[INFO] [stdout]    0:     0x5c3cdaad2791 - <<std[617be2ca0a6fd877]::sys::backtrace::BacktraceLock>::print::DisplayBacktrace as core[a373ad73a504971]::fmt::Display>::fmt
[INFO] [stdout]    1:     0x5c3cdaae69da - core[a373ad73a504971]::fmt::write
[INFO] [stdout]    2:     0x5c3cdaad6c2c - <alloc[2e1b2a31b91974c5]::vec::Vec<u8> as core[a373ad73a504971]::io::write::Write>::write_fmt
[INFO] [stdout]    3:     0x5c3cdaaad7c6 - std[617be2ca0a6fd877]::panicking::default_hook::{closure#0}
[INFO] [stdout]    4:     0x5c3cdaaca709 - std[617be2ca0a6fd877]::panicking::default_hook
[INFO] [stdout]    5:     0x5c3cdaa5fe80 - test[aada8e7e76ba119b]::test_main_inner::{closure#0}
[INFO] [stdout]    6:     0x5c3cdaaca8c2 - std[617be2ca0a6fd877]::panicking::panic_with_hook
[INFO] [stdout]    7:     0x5c3cdaaad872 - std[617be2ca0a6fd877]::panicking::panic_handler::{closure#0}
[INFO] [stdout]    8:     0x5c3cdaaa6469 - std[617be2ca0a6fd877]::sys::backtrace::__rust_end_short_backtrace::<std[617be2ca0a6fd877]::panicking::panic_handler::{closure#0}, !>
[INFO] [stdout]    9:     0x5c3cdaaae47d - __rustc[ea4f61d10b84890b]::rust_begin_unwind
[INFO] [stdout]   10:     0x5c3cdaae710c - core[a373ad73a504971]::panicking::panic_fmt
[INFO] [stdout]   11:     0x5c3cdaae6ee2 - core[a373ad73a504971]::result::unwrap_failed
[INFO] [stdout]   12:     0x5c3cdaa52984 - <integration_test[87130766adc4e578]::test_empty_directory_no_crash::{closure#0} as core[a373ad73a504971]::ops::function::FnOnce<()>>::call_once
[INFO] [stdout]   13:     0x5c3cdaa532cb - test[aada8e7e76ba119b]::__rust_begin_short_backtrace::<core[a373ad73a504971]::result::Result<(), alloc[2e1b2a31b91974c5]::string::String>, fn() -> core[a373ad73a504971]::result::Result<(), alloc[2e1b2a31b91974c5]::string::String>>
[INFO] [stdout]   14:     0x5c3cdaa604a5 - test[aada8e7e76ba119b]::run_test::{closure#0}
[INFO] [stdout]   15:     0x5c3cdaa59d94 - std[617be2ca0a6fd877]::sys::backtrace::__rust_begin_short_backtrace::<test[aada8e7e76ba119b]::run_test::{closure#1}, ()>
[INFO] [stdout]   16:     0x5c3cdaa63532 - <std[617be2ca0a6fd877]::thread::lifecycle::spawn_unchecked<test[aada8e7e76ba119b]::run_test::{closure#1}, ()>::{closure#1} as core[a373ad73a504971]::ops::function::FnOnce<()>>::call_once::{shim:vtable#0}
[INFO] [stdout]   17:     0x5c3cdaad1fef - <std[617be2ca0a6fd877]::sys::thread::unix::Thread>::new::thread_start
[INFO] [stdout]   18:     0x7d1c6d3c0dfa - <unknown>
[INFO] [stdout]   19:     0x7d1c6d4543d4 - clone
[INFO] [stdout]   20:                0x0 - <unknown>
[INFO] [stdout] 
[INFO] [stdout] ---- test_preserves_filename stdout ----
[INFO] [stdout] 
[INFO] [stdout] thread 'test_preserves_filename' (2090) panicked at tests/integration_test.rs:247:10:
[INFO] [stdout] Failed to execute command: Os { code: 2, kind: NotFound, message: "No such file or directory" }
[INFO] [stdout] stack backtrace:
[INFO] [stdout]    0:     0x5c3cdaad2791 - <<std[617be2ca0a6fd877]::sys::backtrace::BacktraceLock>::print::DisplayBacktrace as core[a373ad73a504971]::fmt::Display>::fmt
[INFO] [stdout]    1:     0x5c3cdaae69da - core[a373ad73a504971]::fmt::write
[INFO] [stdout]    2:     0x5c3cdaad6c2c - <alloc[2e1b2a31b91974c5]::vec::Vec<u8> as core[a373ad73a504971]::io::write::Write>::write_fmt
[INFO] [stdout]    3:     0x5c3cdaaad7c6 - std[617be2ca0a6fd877]::panicking::default_hook::{closure#0}
[INFO] [stdout]    4:     0x5c3cdaaca709 - std[617be2ca0a6fd877]::panicking::default_hook
[INFO] [stdout]    5:     0x5c3cdaa5fe80 - test[aada8e7e76ba119b]::test_main_inner::{closure#0}
[INFO] [stdout]    6:     0x5c3cdaaca8c2 - std[617be2ca0a6fd877]::panicking::panic_with_hook
[INFO] [stdout]    7:     0x5c3cdaaad872 - std[617be2ca0a6fd877]::panicking::panic_handler::{closure#0}
[INFO] [stdout]    8:     0x5c3cdaaa6469 - std[617be2ca0a6fd877]::sys::backtrace::__rust_end_short_backtrace::<std[617be2ca0a6fd877]::panicking::panic_handler::{closure#0}, !>
[INFO] [stdout]    9:     0x5c3cdaaae47d - __rustc[ea4f61d10b84890b]::rust_begin_unwind
[INFO] [stdout]   10:     0x5c3cdaae710c - core[a373ad73a504971]::panicking::panic_fmt
[INFO] [stdout]   11:     0x5c3cdaae6ee2 - core[a373ad73a504971]::result::unwrap_failed
[INFO] [stdout]   12:     0x5c3cdaa51361 - <integration_test[87130766adc4e578]::test_preserves_filename::{closure#0} as core[a373ad73a504971]::ops::function::FnOnce<()>>::call_once
[INFO] [stdout]   13:     0x5c3cdaa532cb - test[aada8e7e76ba119b]::__rust_begin_short_backtrace::<core[a373ad73a504971]::result::Result<(), alloc[2e1b2a31b91974c5]::string::String>, fn() -> core[a373ad73a504971]::result::Result<(), alloc[2e1b2a31b91974c5]::string::String>>
[INFO] [stdout]   14:     0x5c3cdaa604a5 - test[aada8e7e76ba119b]::run_test::{closure#0}
[INFO] [stdout]   15:     0x5c3cdaa59d94 - std[617be2ca0a6fd877]::sys::backtrace::__rust_begin_short_backtrace::<test[aada8e7e76ba119b]::run_test::{closure#1}, ()>
[INFO] [stdout]   16:     0x5c3cdaa63532 - <std[617be2ca0a6fd877]::thread::lifecycle::spawn_unchecked<test[aada8e7e76ba119b]::run_test::{closure#1}, ()>::{closure#1} as core[a373ad73a504971]::ops::function::FnOnce<()>>::call_once::{shim:vtable#0}
[INFO] [stdout]   17:     0x5c3cdaad1fef - <std[617be2ca0a6fd877]::sys::thread::unix::Thread>::new::thread_start
[INFO] [stdout]   18:     0x7d1c6d3c0dfa - <unknown>
[INFO] [stdout]   19:     0x7d1c6d4543d4 - clone
[INFO] [stdout]   20:                0x0 - <unknown>
[INFO] [stdout] 
[INFO] [stdout] 
[INFO] [stdout] failures:
[INFO] [stdout]     test_convert_existing_flag
[INFO] [stdout]     test_creates_output_directory
[INFO] [stdout]     test_empty_directory_no_crash
[INFO] [stdout]     test_mixed_file_types
[INFO] [stdout]     test_no_watch_mode_with_existing_svgs
[INFO] [stdout]     test_preserves_filename
[INFO] [stdout]     test_short_version_flag
[INFO] [stdout]     test_version_flag
[INFO] [stdout] 
[INFO] [stdout] test result: FAILED. 0 passed; 8 failed; 0 ignored; 0 measured; 0 filtered out; finished in 0.03s
[INFO] [stdout] 
[INFO] [stderr] error: test failed, to rerun pass `--test integration_test`
[INFO] running `Command { std: "docker" "inspect" "c7e542eb8b557cad5237e936fdc0d4a550e78c3613bad2637f4a0aef34abd023", kill_on_drop: false }`
[INFO] running `Command { std: "docker" "rm" "-f" "c7e542eb8b557cad5237e936fdc0d4a550e78c3613bad2637f4a0aef34abd023", kill_on_drop: false }`
[INFO] [stdout] c7e542eb8b557cad5237e936fdc0d4a550e78c3613bad2637f4a0aef34abd023
