[INFO] cloning repository https://github.com/schematizeme/schematize_optimizer_rs
[INFO] running `Command { std: "git" "-c" "credential.helper=" "-c" "credential.helper=/workspace/cargo-home/bin/git-credential-null" "clone" "--bare" "https://github.com/schematizeme/schematize_optimizer_rs" "/workspace/cache/git-repos/https%3A%2F%2Fgithub.com%2Fschematizeme%2Fschematize_optimizer_rs", kill_on_drop: false }`
[INFO] [stderr] Cloning into bare repository '/workspace/cache/git-repos/https%3A%2F%2Fgithub.com%2Fschematizeme%2Fschematize_optimizer_rs'...
[INFO] running `Command { std: "git" "rev-parse" "HEAD", kill_on_drop: false }`
[INFO] [stdout] 4b2b1ddc687bfceaf8e1d9e1dfc2b9df5188f2ff
[INFO] testing schematizeme/schematize_optimizer_rs against 1.100.0-beta.1+cargoflags=--release for beta-release-1.100-3
[INFO] running `Command { std: "git" "clone" "/workspace/cache/git-repos/https%3A%2F%2Fgithub.com%2Fschematizeme%2Fschematize_optimizer_rs" "/workspace/builds/worker-2-tc2/source", kill_on_drop: false }`
[INFO] [stderr] Cloning into '/workspace/builds/worker-2-tc2/source'...
[INFO] [stderr] done.
[INFO] removed /workspace/builds/worker-2-tc2/source/.cargo/config.toml
[INFO] started tweaking git repo https://github.com/schematizeme/schematize_optimizer_rs
[INFO] finished tweaking git repo https://github.com/schematizeme/schematize_optimizer_rs
[INFO] tweaked toml for git repo https://github.com/schematizeme/schematize_optimizer_rs written to /workspace/builds/worker-2-tc2/source/Cargo.toml
[INFO] validating manifest of git repo https://github.com/schematizeme/schematize_optimizer_rs on toolchain 1.100.0-beta.1
[INFO] running `Command { std: CARGO_HOME="/workspace/cargo-home" RUSTUP_HOME="/workspace/rustup-home" "/workspace/cargo-home/bin/cargo" "+1.100.0-beta.1" "metadata" "--manifest-path" "Cargo.toml" "--no-deps", kill_on_drop: false }`
[INFO] crate git repo https://github.com/schematizeme/schematize_optimizer_rs already has a lockfile, it will not be regenerated
[INFO] running `Command { std: CARGO_HOME="/workspace/cargo-home" RUSTUP_HOME="/workspace/rustup-home" "/workspace/cargo-home/bin/cargo" "+1.100.0-beta.1" "fetch" "--manifest-path" "Cargo.toml", kill_on_drop: false }`
[INFO] running `Command { std: "docker" "create" "-v" "/var/lib/crater-agent-workspace/builds/worker-2-tc2/source:/opt/rustwide/workdir:ro,Z" "-v" "/var/lib/crater-agent-workspace/builds/worker-2-tc2/target:/opt/rustwide/target:rw,Z" "-v" "/var/lib/crater-agent-workspace/cargo-home:/opt/rustwide/cargo-home:ro,Z" "-v" "/var/lib/crater-agent-workspace/rustup-home:/opt/rustwide/rustup-home:ro,Z" "-m" "1610612736" "--network" "none" "ghcr.io/rust-lang/crates-build-env/linux@sha256:77db811e55d90add9212f6832c23229e3de5f1c1f9905e8cb07319ea15df73ac" "sleep" "infinity", kill_on_drop: false }`
[INFO] [stdout] 940483048a66331ebc762fd796350b59c31329a60a2f7410f3607c7cac9278a1
[INFO] running `Command { std: "docker" "start" "940483048a66331ebc762fd796350b59c31329a60a2f7410f3607c7cac9278a1", kill_on_drop: false }`
[INFO] running `Command { std: "docker" "inspect" "940483048a66331ebc762fd796350b59c31329a60a2f7410f3607c7cac9278a1", kill_on_drop: false }`
[INFO] running `Command { std: "docker" "exec" "-e" "SOURCE_DIR=/opt/rustwide/workdir" "-e" "CARGO_HOME=/opt/rustwide/cargo-home" "-e" "RUSTUP_HOME=/opt/rustwide/rustup-home" "-e" "CARGO_TARGET_DIR=/opt/rustwide/target" "-w" "/opt/rustwide/workdir" "--user" "0:0" "940483048a66331ebc762fd796350b59c31329a60a2f7410f3607c7cac9278a1" "/opt/rustwide/cargo-home/bin/cargo" "+1.100.0-beta.1" "metadata" "--no-deps" "--format-version=1", kill_on_drop: false }`
[INFO] running `Command { std: "docker" "inspect" "940483048a66331ebc762fd796350b59c31329a60a2f7410f3607c7cac9278a1", kill_on_drop: false }`
[INFO] running `Command { std: "docker" "exec" "-e" "SOURCE_DIR=/opt/rustwide/workdir" "-e" "CARGO_HOME=/opt/rustwide/cargo-home" "-e" "RUSTUP_HOME=/opt/rustwide/rustup-home" "-e" "CARGO_TARGET_DIR=/opt/rustwide/target" "-e" "CARGO_INCREMENTAL=0" "-e" "RUST_BACKTRACE=full" "-e" "RUSTFLAGS=--cap-lints=warn" "-e" "RUSTDOCFLAGS=--cap-lints=warn" "-w" "/opt/rustwide/workdir" "--user" "0:0" "940483048a66331ebc762fd796350b59c31329a60a2f7410f3607c7cac9278a1" "/opt/rustwide/cargo-home/bin/cargo" "+1.100.0-beta.1" "build" "--frozen" "--message-format=json" "--release", kill_on_drop: false }`
[INFO] [stderr]    Compiling proc-macro2 v1.0.107
[INFO] [stderr]    Compiling quote v1.0.47
[INFO] [stderr]    Compiling unicode-ident v1.0.24
[INFO] [stderr]    Compiling simd-adler32 v0.3.10
[INFO] [stderr]    Compiling adler2 v2.0.1
[INFO] [stderr]    Compiling crc32fast v1.5.1
[INFO] [stderr]    Compiling serde_core v1.0.229
[INFO] [stderr]    Compiling utf8parse v0.2.2
[INFO] [stderr]    Compiling cfg-if v1.0.4
[INFO] [stderr]    Compiling zmij v1.0.23
[INFO] [stderr]    Compiling anstyle-query v1.1.5
[INFO] [stderr]    Compiling colorchoice v1.0.5
[INFO] [stderr]    Compiling is_terminal_polyfill v1.70.2
[INFO] [stderr]    Compiling anstyle v1.0.14
[INFO] [stderr]    Compiling heck v0.5.0
[INFO] [stderr]    Compiling serde_json v1.0.151
[INFO] [stderr]    Compiling serde v1.0.229
[INFO] [stderr]    Compiling clap_lex v1.1.0
[INFO] [stderr]    Compiling strsim v0.11.1
[INFO] [stderr]    Compiling libc v0.2.189
[INFO] [stderr]    Compiling schematize-optimizer v0.4.4 (/opt/rustwide/workdir)
[INFO] [stderr]    Compiling memchr v2.8.3
[INFO] [stderr]    Compiling itoa v1.0.18
[INFO] [stderr]    Compiling anstyle-parse v1.0.0
[INFO] [stderr]    Compiling bitflags v2.13.1
[INFO] [stderr]    Compiling schematize_plataforma v0.2.2 (https://github.com/schematizeme/schematize_plataforma_rs?tag=v0.2.2#f25ba1d5)
[INFO] [stderr]    Compiling miniz_oxide v0.9.1
[INFO] [stderr]    Compiling miniz_oxide v0.8.9
[INFO] [stderr]    Compiling fdeflate v0.3.7
[INFO] [stderr]    Compiling anstream v1.0.0
[INFO] [stderr]    Compiling clap_builder v4.6.6
[INFO] [stderr]    Compiling flate2 v1.1.10
[INFO] [stderr]    Compiling syn v3.0.5
[INFO] [stderr]    Compiling png v0.18.1
[INFO] [stderr]    Compiling clap_derive v4.6.4
[INFO] [stderr]    Compiling serde_derive v1.0.229
[INFO] [stderr]    Compiling clap v4.6.6
[INFO] [stderr] warning: unused dependency `serde`
[INFO] [stderr]   --> Cargo.toml:19:15
[INFO] [stderr]    |
[INFO] [stderr] 19 | [dependencies.serde]
[INFO] [stderr]    |               ^^^^^^
[INFO] [stderr]    |
[INFO] [stderr]    = note: `cargo::unused_dependencies` is set to `warn` by default
[INFO] [stderr] help: consider removing the dependency on `serde`
[INFO] [stderr] warning: `schematize-optimizer` (manifest) generated 1 warning
[INFO] [stderr]     Finished `release` profile [optimized] target(s) in 38.30s
[INFO] running `Command { std: "docker" "inspect" "940483048a66331ebc762fd796350b59c31329a60a2f7410f3607c7cac9278a1", kill_on_drop: false }`
[INFO] running `Command { std: "docker" "exec" "-e" "SOURCE_DIR=/opt/rustwide/workdir" "-e" "CARGO_HOME=/opt/rustwide/cargo-home" "-e" "RUSTUP_HOME=/opt/rustwide/rustup-home" "-e" "CARGO_TARGET_DIR=/opt/rustwide/target" "-e" "CARGO_INCREMENTAL=0" "-e" "RUST_BACKTRACE=full" "-e" "RUSTFLAGS=--cap-lints=warn" "-e" "RUSTDOCFLAGS=--cap-lints=warn" "-w" "/opt/rustwide/workdir" "--user" "0:0" "940483048a66331ebc762fd796350b59c31329a60a2f7410f3607c7cac9278a1" "/opt/rustwide/cargo-home/bin/cargo" "+1.100.0-beta.1" "test" "--frozen" "--no-run" "--message-format=json" "--release", kill_on_drop: false }`
[INFO] [stderr]    Compiling schematize-optimizer v0.4.4 (/opt/rustwide/workdir)
[INFO] [stderr] warning: unused dependency `serde`
[INFO] [stderr]   --> Cargo.toml:19:15
[INFO] [stderr]    |
[INFO] [stderr] 19 | [dependencies.serde]
[INFO] [stderr]    |               ^^^^^^
[INFO] [stderr]    |
[INFO] [stderr]    = note: `cargo::unused_dependencies` is set to `warn` by default
[INFO] [stderr] help: consider removing the dependency on `serde`
[INFO] [stderr] warning: `schematize-optimizer` (manifest) generated 1 warning
[INFO] [stderr]     Finished `release` profile [optimized] target(s) in 34.49s
[INFO] running `Command { std: "docker" "inspect" "940483048a66331ebc762fd796350b59c31329a60a2f7410f3607c7cac9278a1", kill_on_drop: false }`
[INFO] running `Command { std: "docker" "exec" "-e" "SOURCE_DIR=/opt/rustwide/workdir" "-e" "CARGO_HOME=/opt/rustwide/cargo-home" "-e" "RUSTUP_HOME=/opt/rustwide/rustup-home" "-e" "CARGO_TARGET_DIR=/opt/rustwide/target" "-e" "CARGO_INCREMENTAL=0" "-e" "RUST_BACKTRACE=full" "-e" "RUSTFLAGS=--cap-lints=warn" "-e" "RUSTDOCFLAGS=--cap-lints=warn" "-w" "/opt/rustwide/workdir" "--user" "0:0" "940483048a66331ebc762fd796350b59c31329a60a2f7410f3607c7cac9278a1" "/opt/rustwide/cargo-home/bin/cargo" "+1.100.0-beta.1" "test" "--frozen" "--release", kill_on_drop: false }`
[INFO] [stderr] warning: unused dependency `serde`
[INFO] [stderr]   --> Cargo.toml:19:15
[INFO] [stderr]    |
[INFO] [stderr] 19 | [dependencies.serde]
[INFO] [stderr]    |               ^^^^^^
[INFO] [stderr]    |
[INFO] [stderr]    = note: `cargo::unused_dependencies` is set to `warn` by default
[INFO] [stderr] help: consider removing the dependency on `serde`
[INFO] [stderr] warning: `schematize-optimizer` (manifest) generated 1 warning
[INFO] [stderr]     Finished `release` profile [optimized] target(s) in 0.06s
[INFO] [stderr]      Running unittests src/lib.rs (/opt/rustwide/target/release/build/schematize-optimizer/ca277bd274195c13/out/optimizer-ca277bd274195c13)
[INFO] [stdout] 
[INFO] [stdout] running 66 tests
[INFO] [stdout] test agentes::tests::running_claudes_descontam_do_disponivel ... ok
[INFO] [stdout] test caixas::slice::tests::high_sempre_abaixo_de_max ... ok
[INFO] [stdout] test agentes::tests::split_plan_distribui_o_teto ... ok
[INFO] [stdout] test caixas::slice::tests::o_arquivo_se_explica_e_diz_como_desfazer ... ok
[INFO] [stdout] test agentes::tests::cpu_cap_segue_a_tabela ... ok
[INFO] [stdout] test caixas::slice::tests::maquina_pequena_ainda_recebe_teto_utilizavel ... ok
[INFO] [stdout] test caixas::slice::tests::o_build_nao_ganha_teto_de_cpu ... ok
[INFO] [stdout] test diag::maquina::tests::conta_os_nucleos ... ok
[INFO] [stdout] test agentes::tests::load_limita_quando_maquina_ocupada ... ok
[INFO] [stdout] test caixas::slice::tests::nenhuma_caixa_passa_da_ram ... ok
[INFO] [stdout] test diag::gpu::tests::amd_e_limitavel_e_diz_o_parametro ... ok
[INFO] [stdout] test diag::gpu::tests::sugestao_e_um_quarto_com_piso_e_teto ... ok
[INFO] [stdout] test diag::maquina::tests::le_o_memtotal_e_converte_para_bytes ... ok
[INFO] [stdout] test diag::maquina::tests::meminfo_sem_memtotal_e_none ... ok
[INFO] [stdout] test caixas::slice::tests::revert_nao_apaga_slice_de_terceiro ... ok
[INFO] [stdout] test caixas::slice::tests::reverter_sem_ter_aplicado_nao_e_erro ... ok
[INFO] [stdout] test disco::docker::tests::linha_invalida_nao_vira_categoria ... ok
[INFO] [stdout] test diag::gpu::tests::amd_sem_gtt_recusa_em_vez_de_chutar ... ok
[INFO] [stdout] test agentes::tests::ram_cap_com_margem_de_20pct ... ok
[INFO] [stdout] test diag::gpu::tests::nunca_sugere_mais_do_que_ja_ha ... ok
[INFO] [stdout] test disco::artefatos::tests::guarda_corpo_do_remover ... ok
[INFO] [stdout] test disco::artefatos::tests::acha_target_sem_descer_dentro ... ok
[INFO] [stdout] test diag::gpu::tests::vendor_desconhecido_nao_sugere_nada ... ok
[INFO] [stdout] test disco::montagem::tests::raiz_e_seu_proprio_ponto ... ok
[INFO] [stdout] test caixas::slice::tests::nao_sobrescreve_slice_de_terceiro ... ok
[INFO] [stdout] test diag::gpu::tests::intel_diz_que_nao_da_e_onde_mudar ... ok
[INFO] [stdout] test disco::docker::tests::parse_tamanho_cobre_as_unidades ... ok
[INFO] [stdout] test disco::docker::tests::parse_linha_do_system_df ... ok
[INFO] [stdout] test diag::maquina::tests::proc_ausente_degrada_em_vez_de_quebrar ... ok
[INFO] [stdout] test disco::docker::tests::so_volume_e_marcado_destrutivo ... ok
[INFO] [stdout] test disco::tamanho::tests::legivel_escolhe_a_unidade ... ok
[INFO] [stdout] test disco::montagem::tests::caminho_inexistente_nao_quebra ... ok
[INFO] [stdout] test disco::tests::agrupa_por_disco_e_por_tipo ... ok
[INFO] [stdout] test disco::tamanho::tests::soma_a_arvore ... ok
[INFO] [stdout] test disco::artefatos::tests::nunca_reporta_codigo_fonte ... ok
[INFO] [stdout] test disco::montagem::tests::ponto_e_prefixo_do_caminho ... ok
[INFO] [stdout] test caixas::slice::tests::aplicar_e_reverter_volta_ao_estado_anterior ... ok
[INFO] [stdout] test disco::tamanho::tests::inexistente_e_zero ... ok
[INFO] [stdout] test nucleo::bin::tests::nomes_de_executavel_cobre_pathext_no_windows ... ok
[INFO] [stdout] test nucleo::desktop::tests::sem_a_janela_cai_no_terminal_e_nao_fecha_na_cara ... ok
[INFO] [stdout] test disco::tests::remover_apaga_dentro_do_dev_dir ... ok
[INFO] [stdout] test nucleo::i18n::tests_paridade::acrescentar_idioma_nao_exige_tocar_em_codigo ... ok
[INFO] [stdout] test nucleo::desktop::tests::o_exec_e_absoluto_com_e_sem_janela ... ok
[INFO] [stdout] test nucleo::i18n::tests_paridade::traducoes_preservam_os_placeholders ... ok
[INFO] [stdout] test nucleo::i18n::tests_paridade::chave_desconhecida_aparece_em_vez_de_sumir ... ok
[INFO] [stdout] test disco::tests::todo_tipo_se_explica ... ok
[INFO] [stdout] test nucleo::bin::tests::resolve_bin_da_absoluto_ou_nada ... ok
[INFO] [stdout] test nucleo::i18n::tests_paridade::todos_os_locales_tem_as_mesmas_chaves ... ok
[INFO] [stdout] test nucleo::desktop::tests::resolver_gui_prefere_a_janela_irma ... ok
[INFO] [stdout] test nucleo::desktop::tests::tem_os_campos_obrigatorios_nas_duas_formas ... ok
[INFO] [stdout] test disco::artefatos::tests::corte_por_tamanho ... ok
[INFO] [stdout] test servicos::tests::ordena_por_custo_decrescente ... ok
[INFO] [stdout] test servicos::tests::parse_blame_entende_ms_s_e_min ... ok
[INFO] [stdout] test nucleo::util::tests::semver_lt_tolera_prefixo_e_sufixo ... ok
[INFO] [stdout] test servicos::tests::parse_habilitados_pega_so_service_e_ignora_gabarito ... ok
[INFO] [stdout] test nucleo::desktop::tests::com_a_janela_instalada_o_icone_abre_a_janela ... ok
[INFO] [stdout] test servicos::tests::todo_item_da_allowlist_declara_o_que_se_perde ... ok
[INFO] [stdout] test nucleo::procedencia::tests::o_build_de_verdade_produz_um_dos_dois_estados ... ok
[INFO] [stdout] test servicos::tests::parse_blame_ignora_lixo ... ok
[INFO] [stdout] test nucleo::util::tests::semver_lt_basico ... ok
[INFO] [stdout] test servicos::tests::a_allowlist_nao_contem_o_que_protege_a_maquina ... ok
[INFO] [stdout] test servicos::tests::nao_recomenda_o_que_nao_custa_nada_nesta_maquina ... ok
[INFO] [stdout] test disco::caches::tests::candidatos_sao_do_home_e_explicam_como_refazer ... ok
[INFO] [stdout] test disco::tests::remover_recusa_fora_dos_dev_dirs ... ok
[INFO] [stdout] test disco::caches::tests::so_reporta_o_que_existe ... ok
[INFO] [stdout] test nucleo::desktop::tests::instalar_e_remover_volta_ao_estado_anterior ... ok
[INFO] [stdout] 
[INFO] [stdout] test result: ok. 66 passed; 0 failed; 0 ignored; 0 measured; 0 filtered out; finished in 0.57s
[INFO] [stdout] 
[INFO] [stderr]      Running unittests src/main.rs (/opt/rustwide/target/release/build/schematize-optimizer/e5e7260626f79991/out/schematize_optimizer-e5e7260626f79991)
[INFO] [stdout] 
[INFO] [stdout] running 8 tests
[INFO] [stdout] test cli::saidajson::tests::as_chaves_do_contrato_de_services_e_o_null_de_fora_da_allowlist ... ok
[INFO] [stdout] test cli::saidajson::tests::as_chaves_do_contrato_de_limits_estao_todas_la ... ok
[INFO] [stdout] test cli::saidajson::tests::ausente_e_null_e_nao_vazio_nem_zero ... ok
[INFO] [stdout] test cli::saidajson::tests::custo_tem_casas_fixas_e_ausencia_e_null ... ok
[INFO] [stdout] test cli::saidajson::tests::da_allowlist_mas_sem_custo_medido_e_seguro_sem_ser_recomendado ... ok
[INFO] [stdout] test cli::saidajson::tests::escapa_aspas_e_barras ... ok
[INFO] [stdout] test cli::saidajson::tests::slug_do_vendor_e_estavel_e_minusculo ... ok
[INFO] [stdout] test cli::args::tests::superficie_da_cli_nao_mudou ... ok
[INFO] [stderr]      Running tests/json_e_contrato.rs (/opt/rustwide/target/release/build/schematize-optimizer/f75fa9a0613f48d4/out/json_e_contrato-f75fa9a0613f48d4)
[INFO] [stdout] 
[INFO] [stdout] test result: ok. 8 passed; 0 failed; 0 ignored; 0 measured; 0 filtered out; finished in 0.00s
[INFO] [stdout] 
[INFO] [stdout] 
[INFO] [stdout] running 13 tests
[INFO] [stdout] test o_parser_do_teste_reprova_o_que_e_invalido ... ok
[INFO] [stdout] test os_json_sao_validos_e_nao_tem_sobra ... FAILED
[INFO] [stdout] test o_shape_do_limits_e_contrato_e_traz_os_dois_lados ... FAILED
[INFO] [stdout] test o_shape_do_services_e_contrato ... FAILED
[INFO] [stdout] test o_agentes_nao_tem_prosa_para_traduzir ... FAILED
[INFO] [stdout] test o_shape_do_disco_e_contrato ... FAILED
[INFO] [stdout] test a_unica_prosa_do_disco_se_declara_no_nome ... FAILED
[INFO] [stdout] test o_shape_do_agentes_e_contrato_e_traz_os_tres_tetos ... FAILED
[INFO] [stdout] test os_json_sao_byte_a_byte_iguais_em_qualquer_idioma ... FAILED
[INFO] [stdout] test o_slug_do_tipo_de_disco_e_estavel_e_nao_e_prosa ... FAILED
[INFO] [stdout] test o_shape_do_diag_e_contrato ... FAILED
[INFO] [stdout] test disco_dias_parado_acompanha_o_relogio_injetado ... FAILED
[INFO] [stdout] test disco_json_e_byte_a_byte_igual_em_qualquer_idioma ... FAILED
[INFO] [stdout] 
[INFO] [stdout] failures:
[INFO] [stdout] 
[INFO] [stdout] ---- os_json_sao_validos_e_nao_tem_sobra stdout ----
[INFO] [stdout] 
[INFO] [stdout] thread 'os_json_sao_validos_e_nao_tem_sobra' (1486) panicked at tests/json_e_contrato.rs:72:29:
[INFO] [stdout] não consegui executar /opt/rustwide/target/release/build/schematize-optimizer/f75fa9a0613f48d4/out/schematize-optimizer: No such file or directory (os error 2)
[INFO] [stdout] stack backtrace:
[INFO] [stdout]    0:     0x63fd1031ee86 - <unknown>
[INFO] [stdout]    1:     0x63fd102bfd9a - <unknown>
[INFO] [stdout]    2:     0x63fd1032480c - <unknown>
[INFO] [stdout]    3:     0x63fd102fa7e2 - <unknown>
[INFO] [stdout]    4:     0x63fd10316f71 - <unknown>
[INFO] [stdout]    5:     0x63fd10317152 - <unknown>
[INFO] [stdout]    6:     0x63fd102fa892 - <unknown>
[INFO] [stdout]    7:     0x63fd102f3589 - <unknown>
[INFO] [stdout]    8:     0x63fd102fb4ad - <unknown>
[INFO] [stdout]    9:     0x63fd102c048c - <unknown>
[INFO] [stdout]   10:     0x63fd102cfb9a - <unknown>
[INFO] [stdout]   11:     0x63fd102d4dc8 - <unknown>
[INFO] [stdout]   12:     0x63fd10325d8b - <unknown>
[INFO] [stdout]   13:     0x63fd10333c34 - <unknown>
[INFO] [stdout]   14:     0x63fd1032d364 - <unknown>
[INFO] [stdout]   15:     0x63fd103379f2 - <unknown>
[INFO] [stdout]   16:     0x63fd1031e454 - <unknown>
[INFO] [stdout]   17:     0x7c0dcf428dfa - <unknown>
[INFO] [stdout]   18:     0x7c0dcf4bc3d4 - clone
[INFO] [stdout]   19:                0x0 - <unknown>
[INFO] [stdout] 
[INFO] [stdout] ---- o_shape_do_limits_e_contrato_e_traz_os_dois_lados stdout ----
[INFO] [stdout] 
[INFO] [stdout] thread 'o_shape_do_limits_e_contrato_e_traz_os_dois_lados' (1482) panicked at tests/json_e_contrato.rs:72:29:
[INFO] [stdout] não consegui executar /opt/rustwide/target/release/build/schematize-optimizer/f75fa9a0613f48d4/out/schematize-optimizer: No such file or directory (os error 2)
[INFO] [stdout] stack backtrace:
[INFO] [stdout]    0:     0x63fd1031ee86 - <unknown>
[INFO] [stdout]    1:     0x63fd102bfd9a - <unknown>
[INFO] [stdout]    2:     0x63fd1032480c - <unknown>
[INFO] [stdout]    3:     0x63fd102fa7e2 - <unknown>
[INFO] [stdout]    4:     0x63fd10316f71 - <unknown>
[INFO] [stdout]    5:     0x63fd10317152 - <unknown>
[INFO] [stdout]    6:     0x63fd102fa892 - <unknown>
[INFO] [stdout]    7:     0x63fd102f3589 - <unknown>
[INFO] [stdout]    8:     0x63fd102fb4ad - <unknown>
[INFO] [stdout]    9:     0x63fd102c048c - <unknown>
[INFO] [stdout]   10:     0x63fd102cfb9a - <unknown>
[INFO] [stdout]   11:     0x63fd102d6a8d - <unknown>
[INFO] [stdout]   12:     0x63fd10325d8b - <unknown>
[INFO] [stdout]   13:     0x63fd10333c34 - <unknown>
[INFO] [stdout]   14:     0x63fd1032d364 - <unknown>
[INFO] [stdout]   15:     0x63fd103379f2 - <unknown>
[INFO] [stdout]   16:     0x63fd1031e454 - <unknown>
[INFO] [stdout]   17:     0x7c0dcf428dfa - <unknown>
[INFO] [stdout]   18:     0x7c0dcf4bc3d4 - clone
[INFO] [stdout]   19:                0x0 - <unknown>
[INFO] [stdout] 
[INFO] [stdout] ---- o_shape_do_services_e_contrato stdout ----
[INFO] [stdout] 
[INFO] [stdout] thread 'o_shape_do_services_e_contrato' (1483) panicked at tests/json_e_contrato.rs:72:29:
[INFO] [stdout] não consegui executar /opt/rustwide/target/release/build/schematize-optimizer/f75fa9a0613f48d4/out/schematize-optimizer: No such file or directory (os error 2)
[INFO] [stdout] stack backtrace:
[INFO] [stdout]    0:     0x63fd1031ee86 - <unknown>
[INFO] [stdout]    1:     0x63fd102bfd9a - <unknown>
[INFO] [stdout]    2:     0x63fd1032480c - <unknown>
[INFO] [stdout]    3:     0x63fd102fa7e2 - <unknown>
[INFO] [stdout]    4:     0x63fd10316f71 - <unknown>
[INFO] [stdout]    5:     0x63fd10317152 - <unknown>
[INFO] [stdout]    6:     0x63fd102fa892 - <unknown>
[INFO] [stdout]    7:     0x63fd102f3589 - <unknown>
[INFO] [stdout]    8:     0x63fd102fb4ad - <unknown>
[INFO] [stdout]    9:     0x63fd102c048c - <unknown>
[INFO] [stdout]   10:     0x63fd102cfb9a - <unknown>
[INFO] [stdout]   11:     0x63fd102d39c4 - <unknown>
[INFO] [stdout]   12:     0x63fd10325d8b - <unknown>
[INFO] [stdout]   13:     0x63fd10333c34 - <unknown>
[INFO] [stdout]   14:     0x63fd1032d364 - <unknown>
[INFO] [stdout]   15:     0x63fd103379f2 - <unknown>
[INFO] [stdout]   16:     0x63fd1031e454 - <unknown>
[INFO] [stdout]   17:     0x7c0dcf428dfa - <unknown>
[INFO] [stdout]   18:     0x7c0dcf4bc3d4 - clone
[INFO] [stdout]   19:                0x0 - <unknown>
[INFO] [stdout] 
[INFO] [stdout] ---- o_agentes_nao_tem_prosa_para_traduzir stdout ----
[INFO] [stdout] 
[INFO] [stdout] thread 'o_agentes_nao_tem_prosa_para_traduzir' (1477) panicked at tests/json_e_contrato.rs:72:29:
[INFO] [stdout] não consegui executar /opt/rustwide/target/release/build/schematize-optimizer/f75fa9a0613f48d4/out/schematize-optimizer: No such file or directory (os error 2)
[INFO] [stdout] stack backtrace:
[INFO] [stdout]    0:     0x63fd1031ee86 - <unknown>
[INFO] [stdout]    1:     0x63fd102bfd9a - <unknown>
[INFO] [stdout]    2:     0x63fd1032480c - <unknown>
[INFO] [stdout]    3:     0x63fd102fa7e2 - <unknown>
[INFO] [stdout]    4:     0x63fd10316f71 - <unknown>
[INFO] [stdout]    5:     0x63fd10317152 - <unknown>
[INFO] [stdout]    6:     0x63fd102fa892 - <unknown>
[INFO] [stdout]    7:     0x63fd102f3589 - <unknown>
[INFO] [stdout]    8:     0x63fd102fb4ad - <unknown>
[INFO] [stdout]    9:     0x63fd102c048c - <unknown>
[INFO] [stdout]   10:     0x63fd102cfb9a - <unknown>
[INFO] [stdout]   11:     0x63fd102d5496 - <unknown>
[INFO] [stdout]   12:     0x63fd10325d8b - <unknown>
[INFO] [stdout]   13:     0x63fd10333c34 - <unknown>
[INFO] [stdout]   14:     0x63fd1032d364 - <unknown>
[INFO] [stdout]   15:     0x63fd103379f2 - <unknown>
[INFO] [stdout]   16:     0x63fd1031e454 - <unknown>
[INFO] [stdout]   17:     0x7c0dcf428dfa - <unknown>
[INFO] [stdout]   18:     0x7c0dcf4bc3d4 - clone
[INFO] [stdout]   19:                0x0 - <unknown>
[INFO] [stdout] 
[INFO] [stdout] ---- o_shape_do_disco_e_contrato stdout ----
[INFO] [stdout] 
[INFO] [stdout] thread 'o_shape_do_disco_e_contrato' (1481) panicked at tests/json_e_contrato.rs:72:29:
[INFO] [stdout] não consegui executar /opt/rustwide/target/release/build/schematize-optimizer/f75fa9a0613f48d4/out/schematize-optimizer: No such file or directory (os error 2)
[INFO] [stdout] stack backtrace:
[INFO] [stdout]    0:     0x63fd1031ee86 - <unknown>
[INFO] [stdout]    1:     0x63fd102bfd9a - <unknown>
[INFO] [stdout]    2:     0x63fd1032480c - <unknown>
[INFO] [stdout]    3:     0x63fd102fa7e2 - <unknown>
[INFO] [stdout]    4:     0x63fd10316f71 - <unknown>
[INFO] [stdout]    5:     0x63fd10317152 - <unknown>
[INFO] [stdout]    6:     0x63fd102fa892 - <unknown>
[INFO] [stdout]    7:     0x63fd102f3589 - <unknown>
[INFO] [stdout]    8:     0x63fd102fb4ad - <unknown>
[INFO] [stdout]    9:     0x63fd102c048c - <unknown>
[INFO] [stdout]   10:     0x63fd102cfb9a - <unknown>
[INFO] [stdout]   11:     0x63fd102d2b8d - <unknown>
[INFO] [stdout]   12:     0x63fd10325d8b - <unknown>
[INFO] [stdout]   13:     0x63fd10333c34 - <unknown>
[INFO] [stdout]   14:     0x63fd1032d364 - <unknown>
[INFO] [stdout]   15:     0x63fd103379f2 - <unknown>
[INFO] [stdout]   16:     0x63fd1031e454 - <unknown>
[INFO] [stdout]   17:     0x7c0dcf428dfa - <unknown>
[INFO] [stdout]   18:     0x7c0dcf4bc3d4 - clone
[INFO] [stdout]   19:                0x0 - <unknown>
[INFO] [stdout] 
[INFO] [stdout] ---- a_unica_prosa_do_disco_se_declara_no_nome stdout ----
[INFO] [stdout] 
[INFO] [stdout] thread 'a_unica_prosa_do_disco_se_declara_no_nome' (1474) panicked at tests/json_e_contrato.rs:72:29:
[INFO] [stdout] não consegui executar /opt/rustwide/target/release/build/schematize-optimizer/f75fa9a0613f48d4/out/schematize-optimizer: No such file or directory (os error 2)
[INFO] [stdout] stack backtrace:
[INFO] [stdout]    0:     0x63fd1031ee86 - <unknown>
[INFO] [stdout]    1:     0x63fd102bfd9a - <unknown>
[INFO] [stdout]    2:     0x63fd1032480c - <unknown>
[INFO] [stdout]    3:     0x63fd102fa7e2 - <unknown>
[INFO] [stdout]    4:     0x63fd10316f71 - <unknown>
[INFO] [stdout]    5:     0x63fd10317152 - <unknown>
[INFO] [stdout]    6:     0x63fd102fa892 - <unknown>
[INFO] [stdout]    7:     0x63fd102f3589 - <unknown>
[INFO] [stdout]    8:     0x63fd102fb4ad - <unknown>
[INFO] [stdout]    9:     0x63fd102c048c - <unknown>
[INFO] [stdout]   10:     0x63fd102cfb9a - <unknown>
[INFO] [stdout]   11:     0x63fd102d582d - <unknown>
[INFO] [stdout]   12:     0x63fd10325d8b - <unknown>
[INFO] [stdout]   13:     0x63fd10333c34 - <unknown>
[INFO] [stdout]   14:     0x63fd1032d364 - <unknown>
[INFO] [stdout]   15:     0x63fd103379f2 - <unknown>
[INFO] [stdout]   16:     0x63fd1031e454 - <unknown>
[INFO] [stdout]   17:     0x7c0dcf428dfa - <unknown>
[INFO] [stdout]   18:     0x7c0dcf4bc3d4 - clone
[INFO] [stdout]   19:                0x0 - <unknown>
[INFO] [stdout] 
[INFO] [stdout] ---- o_shape_do_agentes_e_contrato_e_traz_os_tres_tetos stdout ----
[INFO] [stdout] 
[INFO] [stdout] thread 'o_shape_do_agentes_e_contrato_e_traz_os_tres_tetos' (1479) panicked at tests/json_e_contrato.rs:72:29:
[INFO] [stdout] não consegui executar /opt/rustwide/target/release/build/schematize-optimizer/f75fa9a0613f48d4/out/schematize-optimizer: No such file or directory (os error 2)
[INFO] [stdout] stack backtrace:
[INFO] [stdout]    0:     0x63fd1031ee86 - <unknown>
[INFO] [stdout]    1:     0x63fd102bfd9a - <unknown>
[INFO] [stdout]    2:     0x63fd1032480c - <unknown>
[INFO] [stdout]    3:     0x63fd102fa7e2 - <unknown>
[INFO] [stdout]    4:     0x63fd10316f71 - <unknown>
[INFO] [stdout]    5:     0x63fd10317152 - <unknown>
[INFO] [stdout]    6:     0x63fd102fa892 - <unknown>
[INFO] [stdout]    7:     0x63fd102f3589 - <unknown>
[INFO] [stdout]    8:     0x63fd102fb4ad - <unknown>
[INFO] [stdout]    9:     0x63fd102c048c - <unknown>
[INFO] [stdout]   10:     0x63fd102cfb9a - <unknown>
[INFO] [stdout]   11:     0x63fd102d7e7f - <unknown>
[INFO] [stdout]   12:     0x63fd10325d8b - <unknown>
[INFO] [stdout]   13:     0x63fd10333c34 - <unknown>
[INFO] [stdout]   14:     0x63fd1032d364 - <unknown>
[INFO] [stdout]   15:     0x63fd103379f2 - <unknown>
[INFO] [stdout]   16:     0x63fd1031e454 - <unknown>
[INFO] [stdout]   17:     0x7c0dcf428dfa - <unknown>
[INFO] [stdout]   18:     0x7c0dcf4bc3d4 - clone
[INFO] [stdout]   19:                0x0 - <unknown>
[INFO] [stdout] 
[INFO] [stdout] ---- os_json_sao_byte_a_byte_iguais_em_qualquer_idioma stdout ----
[INFO] [stdout] 
[INFO] [stdout] thread 'os_json_sao_byte_a_byte_iguais_em_qualquer_idioma' (1485) panicked at tests/json_e_contrato.rs:72:29:
[INFO] [stdout] não consegui executar /opt/rustwide/target/release/build/schematize-optimizer/f75fa9a0613f48d4/out/schematize-optimizer: No such file or directory (os error 2)
[INFO] [stdout] stack backtrace:
[INFO] [stdout]    0:     0x63fd1031ee86 - <unknown>
[INFO] [stdout]    1:     0x63fd102bfd9a - <unknown>
[INFO] [stdout]    2:     0x63fd1032480c - <unknown>
[INFO] [stdout]    3:     0x63fd102fa7e2 - <unknown>
[INFO] [stdout]    4:     0x63fd10316f71 - <unknown>
[INFO] [stdout]    5:     0x63fd10317152 - <unknown>
[INFO] [stdout]    6:     0x63fd102fa892 - <unknown>
[INFO] [stdout]    7:     0x63fd102f3589 - <unknown>
[INFO] [stdout]    8:     0x63fd102fb4ad - <unknown>
[INFO] [stdout]    9:     0x63fd102c048c - <unknown>
[INFO] [stdout]   10:     0x63fd102cfb9a - <unknown>
[INFO] [stdout]   11:     0x63fd102d7890 - <unknown>
[INFO] [stdout]   12:     0x63fd10325d8b - <unknown>
[INFO] [stdout]   13:     0x63fd10333c34 - <unknown>
[INFO] [stdout]   14:     0x63fd1032d364 - <unknown>
[INFO] [stdout]   15:     0x63fd103379f2 - <unknown>
[INFO] [stdout]   16:     0x63fd1031e454 - <unknown>
[INFO] [stdout]   17:     0x7c0dcf428dfa - <unknown>
[INFO] [stdout]   18:     0x7c0dcf4bc3d4 - clone
[INFO] [stdout]   19:                0x0 - <unknown>
[INFO] [stdout] 
[INFO] [stdout] ---- o_slug_do_tipo_de_disco_e_estavel_e_nao_e_prosa stdout ----
[INFO] [stdout] 
[INFO] [stdout] thread 'o_slug_do_tipo_de_disco_e_estavel_e_nao_e_prosa' (1484) panicked at tests/json_e_contrato.rs:72:29:
[INFO] [stdout] não consegui executar /opt/rustwide/target/release/build/schematize-optimizer/f75fa9a0613f48d4/out/schematize-optimizer: No such file or directory (os error 2)
[INFO] [stdout] stack backtrace:
[INFO] [stdout]    0:     0x63fd1031ee86 - <unknown>
[INFO] [stdout]    1:     0x63fd102bfd9a - <unknown>
[INFO] [stdout]    2:     0x63fd1032480c - <unknown>
[INFO] [stdout]    3:     0x63fd102fa7e2 - <unknown>
[INFO] [stdout]    4:     0x63fd10316f71 - <unknown>
[INFO] [stdout]    5:     0x63fd10317152 - <unknown>
[INFO] [stdout]    6:     0x63fd102fa892 - <unknown>
[INFO] [stdout]    7:     0x63fd102f3589 - <unknown>
[INFO] [stdout]    8:     0x63fd102fb4ad - <unknown>
[INFO] [stdout]    9:     0x63fd102c048c - <unknown>
[INFO] [stdout]   10:     0x63fd102cfb9a - <unknown>
[INFO] [stdout]   11:     0x63fd102d61aa - <unknown>
[INFO] [stdout]   12:     0x63fd10325d8b - <unknown>
[INFO] [stdout]   13:     0x63fd10333c34 - <unknown>
[INFO] [stdout]   14:     0x63fd1032d364 - <unknown>
[INFO] [stdout]   15:     0x63fd103379f2 - <unknown>
[INFO] [stdout]   16:     0x63fd1031e454 - <unknown>
[INFO] [stdout]   17:     0x7c0dcf428dfa - <unknown>
[INFO] [stdout]   18:     0x7c0dcf4bc3d4 - clone
[INFO] [stdout]   19:                0x0 - <unknown>
[INFO] [stdout] 
[INFO] [stdout] ---- o_shape_do_diag_e_contrato stdout ----
[INFO] [stdout] 
[INFO] [stdout] thread 'o_shape_do_diag_e_contrato' (1480) panicked at tests/json_e_contrato.rs:72:29:
[INFO] [stdout] não consegui executar /opt/rustwide/target/release/build/schematize-optimizer/f75fa9a0613f48d4/out/schematize-optimizer: No such file or directory (os error 2)
[INFO] [stdout] stack backtrace:
[INFO] [stdout]    0:     0x63fd1031ee86 - <unknown>
[INFO] [stdout]    1:     0x63fd102bfd9a - <unknown>
[INFO] [stdout]    2:     0x63fd1032480c - <unknown>
[INFO] [stdout]    3:     0x63fd102fa7e2 - <unknown>
[INFO] [stdout]    4:     0x63fd10316f71 - <unknown>
[INFO] [stdout]    5:     0x63fd10317152 - <unknown>
[INFO] [stdout]    6:     0x63fd102fa892 - <unknown>
[INFO] [stdout]    7:     0x63fd102f3589 - <unknown>
[INFO] [stdout]    8:     0x63fd102fb4ad - <unknown>
[INFO] [stdout]    9:     0x63fd102c048c - <unknown>
[INFO] [stdout]   10:     0x63fd102cfb9a - <unknown>
[INFO] [stdout]   11:     0x63fd102d0ef2 - <unknown>
[INFO] [stdout]   12:     0x63fd10325d8b - <unknown>
[INFO] [stdout]   13:     0x63fd10333c34 - <unknown>
[INFO] [stdout]   14:     0x63fd1032d364 - <unknown>
[INFO] [stdout]   15:     0x63fd103379f2 - <unknown>
[INFO] [stdout]   16:     0x63fd1031e454 - <unknown>
[INFO] [stdout]   17:     0x7c0dcf428dfa - <unknown>
[INFO] [stdout]   18:     0x7c0dcf4bc3d4 - clone
[INFO] [stdout]   19:                0x0 - <unknown>
[INFO] [stdout] 
[INFO] [stdout] ---- disco_dias_parado_acompanha_o_relogio_injetado stdout ----
[INFO] [stdout] 
[INFO] [stdout] thread 'disco_dias_parado_acompanha_o_relogio_injetado' (1475) panicked at tests/json_e_contrato.rs:72:29:
[INFO] [stdout] não consegui executar /opt/rustwide/target/release/build/schematize-optimizer/f75fa9a0613f48d4/out/schematize-optimizer: No such file or directory (os error 2)
[INFO] [stdout] stack backtrace:
[INFO] [stdout]    0:     0x63fd1031ee86 - <unknown>
[INFO] [stdout]    1:     0x63fd102bfd9a - <unknown>
[INFO] [stdout]    2:     0x63fd1032480c - <unknown>
[INFO] [stdout]    3:     0x63fd102fa7e2 - <unknown>
[INFO] [stdout]    4:     0x63fd10316f71 - <unknown>
[INFO] [stdout]    5:     0x63fd10317152 - <unknown>
[INFO] [stdout]    6:     0x63fd102fa892 - <unknown>
[INFO] [stdout]    7:     0x63fd102f3589 - <unknown>
[INFO] [stdout]    8:     0x63fd102fb4ad - <unknown>
[INFO] [stdout]    9:     0x63fd102c048c - <unknown>
[INFO] [stdout]   10:     0x63fd102cfb9a - <unknown>
[INFO] [stdout]   11:     0x63fd102ce937 - <unknown>
[INFO] [stdout]   12:     0x63fd102d5fa0 - <unknown>
[INFO] [stdout]   13:     0x63fd10325d8b - <unknown>
[INFO] [stdout]   14:     0x63fd10333c34 - <unknown>
[INFO] [stdout]   15:     0x63fd1032d364 - <unknown>
[INFO] [stdout]   16:     0x63fd103379f2 - <unknown>
[INFO] [stdout]   17:     0x63fd1031e454 - <unknown>
[INFO] [stdout]   18:     0x7c0dcf428dfa - <unknown>
[INFO] [stdout]   19:     0x7c0dcf4bc3d4 - clone
[INFO] [stdout]   20:                0x0 - <unknown>
[INFO] [stdout] 
[INFO] [stdout] ---- disco_json_e_byte_a_byte_igual_em_qualquer_idioma stdout ----
[INFO] [stdout] 
[INFO] [stdout] thread 'disco_json_e_byte_a_byte_igual_em_qualquer_idioma' (1476) panicked at tests/json_e_contrato.rs:72:29:
[INFO] [stdout] não consegui executar /opt/rustwide/target/release/build/schematize-optimizer/f75fa9a0613f48d4/out/schematize-optimizer: No such file or directory (os error 2)
[INFO] [stdout] stack backtrace:
[INFO] [stdout]    0:     0x63fd1031ee86 - <unknown>
[INFO] [stdout]    1:     0x63fd102bfd9a - <unknown>
[INFO] [stdout]    2:     0x63fd1032480c - <unknown>
[INFO] [stdout]    3:     0x63fd102fa7e2 - <unknown>
[INFO] [stdout]    4:     0x63fd10316f71 - <unknown>
[INFO] [stdout]    5:     0x63fd10317152 - <unknown>
[INFO] [stdout]    6:     0x63fd102fa892 - <unknown>
[INFO] [stdout]    7:     0x63fd102f3589 - <unknown>
[INFO] [stdout]    8:     0x63fd102fb4ad - <unknown>
[INFO] [stdout]    9:     0x63fd102c048c - <unknown>
[INFO] [stdout]   10:     0x63fd102cfb9a - <unknown>
[INFO] [stdout]   11:     0x63fd102ce937 - <unknown>
[INFO] [stdout]   12:     0x63fd102d6760 - <unknown>
[INFO] [stdout]   13:     0x63fd10325d8b - <unknown>
[INFO] [stdout]   14:     0x63fd10333c34 - <unknown>
[INFO] [stdout]   15:     0x63fd1032d364 - <unknown>
[INFO] [stdout]   16:     0x63fd103379f2 - <unknown>
[INFO] [stdout]   17:     0x63fd1031e454 - <unknown>
[INFO] [stdout]   18:     0x7c0dcf428dfa - <unknown>
[INFO] [stdout]   19:     0x7c0dcf4bc3d4 - clone
[INFO] [stdout]   20:                0x0 - <unknown>
[INFO] [stdout] 
[INFO] [stdout] 
[INFO] [stdout] failures:
[INFO] [stdout]     a_unica_prosa_do_disco_se_declara_no_nome
[INFO] [stdout]     disco_dias_parado_acompanha_o_relogio_injetado
[INFO] [stdout]     disco_json_e_byte_a_byte_igual_em_qualquer_idioma
[INFO] [stdout]     o_agentes_nao_tem_prosa_para_traduzir
[INFO] [stdout]     o_shape_do_agentes_e_contrato_e_traz_os_tres_tetos
[INFO] [stdout]     o_shape_do_diag_e_contrato
[INFO] [stdout]     o_shape_do_disco_e_contrato
[INFO] [stdout]     o_shape_do_limits_e_contrato_e_traz_os_dois_lados
[INFO] [stdout]     o_shape_do_services_e_contrato
[INFO] [stdout]     o_slug_do_tipo_de_disco_e_estavel_e_nao_e_prosa
[INFO] [stdout]     os_json_sao_byte_a_byte_iguais_em_qualquer_idioma
[INFO] [stdout]     os_json_sao_validos_e_nao_tem_sobra
[INFO] [stdout] 
[INFO] [stdout] test result: FAILED. 1 passed; 12 failed; 0 ignored; 0 measured; 0 filtered out; finished in 0.20s
[INFO] [stdout] 
[INFO] [stderr] error: test failed, to rerun pass `--test json_e_contrato`
[INFO] running `Command { std: "docker" "inspect" "940483048a66331ebc762fd796350b59c31329a60a2f7410f3607c7cac9278a1", kill_on_drop: false }`
[INFO] running `Command { std: "docker" "rm" "-f" "940483048a66331ebc762fd796350b59c31329a60a2f7410f3607c7cac9278a1", kill_on_drop: false }`
[INFO] [stdout] 940483048a66331ebc762fd796350b59c31329a60a2f7410f3607c7cac9278a1
