[INFO] cloning repository https://github.com/sara-ammourh/csi-tui
[INFO] running `Command { std: "git" "-c" "credential.helper=" "-c" "credential.helper=/workspace/cargo-home/bin/git-credential-null" "clone" "--bare" "https://github.com/sara-ammourh/csi-tui" "/workspace/cache/git-repos/https%3A%2F%2Fgithub.com%2Fsara-ammourh%2Fcsi-tui", kill_on_drop: false }`
[INFO] [stderr] Cloning into bare repository '/workspace/cache/git-repos/https%3A%2F%2Fgithub.com%2Fsara-ammourh%2Fcsi-tui'...
[INFO] running `Command { std: "git" "rev-parse" "HEAD", kill_on_drop: false }`
[INFO] [stdout] e40699c12ea0edf7908eb22beb184e2b9cc5e664
[INFO] testing sara-ammourh/csi-tui against 1.99.0-beta.8+cargoflags=--release for beta-release-1.100-3
[INFO] running `Command { std: "git" "clone" "/workspace/cache/git-repos/https%3A%2F%2Fgithub.com%2Fsara-ammourh%2Fcsi-tui" "/workspace/builds/worker-7-tc1/source", kill_on_drop: false }`
[INFO] [stderr] Cloning into '/workspace/builds/worker-7-tc1/source'...
[INFO] [stderr] done.
[INFO] started tweaking git repo https://github.com/sara-ammourh/csi-tui
[INFO] finished tweaking git repo https://github.com/sara-ammourh/csi-tui
[INFO] tweaked toml for git repo https://github.com/sara-ammourh/csi-tui written to /workspace/builds/worker-7-tc1/source/Cargo.toml
[INFO] validating manifest of git repo https://github.com/sara-ammourh/csi-tui on toolchain 1.99.0-beta.8
[INFO] running `Command { std: CARGO_HOME="/workspace/cargo-home" RUSTUP_HOME="/workspace/rustup-home" "/workspace/cargo-home/bin/cargo" "+1.99.0-beta.8" "metadata" "--manifest-path" "Cargo.toml" "--no-deps", kill_on_drop: false }`
[INFO] crate git repo https://github.com/sara-ammourh/csi-tui already has a lockfile, it will not be regenerated
[INFO] running `Command { std: CARGO_HOME="/workspace/cargo-home" RUSTUP_HOME="/workspace/rustup-home" "/workspace/cargo-home/bin/cargo" "+1.99.0-beta.8" "fetch" "--manifest-path" "Cargo.toml", kill_on_drop: false }`
[INFO] [stderr]     Updating crates.io index
[INFO] [stderr]  Downloading crates ...
[INFO] [stderr]   Downloaded libudev-sys v0.1.4
[INFO] [stderr]   Downloaded serialport v4.8.1
[INFO] [stderr]   Downloaded libudev v0.3.0
[INFO] [stderr]   Downloaded io-kit-sys v0.4.1
[INFO] [stderr]   Downloaded unescaper v0.1.6
[INFO] [stderr]   Downloaded core-foundation v0.10.0
[INFO] [stderr]   Downloaded endi v1.1.1
[INFO] [stderr]   Downloaded blocking v1.6.2
[INFO] [stderr]   Downloaded async-fs v2.2.0
[INFO] [stderr]   Downloaded async-process v2.5.0
[INFO] [stderr]   Downloaded async-signal v0.2.13
[INFO] [stderr]   Downloaded async-executor v1.13.3
[INFO] [stderr]   Downloaded async-lock v3.4.1
[INFO] [stderr]   Downloaded ratatui v0.28.1
[INFO] running `Command { std: "docker" "create" "-v" "/var/lib/crater-agent-workspace/builds/worker-7-tc1/source:/opt/rustwide/workdir:ro,Z" "-v" "/var/lib/crater-agent-workspace/builds/worker-7-tc1/target:/opt/rustwide/target:rw,Z" "-v" "/var/lib/crater-agent-workspace/cargo-home:/opt/rustwide/cargo-home:ro,Z" "-v" "/var/lib/crater-agent-workspace/rustup-home:/opt/rustwide/rustup-home:ro,Z" "-m" "1610612736" "--network" "none" "ghcr.io/rust-lang/crates-build-env/linux@sha256:77db811e55d90add9212f6832c23229e3de5f1c1f9905e8cb07319ea15df73ac" "sleep" "infinity", kill_on_drop: false }`
[INFO] [stdout] 172a90663fe8e686f7db7d9a2202c40b1f426566fff49b7bf5e4397d1b3d4dd7
[INFO] running `Command { std: "docker" "start" "172a90663fe8e686f7db7d9a2202c40b1f426566fff49b7bf5e4397d1b3d4dd7", kill_on_drop: false }`
[INFO] running `Command { std: "docker" "inspect" "172a90663fe8e686f7db7d9a2202c40b1f426566fff49b7bf5e4397d1b3d4dd7", kill_on_drop: false }`
[INFO] running `Command { std: "docker" "exec" "-e" "SOURCE_DIR=/opt/rustwide/workdir" "-e" "CARGO_HOME=/opt/rustwide/cargo-home" "-e" "RUSTUP_HOME=/opt/rustwide/rustup-home" "-e" "CARGO_TARGET_DIR=/opt/rustwide/target" "-w" "/opt/rustwide/workdir" "--user" "0:0" "172a90663fe8e686f7db7d9a2202c40b1f426566fff49b7bf5e4397d1b3d4dd7" "/opt/rustwide/cargo-home/bin/cargo" "+1.99.0-beta.8" "metadata" "--no-deps" "--format-version=1", kill_on_drop: false }`
[INFO] running `Command { std: "docker" "inspect" "172a90663fe8e686f7db7d9a2202c40b1f426566fff49b7bf5e4397d1b3d4dd7", kill_on_drop: false }`
[INFO] running `Command { std: "docker" "exec" "-e" "SOURCE_DIR=/opt/rustwide/workdir" "-e" "CARGO_HOME=/opt/rustwide/cargo-home" "-e" "RUSTUP_HOME=/opt/rustwide/rustup-home" "-e" "CARGO_TARGET_DIR=/opt/rustwide/target" "-e" "CARGO_INCREMENTAL=0" "-e" "RUST_BACKTRACE=full" "-e" "RUSTFLAGS=--cap-lints=warn" "-e" "RUSTDOCFLAGS=--cap-lints=warn" "-w" "/opt/rustwide/workdir" "--user" "0:0" "172a90663fe8e686f7db7d9a2202c40b1f426566fff49b7bf5e4397d1b3d4dd7" "/opt/rustwide/cargo-home/bin/cargo" "+1.99.0-beta.8" "build" "--frozen" "--message-format=json" "--release", kill_on_drop: false }`
[INFO] [stderr]    Compiling proc-macro2 v1.0.103
[INFO] [stderr]    Compiling unicode-ident v1.0.22
[INFO] [stderr]    Compiling libc v0.2.177
[INFO] [stderr]    Compiling cfg-if v1.0.4
[INFO] [stderr]    Compiling stable_deref_trait v1.2.1
[INFO] [stderr]    Compiling pin-project-lite v0.2.16
[INFO] [stderr]    Compiling crossbeam-utils v0.8.21
[INFO] [stderr]    Compiling autocfg v1.5.0
[INFO] [stderr]    Compiling parking v2.2.1
[INFO] [stderr]    Compiling futures-core v0.3.31
[INFO] [stderr]    Compiling smallvec v1.15.1
[INFO] [stderr]    Compiling writeable v0.6.2
[INFO] [stderr]    Compiling litemap v0.8.1
[INFO] [stderr]    Compiling bitflags v2.10.0
[INFO] [stderr]    Compiling futures-io v0.3.31
[INFO] [stderr]    Compiling serde_core v1.0.228
[INFO] [stderr]    Compiling icu_normalizer_data v2.1.1
[INFO] [stderr]    Compiling icu_properties_data v2.1.1
[INFO] [stderr]    Compiling version_check v0.9.5
[INFO] [stderr]    Compiling hashbrown v0.16.1
[INFO] [stderr]    Compiling fastrand v2.3.0
[INFO] [stderr]    Compiling typenum v1.19.0
[INFO] [stderr]    Compiling winnow v0.7.14
[INFO] [stderr]    Compiling equivalent v1.0.2
[INFO] [stderr]    Compiling generic-array v0.14.7
[INFO] [stderr]    Compiling memchr v2.7.6
[INFO] [stderr]    Compiling serde v1.0.228
[INFO] [stderr]    Compiling concurrent-queue v2.5.0
[INFO] [stderr]    Compiling quote v1.0.40
[INFO] [stderr]    Compiling event-listener v5.4.1
[INFO] [stderr]    Compiling syn v2.0.111
[INFO] [stderr]    Compiling indexmap v2.12.1
[INFO] [stderr]    Compiling toml_datetime v0.7.3
[INFO] [stderr]    Compiling event-listener-strategy v0.5.4
[INFO] [stderr]    Compiling futures-lite v2.6.1
[INFO] [stderr]    Compiling zerocopy v0.8.31
[INFO] [stderr]    Compiling rustix v1.1.2
[INFO] [stderr]    Compiling static_assertions v1.1.0
[INFO] [stderr]    Compiling slab v0.4.11
[INFO] [stderr]    Compiling utf8_iter v1.0.4
[INFO] [stderr]    Compiling percent-encoding v2.3.2
[INFO] [stderr]    Compiling async-task v4.7.1
[INFO] [stderr]    Compiling atomic-waker v1.1.2
[INFO] [stderr]    Compiling rustversion v1.0.22
[INFO] [stderr]    Compiling linux-raw-sys v0.11.0
[INFO] [stderr]    Compiling piper v0.2.4
[INFO] [stderr]    Compiling form_urlencoded v1.2.2
[INFO] [stderr]    Compiling getrandom v0.2.16
[INFO] [stderr]    Compiling toml_parser v1.0.4
[INFO] [stderr]    Compiling async-channel v2.5.0
[INFO] [stderr]    Compiling async-io v2.6.0
[INFO] [stderr]    Compiling memoffset v0.9.1
[INFO] [stderr]    Compiling cfg_aliases v0.2.1
[INFO] [stderr]    Compiling nix v0.29.0
[INFO] [stderr]    Compiling blocking v1.6.2
[INFO] [stderr]    Compiling block-buffer v0.10.4
[INFO] [stderr]    Compiling crypto-common v0.1.7
[INFO] [stderr]    Compiling toml_edit v0.23.7
[INFO] [stderr]    Compiling rand_core v0.6.4
[INFO] [stderr]    Compiling scopeguard v1.2.0
[INFO] [stderr]    Compiling strsim v0.11.1
[INFO] [stderr]    Compiling log v0.4.28
[INFO] [stderr]    Compiling parking_lot_core v0.9.12
[INFO] [stderr]    Compiling once_cell v1.21.3
[INFO] [stderr]    Compiling ident_case v1.0.1
[INFO] [stderr]    Compiling signal-hook v0.3.18
[INFO] [stderr]    Compiling pkg-config v0.3.32
[INFO] [stderr]    Compiling endi v1.1.1
[INFO] [stderr]    Compiling proc-macro-crate v3.4.0
[INFO] [stderr]    Compiling fnv v1.0.7
[INFO] [stderr]    Compiling tracing-core v0.1.35
[INFO] [stderr]    Compiling digest v0.10.7
[INFO] [stderr]    Compiling signal-hook-registry v1.4.7
[INFO] [stderr]    Compiling async-lock v3.4.1
[INFO] [stderr]    Compiling futures-sink v0.3.31
[INFO] [stderr]    Compiling libudev-sys v0.1.4
[INFO] [stderr]    Compiling cpufeatures v0.2.17
[INFO] [stderr]    Compiling pin-utils v0.1.0
[INFO] [stderr]    Compiling rustix v0.38.44
[INFO] [stderr]    Compiling futures-task v0.3.31
[INFO] [stderr]    Compiling ppv-lite86 v0.2.21
[INFO] [stderr]    Compiling thiserror v2.0.17
[INFO] [stderr]    Compiling sha1 v0.10.6
[INFO] [stderr]    Compiling async-fs v2.2.0
[INFO] [stderr]    Compiling mio v1.1.0
[INFO] [stderr]    Compiling rand_chacha v0.3.1
[INFO] [stderr]    Compiling lock_api v0.4.14
[INFO] [stderr]    Compiling async-executor v1.13.3
[INFO] [stderr]    Compiling rand v0.8.5
[INFO] [stderr]    Compiling xdg-home v1.3.0
[INFO] [stderr]    Compiling async-broadcast v0.7.2
[INFO] [stderr]    Compiling num-traits v0.2.19
[INFO] [stderr]    Compiling ordered-stream v0.2.0
[INFO] [stderr]    Compiling foldhash v0.1.5
[INFO] [stderr]    Compiling linux-raw-sys v0.4.15
[INFO] [stderr]    Compiling heck v0.5.0
[INFO] [stderr]    Compiling itoa v1.0.15
[INFO] [stderr]    Compiling paste v1.0.15
[INFO] [stderr]    Compiling synstructure v0.13.2
[INFO] [stderr]    Compiling zvariant_utils v2.1.0
[INFO] [stderr]    Compiling darling_core v0.20.11
[INFO] [stderr]    Compiling hex v0.4.3
[INFO] [stderr]    Compiling instability v0.3.10
[INFO] [stderr]    Compiling allocator-api2 v0.2.21
[INFO] [stderr]    Compiling either v1.15.0
[INFO] [stderr]    Compiling ryu v1.0.20
[INFO] [stderr]    Compiling itertools v0.13.0
[INFO] [stderr]    Compiling signal-hook-mio v0.2.5
[INFO] [stderr]    Compiling parking_lot v0.12.5
[INFO] [stderr]    Compiling hashbrown v0.15.5
[INFO] [stderr]    Compiling castaway v0.2.4
[INFO] [stderr]    Compiling aho-corasick v1.1.4
[INFO] [stderr]    Compiling futures-channel v0.3.31
[INFO] [stderr]    Compiling unicode-width v0.1.14
[INFO] [stderr]    Compiling bitflags v1.3.2
[INFO] [stderr]    Compiling regex-syntax v0.8.8
[INFO] [stderr]    Compiling rfd v0.14.1
[INFO] [stderr]    Compiling indoc v2.0.7
[INFO] [stderr]    Compiling zerofrom-derive v0.1.6
[INFO] [stderr]    Compiling yoke-derive v0.8.1
[INFO] [stderr]    Compiling zerovec-derive v0.11.2
[INFO] [stderr]    Compiling displaydoc v0.2.5
[INFO] [stderr]    Compiling serde_derive v1.0.228
[INFO] [stderr]    Compiling zerofrom v0.1.6
[INFO] [stderr]    Compiling yoke v0.8.1
[INFO] [stderr]    Compiling enumflags2_derive v0.7.12
[INFO] [stderr]    Compiling zvariant_derive v4.2.0
[INFO] [stderr]    Compiling zerovec v0.11.5
[INFO] [stderr]    Compiling zerotrie v0.2.3
[INFO] [stderr]    Compiling polling v3.11.0
[INFO] [stderr]    Compiling tracing-attributes v0.1.31
[INFO] [stderr]    Compiling futures-macro v0.3.31
[INFO] [stderr]    Compiling tinystr v0.8.2
[INFO] [stderr]    Compiling icu_locale_core v2.1.1
[INFO] [stderr]    Compiling potential_utf v0.1.4
[INFO] [stderr]    Compiling icu_collections v2.1.1
[INFO] [stderr]    Compiling futures-util v0.3.31
[INFO] [stderr]    Compiling darling_macro v0.20.11
[INFO] [stderr]    Compiling tracing v0.1.43
[INFO] [stderr]    Compiling async-trait v0.1.89
[INFO] [stderr]    Compiling zbus_macros v4.4.0
[INFO] [stderr]    Compiling serde_repr v0.1.20
[INFO] [stderr]    Compiling icu_provider v2.1.1
[INFO] [stderr]    Compiling thiserror-impl v2.0.17
[INFO] [stderr]    Compiling icu_normalizer v2.1.1
[INFO] [stderr]    Compiling icu_properties v2.1.1
[INFO] [stderr]    Compiling darling v0.20.11
[INFO] [stderr]    Compiling async-net v2.0.0
[INFO] [stderr]    Compiling strum_macros v0.26.4
[INFO] [stderr]    Compiling unicode-segmentation v1.12.0
[INFO] [stderr]    Compiling unescaper v0.1.6
[INFO] [stderr]    Compiling unicode-truncate v1.1.0
[INFO] [stderr]    Compiling idna_adapter v1.2.1
[INFO] [stderr]    Compiling idna v1.1.0
[INFO] [stderr]    Compiling regex-automata v0.4.13
[INFO] [stderr]    Compiling nix v0.26.4
[INFO] [stderr]    Compiling enumflags2 v0.7.12
[INFO] [stderr]    Compiling lru v0.12.5
[INFO] [stderr]    Compiling url v2.5.7
[INFO] [stderr]    Compiling crossterm v0.28.1
[INFO] [stderr]    Compiling compact_str v0.8.1
[INFO] [stderr]    Compiling zvariant v4.2.0
[INFO] [stderr]    Compiling strum v0.26.3
[INFO] [stderr]    Compiling libudev v0.3.0
[INFO] [stderr]    Compiling csv-core v0.1.13
[INFO] [stderr]    Compiling urlencoding v2.1.3
[INFO] [stderr]    Compiling cassowary v0.3.0
[INFO] [stderr]    Compiling raw-window-handle v0.6.2
[INFO] [stderr]    Compiling pollster v0.3.0
[INFO] [stderr]    Compiling iana-time-zone v0.1.64
[INFO] [stderr]    Compiling csv v1.4.0
[INFO] [stderr]    Compiling ratatui v0.28.1
[INFO] [stderr]    Compiling serialport v4.8.1
[INFO] [stderr]    Compiling chrono v0.4.42
[INFO] [stderr]    Compiling regex v1.12.2
[INFO] [stderr]    Compiling zbus_names v3.0.0
[INFO] [stderr]    Compiling zbus v4.4.0
[INFO] [stderr]    Compiling ashpd v0.8.1
[INFO] [stderr]    Compiling csi_tui v1.0.0 (/opt/rustwide/workdir)
[INFO] [stderr]     Finished `release` profile [optimized] target(s) in 3m 41s
[INFO] [stderr] warning: the following packages contain code that will be rejected by a future version of Rust: ashpd v0.8.1
[INFO] [stderr] note: to see what the problems were, use the option `--future-incompat-report`, or run `cargo report future-incompatibilities --id 6`
[INFO] running `Command { std: "docker" "inspect" "172a90663fe8e686f7db7d9a2202c40b1f426566fff49b7bf5e4397d1b3d4dd7", kill_on_drop: false }`
[INFO] running `Command { std: "docker" "exec" "-e" "SOURCE_DIR=/opt/rustwide/workdir" "-e" "CARGO_HOME=/opt/rustwide/cargo-home" "-e" "RUSTUP_HOME=/opt/rustwide/rustup-home" "-e" "CARGO_TARGET_DIR=/opt/rustwide/target" "-e" "CARGO_INCREMENTAL=0" "-e" "RUST_BACKTRACE=full" "-e" "RUSTFLAGS=--cap-lints=warn" "-e" "RUSTDOCFLAGS=--cap-lints=warn" "-w" "/opt/rustwide/workdir" "--user" "0:0" "172a90663fe8e686f7db7d9a2202c40b1f426566fff49b7bf5e4397d1b3d4dd7" "/opt/rustwide/cargo-home/bin/cargo" "+1.99.0-beta.8" "test" "--frozen" "--no-run" "--message-format=json" "--release", kill_on_drop: false }`
[INFO] [stderr]    Compiling csi_tui v1.0.0 (/opt/rustwide/workdir)
[INFO] [stderr]     Finished `release` profile [optimized] target(s) in 23.50s
[INFO] [stderr] warning: the following packages contain code that will be rejected by a future version of Rust: ashpd v0.8.1
[INFO] [stderr] note: to see what the problems were, use the option `--future-incompat-report`, or run `cargo report future-incompatibilities --id 6`
[INFO] running `Command { std: "docker" "inspect" "172a90663fe8e686f7db7d9a2202c40b1f426566fff49b7bf5e4397d1b3d4dd7", kill_on_drop: false }`
[INFO] running `Command { std: "docker" "exec" "-e" "SOURCE_DIR=/opt/rustwide/workdir" "-e" "CARGO_HOME=/opt/rustwide/cargo-home" "-e" "RUSTUP_HOME=/opt/rustwide/rustup-home" "-e" "CARGO_TARGET_DIR=/opt/rustwide/target" "-e" "CARGO_INCREMENTAL=0" "-e" "RUST_BACKTRACE=full" "-e" "RUSTFLAGS=--cap-lints=warn" "-e" "RUSTDOCFLAGS=--cap-lints=warn" "-w" "/opt/rustwide/workdir" "--user" "0:0" "172a90663fe8e686f7db7d9a2202c40b1f426566fff49b7bf5e4397d1b3d4dd7" "/opt/rustwide/cargo-home/bin/cargo" "+1.99.0-beta.8" "test" "--frozen" "--release", kill_on_drop: false }`
[INFO] [stderr]     Finished `release` profile [optimized] target(s) in 0.18s
[INFO] [stderr] warning: the following packages contain code that will be rejected by a future version of Rust: ashpd v0.8.1
[INFO] [stderr] note: to see what the problems were, use the option `--future-incompat-report`, or run `cargo report future-incompatibilities --id 6`
[INFO] [stderr]      Running unittests src/main.rs (/opt/rustwide/target/release/deps/csi_tui-f2dc527c74b96fc6)
[INFO] [stdout] 
[INFO] [stdout] running 17 tests
[INFO] [stdout] test csv_loader::tests::test_parse_header ... ok
[INFO] [stdout] test csv_loader::tests::test_parse_row ... ok
[INFO] [stdout] test detectors::door::tests::test_door_detection ... ok
[INFO] [stdout] test detectors::door::tests::test_no_door ... ok
[INFO] [stdout] test detectors::human::tests::test_no_presence ... ok
[INFO] [stdout] test detectors::human::tests::test_presence_detection ... ok
[INFO] [stdout] test detectors::tests::test_average_magnitude ... ok
[INFO] [stdout] test detectors::motion::tests::test_no_motion ... ok
[INFO] [stdout] test detectors::tests::test_no_motion ... ok
[INFO] [stdout] test parser::tests::test_extract_csi_block ... ok
[INFO] [stdout] test csv_logger::tests::test_csv_logging ... FAILED
[INFO] [stdout] test csv_logger::tests::test_csv_logger_creation ... FAILED
[INFO] [stdout] test detectors::tests::test_motion_detection ... FAILED
[INFO] [stdout] test detectors::motion::tests::test_motion_detection ... FAILED
[INFO] [stdout] test parser::tests::test_parse_amplitude_only ... ok
[INFO] [stdout] test parser::tests::test_parse_real_imag ... ok
[INFO] [stdout] test serial_reader::tests::test_serial_reader_creation ... ok
[INFO] [stdout] 
[INFO] [stdout] failures:
[INFO] [stdout] 
[INFO] [stdout] ---- csv_logger::tests::test_csv_logging stdout ----
[INFO] [stdout] 
[INFO] [stdout] thread 'csv_logger::tests::test_csv_logging' (2658) panicked at src/csv_logger.rs:192:55:
[INFO] [stdout] called `Result::unwrap()` on an `Err` value: "Failed to create CSV file: Read-only file system (os error 30)"
[INFO] [stdout] stack backtrace:
[INFO] [stdout]    0:     0x579f31f2d137 - <<std[70759c8f55707aa4]::sys::backtrace::BacktraceLock>::print::DisplayBacktrace as core[df12db4294e9bfd3]::fmt::Display>::fmt
[INFO] [stdout]    1:     0x579f31e79c8a - core[df12db4294e9bfd3]::fmt::write
[INFO] [stdout]    2:     0x579f31f2c6eb - <alloc[2182bb758b4b3781]::vec::Vec<u8> as core[df12db4294e9bfd3]::io::write::Write>::write_fmt
[INFO] [stdout]    3:     0x579f31f2c1cf - std[70759c8f55707aa4]::panicking::default_hook::{closure#0}
[INFO] [stdout]    4:     0x579f31f2bdfa - std[70759c8f55707aa4]::panicking::default_hook
[INFO] [stdout]    5:     0x579f31f2b932 - std[70759c8f55707aa4]::panicking::panic_with_hook
[INFO] [stdout]    6:     0x579f31f52cc1 - std[70759c8f55707aa4]::panicking::panic_handler::{closure#0}
[INFO] [stdout]    7:     0x579f31f52c79 - std[70759c8f55707aa4]::sys::backtrace::__rust_end_short_backtrace::<std[70759c8f55707aa4]::panicking::panic_handler::{closure#0}, !>
[INFO] [stdout]    8:     0x579f31f5318c - __rustc[8fa7c3cbc660c2b3]::rust_begin_unwind
[INFO] [stdout]    9:     0x579f31e79b1b - core[df12db4294e9bfd3]::panicking::panic_fmt
[INFO] [stdout]   10:     0x579f31e7db21 - core[df12db4294e9bfd3]::result::unwrap_failed
[INFO] [stdout]   11:     0x579f31e42560 - <csi_tui[3d2b72b12ac751c1]::csv_logger::tests::test_csv_logging::{closure#0} as core[df12db4294e9bfd3]::ops::function::FnOnce<()>>::call_once
[INFO] [stdout]   12:     0x579f31f6b2eb - test[9d35eded1c95d3be]::__rust_begin_short_backtrace::<core[df12db4294e9bfd3]::result::Result<(), alloc[2182bb758b4b3781]::string::String>, fn() -> core[df12db4294e9bfd3]::result::Result<(), alloc[2182bb758b4b3781]::string::String>>
[INFO] [stdout]   13:     0x579f31f668ff - test[9d35eded1c95d3be]::run_test::{closure#0}
[INFO] [stdout]   14:     0x579f31f6637c - std[70759c8f55707aa4]::sys::backtrace::__rust_begin_short_backtrace::<test[9d35eded1c95d3be]::run_test::{closure#1}, ()>
[INFO] [stdout]   15:     0x579f31f833cc - <std[70759c8f55707aa4]::thread::lifecycle::spawn_unchecked<test[9d35eded1c95d3be]::run_test::{closure#1}, ()>::{closure#1} as core[df12db4294e9bfd3]::ops::function::FnOnce<()>>::call_once::{shim:vtable#0}
[INFO] [stdout]   16:     0x579f31f54482 - <std[70759c8f55707aa4]::sys::thread::unix::Thread>::new::thread_start
[INFO] [stdout]   17:     0x7639c9644dfa - <unknown>
[INFO] [stdout]   18:     0x7639c96d83d4 - clone
[INFO] [stdout]   19:                0x0 - <unknown>
[INFO] [stdout] 
[INFO] [stdout] ---- csv_logger::tests::test_csv_logger_creation stdout ----
[INFO] [stdout] 
[INFO] [stdout] thread 'csv_logger::tests::test_csv_logger_creation' (2657) panicked at src/csv_logger.rs:183:9:
[INFO] [stdout] assertion failed: logger.is_ok()
[INFO] [stdout] stack backtrace:
[INFO] [stdout]    0:     0x579f31f2d137 - <<std[70759c8f55707aa4]::sys::backtrace::BacktraceLock>::print::DisplayBacktrace as core[df12db4294e9bfd3]::fmt::Display>::fmt
[INFO] [stdout]    1:     0x579f31e79c8a - core[df12db4294e9bfd3]::fmt::write
[INFO] [stdout]    2:     0x579f31f2c6eb - <alloc[2182bb758b4b3781]::vec::Vec<u8> as core[df12db4294e9bfd3]::io::write::Write>::write_fmt
[INFO] [stdout]    3:     0x579f31f2c1cf - std[70759c8f55707aa4]::panicking::default_hook::{closure#0}
[INFO] [stdout]    4:     0x579f31f2bdfa - std[70759c8f55707aa4]::panicking::default_hook
[INFO] [stdout]    5:     0x579f31f2b932 - std[70759c8f55707aa4]::panicking::panic_with_hook
[INFO] [stdout]    6:     0x579f31f52cf2 - std[70759c8f55707aa4]::panicking::panic_handler::{closure#0}
[INFO] [stdout]    7:     0x579f31f52c79 - std[70759c8f55707aa4]::sys::backtrace::__rust_end_short_backtrace::<std[70759c8f55707aa4]::panicking::panic_handler::{closure#0}, !>
[INFO] [stdout]    8:     0x579f31f5318c - __rustc[8fa7c3cbc660c2b3]::rust_begin_unwind
[INFO] [stdout]    9:     0x579f31e79b1b - core[df12db4294e9bfd3]::panicking::panic_fmt
[INFO] [stdout]   10:     0x579f31e7bb11 - core[df12db4294e9bfd3]::panicking::panic
[INFO] [stdout]   11:     0x579f31e42a1f - <csi_tui[3d2b72b12ac751c1]::csv_logger::tests::test_csv_logger_creation::{closure#0} as core[df12db4294e9bfd3]::ops::function::FnOnce<()>>::call_once
[INFO] [stdout]   12:     0x579f31f6b2eb - test[9d35eded1c95d3be]::__rust_begin_short_backtrace::<core[df12db4294e9bfd3]::result::Result<(), alloc[2182bb758b4b3781]::string::String>, fn() -> core[df12db4294e9bfd3]::result::Result<(), alloc[2182bb758b4b3781]::string::String>>
[INFO] [stdout]   13:     0x579f31f668ff - test[9d35eded1c95d3be]::run_test::{closure#0}
[INFO] [stdout]   14:     0x579f31f6637c - std[70759c8f55707aa4]::sys::backtrace::__rust_begin_short_backtrace::<test[9d35eded1c95d3be]::run_test::{closure#1}, ()>
[INFO] [stdout]   15:     0x579f31f833cc - <std[70759c8f55707aa4]::thread::lifecycle::spawn_unchecked<test[9d35eded1c95d3be]::run_test::{closure#1}, ()>::{closure#1} as core[df12db4294e9bfd3]::ops::function::FnOnce<()>>::call_once::{shim:vtable#0}
[INFO] [stdout]   16:     0x579f31f54482 - <std[70759c8f55707aa4]::sys::thread::unix::Thread>::new::thread_start
[INFO] [stdout]   17:     0x7639c9644dfa - <unknown>
[INFO] [stdout]   18:     0x7639c96d83d4 - clone
[INFO] [stdout]   19:                0x0 - <unknown>
[INFO] [stdout] 
[INFO] [stdout] ---- detectors::tests::test_motion_detection stdout ----
[INFO] [stdout] 
[INFO] [stdout] thread 'detectors::tests::test_motion_detection' (2666) panicked at src/detectors/mod.rs:161:9:
[INFO] [stdout] assertion failed: results.motion_detected
[INFO] [stdout] stack backtrace:
[INFO] [stdout]    0:     0x579f31f2d137 - <<std[70759c8f55707aa4]::sys::backtrace::BacktraceLock>::print::DisplayBacktrace as core[df12db4294e9bfd3]::fmt::Display>::fmt
[INFO] [stdout]    1:     0x579f31e79c8a - core[df12db4294e9bfd3]::fmt::write
[INFO] [stdout]    2:     0x579f31f2c6eb - <alloc[2182bb758b4b3781]::vec::Vec<u8> as core[df12db4294e9bfd3]::io::write::Write>::write_fmt
[INFO] [stdout]    3:     0x579f31f2c1cf - std[70759c8f55707aa4]::panicking::default_hook::{closure#0}
[INFO] [stdout]    4:     0x579f31f2bdfa - std[70759c8f55707aa4]::panicking::default_hook
[INFO] [stdout]    5:     0x579f31f2b932 - std[70759c8f55707aa4]::panicking::panic_with_hook
[INFO] [stdout]    6:     0x579f31f52cf2 - std[70759c8f55707aa4]::panicking::panic_handler::{closure#0}
[INFO] [stdout]    7:     0x579f31f52c79 - std[70759c8f55707aa4]::sys::backtrace::__rust_end_short_backtrace::<std[70759c8f55707aa4]::panicking::panic_handler::{closure#0}, !>
[INFO] [stdout]    8:     0x579f31f5318c - __rustc[8fa7c3cbc660c2b3]::rust_begin_unwind
[INFO] [stdout]    9:     0x579f31e79b1b - core[df12db4294e9bfd3]::panicking::panic_fmt
[INFO] [stdout]   10:     0x579f31e7bb11 - core[df12db4294e9bfd3]::panicking::panic
[INFO] [stdout]   11:     0x579f31e44194 - <csi_tui[3d2b72b12ac751c1]::detectors::tests::test_motion_detection::{closure#0} as core[df12db4294e9bfd3]::ops::function::FnOnce<()>>::call_once
[INFO] [stdout]   12:     0x579f31f6b2eb - test[9d35eded1c95d3be]::__rust_begin_short_backtrace::<core[df12db4294e9bfd3]::result::Result<(), alloc[2182bb758b4b3781]::string::String>, fn() -> core[df12db4294e9bfd3]::result::Result<(), alloc[2182bb758b4b3781]::string::String>>
[INFO] [stdout]   13:     0x579f31f668ff - test[9d35eded1c95d3be]::run_test::{closure#0}
[INFO] [stdout]   14:     0x579f31f6637c - std[70759c8f55707aa4]::sys::backtrace::__rust_begin_short_backtrace::<test[9d35eded1c95d3be]::run_test::{closure#1}, ()>
[INFO] [stdout]   15:     0x579f31f833cc - <std[70759c8f55707aa4]::thread::lifecycle::spawn_unchecked<test[9d35eded1c95d3be]::run_test::{closure#1}, ()>::{closure#1} as core[df12db4294e9bfd3]::ops::function::FnOnce<()>>::call_once::{shim:vtable#0}
[INFO] [stdout]   16:     0x579f31f54482 - <std[70759c8f55707aa4]::sys::thread::unix::Thread>::new::thread_start
[INFO] [stdout]   17:     0x7639c9644dfa - <unknown>
[INFO] [stdout]   18:     0x7639c96d83d4 - clone
[INFO] [stdout]   19:                0x0 - <unknown>
[INFO] [stdout] 
[INFO] [stdout] ---- detectors::motion::tests::test_motion_detection stdout ----
[INFO] [stdout] 
[INFO] [stdout] thread 'detectors::motion::tests::test_motion_detection' (2663) panicked at src/detectors/motion.rs:124:9:
[INFO] [stdout] assertion failed: results.motion_detected
[INFO] [stdout] stack backtrace:
[INFO] [stdout]    0:     0x579f31f2d137 - <<std[70759c8f55707aa4]::sys::backtrace::BacktraceLock>::print::DisplayBacktrace as core[df12db4294e9bfd3]::fmt::Display>::fmt
[INFO] [stdout]    1:     0x579f31e79c8a - core[df12db4294e9bfd3]::fmt::write
[INFO] [stdout]    2:     0x579f31f2c6eb - <alloc[2182bb758b4b3781]::vec::Vec<u8> as core[df12db4294e9bfd3]::io::write::Write>::write_fmt
[INFO] [stdout]    3:     0x579f31f2c1cf - std[70759c8f55707aa4]::panicking::default_hook::{closure#0}
[INFO] [stdout]    4:     0x579f31f2bdfa - std[70759c8f55707aa4]::panicking::default_hook
[INFO] [stdout]    5:     0x579f31f2b932 - std[70759c8f55707aa4]::panicking::panic_with_hook
[INFO] [stdout]    6:     0x579f31f52cf2 - std[70759c8f55707aa4]::panicking::panic_handler::{closure#0}
[INFO] [stdout]    7:     0x579f31f52c79 - std[70759c8f55707aa4]::sys::backtrace::__rust_end_short_backtrace::<std[70759c8f55707aa4]::panicking::panic_handler::{closure#0}, !>
[INFO] [stdout]    8:     0x579f31f5318c - __rustc[8fa7c3cbc660c2b3]::rust_begin_unwind
[INFO] [stdout]    9:     0x579f31e79b1b - core[df12db4294e9bfd3]::panicking::panic_fmt
[INFO] [stdout]   10:     0x579f31e7bb11 - core[df12db4294e9bfd3]::panicking::panic
[INFO] [stdout]   11:     0x579f31e46d46 - <csi_tui[3d2b72b12ac751c1]::detectors::motion::tests::test_motion_detection::{closure#0} as core[df12db4294e9bfd3]::ops::function::FnOnce<()>>::call_once
[INFO] [stdout]   12:     0x579f31f6b2eb - test[9d35eded1c95d3be]::__rust_begin_short_backtrace::<core[df12db4294e9bfd3]::result::Result<(), alloc[2182bb758b4b3781]::string::String>, fn() -> core[df12db4294e9bfd3]::result::Result<(), alloc[2182bb758b4b3781]::string::String>>
[INFO] [stdout]   13:     0x579f31f668ff - test[9d35eded1c95d3be]::run_test::{closure#0}
[INFO] [stdout]   14:     0x579f31f6637c - std[70759c8f55707aa4]::sys::backtrace::__rust_begin_short_backtrace::<test[9d35eded1c95d3be]::run_test::{closure#1}, ()>
[INFO] [stdout]   15:     0x579f31f833cc - <std[70759c8f55707aa4]::thread::lifecycle::spawn_unchecked<test[9d35eded1c95d3be]::run_test::{closure#1}, ()>::{closure#1} as core[df12db4294e9bfd3]::ops::function::FnOnce<()>>::call_once::{shim:vtable#0}
[INFO] [stdout]   16:     0x579f31f54482 - <std[70759c8f55707aa4]::sys::thread::unix::Thread>::new::thread_start
[INFO] [stdout]   17:     0x7639c9644dfa - <unknown>
[INFO] [stdout]   18:     0x7639c96d83d4 - clone
[INFO] [stdout]   19:                0x0 - <unknown>
[INFO] [stdout] 
[INFO] [stdout] 
[INFO] [stdout] failures:
[INFO] [stdout]     csv_logger::tests::test_csv_logger_creation
[INFO] [stdout]     csv_logger::tests::test_csv_logging
[INFO] [stdout]     detectors::motion::tests::test_motion_detection
[INFO] [stdout]     detectors::tests::test_motion_detection
[INFO] [stdout] 
[INFO] [stdout] test result: FAILED. 13 passed; 4 failed; 0 ignored; 0 measured; 0 filtered out; finished in 0.12s
[INFO] [stdout] 
[INFO] [stderr] error: test failed, to rerun pass `--bin csi_tui`
[INFO] running `Command { std: "docker" "inspect" "172a90663fe8e686f7db7d9a2202c40b1f426566fff49b7bf5e4397d1b3d4dd7", kill_on_drop: false }`
[INFO] running `Command { std: "docker" "rm" "-f" "172a90663fe8e686f7db7d9a2202c40b1f426566fff49b7bf5e4397d1b3d4dd7", kill_on_drop: false }`
[INFO] [stdout] 172a90663fe8e686f7db7d9a2202c40b1f426566fff49b7bf5e4397d1b3d4dd7
