[INFO] cloning repository https://github.com/printemps-tokyo/sunsetscan
[INFO] running `Command { std: "git" "-c" "credential.helper=" "-c" "credential.helper=/workspace/cargo-home/bin/git-credential-null" "clone" "--bare" "https://github.com/printemps-tokyo/sunsetscan" "/workspace/cache/git-repos/https%3A%2F%2Fgithub.com%2Fprintemps-tokyo%2Fsunsetscan", kill_on_drop: false }`
[INFO] [stderr] Cloning into bare repository '/workspace/cache/git-repos/https%3A%2F%2Fgithub.com%2Fprintemps-tokyo%2Fsunsetscan'...
[INFO] running `Command { std: "git" "rev-parse" "HEAD", kill_on_drop: false }`
[INFO] [stdout] 2a4c83b4dbc1580389a2924956cde320cd3c4a6c
[INFO] testing printemps-tokyo/sunsetscan against 1.100.0-beta.1+cargoflags=--release for beta-release-1.100-3
[INFO] running `Command { std: "git" "clone" "/workspace/cache/git-repos/https%3A%2F%2Fgithub.com%2Fprintemps-tokyo%2Fsunsetscan" "/workspace/builds/worker-7-tc2/source", kill_on_drop: false }`
[INFO] [stderr] Cloning into '/workspace/builds/worker-7-tc2/source'...
[INFO] [stderr] done.
[INFO] started tweaking git repo https://github.com/printemps-tokyo/sunsetscan
[INFO] finished tweaking git repo https://github.com/printemps-tokyo/sunsetscan
[INFO] tweaked toml for git repo https://github.com/printemps-tokyo/sunsetscan written to /workspace/builds/worker-7-tc2/source/Cargo.toml
[INFO] validating manifest of git repo https://github.com/printemps-tokyo/sunsetscan on toolchain 1.100.0-beta.1
[INFO] running `Command { std: CARGO_HOME="/workspace/cargo-home" RUSTUP_HOME="/workspace/rustup-home" "/workspace/cargo-home/bin/cargo" "+1.100.0-beta.1" "metadata" "--manifest-path" "Cargo.toml" "--no-deps", kill_on_drop: false }`
[INFO] crate git repo https://github.com/printemps-tokyo/sunsetscan already has a lockfile, it will not be regenerated
[INFO] running `Command { std: CARGO_HOME="/workspace/cargo-home" RUSTUP_HOME="/workspace/rustup-home" "/workspace/cargo-home/bin/cargo" "+1.100.0-beta.1" "fetch" "--manifest-path" "Cargo.toml", kill_on_drop: false }`
[INFO] [stderr] warning: `package.homepage` is redundant with `package.repository`
[INFO] [stderr]   --> Cargo.toml:25:12
[INFO] [stderr]    |
[INFO] [stderr] 25 | homepage = "https://github.com/printemps-tokyo/sunsetscan"
[INFO] [stderr]    |            ^^^^^^^^^^^^^^^^^^^^^^^^^^^^^^^^^^^^^^^^^^^^^^^
[INFO] [stderr] ...
[INFO] [stderr] 30 | repository = "https://github.com/printemps-tokyo/sunsetscan"
[INFO] [stderr]    |              -----------------------------------------------
[INFO] [stderr]    |
[INFO] [stderr]    = note: `cargo::redundant_homepage` is set to `warn` by default
[INFO] [stderr] help: consider removing `package.homepage`
[INFO] [stderr] warning: `sunsetscan` (manifest) generated 1 warning
[INFO] running `Command { std: "docker" "create" "-v" "/var/lib/crater-agent-workspace/builds/worker-7-tc2/source:/opt/rustwide/workdir:ro,Z" "-v" "/var/lib/crater-agent-workspace/builds/worker-7-tc2/target:/opt/rustwide/target:rw,Z" "-v" "/var/lib/crater-agent-workspace/cargo-home:/opt/rustwide/cargo-home:ro,Z" "-v" "/var/lib/crater-agent-workspace/rustup-home:/opt/rustwide/rustup-home:ro,Z" "-m" "1610612736" "--network" "none" "ghcr.io/rust-lang/crates-build-env/linux@sha256:77db811e55d90add9212f6832c23229e3de5f1c1f9905e8cb07319ea15df73ac" "sleep" "infinity", kill_on_drop: false }`
[INFO] [stdout] 1f1fcdfc08c4b2c214b738eae3fb339a12726375bd19a331597196b1efd1ac18
[INFO] running `Command { std: "docker" "start" "1f1fcdfc08c4b2c214b738eae3fb339a12726375bd19a331597196b1efd1ac18", kill_on_drop: false }`
[INFO] running `Command { std: "docker" "inspect" "1f1fcdfc08c4b2c214b738eae3fb339a12726375bd19a331597196b1efd1ac18", kill_on_drop: false }`
[INFO] running `Command { std: "docker" "exec" "-e" "SOURCE_DIR=/opt/rustwide/workdir" "-e" "CARGO_HOME=/opt/rustwide/cargo-home" "-e" "RUSTUP_HOME=/opt/rustwide/rustup-home" "-e" "CARGO_TARGET_DIR=/opt/rustwide/target" "-w" "/opt/rustwide/workdir" "--user" "0:0" "1f1fcdfc08c4b2c214b738eae3fb339a12726375bd19a331597196b1efd1ac18" "/opt/rustwide/cargo-home/bin/cargo" "+1.100.0-beta.1" "metadata" "--no-deps" "--format-version=1", kill_on_drop: false }`
[INFO] running `Command { std: "docker" "inspect" "1f1fcdfc08c4b2c214b738eae3fb339a12726375bd19a331597196b1efd1ac18", kill_on_drop: false }`
[INFO] running `Command { std: "docker" "exec" "-e" "SOURCE_DIR=/opt/rustwide/workdir" "-e" "CARGO_HOME=/opt/rustwide/cargo-home" "-e" "RUSTUP_HOME=/opt/rustwide/rustup-home" "-e" "CARGO_TARGET_DIR=/opt/rustwide/target" "-e" "CARGO_INCREMENTAL=0" "-e" "RUST_BACKTRACE=full" "-e" "RUSTFLAGS=--cap-lints=warn" "-e" "RUSTDOCFLAGS=--cap-lints=warn" "-w" "/opt/rustwide/workdir" "--user" "0:0" "1f1fcdfc08c4b2c214b738eae3fb339a12726375bd19a331597196b1efd1ac18" "/opt/rustwide/cargo-home/bin/cargo" "+1.100.0-beta.1" "build" "--frozen" "--message-format=json" "--release", kill_on_drop: false }`
[INFO] [stderr] warning: `package.homepage` is redundant with `package.repository`
[INFO] [stderr]   --> Cargo.toml:25:12
[INFO] [stderr]    |
[INFO] [stderr] 25 | homepage = "https://github.com/printemps-tokyo/sunsetscan"
[INFO] [stderr]    |            ^^^^^^^^^^^^^^^^^^^^^^^^^^^^^^^^^^^^^^^^^^^^^^^
[INFO] [stderr] ...
[INFO] [stderr] 30 | repository = "https://github.com/printemps-tokyo/sunsetscan"
[INFO] [stderr]    |              -----------------------------------------------
[INFO] [stderr]    |
[INFO] [stderr]    = note: `cargo::redundant_homepage` is set to `warn` by default
[INFO] [stderr] help: consider removing `package.homepage`
[INFO] [stderr] warning: `sunsetscan` (manifest) generated 1 warning
[INFO] [stderr]    Compiling proc-macro2 v1.0.107
[INFO] [stderr]    Compiling memchr v2.8.3
[INFO] [stderr]    Compiling crossbeam-utils v0.8.22
[INFO] [stderr]    Compiling quote v1.0.47
[INFO] [stderr]    Compiling utf8parse v0.2.2
[INFO] [stderr]    Compiling crossbeam-epoch v0.9.20
[INFO] [stderr]    Compiling anstyle-query v1.1.5
[INFO] [stderr]    Compiling colorchoice v1.0.5
[INFO] [stderr]    Compiling is_terminal_polyfill v1.70.2
[INFO] [stderr]    Compiling crossbeam-deque v0.8.7
[INFO] [stderr]    Compiling regex-syntax v0.8.11
[INFO] [stderr]    Compiling anstyle v1.0.14
[INFO] [stderr]    Compiling heck v0.5.0
[INFO] [stderr]    Compiling clap_lex v1.1.0
[INFO] [stderr]    Compiling log v0.4.33
[INFO] [stderr]    Compiling same-file v1.0.6
[INFO] [stderr]    Compiling anyhow v1.0.104
[INFO] [stderr]    Compiling strsim v0.11.1
[INFO] [stderr]    Compiling anstyle-parse v1.0.0
[INFO] [stderr]    Compiling walkdir v2.5.0
[INFO] [stderr]    Compiling anstream v1.0.0
[INFO] [stderr]    Compiling clap_builder v4.6.6
[INFO] [stderr]    Compiling aho-corasick v1.1.5
[INFO] [stderr]    Compiling bstr v1.13.1
[INFO] [stderr]    Compiling syn v3.0.3
[INFO] [stderr]    Compiling regex-automata v0.4.18
[INFO] [stderr]    Compiling clap_derive v4.6.4
[INFO] [stderr]    Compiling globset v0.4.20
[INFO] [stderr]    Compiling ignore v0.4.33
[INFO] [stderr]    Compiling clap v4.6.6
[INFO] [stderr]    Compiling sunsetscan v0.1.0 (/opt/rustwide/workdir)
[INFO] [stderr]     Finished `release` profile [optimized] target(s) in 46.23s
[INFO] running `Command { std: "docker" "inspect" "1f1fcdfc08c4b2c214b738eae3fb339a12726375bd19a331597196b1efd1ac18", kill_on_drop: false }`
[INFO] running `Command { std: "docker" "exec" "-e" "SOURCE_DIR=/opt/rustwide/workdir" "-e" "CARGO_HOME=/opt/rustwide/cargo-home" "-e" "RUSTUP_HOME=/opt/rustwide/rustup-home" "-e" "CARGO_TARGET_DIR=/opt/rustwide/target" "-e" "CARGO_INCREMENTAL=0" "-e" "RUST_BACKTRACE=full" "-e" "RUSTFLAGS=--cap-lints=warn" "-e" "RUSTDOCFLAGS=--cap-lints=warn" "-w" "/opt/rustwide/workdir" "--user" "0:0" "1f1fcdfc08c4b2c214b738eae3fb339a12726375bd19a331597196b1efd1ac18" "/opt/rustwide/cargo-home/bin/cargo" "+1.100.0-beta.1" "test" "--frozen" "--no-run" "--message-format=json" "--release", kill_on_drop: false }`
[INFO] [stderr] warning: `package.homepage` is redundant with `package.repository`
[INFO] [stderr]   --> Cargo.toml:25:12
[INFO] [stderr]    |
[INFO] [stderr] 25 | homepage = "https://github.com/printemps-tokyo/sunsetscan"
[INFO] [stderr]    |            ^^^^^^^^^^^^^^^^^^^^^^^^^^^^^^^^^^^^^^^^^^^^^^^
[INFO] [stderr] ...
[INFO] [stderr] 30 | repository = "https://github.com/printemps-tokyo/sunsetscan"
[INFO] [stderr]    |              -----------------------------------------------
[INFO] [stderr]    |
[INFO] [stderr]    = note: `cargo::redundant_homepage` is set to `warn` by default
[INFO] [stderr] help: consider removing `package.homepage`
[INFO] [stderr] warning: `sunsetscan` (manifest) generated 1 warning
[INFO] [stderr]    Compiling memchr v2.8.3
[INFO] [stderr]    Compiling utf8parse v0.2.2
[INFO] [stderr]    Compiling crossbeam-utils v0.8.22
[INFO] [stderr]    Compiling colorchoice v1.0.5
[INFO] [stderr]    Compiling libc v0.2.189
[INFO] [stderr]    Compiling regex-syntax v0.8.11
[INFO] [stderr]    Compiling is_terminal_polyfill v1.70.2
[INFO] [stderr]    Compiling anstyle-query v1.1.5
[INFO] [stderr]    Compiling anstyle v1.0.14
[INFO] [stderr]    Compiling strsim v0.11.1
[INFO] [stderr]    Compiling log v0.4.33
[INFO] [stderr]    Compiling same-file v1.0.6
[INFO] [stderr]    Compiling rustix v1.1.4
[INFO] [stderr]    Compiling clap_lex v1.1.0
[INFO] [stderr]    Compiling getrandom v0.4.3
[INFO] [stderr]    Compiling linux-raw-sys v0.12.1
[INFO] [stderr]    Compiling bitflags v2.13.1
[INFO] [stderr]    Compiling cfg-if v1.0.4
[INFO] [stderr]    Compiling anyhow v1.0.104
[INFO] [stderr]    Compiling anstyle-parse v1.0.0
[INFO] [stderr]    Compiling fastrand v2.5.0
[INFO] [stderr]    Compiling walkdir v2.5.0
[INFO] [stderr]    Compiling once_cell v1.21.4
[INFO] [stderr]    Compiling anstream v1.0.0
[INFO] [stderr]    Compiling clap_builder v4.6.6
[INFO] [stderr]    Compiling aho-corasick v1.1.5
[INFO] [stderr]    Compiling bstr v1.13.1
[INFO] [stderr]    Compiling crossbeam-epoch v0.9.20
[INFO] [stderr]    Compiling crossbeam-deque v0.8.7
[INFO] [stderr]    Compiling tempfile v3.27.0
[INFO] [stderr]    Compiling regex-automata v0.4.18
[INFO] [stderr]    Compiling clap v4.6.6
[INFO] [stderr]    Compiling globset v0.4.20
[INFO] [stderr]    Compiling ignore v0.4.33
[INFO] [stderr]    Compiling sunsetscan v0.1.0 (/opt/rustwide/workdir)
[INFO] [stderr]     Finished `release` profile [optimized] target(s) in 54.06s
[INFO] running `Command { std: "docker" "inspect" "1f1fcdfc08c4b2c214b738eae3fb339a12726375bd19a331597196b1efd1ac18", kill_on_drop: false }`
[INFO] running `Command { std: "docker" "exec" "-e" "SOURCE_DIR=/opt/rustwide/workdir" "-e" "CARGO_HOME=/opt/rustwide/cargo-home" "-e" "RUSTUP_HOME=/opt/rustwide/rustup-home" "-e" "CARGO_TARGET_DIR=/opt/rustwide/target" "-e" "CARGO_INCREMENTAL=0" "-e" "RUST_BACKTRACE=full" "-e" "RUSTFLAGS=--cap-lints=warn" "-e" "RUSTDOCFLAGS=--cap-lints=warn" "-w" "/opt/rustwide/workdir" "--user" "0:0" "1f1fcdfc08c4b2c214b738eae3fb339a12726375bd19a331597196b1efd1ac18" "/opt/rustwide/cargo-home/bin/cargo" "+1.100.0-beta.1" "test" "--frozen" "--release", kill_on_drop: false }`
[INFO] [stderr] warning: `package.homepage` is redundant with `package.repository`
[INFO] [stderr]   --> Cargo.toml:25:12
[INFO] [stderr]    |
[INFO] [stderr] 25 | homepage = "https://github.com/printemps-tokyo/sunsetscan"
[INFO] [stderr]    |            ^^^^^^^^^^^^^^^^^^^^^^^^^^^^^^^^^^^^^^^^^^^^^^^
[INFO] [stderr] ...
[INFO] [stderr] 30 | repository = "https://github.com/printemps-tokyo/sunsetscan"
[INFO] [stderr]    |              -----------------------------------------------
[INFO] [stderr]    |
[INFO] [stderr]    = note: `cargo::redundant_homepage` is set to `warn` by default
[INFO] [stderr] help: consider removing `package.homepage`
[INFO] [stderr] warning: `sunsetscan` (manifest) generated 1 warning
[INFO] [stderr]     Finished `release` profile [optimized] target(s) in 0.12s
[INFO] [stderr]      Running unittests src/lib.rs (/opt/rustwide/target/release/build/sunsetscan/996a56b6c5b972a2/out/sunsetscan-996a56b6c5b972a2)
[INFO] [stdout] 
[INFO] [stdout] running 68 tests
[INFO] [stdout] test catalog::tests::entries_are_sorted_by_sunset_then_id ... ok
[INFO] [stdout] test catalog::tests::match_kind_round_trips ... ok
[INFO] [stdout] test catalog::tests::explicit_nulls_are_treated_as_absent ... ok
[INFO] [stdout] test catalog::tests::merge_replaces_by_id_and_keeps_the_older_verified_on ... ok
[INFO] [stdout] test catalog::tests::rejects_unknown_fields_and_bad_entry_shapes ... ok
[INFO] [stdout] test date::tests::epoch_arithmetic_matches_known_points ... ok
[INFO] [stdout] test json::tests::decodes_unicode_escapes_including_surrogate_pairs ... ok
[INFO] [stdout] test date::tests::days_until_is_signed_and_spans_months ... ok
[INFO] [stdout] test json::tests::last_duplicate_key_wins ... ok
[INFO] [stdout] test json::tests::parses_the_basic_shapes ... ok
[INFO] [stdout] test json::tests::quote_escapes_the_json_specials ... ok
[INFO] [stdout] test date::tests::today_utc_is_a_sane_date ... ok
[INFO] [stdout] test catalog::tests::rejects_duplicate_ids ... ok
[INFO] [stdout] test catalog::tests::retain_applies_only_and_skip_and_rejects_typos ... ok
[INFO] [stdout] test catalog::tests::boundary_rules_match_the_documented_semantics ... ok
[INFO] [stdout] test catalog::tests::optional_fields_default_to_none ... ok
[INFO] [stdout] test matcher::tests::a_scoped_ignore_marker_only_suppresses_the_named_entry ... ok
[INFO] [stdout] test json::tests::accepts_comments_and_one_trailing_comma ... ok
[INFO] [stdout] test catalog::tests::rejects_broken_catalogs_with_a_useful_message ... ok
[INFO] [stdout] test matcher::tests::line_numbers_are_one_based_and_survive_crlf ... ok
[INFO] [stdout] test catalog::tests::the_builtin_catalog_parses_and_validates ... ok
[INFO] [stdout] test date::tests::rejects_malformed_and_impossible_dates ... ok
[INFO] [stdout] test date::tests::parses_and_prints_round_trip ... ok
[INFO] [stdout] test matcher::tests::an_unrecognised_word_after_the_marker_falls_back_to_suppress_all ... ok
[INFO] [stdout] test matcher::tests::columns_count_characters_not_bytes ... ok
[INFO] [stdout] test matcher::tests::hits_come_back_in_entry_then_line_order ... ok
[INFO] [stdout] test matcher::tests::scope_globs_restrict_a_pattern_to_matching_paths ... ok
[INFO] [stdout] test matcher::tests::snippets_respect_character_boundaries ... ok
[INFO] [stdout] test matcher::tests::word_boundaries_reject_longer_identifiers ... ok
[INFO] [stdout] test matcher::tests::word_boundaries_skip_a_bad_hit_and_take_a_later_good_one ... ok
[INFO] [stdout] test model::tests::a_past_due_finding_breaches_every_threshold_including_zero ... ok
[INFO] [stdout] test model::tests::as_of_drives_days_remaining_and_the_bucket ... ok
[INFO] [stdout] test matcher::tests::the_builtin_catalog_compiles ... ok
[INFO] [stdout] test matcher::tests::token_boundaries_separate_neighbouring_model_ids ... ok
[INFO] [stdout] test matcher::tests::matching_is_case_sensitive ... ok
[INFO] [stdout] test model::tests::a_clean_scan_reports_nothing_and_has_no_nearest ... ok
[INFO] [stdout] test json::tests::reports_line_and_column_on_error ... ok
[INFO] [stdout] test json::tests::round_trips_quoting_through_the_parser ... ok
[INFO] [stdout] test model::tests::findings_group_by_entry_then_file_then_line ... ok
[INFO] [stdout] test model::tests::strict_on_a_clean_report_still_exits_zero ... ok
[INFO] [stdout] test model::tests::distant_findings_pass_by_default_but_fail_under_strict ... ok
[INFO] [stdout] test report::tests::a_clean_json_report_still_parses ... ok
[INFO] [stdout] test matcher::tests::several_patterns_on_one_line_collapse_into_one_hit ... ok
[INFO] [stdout] test model::tests::nearest_is_the_soonest_matched_entry ... ok
[INFO] [stdout] test matcher::tests::snippets_are_trimmed_and_capped_around_the_match ... ok
[INFO] [stdout] test model::tests::fail_within_is_inclusive_at_the_boundary ... ok
[INFO] [stdout] test model::tests::urgency_buckets_have_inclusive_boundaries ... ok
[INFO] [stdout] test matcher::tests::substring_patterns_match_rest_paths_anywhere ... ok
[INFO] [stdout] test model::tests::scan_stats_sum_their_skips ... ok
[INFO] [stdout] test matcher::tests::a_pattern_reports_only_its_first_occurrence_on_a_line ... ok
[INFO] [stdout] test catalog::tests::rejects_bad_patterns ... ok
[INFO] [stdout] test date::tests::days_since_epoch_round_trips_over_a_long_span ... ok
[INFO] [stdout] test json::tests::rejects_broken_documents ... ok
[INFO] [stdout] test report::tests::wrap_respects_the_width_and_keeps_urls_intact ... ok
[INFO] [stdout] test report::tests::a_clean_report_says_so_and_still_prints_the_caveat ... ok
[INFO] [stdout] test report::tests::the_list_json_parses_and_includes_patterns ... ok
[INFO] [stdout] test report::tests::the_json_report_parses_and_has_the_documented_shape ... ok
[INFO] [stdout] test report::tests::days_phrase_reads_naturally_on_both_sides_of_zero ... ok
[INFO] [stdout] test report::tests::rendering_is_deterministic ... ok
[INFO] [stdout] test report::tests::the_list_view_shows_dates_days_and_the_caveat ... ok
[INFO] [stdout] test catalog::tests::the_builtin_catalog_carries_the_assistants_entry ... ok
[INFO] [stdout] test matcher::tests::a_bare_ignore_marker_suppresses_the_whole_line ... ok
[INFO] [stdout] test scan::tests::binary_sniffing_keys_on_nul_bytes ... ok
[INFO] [stdout] test report::tests::color_is_opt_in_and_never_leaks_when_off ... ok
[INFO] [stdout] test scan::tests::source_detection_covers_extensions_names_and_dotfiles ... ok
[INFO] [stdout] test report::tests::the_builtin_catalog_renders_in_both_list_modes ... ok
[INFO] [stdout] test scan::tests::the_extension_list_is_sorted_and_free_of_duplicates ... ok
[INFO] [stdout] test report::tests::the_text_report_carries_every_required_element ... ok
[INFO] [stderr]      Running unittests src/main.rs (/opt/rustwide/target/release/build/sunsetscan/7d9b82cbace48ba1/out/sunsetscan-7d9b82cbace48ba1)
[INFO] [stdout] 
[INFO] [stdout] test result: ok. 68 passed; 0 failed; 0 ignored; 0 measured; 0 filtered out; finished in 0.14s
[INFO] [stdout] 
[INFO] [stdout] 
[INFO] [stdout] running 0 tests
[INFO] [stdout] 
[INFO] [stdout] test result: ok. 0 passed; 0 failed; 0 ignored; 0 measured; 0 filtered out; finished in 0.00s
[INFO] [stdout] 
[INFO] [stderr]      Running tests/cli.rs (/opt/rustwide/target/release/build/sunsetscan/9e10d20c0cb6e24f/out/cli-9e10d20c0cb6e24f)
[INFO] [stdout] 
[INFO] [stdout] running 32 tests
[INFO] [stdout] test a_neighbouring_model_id_does_not_match_a_token_pattern ... FAILED
[INFO] [stdout] test a_longer_identifier_does_not_match_a_word_pattern ... FAILED
[INFO] [stdout] test a_past_due_finding_fails_even_with_fail_within_zero ... FAILED
[INFO] [stdout] test a_distant_finding_passes_by_default_and_fails_under_strict ... FAILED
[INFO] [stdout] test exclude_globs_drop_whole_paths ... FAILED
[INFO] [stdout] test a_missing_directory_exits_two ... FAILED
[INFO] [stdout] test a_comment_only_mention_is_reported_because_matching_is_textual ... FAILED
[INFO] [stdout] test a_malformed_as_of_exits_two ... FAILED
[INFO] [stdout] test a_clean_repository_exits_zero_and_says_nothing_was_found ... FAILED
[INFO] [stdout] test all_files_widens_the_extension_filter ... FAILED
[INFO] [stdout] test as_of_drives_days_remaining_and_the_severity_bucket ... FAILED
[INFO] [stdout] test an_unknown_entry_id_is_a_usage_error ... FAILED
[INFO] [stdout] test fail_within_is_inclusive_at_the_boundary ... FAILED
[INFO] [stdout] test only_and_skip_narrow_the_catalog ... FAILED
[INFO] [stdout] test a_malformed_custom_catalog_is_a_usage_error ... FAILED
[INFO] [stdout] test a_negative_fail_within_exits_two ... FAILED
[INFO] [stdout] test list_prints_the_catalog_with_dates_and_days_remaining ... FAILED
[INFO] [stdout] test help_and_version_work ... FAILED
[INFO] [stdout] test skipping_every_entry_is_a_usage_error ... FAILED
[INFO] [stdout] test reports_assistants_api_call_sites_with_line_numbers_and_the_migration_path ... FAILED
[INFO] [stdout] test a_custom_catalog_adds_and_overrides_entries ... FAILED
[INFO] [stdout] test quiet_prints_one_line_to_stdout_and_the_caveat_to_stderr ... FAILED
[INFO] [stdout] test list_json_is_valid_and_carries_every_entry ... FAILED
[INFO] [stdout] test strict_and_fail_within_cannot_be_combined ... FAILED
[INFO] [stdout] test json_output_is_stable_and_has_the_documented_shape ... FAILED
[INFO] [stdout] test gitignored_files_are_invisible_to_the_cli_too ... FAILED
[INFO] [stdout] test strict_on_a_clean_repository_still_exits_zero ... FAILED
[INFO] [stdout] test findings_come_out_in_a_stable_order ... FAILED
[INFO] [stdout] test list_respects_only_and_a_custom_catalog ... FAILED
[INFO] [stdout] test the_inline_marker_suppresses_a_line ... FAILED
[INFO] [stdout] test output_is_never_colored_when_piped ... FAILED
[INFO] [stdout] test the_marker_can_name_the_entry_it_suppresses ... FAILED
[INFO] [stdout] 
[INFO] [stdout] failures:
[INFO] [stdout] 
[INFO] [stdout] ---- a_neighbouring_model_id_does_not_match_a_token_pattern stdout ----
[INFO] [stdout] 
[INFO] [stdout] thread 'a_neighbouring_model_id_does_not_match_a_token_pattern' (1115) panicked at tests/cli.rs:39:10:
[INFO] [stdout] run sunsetscan: Os { code: 2, kind: NotFound, message: "No such file or directory" }
[INFO] [stdout] stack backtrace:
[INFO] [stdout]    0:     0x5c6d21ebc3a5 - <unknown>
[INFO] [stdout]    1:     0x5c6d21ea2dca - <unknown>
[INFO] [stdout]    2:     0x5c6d21ebba3b - <unknown>
[INFO] [stdout]    3:     0x5c6d21ebb51f - <unknown>
[INFO] [stdout]    4:     0x5c6d21ebb14a - <unknown>
[INFO] [stdout]    5:     0x5c6d21ebac85 - <unknown>
[INFO] [stdout]    6:     0x5c6d21ee1ac1 - <unknown>
[INFO] [stdout]    7:     0x5c6d21ee1a79 - <unknown>
[INFO] [stdout]    8:     0x5c6d21ee1f7c - <unknown>
[INFO] [stdout]    9:     0x5c6d21ea2c5b - <unknown>
[INFO] [stdout]   10:     0x5c6d21ea6461 - <unknown>
[INFO] [stdout]   11:     0x5c6d21e9459c - <unknown>
[INFO] [stdout]   12:     0x5c6d21e9fd9d - <unknown>
[INFO] [stdout]   13:     0x5c6d21f032db - <unknown>
[INFO] [stdout]   14:     0x5c6d21eff2a1 - <unknown>
[INFO] [stdout]   15:     0x5c6d21efea8c - <unknown>
[INFO] [stdout]   16:     0x5c6d21f1e72c - <unknown>
[INFO] [stdout]   17:     0x5c6d21ee37f4 - <unknown>
[INFO] [stdout]   18:     0x7bb611fd4dfa - <unknown>
[INFO] [stdout]   19:     0x7bb6120683d4 - clone
[INFO] [stdout]   20:                0x0 - <unknown>
[INFO] [stdout] 
[INFO] [stdout] ---- a_longer_identifier_does_not_match_a_word_pattern stdout ----
[INFO] [stdout] 
[INFO] [stdout] thread 'a_longer_identifier_does_not_match_a_word_pattern' (1110) panicked at tests/cli.rs:39:10:
[INFO] [stdout] run sunsetscan: Os { code: 2, kind: NotFound, message: "No such file or directory" }
[INFO] [stdout] stack backtrace:
[INFO] [stdout]    0:     0x5c6d21ebc3a5 - <unknown>
[INFO] [stdout]    1:     0x5c6d21ea2dca - <unknown>
[INFO] [stdout]    2:     0x5c6d21ebba3b - <unknown>
[INFO] [stdout]    3:     0x5c6d21ebb51f - <unknown>
[INFO] [stdout]    4:     0x5c6d21ebb14a - <unknown>
[INFO] [stdout]    5:     0x5c6d21ebac85 - <unknown>
[INFO] [stdout]    6:     0x5c6d21ee1ac1 - <unknown>
[INFO] [stdout]    7:     0x5c6d21ee1a79 - <unknown>
[INFO] [stdout]    8:     0x5c6d21ee1f7c - <unknown>
[INFO] [stdout]    9:     0x5c6d21ea2c5b - <unknown>
[INFO] [stdout]   10:     0x5c6d21ea6461 - <unknown>
[INFO] [stdout]   11:     0x5c6d21e9459c - <unknown>
[INFO] [stdout]   12:     0x5c6d21e9e7b0 - <unknown>
[INFO] [stdout]   13:     0x5c6d21f032db - <unknown>
[INFO] [stdout]   14:     0x5c6d21eff2a1 - <unknown>
[INFO] [stdout]   15:     0x5c6d21efea8c - <unknown>
[INFO] [stdout]   16:     0x5c6d21f1e72c - <unknown>
[INFO] [stdout]   17:     0x5c6d21ee37f4 - <unknown>
[INFO] [stdout]   18:     0x7bb611fd4dfa - <unknown>
[INFO] [stdout]   19:     0x7bb6120683d4 - clone
[INFO] [stdout]   20:                0x0 - <unknown>
[INFO] [stdout] 
[INFO] [stdout] ---- a_past_due_finding_fails_even_with_fail_within_zero stdout ----
[INFO] [stdout] 
[INFO] [stdout] thread 'a_past_due_finding_fails_even_with_fail_within_zero' (1116) panicked at tests/cli.rs:39:10:
[INFO] [stdout] run sunsetscan: Os { code: 2, kind: NotFound, message: "No such file or directory" }
[INFO] [stdout] stack backtrace:
[INFO] [stdout]    0:     0x5c6d21ebc3a5 - <unknown>
[INFO] [stdout]    1:     0x5c6d21ea2dca - <unknown>
[INFO] [stdout]    2:     0x5c6d21ebba3b - <unknown>
[INFO] [stdout]    3:     0x5c6d21ebb51f - <unknown>
[INFO] [stdout]    4:     0x5c6d21ebb14a - <unknown>
[INFO] [stdout]    5:     0x5c6d21ebac85 - <unknown>
[INFO] [stdout]    6:     0x5c6d21ee1ac1 - <unknown>
[INFO] [stdout]    7:     0x5c6d21ee1a79 - <unknown>
[INFO] [stdout]    8:     0x5c6d21ee1f7c - <unknown>
[INFO] [stdout]    9:     0x5c6d21ea2c5b - <unknown>
[INFO] [stdout]   10:     0x5c6d21ea6461 - <unknown>
[INFO] [stdout]   11:     0x5c6d21e9459c - <unknown>
[INFO] [stdout]   12:     0x5c6d21e9f14d - <unknown>
[INFO] [stdout]   13:     0x5c6d21f032db - <unknown>
[INFO] [stdout]   14:     0x5c6d21eff2a1 - <unknown>
[INFO] [stdout]   15:     0x5c6d21efea8c - <unknown>
[INFO] [stdout]   16:     0x5c6d21f1e72c - <unknown>
[INFO] [stdout]   17:     0x5c6d21ee37f4 - <unknown>
[INFO] [stdout]   18:     0x7bb611fd4dfa - <unknown>
[INFO] [stdout]   19:     0x7bb6120683d4 - clone
[INFO] [stdout]   20:                0x0 - <unknown>
[INFO] [stdout] 
[INFO] [stdout] ---- a_distant_finding_passes_by_default_and_fails_under_strict stdout ----
[INFO] [stdout] 
[INFO] [stdout] thread 'a_distant_finding_passes_by_default_and_fails_under_strict' (1109) panicked at tests/cli.rs:39:10:
[INFO] [stdout] run sunsetscan: Os { code: 2, kind: NotFound, message: "No such file or directory" }
[INFO] [stdout] stack backtrace:
[INFO] [stdout]    0:     0x5c6d21ebc3a5 - <unknown>
[INFO] [stdout]    1:     0x5c6d21ea2dca - <unknown>
[INFO] [stdout]    2:     0x5c6d21ebba3b - <unknown>
[INFO] [stdout]    3:     0x5c6d21ebb51f - <unknown>
[INFO] [stdout]    4:     0x5c6d21ebb14a - <unknown>
[INFO] [stdout]    5:     0x5c6d21ebac85 - <unknown>
[INFO] [stdout]    6:     0x5c6d21ee1ac1 - <unknown>
[INFO] [stdout]    7:     0x5c6d21ee1a79 - <unknown>
[INFO] [stdout]    8:     0x5c6d21ee1f7c - <unknown>
[INFO] [stdout]    9:     0x5c6d21ea2c5b - <unknown>
[INFO] [stdout]   10:     0x5c6d21ea6461 - <unknown>
[INFO] [stdout]   11:     0x5c6d21e9459c - <unknown>
[INFO] [stdout]   12:     0x5c6d21ea0a11 - <unknown>
[INFO] [stdout]   13:     0x5c6d21f032db - <unknown>
[INFO] [stdout]   14:     0x5c6d21eff2a1 - <unknown>
[INFO] [stdout]   15:     0x5c6d21efea8c - <unknown>
[INFO] [stdout]   16:     0x5c6d21f1e72c - <unknown>
[INFO] [stdout]   17:     0x5c6d21ee37f4 - <unknown>
[INFO] [stdout]   18:     0x7bb611fd4dfa - <unknown>
[INFO] [stdout]   19:     0x7bb6120683d4 - clone
[INFO] [stdout]   20:                0x0 - <unknown>
[INFO] [stdout] 
[INFO] [stdout] ---- exclude_globs_drop_whole_paths stdout ----
[INFO] [stdout] 
[INFO] [stdout] thread 'exclude_globs_drop_whole_paths' (1123) panicked at tests/cli.rs:39:10:
[INFO] [stdout] run sunsetscan: Os { code: 2, kind: NotFound, message: "No such file or directory" }
[INFO] [stdout] stack backtrace:
[INFO] [stdout]    0:     0x5c6d21ebc3a5 - <unknown>
[INFO] [stdout]    1:     0x5c6d21ea2dca - <unknown>
[INFO] [stdout]    2:     0x5c6d21ebba3b - <unknown>
[INFO] [stdout]    3:     0x5c6d21ebb51f - <unknown>
[INFO] [stdout]    4:     0x5c6d21ebb14a - <unknown>
[INFO] [stdout]    5:     0x5c6d21ebac85 - <unknown>
[INFO] [stdout]    6:     0x5c6d21ee1ac1 - <unknown>
[INFO] [stdout]    7:     0x5c6d21ee1a79 - <unknown>
[INFO] [stdout]    8:     0x5c6d21ee1f7c - <unknown>
[INFO] [stdout]    9:     0x5c6d21ea2c5b - <unknown>
[INFO] [stdout]   10:     0x5c6d21ea6461 - <unknown>
[INFO] [stdout]   11:     0x5c6d21e9459c - <unknown>
[INFO] [stdout]   12:     0x5c6d21e98891 - <unknown>
[INFO] [stdout]   13:     0x5c6d21f032db - <unknown>
[INFO] [stdout]   14:     0x5c6d21eff2a1 - <unknown>
[INFO] [stdout]   15:     0x5c6d21efea8c - <unknown>
[INFO] [stdout]   16:     0x5c6d21f1e72c - <unknown>
[INFO] [stdout]   17:     0x5c6d21ee37f4 - <unknown>
[INFO] [stdout]   18:     0x7bb611fd4dfa - <unknown>
[INFO] [stdout]   19:     0x7bb6120683d4 - clone
[INFO] [stdout]   20:                0x0 - <unknown>
[INFO] [stdout] 
[INFO] [stdout] ---- a_missing_directory_exits_two stdout ----
[INFO] [stdout] 
[INFO] [stdout] thread 'a_missing_directory_exits_two' (1113) panicked at tests/cli.rs:48:10:
[INFO] [stdout] run sunsetscan: Os { code: 2, kind: NotFound, message: "No such file or directory" }
[INFO] [stdout] stack backtrace:
[INFO] [stdout]    0:     0x5c6d21ebc3a5 - <unknown>
[INFO] [stdout]    1:     0x5c6d21ea2dca - <unknown>
[INFO] [stdout]    2:     0x5c6d21ebba3b - <unknown>
[INFO] [stdout]    3:     0x5c6d21ebb51f - <unknown>
[INFO] [stdout]    4:     0x5c6d21ebb14a - <unknown>
[INFO] [stdout]    5:     0x5c6d21ebac85 - <unknown>
[INFO] [stdout]    6:     0x5c6d21ee1ac1 - <unknown>
[INFO] [stdout]    7:     0x5c6d21ee1a79 - <unknown>
[INFO] [stdout]    8:     0x5c6d21ee1f7c - <unknown>
[INFO] [stdout]    9:     0x5c6d21ea2c5b - <unknown>
[INFO] [stdout]   10:     0x5c6d21ea6461 - <unknown>
[INFO] [stdout]   11:     0x5c6d21e96a69 - <unknown>
[INFO] [stdout]   12:     0x5c6d21e986c4 - <unknown>
[INFO] [stdout]   13:     0x5c6d21f032db - <unknown>
[INFO] [stdout]   14:     0x5c6d21eff2a1 - <unknown>
[INFO] [stdout]   15:     0x5c6d21efea8c - <unknown>
[INFO] [stdout]   16:     0x5c6d21f1e72c - <unknown>
[INFO] [stdout]   17:     0x5c6d21ee37f4 - <unknown>
[INFO] [stdout]   18:     0x7bb611fd4dfa - <unknown>
[INFO] [stdout]   19:     0x7bb6120683d4 - clone
[INFO] [stdout]   20:                0x0 - <unknown>
[INFO] [stdout] 
[INFO] [stdout] ---- a_comment_only_mention_is_reported_because_matching_is_textual stdout ----
[INFO] [stdout] 
[INFO] [stdout] thread 'a_comment_only_mention_is_reported_because_matching_is_textual' (1107) panicked at tests/cli.rs:39:10:
[INFO] [stdout] run sunsetscan: Os { code: 2, kind: NotFound, message: "No such file or directory" }
[INFO] [stdout] stack backtrace:
[INFO] [stdout]    0:     0x5c6d21ebc3a5 - <unknown>
[INFO] [stdout]    1:     0x5c6d21ea2dca - <unknown>
[INFO] [stdout]    2:     0x5c6d21ebba3b - <unknown>
[INFO] [stdout]    3:     0x5c6d21ebb51f - <unknown>
[INFO] [stdout]    4:     0x5c6d21ebb14a - <unknown>
[INFO] [stdout]    5:     0x5c6d21ebac85 - <unknown>
[INFO] [stdout]    6:     0x5c6d21ee1ac1 - <unknown>
[INFO] [stdout]    7:     0x5c6d21ee1a79 - <unknown>
[INFO] [stdout]    8:     0x5c6d21ee1f7c - <unknown>
[INFO] [stdout]    9:     0x5c6d21ea2c5b - <unknown>
[INFO] [stdout]   10:     0x5c6d21ea6461 - <unknown>
[INFO] [stdout]   11:     0x5c6d21e9459c - <unknown>
[INFO] [stdout]   12:     0x5c6d21ea0d8e - <unknown>
[INFO] [stdout]   13:     0x5c6d21f032db - <unknown>
[INFO] [stdout]   14:     0x5c6d21eff2a1 - <unknown>
[INFO] [stdout]   15:     0x5c6d21efea8c - <unknown>
[INFO] [stdout]   16:     0x5c6d21f1e72c - <unknown>
[INFO] [stdout]   17:     0x5c6d21ee37f4 - <unknown>
[INFO] [stdout]   18:     0x7bb611fd4dfa - <unknown>
[INFO] [stdout]   19:     0x7bb6120683d4 - clone
[INFO] [stdout]   20:                0x0 - <unknown>
[INFO] [stdout] 
[INFO] [stdout] ---- a_malformed_as_of_exits_two stdout ----
[INFO] [stdout] 
[INFO] [stdout] thread 'a_malformed_as_of_exits_two' (1111) panicked at tests/cli.rs:39:10:
[INFO] [stdout] run sunsetscan: Os { code: 2, kind: NotFound, message: "No such file or directory" }
[INFO] [stdout] stack backtrace:
[INFO] [stdout]    0:     0x5c6d21ebc3a5 - <unknown>
[INFO] [stdout]    1:     0x5c6d21ea2dca - <unknown>
[INFO] [stdout]    2:     0x5c6d21ebba3b - <unknown>
[INFO] [stdout]    3:     0x5c6d21ebb51f - <unknown>
[INFO] [stdout]    4:     0x5c6d21ebb14a - <unknown>
[INFO] [stdout]    5:     0x5c6d21ebac85 - <unknown>
[INFO] [stdout]    6:     0x5c6d21ee1ac1 - <unknown>
[INFO] [stdout]    7:     0x5c6d21ee1a79 - <unknown>
[INFO] [stdout]    8:     0x5c6d21ee1f7c - <unknown>
[INFO] [stdout]    9:     0x5c6d21ea2c5b - <unknown>
[INFO] [stdout]   10:     0x5c6d21ea6461 - <unknown>
[INFO] [stdout]   11:     0x5c6d21e9459c - <unknown>
[INFO] [stdout]   12:     0x5c6d21e984ce - <unknown>
[INFO] [stdout]   13:     0x5c6d21f032db - <unknown>
[INFO] [stdout]   14:     0x5c6d21eff2a1 - <unknown>
[INFO] [stdout]   15:     0x5c6d21efea8c - <unknown>
[INFO] [stdout]   16:     0x5c6d21f1e72c - <unknown>
[INFO] [stdout]   17:     0x5c6d21ee37f4 - <unknown>
[INFO] [stdout]   18:     0x7bb611fd4dfa - <unknown>
[INFO] [stdout]   19:     0x7bb6120683d4 - clone
[INFO] [stdout]   20:                0x0 - <unknown>
[INFO] [stdout] 
[INFO] [stdout] ---- a_clean_repository_exits_zero_and_says_nothing_was_found stdout ----
[INFO] [stdout] 
[INFO] [stdout] thread 'a_clean_repository_exits_zero_and_says_nothing_was_found' (1106) panicked at tests/cli.rs:39:10:
[INFO] [stdout] run sunsetscan: Os { code: 2, kind: NotFound, message: "No such file or directory" }
[INFO] [stdout] stack backtrace:
[INFO] [stdout]    0:     0x5c6d21ebc3a5 - <unknown>
[INFO] [stdout]    1:     0x5c6d21ea2dca - <unknown>
[INFO] [stdout]    2:     0x5c6d21ebba3b - <unknown>
[INFO] [stdout]    3:     0x5c6d21ebb51f - <unknown>
[INFO] [stdout]    4:     0x5c6d21ebb14a - <unknown>
[INFO] [stdout]    5:     0x5c6d21ebac85 - <unknown>
[INFO] [stdout]    6:     0x5c6d21ee1ac1 - <unknown>
[INFO] [stdout]    7:     0x5c6d21ee1a79 - <unknown>
[INFO] [stdout]    8:     0x5c6d21ee1f7c - <unknown>
[INFO] [stdout]    9:     0x5c6d21ea2c5b - <unknown>
[INFO] [stdout]   10:     0x5c6d21ea6461 - <unknown>
[INFO] [stdout]   11:     0x5c6d21e9459c - <unknown>
[INFO] [stdout]   12:     0x5c6d21ea0141 - <unknown>
[INFO] [stdout]   13:     0x5c6d21f032db - <unknown>
[INFO] [stdout]   14:     0x5c6d21eff2a1 - <unknown>
[INFO] [stdout]   15:     0x5c6d21efea8c - <unknown>
[INFO] [stdout]   16:     0x5c6d21f1e72c - <unknown>
[INFO] [stdout]   17:     0x5c6d21ee37f4 - <unknown>
[INFO] [stdout]   18:     0x7bb611fd4dfa - <unknown>
[INFO] [stdout]   19:     0x7bb6120683d4 - clone
[INFO] [stdout]   20:                0x0 - <unknown>
[INFO] [stdout] 
[INFO] [stdout] ---- all_files_widens_the_extension_filter stdout ----
[INFO] [stdout] 
[INFO] [stdout] thread 'all_files_widens_the_extension_filter' (1117) panicked at tests/cli.rs:39:10:
[INFO] [stdout] run sunsetscan: Os { code: 2, kind: NotFound, message: "No such file or directory" }
[INFO] [stdout] stack backtrace:
[INFO] [stdout]    0:     0x5c6d21ebc3a5 - <unknown>
[INFO] [stdout]    1:     0x5c6d21ea2dca - <unknown>
[INFO] [stdout]    2:     0x5c6d21ebba3b - <unknown>
[INFO] [stdout]    3:     0x5c6d21ebb51f - <unknown>
[INFO] [stdout]    4:     0x5c6d21ebb14a - <unknown>
[INFO] [stdout]    5:     0x5c6d21ebac85 - <unknown>
[INFO] [stdout]    6:     0x5c6d21ee1ac1 - <unknown>
[INFO] [stdout]    7:     0x5c6d21ee1a79 - <unknown>
[INFO] [stdout]    8:     0x5c6d21ee1f7c - <unknown>
[INFO] [stdout]    9:     0x5c6d21ea2c5b - <unknown>
[INFO] [stdout]   10:     0x5c6d21ea6461 - <unknown>
[INFO] [stdout]   11:     0x5c6d21e9459c - <unknown>
[INFO] [stdout]   12:     0x5c6d21e99a6d - <unknown>
[INFO] [stdout]   13:     0x5c6d21f032db - <unknown>
[INFO] [stdout]   14:     0x5c6d21eff2a1 - <unknown>
[INFO] [stdout]   15:     0x5c6d21efea8c - <unknown>
[INFO] [stdout]   16:     0x5c6d21f1e72c - <unknown>
[INFO] [stdout]   17:     0x5c6d21ee37f4 - <unknown>
[INFO] [stdout]   18:     0x7bb611fd4dfa - <unknown>
[INFO] [stdout]   19:     0x7bb6120683d4 - clone
[INFO] [stdout]   20:                0x0 - <unknown>
[INFO] [stdout] 
[INFO] [stdout] ---- as_of_drives_days_remaining_and_the_severity_bucket stdout ----
[INFO] [stdout] 
[INFO] [stdout] thread 'as_of_drives_days_remaining_and_the_severity_bucket' (1120) panicked at tests/cli.rs:39:10:
[INFO] [stdout] run sunsetscan: Os { code: 2, kind: NotFound, message: "No such file or directory" }
[INFO] [stdout] stack backtrace:
[INFO] [stdout]    0:     0x5c6d21ebc3a5 - <unknown>
[INFO] [stdout]    1:     0x5c6d21ea2dca - <unknown>
[INFO] [stdout]    2:     0x5c6d21ebba3b - <unknown>
[INFO] [stdout]    3:     0x5c6d21ebb51f - <unknown>
[INFO] [stdout]    4:     0x5c6d21ebb14a - <unknown>
[INFO] [stdout]    5:     0x5c6d21ebac85 - <unknown>
[INFO] [stdout]    6:     0x5c6d21ee1ac1 - <unknown>
[INFO] [stdout]    7:     0x5c6d21ee1a79 - <unknown>
[INFO] [stdout]    8:     0x5c6d21ee1f7c - <unknown>
[INFO] [stdout]    9:     0x5c6d21ea2c5b - <unknown>
[INFO] [stdout]   10:     0x5c6d21ea6461 - <unknown>
[INFO] [stdout]   11:     0x5c6d21e9459c - <unknown>
[INFO] [stdout]   12:     0x5c6d21e9f34e - <unknown>
[INFO] [stdout]   13:     0x5c6d21f032db - <unknown>
[INFO] [stdout]   14:     0x5c6d21eff2a1 - <unknown>
[INFO] [stdout]   15:     0x5c6d21efea8c - <unknown>
[INFO] [stdout]   16:     0x5c6d21f1e72c - <unknown>
[INFO] [stdout]   17:     0x5c6d21ee37f4 - <unknown>
[INFO] [stdout]   18:     0x7bb611fd4dfa - <unknown>
[INFO] [stdout]   19:     0x7bb6120683d4 - clone
[INFO] [stdout]   20:                0x0 - <unknown>
[INFO] [stdout] 
[INFO] [stdout] ---- an_unknown_entry_id_is_a_usage_error stdout ----
[INFO] [stdout] 
[INFO] [stdout] thread 'an_unknown_entry_id_is_a_usage_error' (1118) panicked at tests/cli.rs:39:10:
[INFO] [stdout] run sunsetscan: Os { code: 2, kind: NotFound, message: "No such file or directory" }
[INFO] [stdout] stack backtrace:
[INFO] [stdout]    0:     0x5c6d21ebc3a5 - <unknown>
[INFO] [stdout]    1:     0x5c6d21ea2dca - <unknown>
[INFO] [stdout]    2:     0x5c6d21ebba3b - <unknown>
[INFO] [stdout]    3:     0x5c6d21ebb51f - <unknown>
[INFO] [stdout]    4:     0x5c6d21ebb14a - <unknown>
[INFO] [stdout]    5:     0x5c6d21ebac85 - <unknown>
[INFO] [stdout]    6:     0x5c6d21ee1ac1 - <unknown>
[INFO] [stdout]    7:     0x5c6d21ee1a79 - <unknown>
[INFO] [stdout]    8:     0x5c6d21ee1f7c - <unknown>
[INFO] [stdout]    9:     0x5c6d21ea2c5b - <unknown>
[INFO] [stdout]   10:     0x5c6d21ea6461 - <unknown>
[INFO] [stdout]   11:     0x5c6d21e9459c - <unknown>
[INFO] [stdout]   12:     0x5c6d21e997f1 - <unknown>
[INFO] [stdout]   13:     0x5c6d21f032db - <unknown>
[INFO] [stdout]   14:     0x5c6d21eff2a1 - <unknown>
[INFO] [stdout]   15:     0x5c6d21efea8c - <unknown>
[INFO] [stdout]   16:     0x5c6d21f1e72c - <unknown>
[INFO] [stdout]   17:     0x5c6d21ee37f4 - <unknown>
[INFO] [stdout]   18:     0x7bb611fd4dfa - <unknown>
[INFO] [stdout]   19:     0x7bb6120683d4 - clone
[INFO] [stdout]   20:                0x0 - <unknown>
[INFO] [stdout] 
[INFO] [stdout] ---- fail_within_is_inclusive_at_the_boundary stdout ----
[INFO] [stdout] 
[INFO] [stdout] thread 'fail_within_is_inclusive_at_the_boundary' (1124) panicked at tests/cli.rs:39:10:
[INFO] [stdout] run sunsetscan: Os { code: 2, kind: NotFound, message: "No such file or directory" }
[INFO] [stdout] stack backtrace:
[INFO] [stdout]    0:     0x5c6d21ebc3a5 - <unknown>
[INFO] [stdout]    1:     0x5c6d21ea2dca - <unknown>
[INFO] [stdout]    2:     0x5c6d21ebba3b - <unknown>
[INFO] [stdout]    3:     0x5c6d21ebb51f - <unknown>
[INFO] [stdout]    4:     0x5c6d21ebb14a - <unknown>
[INFO] [stdout]    5:     0x5c6d21ebac85 - <unknown>
[INFO] [stdout]    6:     0x5c6d21ee1ac1 - <unknown>
[INFO] [stdout]    7:     0x5c6d21ee1a79 - <unknown>
[INFO] [stdout]    8:     0x5c6d21ee1f7c - <unknown>
[INFO] [stdout]    9:     0x5c6d21ea2c5b - <unknown>
[INFO] [stdout]   10:     0x5c6d21ea6461 - <unknown>
[INFO] [stdout]   11:     0x5c6d21e9459c - <unknown>
[INFO] [stdout]   12:     0x5c6d21e9d049 - <unknown>
[INFO] [stdout]   13:     0x5c6d21f032db - <unknown>
[INFO] [stdout]   14:     0x5c6d21eff2a1 - <unknown>
[INFO] [stdout]   15:     0x5c6d21efea8c - <unknown>
[INFO] [stdout]   16:     0x5c6d21f1e72c - <unknown>
[INFO] [stdout]   17:     0x5c6d21ee37f4 - <unknown>
[INFO] [stdout]   18:     0x7bb611fd4dfa - <unknown>
[INFO] [stdout]   19:     0x7bb6120683d4 - clone
[INFO] [stdout]   20:                0x0 - <unknown>
[INFO] [stdout] 
[INFO] [stdout] ---- only_and_skip_narrow_the_catalog stdout ----
[INFO] [stdout] 
[INFO] [stdout] thread 'only_and_skip_narrow_the_catalog' (1145) panicked at tests/cli.rs:39:10:
[INFO] [stdout] run sunsetscan: Os { code: 2, kind: NotFound, message: "No such file or directory" }
[INFO] [stdout] stack backtrace:
[INFO] [stdout]    0:     0x5c6d21ebc3a5 - <unknown>
[INFO] [stdout]    1:     0x5c6d21ea2dca - <unknown>
[INFO] [stdout]    2:     0x5c6d21ebba3b - <unknown>
[INFO] [stdout]    3:     0x5c6d21ebb51f - <unknown>
[INFO] [stdout]    4:     0x5c6d21ebb14a - <unknown>
[INFO] [stdout]    5:     0x5c6d21ebac85 - <unknown>
[INFO] [stdout]    6:     0x5c6d21ee1ac1 - <unknown>
[INFO] [stdout]    7:     0x5c6d21ee1a79 - <unknown>
[INFO] [stdout]    8:     0x5c6d21ee1f7c - <unknown>
[INFO] [stdout]    9:     0x5c6d21ea2c5b - <unknown>
[INFO] [stdout]   10:     0x5c6d21ea6461 - <unknown>
[INFO] [stdout]   11:     0x5c6d21e9459c - <unknown>
[INFO] [stdout]   12:     0x5c6d21e98be1 - <unknown>
[INFO] [stdout]   13:     0x5c6d21f032db - <unknown>
[INFO] [stdout]   14:     0x5c6d21eff2a1 - <unknown>
[INFO] [stdout]   15:     0x5c6d21efea8c - <unknown>
[INFO] [stdout]   16:     0x5c6d21f1e72c - <unknown>
[INFO] [stdout]   17:     0x5c6d21ee37f4 - <unknown>
[INFO] [stdout]   18:     0x7bb611fd4dfa - <unknown>
[INFO] [stdout]   19:     0x7bb6120683d4 - clone
[INFO] [stdout]   20:                0x0 - <unknown>
[INFO] [stdout] 
[INFO] [stdout] ---- a_malformed_custom_catalog_is_a_usage_error stdout ----
[INFO] [stdout] 
[INFO] [stdout] thread 'a_malformed_custom_catalog_is_a_usage_error' (1112) panicked at tests/cli.rs:39:10:
[INFO] [stdout] run sunsetscan: Os { code: 2, kind: NotFound, message: "No such file or directory" }
[INFO] [stdout] stack backtrace:
[INFO] [stdout]    0:     0x5c6d21ebc3a5 - <unknown>
[INFO] [stdout]    1:     0x5c6d21ea2dca - <unknown>
[INFO] [stdout]    2:     0x5c6d21ebba3b - <unknown>
[INFO] [stdout]    3:     0x5c6d21ebb51f - <unknown>
[INFO] [stdout]    4:     0x5c6d21ebb14a - <unknown>
[INFO] [stdout]    5:     0x5c6d21ebac85 - <unknown>
[INFO] [stdout]    6:     0x5c6d21ee1ac1 - <unknown>
[INFO] [stdout]    7:     0x5c6d21ee1a79 - <unknown>
[INFO] [stdout]    8:     0x5c6d21ee1f7c - <unknown>
[INFO] [stdout]    9:     0x5c6d21ea2c5b - <unknown>
[INFO] [stdout]   10:     0x5c6d21ea6461 - <unknown>
[INFO] [stdout]   11:     0x5c6d21e9459c - <unknown>
[INFO] [stdout]   12:     0x5c6d21e9dc82 - <unknown>
[INFO] [stdout]   13:     0x5c6d21f032db - <unknown>
[INFO] [stdout]   14:     0x5c6d21eff2a1 - <unknown>
[INFO] [stdout]   15:     0x5c6d21efea8c - <unknown>
[INFO] [stdout]   16:     0x5c6d21f1e72c - <unknown>
[INFO] [stdout]   17:     0x5c6d21ee37f4 - <unknown>
[INFO] [stdout]   18:     0x7bb611fd4dfa - <unknown>
[INFO] [stdout]   19:     0x7bb6120683d4 - clone
[INFO] [stdout]   20:                0x0 - <unknown>
[INFO] [stdout] 
[INFO] [stdout] ---- a_negative_fail_within_exits_two stdout ----
[INFO] [stdout] 
[INFO] [stdout] thread 'a_negative_fail_within_exits_two' (1114) panicked at tests/cli.rs:39:10:
[INFO] [stdout] run sunsetscan: Os { code: 2, kind: NotFound, message: "No such file or directory" }
[INFO] [stdout] stack backtrace:
[INFO] [stdout]    0:     0x5c6d21ebc3a5 - <unknown>
[INFO] [stdout]    1:     0x5c6d21ea2dca - <unknown>
[INFO] [stdout]    2:     0x5c6d21ebba3b - <unknown>
[INFO] [stdout]    3:     0x5c6d21ebb51f - <unknown>
[INFO] [stdout]    4:     0x5c6d21ebb14a - <unknown>
[INFO] [stdout]    5:     0x5c6d21ebac85 - <unknown>
[INFO] [stdout]    6:     0x5c6d21ee1ac1 - <unknown>
[INFO] [stdout]    7:     0x5c6d21ee1a79 - <unknown>
[INFO] [stdout]    8:     0x5c6d21ee1f7c - <unknown>
[INFO] [stdout]    9:     0x5c6d21ea2c5b - <unknown>
[INFO] [stdout]   10:     0x5c6d21ea6461 - <unknown>
[INFO] [stdout]   11:     0x5c6d21e9459c - <unknown>
[INFO] [stdout]   12:     0x5c6d21e98a79 - <unknown>
[INFO] [stdout]   13:     0x5c6d21f032db - <unknown>
[INFO] [stdout]   14:     0x5c6d21eff2a1 - <unknown>
[INFO] [stdout]   15:     0x5c6d21efea8c - <unknown>
[INFO] [stdout]   16:     0x5c6d21f1e72c - <unknown>
[INFO] [stdout]   17:     0x5c6d21ee37f4 - <unknown>
[INFO] [stdout]   18:     0x7bb611fd4dfa - <unknown>
[INFO] [stdout]   19:     0x7bb6120683d4 - clone
[INFO] [stdout]   20:                0x0 - <unknown>
[INFO] [stdout] 
[INFO] [stdout] ---- list_prints_the_catalog_with_dates_and_days_remaining stdout ----
[INFO] [stdout] 
[INFO] [stdout] thread 'list_prints_the_catalog_with_dates_and_days_remaining' (1143) panicked at tests/cli.rs:48:10:
[INFO] [stdout] run sunsetscan: Os { code: 2, kind: NotFound, message: "No such file or directory" }
[INFO] [stdout] stack backtrace:
[INFO] [stdout]    0:     0x5c6d21ebc3a5 - <unknown>
[INFO] [stdout]    1:     0x5c6d21ea2dca - <unknown>
[INFO] [stdout]    2:     0x5c6d21ebba3b - <unknown>
[INFO] [stdout]    3:     0x5c6d21ebb51f - <unknown>
[INFO] [stdout]    4:     0x5c6d21ebb14a - <unknown>
[INFO] [stdout]    5:     0x5c6d21ebac85 - <unknown>
[INFO] [stdout]    6:     0x5c6d21ee1ac1 - <unknown>
[INFO] [stdout]    7:     0x5c6d21ee1a79 - <unknown>
[INFO] [stdout]    8:     0x5c6d21ee1f7c - <unknown>
[INFO] [stdout]    9:     0x5c6d21ea2c5b - <unknown>
[INFO] [stdout]   10:     0x5c6d21ea6461 - <unknown>
[INFO] [stdout]   11:     0x5c6d21e96a69 - <unknown>
[INFO] [stdout]   12:     0x5c6d21e9f9a9 - <unknown>
[INFO] [stdout]   13:     0x5c6d21f032db - <unknown>
[INFO] [stdout]   14:     0x5c6d21eff2a1 - <unknown>
[INFO] [stdout]   15:     0x5c6d21efea8c - <unknown>
[INFO] [stdout]   16:     0x5c6d21f1e72c - <unknown>
[INFO] [stdout]   17:     0x5c6d21ee37f4 - <unknown>
[INFO] [stdout]   18:     0x7bb611fd4dfa - <unknown>
[INFO] [stdout]   19:     0x7bb6120683d4 - clone
[INFO] [stdout]   20:                0x0 - <unknown>
[INFO] [stdout] 
[INFO] [stdout] ---- help_and_version_work stdout ----
[INFO] [stdout] 
[INFO] [stdout] thread 'help_and_version_work' (1140) panicked at tests/cli.rs:48:10:
[INFO] [stdout] run sunsetscan: Os { code: 2, kind: NotFound, message: "No such file or directory" }
[INFO] [stdout] stack backtrace:
[INFO] [stdout]    0:     0x5c6d21ebc3a5 - <unknown>
[INFO] [stdout]    1:     0x5c6d21ea2dca - <unknown>
[INFO] [stdout]    2:     0x5c6d21ebba3b - <unknown>
[INFO] [stdout]    3:     0x5c6d21ebb51f - <unknown>
[INFO] [stdout]    4:     0x5c6d21ebb14a - <unknown>
[INFO] [stdout]    5:     0x5c6d21ebac85 - <unknown>
[INFO] [stdout]    6:     0x5c6d21ee1ac1 - <unknown>
[INFO] [stdout]    7:     0x5c6d21ee1a79 - <unknown>
[INFO] [stdout]    8:     0x5c6d21ee1f7c - <unknown>
[INFO] [stdout]    9:     0x5c6d21ea2c5b - <unknown>
[INFO] [stdout]   10:     0x5c6d21ea6461 - <unknown>
[INFO] [stdout]   11:     0x5c6d21e96a69 - <unknown>
[INFO] [stdout]   12:     0x5c6d21e98089 - <unknown>
[INFO] [stdout]   13:     0x5c6d21f032db - <unknown>
[INFO] [stdout]   14:     0x5c6d21eff2a1 - <unknown>
[INFO] [stdout]   15:     0x5c6d21efea8c - <unknown>
[INFO] [stdout]   16:     0x5c6d21f1e72c - <unknown>
[INFO] [stdout]   17:     0x5c6d21ee37f4 - <unknown>
[INFO] [stdout]   18:     0x7bb611fd4dfa - <unknown>
[INFO] [stdout]   19:     0x7bb6120683d4 - clone
[INFO] [stdout]   20:                0x0 - <unknown>
[INFO] [stdout] 
[INFO] [stdout] ---- skipping_every_entry_is_a_usage_error stdout ----
[INFO] [stdout] 
[INFO] [stdout] thread 'skipping_every_entry_is_a_usage_error' (1150) panicked at tests/cli.rs:39:10:
[INFO] [stdout] run sunsetscan: Os { code: 2, kind: NotFound, message: "No such file or directory" }
[INFO] [stdout] stack backtrace:
[INFO] [stdout]    0:     0x5c6d21ebc3a5 - <unknown>
[INFO] [stdout]    1:     0x5c6d21ea2dca - <unknown>
[INFO] [stdout]    2:     0x5c6d21ebba3b - <unknown>
[INFO] [stdout]    3:     0x5c6d21ebb51f - <unknown>
[INFO] [stdout]    4:     0x5c6d21ebb14a - <unknown>
[INFO] [stdout]    5:     0x5c6d21ebac85 - <unknown>
[INFO] [stdout]    6:     0x5c6d21ee1ac1 - <unknown>
[INFO] [stdout]    7:     0x5c6d21ee1a79 - <unknown>
[INFO] [stdout]    8:     0x5c6d21ee1f7c - <unknown>
[INFO] [stdout]    9:     0x5c6d21ea2c5b - <unknown>
[INFO] [stdout]   10:     0x5c6d21ea6461 - <unknown>
[INFO] [stdout]   11:     0x5c6d21e9459c - <unknown>
[INFO] [stdout]   12:     0x5c6d21e9b37f - <unknown>
[INFO] [stdout]   13:     0x5c6d21f032db - <unknown>
[INFO] [stdout]   14:     0x5c6d21eff2a1 - <unknown>
[INFO] [stdout]   15:     0x5c6d21efea8c - <unknown>
[INFO] [stdout]   16:     0x5c6d21f1e72c - <unknown>
[INFO] [stdout]   17:     0x5c6d21ee37f4 - <unknown>
[INFO] [stdout]   18:     0x7bb611fd4dfa - <unknown>
[INFO] [stdout]   19:     0x7bb6120683d4 - clone
[INFO] [stdout]   20:                0x0 - <unknown>
[INFO] [stdout] 
[INFO] [stdout] ---- reports_assistants_api_call_sites_with_line_numbers_and_the_migration_path stdout ----
[INFO] [stdout] 
[INFO] [stdout] thread 'reports_assistants_api_call_sites_with_line_numbers_and_the_migration_path' (1148) panicked at tests/cli.rs:39:10:
[INFO] [stdout] run sunsetscan: Os { code: 2, kind: NotFound, message: "No such file or directory" }
[INFO] [stdout] stack backtrace:
[INFO] [stdout]    0:     0x5c6d21ebc3a5 - <unknown>
[INFO] [stdout]    1:     0x5c6d21ea2dca - <unknown>
[INFO] [stdout]    2:     0x5c6d21ebba3b - <unknown>
[INFO] [stdout]    3:     0x5c6d21ebb51f - <unknown>
[INFO] [stdout]    4:     0x5c6d21ebb14a - <unknown>
[INFO] [stdout]    5:     0x5c6d21ebac85 - <unknown>
[INFO] [stdout]    6:     0x5c6d21ee1ac1 - <unknown>
[INFO] [stdout]    7:     0x5c6d21ee1a79 - <unknown>
[INFO] [stdout]    8:     0x5c6d21ee1f7c - <unknown>
[INFO] [stdout]    9:     0x5c6d21ea2c5b - <unknown>
[INFO] [stdout]   10:     0x5c6d21ea6461 - <unknown>
[INFO] [stdout]   11:     0x5c6d21e9459c - <unknown>
[INFO] [stdout]   12:     0x5c6d21ea0ff4 - <unknown>
[INFO] [stdout]   13:     0x5c6d21f032db - <unknown>
[INFO] [stdout]   14:     0x5c6d21eff2a1 - <unknown>
[INFO] [stdout]   15:     0x5c6d21efea8c - <unknown>
[INFO] [stdout]   16:     0x5c6d21f1e72c - <unknown>
[INFO] [stdout]   17:     0x5c6d21ee37f4 - <unknown>
[INFO] [stdout]   18:     0x7bb611fd4dfa - <unknown>
[INFO] [stdout]   19:     0x7bb6120683d4 - clone
[INFO] [stdout]   20:                0x0 - <unknown>
[INFO] [stdout] 
[INFO] [stdout] ---- a_custom_catalog_adds_and_overrides_entries stdout ----
[INFO] [stdout] 
[INFO] [stdout] thread 'a_custom_catalog_adds_and_overrides_entries' (1108) panicked at tests/cli.rs:39:10:
[INFO] [stdout] run sunsetscan: Os { code: 2, kind: NotFound, message: "No such file or directory" }
[INFO] [stdout] stack backtrace:
[INFO] [stdout]    0:     0x5c6d21ebc3a5 - <unknown>
[INFO] [stdout]    1:     0x5c6d21ea2dca - <unknown>
[INFO] [stdout]    2:     0x5c6d21ebba3b - <unknown>
[INFO] [stdout]    3:     0x5c6d21ebb51f - <unknown>
[INFO] [stdout]    4:     0x5c6d21ebb14a - <unknown>
[INFO] [stdout]    5:     0x5c6d21ebac85 - <unknown>
[INFO] [stdout]    6:     0x5c6d21ee1ac1 - <unknown>
[INFO] [stdout]    7:     0x5c6d21ee1a79 - <unknown>
[INFO] [stdout]    8:     0x5c6d21ee1f7c - <unknown>
[INFO] [stdout]    9:     0x5c6d21ea2c5b - <unknown>
[INFO] [stdout]   10:     0x5c6d21ea6461 - <unknown>
[INFO] [stdout]   11:     0x5c6d21e9459c - <unknown>
[INFO] [stdout]   12:     0x5c6d21e9d7f2 - <unknown>
[INFO] [stdout]   13:     0x5c6d21f032db - <unknown>
[INFO] [stdout]   14:     0x5c6d21eff2a1 - <unknown>
[INFO] [stdout]   15:     0x5c6d21efea8c - <unknown>
[INFO] [stdout]   16:     0x5c6d21f1e72c - <unknown>
[INFO] [stdout]   17:     0x5c6d21ee37f4 - <unknown>
[INFO] [stdout]   18:     0x7bb611fd4dfa - <unknown>
[INFO] [stdout]   19:     0x7bb6120683d4 - clone
[INFO] [stdout]   20:                0x0 - <unknown>
[INFO] [stdout] 
[INFO] [stdout] ---- quiet_prints_one_line_to_stdout_and_the_caveat_to_stderr stdout ----
[INFO] [stdout] 
[INFO] [stdout] thread 'quiet_prints_one_line_to_stdout_and_the_caveat_to_stderr' (1147) panicked at tests/cli.rs:39:10:
[INFO] [stdout] run sunsetscan: Os { code: 2, kind: NotFound, message: "No such file or directory" }
[INFO] [stdout] stack backtrace:
[INFO] [stdout]    0:     0x5c6d21ebc3a5 - <unknown>
[INFO] [stdout]    1:     0x5c6d21ea2dca - <unknown>
[INFO] [stdout]    2:     0x5c6d21ebba3b - <unknown>
[INFO] [stdout]    3:     0x5c6d21ebb51f - <unknown>
[INFO] [stdout]    4:     0x5c6d21ebb14a - <unknown>
[INFO] [stdout]    5:     0x5c6d21ebac85 - <unknown>
[INFO] [stdout]    6:     0x5c6d21ee1ac1 - <unknown>
[INFO] [stdout]    7:     0x5c6d21ee1a79 - <unknown>
[INFO] [stdout]    8:     0x5c6d21ee1f7c - <unknown>
[INFO] [stdout]    9:     0x5c6d21ea2c5b - <unknown>
[INFO] [stdout]   10:     0x5c6d21ea6461 - <unknown>
[INFO] [stdout]   11:     0x5c6d21e9459c - <unknown>
[INFO] [stdout]   12:     0x5c6d21ea0464 - <unknown>
[INFO] [stdout]   13:     0x5c6d21f032db - <unknown>
[INFO] [stdout]   14:     0x5c6d21eff2a1 - <unknown>
[INFO] [stdout]   15:     0x5c6d21efea8c - <unknown>
[INFO] [stdout]   16:     0x5c6d21f1e72c - <unknown>
[INFO] [stdout]   17:     0x5c6d21ee37f4 - <unknown>
[INFO] [stdout]   18:     0x7bb611fd4dfa - <unknown>
[INFO] [stdout]   19:     0x7bb6120683d4 - clone
[INFO] [stdout]   20:                0x0 - <unknown>
[INFO] [stdout] 
[INFO] [stdout] ---- list_json_is_valid_and_carries_every_entry stdout ----
[INFO] [stdout] 
[INFO] [stdout] thread 'list_json_is_valid_and_carries_every_entry' (1142) panicked at tests/cli.rs:48:10:
[INFO] [stdout] run sunsetscan: Os { code: 2, kind: NotFound, message: "No such file or directory" }
[INFO] [stdout] stack backtrace:
[INFO] [stdout]    0:     0x5c6d21ebc3a5 - <unknown>
[INFO] [stdout]    1:     0x5c6d21ea2dca - <unknown>
[INFO] [stdout]    2:     0x5c6d21ebba3b - <unknown>
[INFO] [stdout]    3:     0x5c6d21ebb51f - <unknown>
[INFO] [stdout]    4:     0x5c6d21ebb14a - <unknown>
[INFO] [stdout]    5:     0x5c6d21ebac85 - <unknown>
[INFO] [stdout]    6:     0x5c6d21ee1ac1 - <unknown>
[INFO] [stdout]    7:     0x5c6d21ee1a79 - <unknown>
[INFO] [stdout]    8:     0x5c6d21ee1f7c - <unknown>
[INFO] [stdout]    9:     0x5c6d21ea2c5b - <unknown>
[INFO] [stdout]   10:     0x5c6d21ea6461 - <unknown>
[INFO] [stdout]   11:     0x5c6d21e96a69 - <unknown>
[INFO] [stdout]   12:     0x5c6d21e9d4d6 - <unknown>
[INFO] [stdout]   13:     0x5c6d21f032db - <unknown>
[INFO] [stdout]   14:     0x5c6d21eff2a1 - <unknown>
[INFO] [stdout]   15:     0x5c6d21efea8c - <unknown>
[INFO] [stdout]   16:     0x5c6d21f1e72c - <unknown>
[INFO] [stdout]   17:     0x5c6d21ee37f4 - <unknown>
[INFO] [stdout]   18:     0x7bb611fd4dfa - <unknown>
[INFO] [stdout]   19:     0x7bb6120683d4 - clone
[INFO] [stdout]   20:                0x0 - <unknown>
[INFO] [stdout] 
[INFO] [stdout] ---- strict_and_fail_within_cannot_be_combined stdout ----
[INFO] [stdout] 
[INFO] [stdout] thread 'strict_and_fail_within_cannot_be_combined' (1151) panicked at tests/cli.rs:39:10:
[INFO] [stdout] run sunsetscan: Os { code: 2, kind: NotFound, message: "No such file or directory" }
[INFO] [stdout] stack backtrace:
[INFO] [stdout]    0:     0x5c6d21ebc3a5 - <unknown>
[INFO] [stdout]    1:     0x5c6d21ea2dca - <unknown>
[INFO] [stdout]    2:     0x5c6d21ebba3b - <unknown>
[INFO] [stdout]    3:     0x5c6d21ebb51f - <unknown>
[INFO] [stdout]    4:     0x5c6d21ebb14a - <unknown>
[INFO] [stdout]    5:     0x5c6d21ebac85 - <unknown>
[INFO] [stdout]    6:     0x5c6d21ee1ac1 - <unknown>
[INFO] [stdout]    7:     0x5c6d21ee1a79 - <unknown>
[INFO] [stdout]    8:     0x5c6d21ee1f7c - <unknown>
[INFO] [stdout]    9:     0x5c6d21ea2c5b - <unknown>
[INFO] [stdout]   10:     0x5c6d21ea6461 - <unknown>
[INFO] [stdout]   11:     0x5c6d21e9459c - <unknown>
[INFO] [stdout]   12:     0x5c6d21e9d2de - <unknown>
[INFO] [stdout]   13:     0x5c6d21f032db - <unknown>
[INFO] [stdout]   14:     0x5c6d21eff2a1 - <unknown>
[INFO] [stdout]   15:     0x5c6d21efea8c - <unknown>
[INFO] [stdout]   16:     0x5c6d21f1e72c - <unknown>
[INFO] [stdout]   17:     0x5c6d21ee37f4 - <unknown>
[INFO] [stdout]   18:     0x7bb611fd4dfa - <unknown>
[INFO] [stdout]   19:     0x7bb6120683d4 - clone
[INFO] [stdout]   20:                0x0 - <unknown>
[INFO] [stdout] 
[INFO] [stdout] ---- json_output_is_stable_and_has_the_documented_shape stdout ----
[INFO] [stdout] 
[INFO] [stdout] thread 'json_output_is_stable_and_has_the_documented_shape' (1141) panicked at tests/cli.rs:39:10:
[INFO] [stdout] run sunsetscan: Os { code: 2, kind: NotFound, message: "No such file or directory" }
[INFO] [stdout] stack backtrace:
[INFO] [stdout]    0:     0x5c6d21ebc3a5 - <unknown>
[INFO] [stdout]    1:     0x5c6d21ea2dca - <unknown>
[INFO] [stdout]    2:     0x5c6d21ebba3b - <unknown>
[INFO] [stdout]    3:     0x5c6d21ebb51f - <unknown>
[INFO] [stdout]    4:     0x5c6d21ebb14a - <unknown>
[INFO] [stdout]    5:     0x5c6d21ebac85 - <unknown>
[INFO] [stdout]    6:     0x5c6d21ee1ac1 - <unknown>
[INFO] [stdout]    7:     0x5c6d21ee1a79 - <unknown>
[INFO] [stdout]    8:     0x5c6d21ee1f7c - <unknown>
[INFO] [stdout]    9:     0x5c6d21ea2c5b - <unknown>
[INFO] [stdout]   10:     0x5c6d21ea6461 - <unknown>
[INFO] [stdout]   11:     0x5c6d21e9459c - <unknown>
[INFO] [stdout]   12:     0x5c6d21e9ea44 - <unknown>
[INFO] [stdout]   13:     0x5c6d21f032db - <unknown>
[INFO] [stdout]   14:     0x5c6d21eff2a1 - <unknown>
[INFO] [stdout]   15:     0x5c6d21efea8c - <unknown>
[INFO] [stdout]   16:     0x5c6d21f1e72c - <unknown>
[INFO] [stdout]   17:     0x5c6d21ee37f4 - <unknown>
[INFO] [stdout]   18:     0x7bb611fd4dfa - <unknown>
[INFO] [stdout]   19:     0x7bb6120683d4 - clone
[INFO] [stdout]   20:                0x0 - <unknown>
[INFO] [stdout] 
[INFO] [stdout] ---- gitignored_files_are_invisible_to_the_cli_too stdout ----
[INFO] [stdout] 
[INFO] [stdout] thread 'gitignored_files_are_invisible_to_the_cli_too' (1139) panicked at tests/cli.rs:39:10:
[INFO] [stdout] run sunsetscan: Os { code: 2, kind: NotFound, message: "No such file or directory" }
[INFO] [stdout] stack backtrace:
[INFO] [stdout]    0:     0x5c6d21ebc3a5 - <unknown>
[INFO] [stdout]    1:     0x5c6d21ea2dca - <unknown>
[INFO] [stdout]    2:     0x5c6d21ebba3b - <unknown>
[INFO] [stdout]    3:     0x5c6d21ebb51f - <unknown>
[INFO] [stdout]    4:     0x5c6d21ebb14a - <unknown>
[INFO] [stdout]    5:     0x5c6d21ebac85 - <unknown>
[INFO] [stdout]    6:     0x5c6d21ee1ac1 - <unknown>
[INFO] [stdout]    7:     0x5c6d21ee1a79 - <unknown>
[INFO] [stdout]    8:     0x5c6d21ee1f7c - <unknown>
[INFO] [stdout]    9:     0x5c6d21ea2c5b - <unknown>
[INFO] [stdout]   10:     0x5c6d21ea6461 - <unknown>
[INFO] [stdout]   11:     0x5c6d21e9459c - <unknown>
[INFO] [stdout]   12:     0x5c6d21e9e4e9 - <unknown>
[INFO] [stdout]   13:     0x5c6d21f032db - <unknown>
[INFO] [stdout]   14:     0x5c6d21eff2a1 - <unknown>
[INFO] [stdout]   15:     0x5c6d21efea8c - <unknown>
[INFO] [stdout]   16:     0x5c6d21f1e72c - <unknown>
[INFO] [stdout]   17:     0x5c6d21ee37f4 - <unknown>
[INFO] [stdout]   18:     0x7bb611fd4dfa - <unknown>
[INFO] [stdout]   19:     0x7bb6120683d4 - clone
[INFO] [stdout]   20:                0x0 - <unknown>
[INFO] [stdout] 
[INFO] [stdout] ---- strict_on_a_clean_repository_still_exits_zero stdout ----
[INFO] [stdout] 
[INFO] [stdout] thread 'strict_on_a_clean_repository_still_exits_zero' (1161) panicked at tests/cli.rs:39:10:
[INFO] [stdout] run sunsetscan: Os { code: 2, kind: NotFound, message: "No such file or directory" }
[INFO] [stdout] stack backtrace:
[INFO] [stdout]    0:     0x5c6d21ebc3a5 - <unknown>
[INFO] [stdout]    1:     0x5c6d21ea2dca - <unknown>
[INFO] [stdout]    2:     0x5c6d21ebba3b - <unknown>
[INFO] [stdout]    3:     0x5c6d21ebb51f - <unknown>
[INFO] [stdout]    4:     0x5c6d21ebb14a - <unknown>
[INFO] [stdout]    5:     0x5c6d21ebac85 - <unknown>
[INFO] [stdout]    6:     0x5c6d21ee1ac1 - <unknown>
[INFO] [stdout]    7:     0x5c6d21ee1a79 - <unknown>
[INFO] [stdout]    8:     0x5c6d21ee1f7c - <unknown>
[INFO] [stdout]    9:     0x5c6d21ea2c5b - <unknown>
[INFO] [stdout]   10:     0x5c6d21ea6461 - <unknown>
[INFO] [stdout]   11:     0x5c6d21e9459c - <unknown>
[INFO] [stdout]   12:     0x5c6d21e9e649 - <unknown>
[INFO] [stdout]   13:     0x5c6d21f032db - <unknown>
[INFO] [stdout]   14:     0x5c6d21eff2a1 - <unknown>
[INFO] [stdout]   15:     0x5c6d21efea8c - <unknown>
[INFO] [stdout]   16:     0x5c6d21f1e72c - <unknown>
[INFO] [stdout]   17:     0x5c6d21ee37f4 - <unknown>
[INFO] [stdout]   18:     0x7bb611fd4dfa - <unknown>
[INFO] [stdout]   19:     0x7bb6120683d4 - clone
[INFO] [stdout]   20:                0x0 - <unknown>
[INFO] [stdout] 
[INFO] [stdout] ---- findings_come_out_in_a_stable_order stdout ----
[INFO] [stdout] 
[INFO] [stdout] thread 'findings_come_out_in_a_stable_order' (1138) panicked at tests/cli.rs:39:10:
[INFO] [stdout] run sunsetscan: Os { code: 2, kind: NotFound, message: "No such file or directory" }
[INFO] [stdout] stack backtrace:
[INFO] [stdout]    0:     0x5c6d21ebc3a5 - <unknown>
[INFO] [stdout]    1:     0x5c6d21ea2dca - <unknown>
[INFO] [stdout]    2:     0x5c6d21ebba3b - <unknown>
[INFO] [stdout]    3:     0x5c6d21ebb51f - <unknown>
[INFO] [stdout]    4:     0x5c6d21ebb14a - <unknown>
[INFO] [stdout]    5:     0x5c6d21ebac85 - <unknown>
[INFO] [stdout]    6:     0x5c6d21ee1ac1 - <unknown>
[INFO] [stdout]    7:     0x5c6d21ee1a79 - <unknown>
[INFO] [stdout]    8:     0x5c6d21ee1f7c - <unknown>
[INFO] [stdout]    9:     0x5c6d21ea2c5b - <unknown>
[INFO] [stdout]   10:     0x5c6d21ea6461 - <unknown>
[INFO] [stdout]   11:     0x5c6d21e9459c - <unknown>
[INFO] [stdout]   12:     0x5c6d21e9928a - <unknown>
[INFO] [stdout]   13:     0x5c6d21f032db - <unknown>
[INFO] [stdout]   14:     0x5c6d21eff2a1 - <unknown>
[INFO] [stdout]   15:     0x5c6d21efea8c - <unknown>
[INFO] [stdout]   16:     0x5c6d21f1e72c - <unknown>
[INFO] [stdout]   17:     0x5c6d21ee37f4 - <unknown>
[INFO] [stdout]   18:     0x7bb611fd4dfa - <unknown>
[INFO] [stdout]   19:     0x7bb6120683d4 - clone
[INFO] [stdout]   20:                0x0 - <unknown>
[INFO] [stdout] 
[INFO] [stdout] ---- list_respects_only_and_a_custom_catalog stdout ----
[INFO] [stdout] 
[INFO] [stdout] thread 'list_respects_only_and_a_custom_catalog' (1144) panicked at tests/cli.rs:48:10:
[INFO] [stdout] run sunsetscan: Os { code: 2, kind: NotFound, message: "No such file or directory" }
[INFO] [stdout] stack backtrace:
[INFO] [stdout]    0:     0x5c6d21ebc3a5 - <unknown>
[INFO] [stdout]    1:     0x5c6d21ea2dca - <unknown>
[INFO] [stdout]    2:     0x5c6d21ebba3b - <unknown>
[INFO] [stdout]    3:     0x5c6d21ebb51f - <unknown>
[INFO] [stdout]    4:     0x5c6d21ebb14a - <unknown>
[INFO] [stdout]    5:     0x5c6d21ebac85 - <unknown>
[INFO] [stdout]    6:     0x5c6d21ee1ac1 - <unknown>
[INFO] [stdout]    7:     0x5c6d21ee1a79 - <unknown>
[INFO] [stdout]    8:     0x5c6d21ee1f7c - <unknown>
[INFO] [stdout]    9:     0x5c6d21ea2c5b - <unknown>
[INFO] [stdout]   10:     0x5c6d21ea6461 - <unknown>
[INFO] [stdout]   11:     0x5c6d21e96a69 - <unknown>
[INFO] [stdout]   12:     0x5c6d21e9cef4 - <unknown>
[INFO] [stdout]   13:     0x5c6d21f032db - <unknown>
[INFO] [stdout]   14:     0x5c6d21eff2a1 - <unknown>
[INFO] [stdout]   15:     0x5c6d21efea8c - <unknown>
[INFO] [stdout]   16:     0x5c6d21f1e72c - <unknown>
[INFO] [stdout]   17:     0x5c6d21ee37f4 - <unknown>
[INFO] [stdout]   18:     0x7bb611fd4dfa - <unknown>
[INFO] [stdout]   19:     0x7bb6120683d4 - clone
[INFO] [stdout]   20:                0x0 - <unknown>
[INFO] [stdout] 
[INFO] [stdout] ---- the_inline_marker_suppresses_a_line stdout ----
[INFO] [stdout] 
[INFO] [stdout] thread 'the_inline_marker_suppresses_a_line' (1162) panicked at tests/cli.rs:39:10:
[INFO] [stdout] run sunsetscan: Os { code: 2, kind: NotFound, message: "No such file or directory" }
[INFO] [stdout] stack backtrace:
[INFO] [stdout]    0:     0x5c6d21ebc3a5 - <unknown>
[INFO] [stdout]    1:     0x5c6d21ea2dca - <unknown>
[INFO] [stdout]    2:     0x5c6d21ebba3b - <unknown>
[INFO] [stdout]    3:     0x5c6d21ebb51f - <unknown>
[INFO] [stdout]    4:     0x5c6d21ebb14a - <unknown>
[INFO] [stdout]    5:     0x5c6d21ebac85 - <unknown>
[INFO] [stdout]    6:     0x5c6d21ee1ac1 - <unknown>
[INFO] [stdout]    7:     0x5c6d21ee1a79 - <unknown>
[INFO] [stdout]    8:     0x5c6d21ee1f7c - <unknown>
[INFO] [stdout]    9:     0x5c6d21ea2c5b - <unknown>
[INFO] [stdout]   10:     0x5c6d21ea6461 - <unknown>
[INFO] [stdout]   11:     0x5c6d21e9459c - <unknown>
[INFO] [stdout]   12:     0x5c6d21e9963c - <unknown>
[INFO] [stdout]   13:     0x5c6d21f032db - <unknown>
[INFO] [stdout]   14:     0x5c6d21eff2a1 - <unknown>
[INFO] [stdout]   15:     0x5c6d21efea8c - <unknown>
[INFO] [stdout]   16:     0x5c6d21f1e72c - <unknown>
[INFO] [stdout]   17:     0x5c6d21ee37f4 - <unknown>
[INFO] [stdout]   18:     0x7bb611fd4dfa - <unknown>
[INFO] [stdout]   19:     0x7bb6120683d4 - clone
[INFO] [stdout]   20:                0x0 - <unknown>
[INFO] [stdout] 
[INFO] [stdout] ---- output_is_never_colored_when_piped stdout ----
[INFO] [stdout] 
[INFO] [stdout] thread 'output_is_never_colored_when_piped' (1146) panicked at tests/cli.rs:39:10:
[INFO] [stdout] run sunsetscan: Os { code: 2, kind: NotFound, message: "No such file or directory" }
[INFO] [stdout] stack backtrace:
[INFO] [stdout]    0:     0x5c6d21ebc3a5 - <unknown>
[INFO] [stdout]    1:     0x5c6d21ea2dca - <unknown>
[INFO] [stdout]    2:     0x5c6d21ebba3b - <unknown>
[INFO] [stdout]    3:     0x5c6d21ebb51f - <unknown>
[INFO] [stdout]    4:     0x5c6d21ebb14a - <unknown>
[INFO] [stdout]    5:     0x5c6d21ebac85 - <unknown>
[INFO] [stdout]    6:     0x5c6d21ee1ac1 - <unknown>
[INFO] [stdout]    7:     0x5c6d21ee1a79 - <unknown>
[INFO] [stdout]    8:     0x5c6d21ee1f7c - <unknown>
[INFO] [stdout]    9:     0x5c6d21ea2c5b - <unknown>
[INFO] [stdout]   10:     0x5c6d21ea6461 - <unknown>
[INFO] [stdout]   11:     0x5c6d21e9459c - <unknown>
[INFO] [stdout]   12:     0x5c6d21e9902d - <unknown>
[INFO] [stdout]   13:     0x5c6d21f032db - <unknown>
[INFO] [stdout]   14:     0x5c6d21eff2a1 - <unknown>
[INFO] [stdout]   15:     0x5c6d21efea8c - <unknown>
[INFO] [stdout]   16:     0x5c6d21f1e72c - <unknown>
[INFO] [stdout]   17:     0x5c6d21ee37f4 - <unknown>
[INFO] [stdout]   18:     0x7bb611fd4dfa - <unknown>
[INFO] [stdout]   19:     0x7bb6120683d4 - clone
[INFO] [stdout]   20:                0x0 - <unknown>
[INFO] [stdout] 
[INFO] [stdout] ---- the_marker_can_name_the_entry_it_suppresses stdout ----
[INFO] [stdout] 
[INFO] [stdout] thread 'the_marker_can_name_the_entry_it_suppresses' (1164) panicked at tests/cli.rs:39:10:
[INFO] [stdout] run sunsetscan: Os { code: 2, kind: NotFound, message: "No such file or directory" }
[INFO] [stdout] stack backtrace:
[INFO] [stdout]    0:     0x5c6d21ebc3a5 - <unknown>
[INFO] [stdout]    1:     0x5c6d21ea2dca - <unknown>
[INFO] [stdout]    2:     0x5c6d21ebba3b - <unknown>
[INFO] [stdout]    3:     0x5c6d21ebb51f - <unknown>
[INFO] [stdout]    4:     0x5c6d21ebb14a - <unknown>
[INFO] [stdout]    5:     0x5c6d21ebac85 - <unknown>
[INFO] [stdout]    6:     0x5c6d21ee1ac1 - <unknown>
[INFO] [stdout]    7:     0x5c6d21ee1a79 - <unknown>
[INFO] [stdout]    8:     0x5c6d21ee1f7c - <unknown>
[INFO] [stdout]    9:     0x5c6d21ea2c5b - <unknown>
[INFO] [stdout]   10:     0x5c6d21ea6461 - <unknown>
[INFO] [stdout]   11:     0x5c6d21e9459c - <unknown>
[INFO] [stdout]   12:     0x5c6d21e9e11c - <unknown>
[INFO] [stdout]   13:     0x5c6d21f032db - <unknown>
[INFO] [stdout]   14:     0x5c6d21eff2a1 - <unknown>
[INFO] [stdout]   15:     0x5c6d21efea8c - <unknown>
[INFO] [stdout]   16:     0x5c6d21f1e72c - <unknown>
[INFO] [stdout]   17:     0x5c6d21ee37f4 - <unknown>
[INFO] [stdout]   18:     0x7bb611fd4dfa - <unknown>
[INFO] [stdout]   19:     0x7bb6120683d4 - clone
[INFO] [stdout]   20:                0x0 - <unknown>
[INFO] [stdout] 
[INFO] [stdout] 
[INFO] [stdout] failures:
[INFO] [stdout]     a_clean_repository_exits_zero_and_says_nothing_was_found
[INFO] [stdout]     a_comment_only_mention_is_reported_because_matching_is_textual
[INFO] [stdout]     a_custom_catalog_adds_and_overrides_entries
[INFO] [stdout]     a_distant_finding_passes_by_default_and_fails_under_strict
[INFO] [stdout]     a_longer_identifier_does_not_match_a_word_pattern
[INFO] [stdout]     a_malformed_as_of_exits_two
[INFO] [stdout]     a_malformed_custom_catalog_is_a_usage_error
[INFO] [stdout]     a_missing_directory_exits_two
[INFO] [stdout]     a_negative_fail_within_exits_two
[INFO] [stdout]     a_neighbouring_model_id_does_not_match_a_token_pattern
[INFO] [stdout]     a_past_due_finding_fails_even_with_fail_within_zero
[INFO] [stdout]     all_files_widens_the_extension_filter
[INFO] [stdout]     an_unknown_entry_id_is_a_usage_error
[INFO] [stdout]     as_of_drives_days_remaining_and_the_severity_bucket
[INFO] [stdout]     exclude_globs_drop_whole_paths
[INFO] [stderr] error: test failed, to rerun pass `--test cli`
[INFO] [stdout]     fail_within_is_inclusive_at_the_boundary
[INFO] [stdout]     findings_come_out_in_a_stable_order
[INFO] [stdout]     gitignored_files_are_invisible_to_the_cli_too
[INFO] [stdout]     help_and_version_work
[INFO] [stdout]     json_output_is_stable_and_has_the_documented_shape
[INFO] [stdout]     list_json_is_valid_and_carries_every_entry
[INFO] [stdout]     list_prints_the_catalog_with_dates_and_days_remaining
[INFO] [stdout]     list_respects_only_and_a_custom_catalog
[INFO] [stdout]     only_and_skip_narrow_the_catalog
[INFO] [stdout]     output_is_never_colored_when_piped
[INFO] [stdout]     quiet_prints_one_line_to_stdout_and_the_caveat_to_stderr
[INFO] [stdout]     reports_assistants_api_call_sites_with_line_numbers_and_the_migration_path
[INFO] [stdout]     skipping_every_entry_is_a_usage_error
[INFO] [stdout]     strict_and_fail_within_cannot_be_combined
[INFO] [stdout]     strict_on_a_clean_repository_still_exits_zero
[INFO] [stdout]     the_inline_marker_suppresses_a_line
[INFO] [stdout]     the_marker_can_name_the_entry_it_suppresses
[INFO] [stdout] 
[INFO] [stdout] test result: FAILED. 0 passed; 32 failed; 0 ignored; 0 measured; 0 filtered out; finished in 0.03s
[INFO] [stdout] 
[INFO] running `Command { std: "docker" "inspect" "1f1fcdfc08c4b2c214b738eae3fb339a12726375bd19a331597196b1efd1ac18", kill_on_drop: false }`
[INFO] running `Command { std: "docker" "rm" "-f" "1f1fcdfc08c4b2c214b738eae3fb339a12726375bd19a331597196b1efd1ac18", kill_on_drop: false }`
[INFO] [stdout] 1f1fcdfc08c4b2c214b738eae3fb339a12726375bd19a331597196b1efd1ac18
