[INFO] cloning repository https://github.com/printemps-tokyo/sheetpack
[INFO] running `Command { std: "git" "-c" "credential.helper=" "-c" "credential.helper=/workspace/cargo-home/bin/git-credential-null" "clone" "--bare" "https://github.com/printemps-tokyo/sheetpack" "/workspace/cache/git-repos/https%3A%2F%2Fgithub.com%2Fprintemps-tokyo%2Fsheetpack", kill_on_drop: false }`
[INFO] [stderr] Cloning into bare repository '/workspace/cache/git-repos/https%3A%2F%2Fgithub.com%2Fprintemps-tokyo%2Fsheetpack'...
[INFO] running `Command { std: "git" "rev-parse" "HEAD", kill_on_drop: false }`
[INFO] [stdout] 61e44f1462fa90832290e121f6ae846d9d3de532
[INFO] testing printemps-tokyo/sheetpack against 1.100.0-beta.1+cargoflags=--release for beta-release-1.100-3
[INFO] running `Command { std: "git" "clone" "/workspace/cache/git-repos/https%3A%2F%2Fgithub.com%2Fprintemps-tokyo%2Fsheetpack" "/workspace/builds/worker-1-tc2/source", kill_on_drop: false }`
[INFO] [stderr] Cloning into '/workspace/builds/worker-1-tc2/source'...
[INFO] [stderr] done.
[INFO] started tweaking git repo https://github.com/printemps-tokyo/sheetpack
[INFO] finished tweaking git repo https://github.com/printemps-tokyo/sheetpack
[INFO] tweaked toml for git repo https://github.com/printemps-tokyo/sheetpack written to /workspace/builds/worker-1-tc2/source/Cargo.toml
[INFO] validating manifest of git repo https://github.com/printemps-tokyo/sheetpack on toolchain 1.100.0-beta.1
[INFO] running `Command { std: CARGO_HOME="/workspace/cargo-home" RUSTUP_HOME="/workspace/rustup-home" "/workspace/cargo-home/bin/cargo" "+1.100.0-beta.1" "metadata" "--manifest-path" "Cargo.toml" "--no-deps", kill_on_drop: false }`
[INFO] crate git repo https://github.com/printemps-tokyo/sheetpack already has a lockfile, it will not be regenerated
[INFO] running `Command { std: CARGO_HOME="/workspace/cargo-home" RUSTUP_HOME="/workspace/rustup-home" "/workspace/cargo-home/bin/cargo" "+1.100.0-beta.1" "fetch" "--manifest-path" "Cargo.toml", kill_on_drop: false }`
[INFO] [stderr] warning: `package.homepage` is redundant with `package.repository`
[INFO] [stderr]   --> Cargo.toml:29:12
[INFO] [stderr]    |
[INFO] [stderr] 29 | homepage = "https://github.com/printemps-tokyo/sheetpack"
[INFO] [stderr]    |            ^^^^^^^^^^^^^^^^^^^^^^^^^^^^^^^^^^^^^^^^^^^^^^
[INFO] [stderr] ...
[INFO] [stderr] 34 | repository = "https://github.com/printemps-tokyo/sheetpack"
[INFO] [stderr]    |              ----------------------------------------------
[INFO] [stderr]    |
[INFO] [stderr]    = note: `cargo::redundant_homepage` is set to `warn` by default
[INFO] [stderr] help: consider removing `package.homepage`
[INFO] [stderr] warning: `sheetpack` (manifest) generated 1 warning
[INFO] running `Command { std: "docker" "create" "-v" "/var/lib/crater-agent-workspace/builds/worker-1-tc2/source:/opt/rustwide/workdir:ro,Z" "-v" "/var/lib/crater-agent-workspace/builds/worker-1-tc2/target:/opt/rustwide/target:rw,Z" "-v" "/var/lib/crater-agent-workspace/cargo-home:/opt/rustwide/cargo-home:ro,Z" "-v" "/var/lib/crater-agent-workspace/rustup-home:/opt/rustwide/rustup-home:ro,Z" "-m" "1610612736" "--network" "none" "ghcr.io/rust-lang/crates-build-env/linux@sha256:77db811e55d90add9212f6832c23229e3de5f1c1f9905e8cb07319ea15df73ac" "sleep" "infinity", kill_on_drop: false }`
[INFO] [stdout] f047c6ad99b03b84f554b219469c5983d88a70caac9e31b51580a2a56744e713
[INFO] running `Command { std: "docker" "start" "f047c6ad99b03b84f554b219469c5983d88a70caac9e31b51580a2a56744e713", kill_on_drop: false }`
[INFO] running `Command { std: "docker" "inspect" "f047c6ad99b03b84f554b219469c5983d88a70caac9e31b51580a2a56744e713", kill_on_drop: false }`
[INFO] running `Command { std: "docker" "exec" "-e" "SOURCE_DIR=/opt/rustwide/workdir" "-e" "CARGO_HOME=/opt/rustwide/cargo-home" "-e" "RUSTUP_HOME=/opt/rustwide/rustup-home" "-e" "CARGO_TARGET_DIR=/opt/rustwide/target" "-w" "/opt/rustwide/workdir" "--user" "0:0" "f047c6ad99b03b84f554b219469c5983d88a70caac9e31b51580a2a56744e713" "/opt/rustwide/cargo-home/bin/cargo" "+1.100.0-beta.1" "metadata" "--no-deps" "--format-version=1", kill_on_drop: false }`
[INFO] running `Command { std: "docker" "inspect" "f047c6ad99b03b84f554b219469c5983d88a70caac9e31b51580a2a56744e713", kill_on_drop: false }`
[INFO] running `Command { std: "docker" "exec" "-e" "SOURCE_DIR=/opt/rustwide/workdir" "-e" "CARGO_HOME=/opt/rustwide/cargo-home" "-e" "RUSTUP_HOME=/opt/rustwide/rustup-home" "-e" "CARGO_TARGET_DIR=/opt/rustwide/target" "-e" "CARGO_INCREMENTAL=0" "-e" "RUST_BACKTRACE=full" "-e" "RUSTFLAGS=--cap-lints=warn" "-e" "RUSTDOCFLAGS=--cap-lints=warn" "-w" "/opt/rustwide/workdir" "--user" "0:0" "f047c6ad99b03b84f554b219469c5983d88a70caac9e31b51580a2a56744e713" "/opt/rustwide/cargo-home/bin/cargo" "+1.100.0-beta.1" "build" "--frozen" "--message-format=json" "--release", kill_on_drop: false }`
[INFO] [stderr] warning: `package.homepage` is redundant with `package.repository`
[INFO] [stderr]   --> Cargo.toml:29:12
[INFO] [stderr]    |
[INFO] [stderr] 29 | homepage = "https://github.com/printemps-tokyo/sheetpack"
[INFO] [stderr]    |            ^^^^^^^^^^^^^^^^^^^^^^^^^^^^^^^^^^^^^^^^^^^^^^
[INFO] [stderr] ...
[INFO] [stderr] 34 | repository = "https://github.com/printemps-tokyo/sheetpack"
[INFO] [stderr]    |              ----------------------------------------------
[INFO] [stderr]    |
[INFO] [stderr]    = note: `cargo::redundant_homepage` is set to `warn` by default
[INFO] [stderr] help: consider removing `package.homepage`
[INFO] [stderr] warning: `sheetpack` (manifest) generated 1 warning
[INFO] [stderr]    Compiling proc-macro2 v1.0.107
[INFO] [stderr]    Compiling autocfg v1.5.1
[INFO] [stderr]    Compiling simd-adler32 v0.3.10
[INFO] [stderr]    Compiling quote v1.0.47
[INFO] [stderr]    Compiling adler2 v2.0.1
[INFO] [stderr]    Compiling cfg-if v1.0.4
[INFO] [stderr]    Compiling utf8parse v0.2.2
[INFO] [stderr]    Compiling is_terminal_polyfill v1.70.2
[INFO] [stderr]    Compiling anstyle-query v1.1.5
[INFO] [stderr]    Compiling colorchoice v1.0.5
[INFO] [stderr]    Compiling anstyle v1.0.14
[INFO] [stderr]    Compiling anyhow v1.0.104
[INFO] [stderr]    Compiling quick-error v2.0.1
[INFO] [stderr]    Compiling byteorder-lite v0.1.0
[INFO] [stderr]    Compiling zune-core v0.5.3
[INFO] [stderr]    Compiling bitflags v2.13.1
[INFO] [stderr]    Compiling crc32fast v1.5.0
[INFO] [stderr]    Compiling anstyle-parse v1.0.0
[INFO] [stderr]    Compiling strsim v0.11.1
[INFO] [stderr]    Compiling clap_lex v1.1.0
[INFO] [stderr]    Compiling pxfm v0.1.30
[INFO] [stderr]    Compiling bytemuck v1.25.2
[INFO] [stderr]    Compiling miniz_oxide v0.8.9
[INFO] [stderr]    Compiling fdeflate v0.3.7
[INFO] [stderr]    Compiling anstream v1.0.0
[INFO] [stderr]    Compiling zune-jpeg v0.5.15
[INFO] [stderr]    Compiling image-webp v0.2.4
[INFO] [stderr]    Compiling clap_builder v4.6.6
[INFO] [stderr]    Compiling num-traits v0.2.19
[INFO] [stderr]    Compiling flate2 v1.1.9
[INFO] [stderr]    Compiling syn v3.0.3
[INFO] [stderr]    Compiling png v0.18.1
[INFO] [stderr]    Compiling moxcms v0.8.1
[INFO] [stderr]    Compiling clap_derive v4.6.4
[INFO] [stderr]    Compiling clap v4.6.6
[INFO] [stderr]    Compiling image v0.25.10
[INFO] [stderr]    Compiling sheetpack v0.1.0 (/opt/rustwide/workdir)
[INFO] [stderr]     Finished `release` profile [optimized] target(s) in 1m 00s
[INFO] running `Command { std: "docker" "inspect" "f047c6ad99b03b84f554b219469c5983d88a70caac9e31b51580a2a56744e713", kill_on_drop: false }`
[INFO] running `Command { std: "docker" "exec" "-e" "SOURCE_DIR=/opt/rustwide/workdir" "-e" "CARGO_HOME=/opt/rustwide/cargo-home" "-e" "RUSTUP_HOME=/opt/rustwide/rustup-home" "-e" "CARGO_TARGET_DIR=/opt/rustwide/target" "-e" "CARGO_INCREMENTAL=0" "-e" "RUST_BACKTRACE=full" "-e" "RUSTFLAGS=--cap-lints=warn" "-e" "RUSTDOCFLAGS=--cap-lints=warn" "-w" "/opt/rustwide/workdir" "--user" "0:0" "f047c6ad99b03b84f554b219469c5983d88a70caac9e31b51580a2a56744e713" "/opt/rustwide/cargo-home/bin/cargo" "+1.100.0-beta.1" "test" "--frozen" "--no-run" "--message-format=json" "--release", kill_on_drop: false }`
[INFO] [stderr] warning: `package.homepage` is redundant with `package.repository`
[INFO] [stderr]   --> Cargo.toml:29:12
[INFO] [stderr]    |
[INFO] [stderr] 29 | homepage = "https://github.com/printemps-tokyo/sheetpack"
[INFO] [stderr]    |            ^^^^^^^^^^^^^^^^^^^^^^^^^^^^^^^^^^^^^^^^^^^^^^
[INFO] [stderr] ...
[INFO] [stderr] 34 | repository = "https://github.com/printemps-tokyo/sheetpack"
[INFO] [stderr]    |              ----------------------------------------------
[INFO] [stderr]    |
[INFO] [stderr]    = note: `cargo::redundant_homepage` is set to `warn` by default
[INFO] [stderr] help: consider removing `package.homepage`
[INFO] [stderr] warning: `sheetpack` (manifest) generated 1 warning
[INFO] [stderr]    Compiling simd-adler32 v0.3.10
[INFO] [stderr]    Compiling bitflags v2.13.1
[INFO] [stderr]    Compiling utf8parse v0.2.2
[INFO] [stderr]    Compiling is_terminal_polyfill v1.70.2
[INFO] [stderr]    Compiling anstyle v1.0.14
[INFO] [stderr]    Compiling colorchoice v1.0.5
[INFO] [stderr]    Compiling libc v0.2.189
[INFO] [stderr]    Compiling anstyle-query v1.1.5
[INFO] [stderr]    Compiling clap_lex v1.1.0
[INFO] [stderr]    Compiling getrandom v0.4.3
[INFO] [stderr]    Compiling strsim v0.11.1
[INFO] [stderr]    Compiling num-traits v0.2.19
[INFO] [stderr]    Compiling zune-core v0.5.3
[INFO] [stderr]    Compiling byteorder-lite v0.1.0
[INFO] [stderr]    Compiling quick-error v2.0.1
[INFO] [stderr]    Compiling pxfm v0.1.30
[INFO] [stderr]    Compiling anstyle-parse v1.0.0
[INFO] [stderr]    Compiling bytemuck v1.25.2
[INFO] [stderr]    Compiling anyhow v1.0.104
[INFO] [stderr]    Compiling fastrand v2.5.0
[INFO] [stderr]    Compiling miniz_oxide v0.8.9
[INFO] [stderr]    Compiling fdeflate v0.3.7
[INFO] [stderr]    Compiling rustix v1.1.4
[INFO] [stderr]    Compiling once_cell v1.21.4
[INFO] [stderr]    Compiling image-webp v0.2.4
[INFO] [stderr]    Compiling png v0.18.1
[INFO] [stderr]    Compiling anstream v1.0.0
[INFO] [stderr]    Compiling zune-jpeg v0.5.15
[INFO] [stderr]    Compiling flate2 v1.1.9
[INFO] [stderr]    Compiling clap_builder v4.6.6
[INFO] [stderr]    Compiling image v0.25.10
[INFO] [stderr]    Compiling tempfile v3.27.0
[INFO] [stderr]    Compiling moxcms v0.8.1
[INFO] [stderr]    Compiling clap v4.6.6
[INFO] [stderr]    Compiling sheetpack v0.1.0 (/opt/rustwide/workdir)
[INFO] [stderr]     Finished `release` profile [optimized] target(s) in 55.89s
[INFO] running `Command { std: "docker" "inspect" "f047c6ad99b03b84f554b219469c5983d88a70caac9e31b51580a2a56744e713", kill_on_drop: false }`
[INFO] running `Command { std: "docker" "exec" "-e" "SOURCE_DIR=/opt/rustwide/workdir" "-e" "CARGO_HOME=/opt/rustwide/cargo-home" "-e" "RUSTUP_HOME=/opt/rustwide/rustup-home" "-e" "CARGO_TARGET_DIR=/opt/rustwide/target" "-e" "CARGO_INCREMENTAL=0" "-e" "RUST_BACKTRACE=full" "-e" "RUSTFLAGS=--cap-lints=warn" "-e" "RUSTDOCFLAGS=--cap-lints=warn" "-w" "/opt/rustwide/workdir" "--user" "0:0" "f047c6ad99b03b84f554b219469c5983d88a70caac9e31b51580a2a56744e713" "/opt/rustwide/cargo-home/bin/cargo" "+1.100.0-beta.1" "test" "--frozen" "--release", kill_on_drop: false }`
[INFO] [stderr] warning: `package.homepage` is redundant with `package.repository`
[INFO] [stderr]   --> Cargo.toml:29:12
[INFO] [stderr]    |
[INFO] [stderr] 29 | homepage = "https://github.com/printemps-tokyo/sheetpack"
[INFO] [stderr]    |            ^^^^^^^^^^^^^^^^^^^^^^^^^^^^^^^^^^^^^^^^^^^^^^
[INFO] [stderr] ...
[INFO] [stderr] 34 | repository = "https://github.com/printemps-tokyo/sheetpack"
[INFO] [stderr]    |              ----------------------------------------------
[INFO] [stderr]    |
[INFO] [stderr]    = note: `cargo::redundant_homepage` is set to `warn` by default
[INFO] [stderr] help: consider removing `package.homepage`
[INFO] [stderr] warning: `sheetpack` (manifest) generated 1 warning
[INFO] [stderr]     Finished `release` profile [optimized] target(s) in 0.06s
[INFO] [stderr]      Running unittests src/lib.rs (/opt/rustwide/target/release/build/sheetpack/46999eb2496c29be/out/sheetpack-46999eb2496c29be)
[INFO] [stdout] 
[INFO] [stdout] running 24 tests
[INFO] [stdout] test fingerprint::tests::matches_the_fnv1a_reference_vectors ... ok
[INFO] [stdout] test fingerprint::tests::hex_is_zero_padded ... ok
[INFO] [stdout] test formats::tests::sanitize_keeps_safe_chars_only ... ok
[INFO] [stdout] test formats::tests::multiatlas_wraps_pages_in_a_textures_array ... ok
[INFO] [stdout] test json::tests::separators ... ok
[INFO] [stdout] test json::tests::quote_escapes_the_json_specials ... ok
[INFO] [stdout] test pack::tests::everything_fits_one_page_without_overlap ... ok
[INFO] [stdout] test pack::tests::padding_separates_neighbours ... ok
[INFO] [stdout] test pack::tests::page_shrinks_to_content_and_pot_rounds_up ... ok
[INFO] [stdout] test pack::tests::spills_to_a_second_page_when_full ... ok
[INFO] [stdout] test trim::tests::finds_the_tight_box ... ok
[INFO] [stdout] test fingerprint::tests::length_prefix_prevents_concatenation_collisions ... ok
[INFO] [stdout] test trim::tests::fully_transparent_becomes_a_flagged_placeholder ... ok
[INFO] [stdout] test pack::tests::oversize_is_reported_with_the_available_room ... ok
[INFO] [stdout] test trim::tests::opaque_image_trims_to_itself ... ok
[INFO] [stdout] test formats::tests::css_offsets_are_negative ... ok
[INFO] [stdout] test check::tests::missing_fields_fail_safe ... ok
[INFO] [stdout] test formats::tests::godot_tres_restores_trim_via_margin ... ok
[INFO] [stdout] test formats::tests::json_hash_has_the_texturepacker_shape ... ok
[INFO] [stdout] test check::tests::finds_fingerprint_and_images ... ok
[INFO] [stdout] test pack::tests::extrude_keeps_the_ring_inside_the_page ... ok
[INFO] [stdout] test pack::tests::identical_inputs_pack_identically ... ok
[INFO] [stdout] test formats::tests::godot_tres_disambiguates_sanitize_collisions ... ok
[INFO] [stdout] test formats::tests::json_array_uses_filename_fields ... ok
[INFO] [stdout] 
[INFO] [stdout] test result: ok. 24 passed; 0 failed; 0 ignored; 0 measured; 0 filtered out; finished in 0.02s
[INFO] [stdout] 
[INFO] [stderr]      Running unittests src/main.rs (/opt/rustwide/target/release/build/sheetpack/c1e32f10e380916a/out/sheetpack-c1e32f10e380916a)
[INFO] [stdout] 
[INFO] [stdout] running 0 tests
[INFO] [stdout] 
[INFO] [stdout] test result: ok. 0 passed; 0 failed; 0 ignored; 0 measured; 0 filtered out; finished in 0.00s
[INFO] [stdout] 
[INFO] [stderr]      Running tests/cli.rs (/opt/rustwide/target/release/build/sheetpack/e7a218bcc5b2f176/out/cli-e7a218bcc5b2f176)
[INFO] [stdout] 
[INFO] [stdout] running 17 tests
[INFO] [stdout] test dry_run_writes_nothing ... FAILED
[INFO] [stdout] test check_refuses_formats_without_a_manifest ... FAILED
[INFO] [stdout] test oversize_sprite_exits_1_with_the_available_room ... FAILED
[INFO] [stdout] test check_passes_then_fails_after_a_source_changes ... FAILED
[INFO] [stdout] test packs_sprites_and_writes_manifest ... FAILED
[INFO] [stdout] test check_reports_missing_manifest_and_deleted_page ... FAILED
[INFO] [stdout] test dedup_shares_rectangles_but_keeps_names ... FAILED
[INFO] [stdout] test duplicate_frame_names_are_a_usage_error ... FAILED
[INFO] [stdout] test multipack_spills_to_numbered_pages ... FAILED
[INFO] [stdout] test flag_validation_is_a_usage_error ... FAILED
[INFO] [stdout] test extrude_replicates_sprite_edges ... FAILED
[INFO] [stdout] test css_and_godot_formats_write_their_files ... FAILED
[INFO] [stdout] test list_formats_names_every_dialect ... FAILED
[INFO] [stdout] test pot_and_square_shape_the_page ... FAILED
[INFO] [stdout] test strip_ext_drops_extensions_from_names ... FAILED
[INFO] [stdout] test output_is_deterministic_across_runs ... FAILED
[INFO] [stdout] test trim_records_source_geometry ... FAILED
[INFO] [stdout] 
[INFO] [stdout] failures:
[INFO] [stdout] 
[INFO] [stdout] ---- dry_run_writes_nothing stdout ----
[INFO] [stdout] 
[INFO] [stdout] thread 'dry_run_writes_nothing' (1060) panicked at tests/cli.rs:33:10:
[INFO] [stdout] run sheetpack: Os { code: 2, kind: NotFound, message: "No such file or directory" }
[INFO] [stdout] stack backtrace:
[INFO] [stdout]    0:     0x5a40e19e08e5 - <unknown>
[INFO] [stdout]    1:     0x5a40e197392a - <unknown>
[INFO] [stdout]    2:     0x5a40e19dff7b - <unknown>
[INFO] [stdout]    3:     0x5a40e19dfa5f - <unknown>
[INFO] [stdout]    4:     0x5a40e19df68a - <unknown>
[INFO] [stdout]    5:     0x5a40e19df1c5 - <unknown>
[INFO] [stdout]    6:     0x5a40e1a06001 - <unknown>
[INFO] [stdout]    7:     0x5a40e1a05fb9 - <unknown>
[INFO] [stdout]    8:     0x5a40e1a064bc - <unknown>
[INFO] [stdout]    9:     0x5a40e19737bb - <unknown>
[INFO] [stdout]   10:     0x5a40e19772f1 - <unknown>
[INFO] [stdout]   11:     0x5a40e19391aa - <unknown>
[INFO] [stdout]   12:     0x5a40e196bb52 - <unknown>
[INFO] [stdout]   13:     0x5a40e1a21beb - <unknown>
[INFO] [stdout]   14:     0x5a40e1a1db91 - <unknown>
[INFO] [stdout]   15:     0x5a40e1a1d37c - <unknown>
[INFO] [stdout]   16:     0x5a40e1a3d03c - <unknown>
[INFO] [stdout]   17:     0x5a40e1a07bc4 - <unknown>
[INFO] [stdout]   18:     0x740ea01d1dfa - <unknown>
[INFO] [stdout]   19:     0x740ea02653d4 - clone
[INFO] [stdout]   20:                0x0 - <unknown>
[INFO] [stdout] 
[INFO] [stdout] ---- check_refuses_formats_without_a_manifest stdout ----
[INFO] [stdout] 
[INFO] [stdout] thread 'check_refuses_formats_without_a_manifest' (1056) panicked at tests/cli.rs:33:10:
[INFO] [stdout] run sheetpack: Os { code: 2, kind: NotFound, message: "No such file or directory" }
[INFO] [stdout] stack backtrace:
[INFO] [stdout]    0:     0x5a40e19e08e5 - <unknown>
[INFO] [stdout]    1:     0x5a40e197392a - <unknown>
[INFO] [stdout]    2:     0x5a40e19dff7b - <unknown>
[INFO] [stdout]    3:     0x5a40e19dfa5f - <unknown>
[INFO] [stdout]    4:     0x5a40e19df68a - <unknown>
[INFO] [stdout]    5:     0x5a40e19df1c5 - <unknown>
[INFO] [stdout]    6:     0x5a40e1a06001 - <unknown>
[INFO] [stdout]    7:     0x5a40e1a05fb9 - <unknown>
[INFO] [stdout]    8:     0x5a40e1a064bc - <unknown>
[INFO] [stdout]    9:     0x5a40e19737bb - <unknown>
[INFO] [stdout]   10:     0x5a40e19772f1 - <unknown>
[INFO] [stdout]   11:     0x5a40e19391aa - <unknown>
[INFO] [stdout]   12:     0x5a40e1970f8b - <unknown>
[INFO] [stdout]   13:     0x5a40e1a21beb - <unknown>
[INFO] [stdout]   14:     0x5a40e1a1db91 - <unknown>
[INFO] [stdout]   15:     0x5a40e1a1d37c - <unknown>
[INFO] [stdout]   16:     0x5a40e1a3d03c - <unknown>
[INFO] [stdout]   17:     0x5a40e1a07bc4 - <unknown>
[INFO] [stdout]   18:     0x740ea01d1dfa - <unknown>
[INFO] [stdout]   19:     0x740ea02653d4 - clone
[INFO] [stdout]   20:                0x0 - <unknown>
[INFO] [stdout] 
[INFO] [stdout] ---- oversize_sprite_exits_1_with_the_available_room stdout ----
[INFO] [stdout] 
[INFO] [stdout] thread 'oversize_sprite_exits_1_with_the_available_room' (1067) panicked at tests/cli.rs:33:10:
[INFO] [stdout] run sheetpack: Os { code: 2, kind: NotFound, message: "No such file or directory" }
[INFO] [stdout] stack backtrace:
[INFO] [stdout]    0:     0x5a40e19e08e5 - <unknown>
[INFO] [stdout]    1:     0x5a40e197392a - <unknown>
[INFO] [stdout]    2:     0x5a40e19dff7b - <unknown>
[INFO] [stdout]    3:     0x5a40e19dfa5f - <unknown>
[INFO] [stdout]    4:     0x5a40e19df68a - <unknown>
[INFO] [stdout]    5:     0x5a40e19df1c5 - <unknown>
[INFO] [stdout]    6:     0x5a40e1a06001 - <unknown>
[INFO] [stdout]    7:     0x5a40e1a05fb9 - <unknown>
[INFO] [stdout]    8:     0x5a40e1a064bc - <unknown>
[INFO] [stdout]    9:     0x5a40e19737bb - <unknown>
[INFO] [stdout]   10:     0x5a40e19772f1 - <unknown>
[INFO] [stdout]   11:     0x5a40e19391aa - <unknown>
[INFO] [stdout]   12:     0x5a40e1971fb0 - <unknown>
[INFO] [stdout]   13:     0x5a40e1a21beb - <unknown>
[INFO] [stdout]   14:     0x5a40e1a1db91 - <unknown>
[INFO] [stdout]   15:     0x5a40e1a1d37c - <unknown>
[INFO] [stdout]   16:     0x5a40e1a3d03c - <unknown>
[INFO] [stdout]   17:     0x5a40e1a07bc4 - <unknown>
[INFO] [stdout]   18:     0x740ea01d1dfa - <unknown>
[INFO] [stdout]   19:     0x740ea02653d4 - clone
[INFO] [stdout]   20:                0x0 - <unknown>
[INFO] [stdout] 
[INFO] [stdout] ---- check_passes_then_fails_after_a_source_changes stdout ----
[INFO] [stdout] 
[INFO] [stdout] thread 'check_passes_then_fails_after_a_source_changes' (1055) panicked at tests/cli.rs:33:10:
[INFO] [stdout] run sheetpack: Os { code: 2, kind: NotFound, message: "No such file or directory" }
[INFO] [stdout] stack backtrace:
[INFO] [stdout]    0:     0x5a40e19e08e5 - <unknown>
[INFO] [stdout]    1:     0x5a40e197392a - <unknown>
[INFO] [stdout]    2:     0x5a40e19dff7b - <unknown>
[INFO] [stdout]    3:     0x5a40e19dfa5f - <unknown>
[INFO] [stdout]    4:     0x5a40e19df68a - <unknown>
[INFO] [stdout]    5:     0x5a40e19df1c5 - <unknown>
[INFO] [stdout]    6:     0x5a40e1a06001 - <unknown>
[INFO] [stdout]    7:     0x5a40e1a05fb9 - <unknown>
[INFO] [stdout]    8:     0x5a40e1a064bc - <unknown>
[INFO] [stdout]    9:     0x5a40e19737bb - <unknown>
[INFO] [stdout]   10:     0x5a40e19772f1 - <unknown>
[INFO] [stdout]   11:     0x5a40e19391aa - <unknown>
[INFO] [stdout]   12:     0x5a40e1971202 - <unknown>
[INFO] [stdout]   13:     0x5a40e1a21beb - <unknown>
[INFO] [stdout]   14:     0x5a40e1a1db91 - <unknown>
[INFO] [stdout]   15:     0x5a40e1a1d37c - <unknown>
[INFO] [stdout]   16:     0x5a40e1a3d03c - <unknown>
[INFO] [stdout]   17:     0x5a40e1a07bc4 - <unknown>
[INFO] [stdout]   18:     0x740ea01d1dfa - <unknown>
[INFO] [stdout]   19:     0x740ea02653d4 - clone
[INFO] [stdout]   20:                0x0 - <unknown>
[INFO] [stdout] 
[INFO] [stdout] ---- packs_sprites_and_writes_manifest stdout ----
[INFO] [stdout] 
[INFO] [stdout] thread 'packs_sprites_and_writes_manifest' (1068) panicked at tests/cli.rs:33:10:
[INFO] [stdout] run sheetpack: Os { code: 2, kind: NotFound, message: "No such file or directory" }
[INFO] [stdout] stack backtrace:
[INFO] [stdout]    0:     0x5a40e19e08e5 - <unknown>
[INFO] [stdout]    1:     0x5a40e197392a - <unknown>
[INFO] [stdout]    2:     0x5a40e19dff7b - <unknown>
[INFO] [stdout]    3:     0x5a40e19dfa5f - <unknown>
[INFO] [stdout]    4:     0x5a40e19df68a - <unknown>
[INFO] [stdout]    5:     0x5a40e19df1c5 - <unknown>
[INFO] [stdout]    6:     0x5a40e1a06001 - <unknown>
[INFO] [stdout]    7:     0x5a40e1a05fb9 - <unknown>
[INFO] [stdout]    8:     0x5a40e1a064bc - <unknown>
[INFO] [stdout]    9:     0x5a40e19737bb - <unknown>
[INFO] [stdout]   10:     0x5a40e19772f1 - <unknown>
[INFO] [stdout]   11:     0x5a40e19391aa - <unknown>
[INFO] [stdout]   12:     0x5a40e196dbad - <unknown>
[INFO] [stdout]   13:     0x5a40e1a21beb - <unknown>
[INFO] [stdout]   14:     0x5a40e1a1db91 - <unknown>
[INFO] [stdout]   15:     0x5a40e1a1d37c - <unknown>
[INFO] [stdout]   16:     0x5a40e1a3d03c - <unknown>
[INFO] [stdout]   17:     0x5a40e1a07bc4 - <unknown>
[INFO] [stdout]   18:     0x740ea01d1dfa - <unknown>
[INFO] [stdout]   19:     0x740ea02653d4 - clone
[INFO] [stdout]   20:                0x0 - <unknown>
[INFO] [stdout] 
[INFO] [stdout] ---- check_reports_missing_manifest_and_deleted_page stdout ----
[INFO] [stdout] 
[INFO] [stdout] thread 'check_reports_missing_manifest_and_deleted_page' (1057) panicked at tests/cli.rs:33:10:
[INFO] [stdout] run sheetpack: Os { code: 2, kind: NotFound, message: "No such file or directory" }
[INFO] [stdout] stack backtrace:
[INFO] [stdout]    0:     0x5a40e19e08e5 - <unknown>
[INFO] [stdout]    1:     0x5a40e197392a - <unknown>
[INFO] [stdout]    2:     0x5a40e19dff7b - <unknown>
[INFO] [stdout]    3:     0x5a40e19dfa5f - <unknown>
[INFO] [stdout]    4:     0x5a40e19df68a - <unknown>
[INFO] [stdout]    5:     0x5a40e19df1c5 - <unknown>
[INFO] [stdout]    6:     0x5a40e1a06001 - <unknown>
[INFO] [stdout]    7:     0x5a40e1a05fb9 - <unknown>
[INFO] [stdout]    8:     0x5a40e1a064bc - <unknown>
[INFO] [stdout]    9:     0x5a40e19737bb - <unknown>
[INFO] [stdout]   10:     0x5a40e19772f1 - <unknown>
[INFO] [stdout]   11:     0x5a40e19391aa - <unknown>
[INFO] [stdout]   12:     0x5a40e197183e - <unknown>
[INFO] [stdout]   13:     0x5a40e1a21beb - <unknown>
[INFO] [stdout]   14:     0x5a40e1a1db91 - <unknown>
[INFO] [stdout]   15:     0x5a40e1a1d37c - <unknown>
[INFO] [stdout]   16:     0x5a40e1a3d03c - <unknown>
[INFO] [stdout]   17:     0x5a40e1a07bc4 - <unknown>
[INFO] [stdout]   18:     0x740ea01d1dfa - <unknown>
[INFO] [stdout]   19:     0x740ea02653d4 - clone
[INFO] [stdout]   20:                0x0 - <unknown>
[INFO] [stdout] 
[INFO] [stdout] ---- dedup_shares_rectangles_but_keeps_names stdout ----
[INFO] [stdout] 
[INFO] [stdout] thread 'dedup_shares_rectangles_but_keeps_names' (1059) panicked at tests/cli.rs:33:10:
[INFO] [stdout] run sheetpack: Os { code: 2, kind: NotFound, message: "No such file or directory" }
[INFO] [stdout] stack backtrace:
[INFO] [stdout]    0:     0x5a40e19e08e5 - <unknown>
[INFO] [stdout]    1:     0x5a40e197392a - <unknown>
[INFO] [stdout]    2:     0x5a40e19dff7b - <unknown>
[INFO] [stdout]    3:     0x5a40e19dfa5f - <unknown>
[INFO] [stdout]    4:     0x5a40e19df68a - <unknown>
[INFO] [stdout]    5:     0x5a40e19df1c5 - <unknown>
[INFO] [stdout]    6:     0x5a40e1a06001 - <unknown>
[INFO] [stdout]    7:     0x5a40e1a05fb9 - <unknown>
[INFO] [stdout]    8:     0x5a40e1a064bc - <unknown>
[INFO] [stdout]    9:     0x5a40e19737bb - <unknown>
[INFO] [stdout]   10:     0x5a40e19772f1 - <unknown>
[INFO] [stdout]   11:     0x5a40e19391aa - <unknown>
[INFO] [stdout]   12:     0x5a40e19703d9 - <unknown>
[INFO] [stdout]   13:     0x5a40e1a21beb - <unknown>
[INFO] [stdout]   14:     0x5a40e1a1db91 - <unknown>
[INFO] [stdout]   15:     0x5a40e1a1d37c - <unknown>
[INFO] [stdout]   16:     0x5a40e1a3d03c - <unknown>
[INFO] [stdout]   17:     0x5a40e1a07bc4 - <unknown>
[INFO] [stdout]   18:     0x740ea01d1dfa - <unknown>
[INFO] [stdout]   19:     0x740ea02653d4 - clone
[INFO] [stdout]   20:                0x0 - <unknown>
[INFO] [stdout] 
[INFO] [stdout] ---- duplicate_frame_names_are_a_usage_error stdout ----
[INFO] [stdout] 
[INFO] [stdout] thread 'duplicate_frame_names_are_a_usage_error' (1061) panicked at tests/cli.rs:33:10:
[INFO] [stdout] run sheetpack: Os { code: 2, kind: NotFound, message: "No such file or directory" }
[INFO] [stdout] stack backtrace:
[INFO] [stdout]    0:     0x5a40e19e08e5 - <unknown>
[INFO] [stdout]    1:     0x5a40e197392a - <unknown>
[INFO] [stdout]    2:     0x5a40e19dff7b - <unknown>
[INFO] [stdout]    3:     0x5a40e19dfa5f - <unknown>
[INFO] [stdout]    4:     0x5a40e19df68a - <unknown>
[INFO] [stdout]    5:     0x5a40e19df1c5 - <unknown>
[INFO] [stdout]    6:     0x5a40e1a06001 - <unknown>
[INFO] [stdout]    7:     0x5a40e1a05fb9 - <unknown>
[INFO] [stdout]    8:     0x5a40e1a064bc - <unknown>
[INFO] [stdout]    9:     0x5a40e19737bb - <unknown>
[INFO] [stdout]   10:     0x5a40e19772f1 - <unknown>
[INFO] [stdout]   11:     0x5a40e19391aa - <unknown>
[INFO] [stdout]   12:     0x5a40e1970d1b - <unknown>
[INFO] [stdout]   13:     0x5a40e1a21beb - <unknown>
[INFO] [stdout]   14:     0x5a40e1a1db91 - <unknown>
[INFO] [stdout]   15:     0x5a40e1a1d37c - <unknown>
[INFO] [stdout]   16:     0x5a40e1a3d03c - <unknown>
[INFO] [stdout]   17:     0x5a40e1a07bc4 - <unknown>
[INFO] [stdout]   18:     0x740ea01d1dfa - <unknown>
[INFO] [stdout]   19:     0x740ea02653d4 - clone
[INFO] [stdout]   20:                0x0 - <unknown>
[INFO] [stdout] 
[INFO] [stdout] ---- multipack_spills_to_numbered_pages stdout ----
[INFO] [stdout] 
[INFO] [stdout] thread 'multipack_spills_to_numbered_pages' (1065) panicked at tests/cli.rs:33:10:
[INFO] [stdout] run sheetpack: Os { code: 2, kind: NotFound, message: "No such file or directory" }
[INFO] [stdout] stack backtrace:
[INFO] [stdout]    0:     0x5a40e19e08e5 - <unknown>
[INFO] [stdout]    1:     0x5a40e197392a - <unknown>
[INFO] [stdout]    2:     0x5a40e19dff7b - <unknown>
[INFO] [stdout]    3:     0x5a40e19dfa5f - <unknown>
[INFO] [stdout]    4:     0x5a40e19df68a - <unknown>
[INFO] [stdout]    5:     0x5a40e19df1c5 - <unknown>
[INFO] [stdout]    6:     0x5a40e1a06001 - <unknown>
[INFO] [stdout]    7:     0x5a40e1a05fb9 - <unknown>
[INFO] [stdout]    8:     0x5a40e1a064bc - <unknown>
[INFO] [stdout]    9:     0x5a40e19737bb - <unknown>
[INFO] [stdout]   10:     0x5a40e19772f1 - <unknown>
[INFO] [stdout]   11:     0x5a40e19391aa - <unknown>
[INFO] [stdout]   12:     0x5a40e196e5f3 - <unknown>
[INFO] [stdout]   13:     0x5a40e1a21beb - <unknown>
[INFO] [stdout]   14:     0x5a40e1a1db91 - <unknown>
[INFO] [stdout]   15:     0x5a40e1a1d37c - <unknown>
[INFO] [stdout]   16:     0x5a40e1a3d03c - <unknown>
[INFO] [stdout]   17:     0x5a40e1a07bc4 - <unknown>
[INFO] [stdout]   18:     0x740ea01d1dfa - <unknown>
[INFO] [stdout]   19:     0x740ea02653d4 - clone
[INFO] [stdout]   20:                0x0 - <unknown>
[INFO] [stdout] 
[INFO] [stdout] ---- flag_validation_is_a_usage_error stdout ----
[INFO] [stdout] 
[INFO] [stdout] thread 'flag_validation_is_a_usage_error' (1063) panicked at tests/cli.rs:33:10:
[INFO] [stdout] run sheetpack: Os { code: 2, kind: NotFound, message: "No such file or directory" }
[INFO] [stdout] stack backtrace:
[INFO] [stdout]    0:     0x5a40e19e08e5 - <unknown>
[INFO] [stdout]    1:     0x5a40e197392a - <unknown>
[INFO] [stdout]    2:     0x5a40e19dff7b - <unknown>
[INFO] [stdout]    3:     0x5a40e19dfa5f - <unknown>
[INFO] [stdout]    4:     0x5a40e19df68a - <unknown>
[INFO] [stdout]    5:     0x5a40e19df1c5 - <unknown>
[INFO] [stdout]    6:     0x5a40e1a06001 - <unknown>
[INFO] [stdout]    7:     0x5a40e1a05fb9 - <unknown>
[INFO] [stdout]    8:     0x5a40e1a064bc - <unknown>
[INFO] [stdout]    9:     0x5a40e19737bb - <unknown>
[INFO] [stdout]   10:     0x5a40e19772f1 - <unknown>
[INFO] [stdout]   11:     0x5a40e19391aa - <unknown>
[INFO] [stdout]   12:     0x5a40e196d45d - <unknown>
[INFO] [stdout]   13:     0x5a40e1a21beb - <unknown>
[INFO] [stdout]   14:     0x5a40e1a1db91 - <unknown>
[INFO] [stdout]   15:     0x5a40e1a1d37c - <unknown>
[INFO] [stdout]   16:     0x5a40e1a3d03c - <unknown>
[INFO] [stdout]   17:     0x5a40e1a07bc4 - <unknown>
[INFO] [stdout]   18:     0x740ea01d1dfa - <unknown>
[INFO] [stdout]   19:     0x740ea02653d4 - clone
[INFO] [stdout]   20:                0x0 - <unknown>
[INFO] [stdout] 
[INFO] [stdout] ---- extrude_replicates_sprite_edges stdout ----
[INFO] [stdout] 
[INFO] [stdout] thread 'extrude_replicates_sprite_edges' (1062) panicked at tests/cli.rs:33:10:
[INFO] [stdout] run sheetpack: Os { code: 2, kind: NotFound, message: "No such file or directory" }
[INFO] [stdout] stack backtrace:
[INFO] [stdout]    0:     0x5a40e19e08e5 - <unknown>
[INFO] [stdout]    1:     0x5a40e197392a - <unknown>
[INFO] [stdout]    2:     0x5a40e19dff7b - <unknown>
[INFO] [stdout]    3:     0x5a40e19dfa5f - <unknown>
[INFO] [stdout]    4:     0x5a40e19df68a - <unknown>
[INFO] [stdout]    5:     0x5a40e19df1c5 - <unknown>
[INFO] [stdout]    6:     0x5a40e1a06001 - <unknown>
[INFO] [stdout]    7:     0x5a40e1a05fb9 - <unknown>
[INFO] [stdout]    8:     0x5a40e1a064bc - <unknown>
[INFO] [stdout]    9:     0x5a40e19737bb - <unknown>
[INFO] [stdout]   10:     0x5a40e19772f1 - <unknown>
[INFO] [stdout]   11:     0x5a40e19391aa - <unknown>
[INFO] [stdout]   12:     0x5a40e196cd5c - <unknown>
[INFO] [stdout]   13:     0x5a40e1a21beb - <unknown>
[INFO] [stdout]   14:     0x5a40e1a1db91 - <unknown>
[INFO] [stdout]   15:     0x5a40e1a1d37c - <unknown>
[INFO] [stdout]   16:     0x5a40e1a3d03c - <unknown>
[INFO] [stdout]   17:     0x5a40e1a07bc4 - <unknown>
[INFO] [stdout]   18:     0x740ea01d1dfa - <unknown>
[INFO] [stdout]   19:     0x740ea02653d4 - clone
[INFO] [stdout]   20:                0x0 - <unknown>
[INFO] [stdout] 
[INFO] [stdout] ---- css_and_godot_formats_write_their_files stdout ----
[INFO] [stdout] 
[INFO] [stdout] thread 'css_and_godot_formats_write_their_files' (1058) panicked at tests/cli.rs:33:10:
[INFO] [stdout] run sheetpack: Os { code: 2, kind: NotFound, message: "No such file or directory" }
[INFO] [stdout] stack backtrace:
[INFO] [stdout]    0:     0x5a40e19e08e5 - <unknown>
[INFO] [stdout]    1:     0x5a40e197392a - <unknown>
[INFO] [stdout]    2:     0x5a40e19dff7b - <unknown>
[INFO] [stdout]    3:     0x5a40e19dfa5f - <unknown>
[INFO] [stdout]    4:     0x5a40e19df68a - <unknown>
[INFO] [stdout]    5:     0x5a40e19df1c5 - <unknown>
[INFO] [stdout]    6:     0x5a40e1a06001 - <unknown>
[INFO] [stdout]    7:     0x5a40e1a05fb9 - <unknown>
[INFO] [stdout]    8:     0x5a40e1a064bc - <unknown>
[INFO] [stdout]    9:     0x5a40e19737bb - <unknown>
[INFO] [stdout]   10:     0x5a40e19772f1 - <unknown>
[INFO] [stdout]   11:     0x5a40e19391aa - <unknown>
[INFO] [stdout]   12:     0x5a40e196fbd1 - <unknown>
[INFO] [stdout]   13:     0x5a40e1a21beb - <unknown>
[INFO] [stdout]   14:     0x5a40e1a1db91 - <unknown>
[INFO] [stdout]   15:     0x5a40e1a1d37c - <unknown>
[INFO] [stdout]   16:     0x5a40e1a3d03c - <unknown>
[INFO] [stdout]   17:     0x5a40e1a07bc4 - <unknown>
[INFO] [stdout]   18:     0x740ea01d1dfa - <unknown>
[INFO] [stdout]   19:     0x740ea02653d4 - clone
[INFO] [stdout]   20:                0x0 - <unknown>
[INFO] [stdout] 
[INFO] [stdout] ---- list_formats_names_every_dialect stdout ----
[INFO] [stdout] 
[INFO] [stdout] thread 'list_formats_names_every_dialect' (1064) panicked at tests/cli.rs:33:10:
[INFO] [stdout] run sheetpack: Os { code: 2, kind: NotFound, message: "No such file or directory" }
[INFO] [stdout] stack backtrace:
[INFO] [stdout]    0:     0x5a40e19e08e5 - <unknown>
[INFO] [stdout]    1:     0x5a40e197392a - <unknown>
[INFO] [stdout]    2:     0x5a40e19dff7b - <unknown>
[INFO] [stdout]    3:     0x5a40e19dfa5f - <unknown>
[INFO] [stdout]    4:     0x5a40e19df68a - <unknown>
[INFO] [stdout]    5:     0x5a40e19df1c5 - <unknown>
[INFO] [stdout]    6:     0x5a40e1a06001 - <unknown>
[INFO] [stdout]    7:     0x5a40e1a05fb9 - <unknown>
[INFO] [stdout]    8:     0x5a40e1a064bc - <unknown>
[INFO] [stdout]    9:     0x5a40e19737bb - <unknown>
[INFO] [stdout]   10:     0x5a40e19772f1 - <unknown>
[INFO] [stdout]   11:     0x5a40e19391aa - <unknown>
[INFO] [stdout]   12:     0x5a40e196d854 - <unknown>
[INFO] [stdout]   13:     0x5a40e1a21beb - <unknown>
[INFO] [stdout]   14:     0x5a40e1a1db91 - <unknown>
[INFO] [stdout]   15:     0x5a40e1a1d37c - <unknown>
[INFO] [stdout]   16:     0x5a40e1a3d03c - <unknown>
[INFO] [stdout]   17:     0x5a40e1a07bc4 - <unknown>
[INFO] [stdout]   18:     0x740ea01d1dfa - <unknown>
[INFO] [stdout]   19:     0x740ea02653d4 - clone
[INFO] [stdout]   20:                0x0 - <unknown>
[INFO] [stdout] 
[INFO] [stdout] ---- pot_and_square_shape_the_page stdout ----
[INFO] [stdout] 
[INFO] [stdout] thread 'pot_and_square_shape_the_page' (1069) panicked at tests/cli.rs:33:10:
[INFO] [stdout] run sheetpack: Os { code: 2, kind: NotFound, message: "No such file or directory" }
[INFO] [stdout] stack backtrace:
[INFO] [stdout]    0:     0x5a40e19e08e5 - <unknown>
[INFO] [stdout]    1:     0x5a40e197392a - <unknown>
[INFO] [stdout]    2:     0x5a40e19dff7b - <unknown>
[INFO] [stdout]    3:     0x5a40e19dfa5f - <unknown>
[INFO] [stdout]    4:     0x5a40e19df68a - <unknown>
[INFO] [stdout]    5:     0x5a40e19df1c5 - <unknown>
[INFO] [stdout]    6:     0x5a40e1a06001 - <unknown>
[INFO] [stdout]    7:     0x5a40e1a05fb9 - <unknown>
[INFO] [stdout]    8:     0x5a40e1a064bc - <unknown>
[INFO] [stdout]    9:     0x5a40e19737bb - <unknown>
[INFO] [stdout]   10:     0x5a40e19772f1 - <unknown>
[INFO] [stdout]   11:     0x5a40e19391aa - <unknown>
[INFO] [stdout]   12:     0x5a40e196c959 - <unknown>
[INFO] [stdout]   13:     0x5a40e1a21beb - <unknown>
[INFO] [stdout]   14:     0x5a40e1a1db91 - <unknown>
[INFO] [stdout]   15:     0x5a40e1a1d37c - <unknown>
[INFO] [stdout]   16:     0x5a40e1a3d03c - <unknown>
[INFO] [stdout]   17:     0x5a40e1a07bc4 - <unknown>
[INFO] [stdout]   18:     0x740ea01d1dfa - <unknown>
[INFO] [stdout]   19:     0x740ea02653d4 - clone
[INFO] [stdout]   20:                0x0 - <unknown>
[INFO] [stdout] 
[INFO] [stdout] ---- strip_ext_drops_extensions_from_names stdout ----
[INFO] [stdout] 
[INFO] [stdout] thread 'strip_ext_drops_extensions_from_names' (1070) panicked at tests/cli.rs:33:10:
[INFO] [stdout] run sheetpack: Os { code: 2, kind: NotFound, message: "No such file or directory" }
[INFO] [stdout] stack backtrace:
[INFO] [stdout]    0:     0x5a40e19e08e5 - <unknown>
[INFO] [stdout]    1:     0x5a40e197392a - <unknown>
[INFO] [stdout]    2:     0x5a40e19dff7b - <unknown>
[INFO] [stdout]    3:     0x5a40e19dfa5f - <unknown>
[INFO] [stdout]    4:     0x5a40e19df68a - <unknown>
[INFO] [stdout]    5:     0x5a40e19df1c5 - <unknown>
[INFO] [stdout]    6:     0x5a40e1a06001 - <unknown>
[INFO] [stdout]    7:     0x5a40e1a05fb9 - <unknown>
[INFO] [stdout]    8:     0x5a40e1a064bc - <unknown>
[INFO] [stdout]    9:     0x5a40e19737bb - <unknown>
[INFO] [stdout]   10:     0x5a40e19772f1 - <unknown>
[INFO] [stdout]   11:     0x5a40e19391aa - <unknown>
[INFO] [stdout]   12:     0x5a40e196f87f - <unknown>
[INFO] [stdout]   13:     0x5a40e1a21beb - <unknown>
[INFO] [stdout]   14:     0x5a40e1a1db91 - <unknown>
[INFO] [stdout]   15:     0x5a40e1a1d37c - <unknown>
[INFO] [stdout]   16:     0x5a40e1a3d03c - <unknown>
[INFO] [stdout]   17:     0x5a40e1a07bc4 - <unknown>
[INFO] [stdout]   18:     0x740ea01d1dfa - <unknown>
[INFO] [stdout]   19:     0x740ea02653d4 - clone
[INFO] [stdout]   20:                0x0 - <unknown>
[INFO] [stdout] 
[INFO] [stdout] ---- output_is_deterministic_across_runs stdout ----
[INFO] [stdout] 
[INFO] [stdout] thread 'output_is_deterministic_across_runs' (1066) panicked at tests/cli.rs:33:10:
[INFO] [stdout] run sheetpack: Os { code: 2, kind: NotFound, message: "No such file or directory" }
[INFO] [stdout] stack backtrace:
[INFO] [stdout]    0:     0x5a40e19e08e5 - <unknown>
[INFO] [stdout]    1:     0x5a40e197392a - <unknown>
[INFO] [stdout]    2:     0x5a40e19dff7b - <unknown>
[INFO] [stdout]    3:     0x5a40e19dfa5f - <unknown>
[INFO] [stdout]    4:     0x5a40e19df68a - <unknown>
[INFO] [stdout]    5:     0x5a40e19df1c5 - <unknown>
[INFO] [stdout]    6:     0x5a40e1a06001 - <unknown>
[INFO] [stdout]    7:     0x5a40e1a05fb9 - <unknown>
[INFO] [stdout]    8:     0x5a40e1a064bc - <unknown>
[INFO] [stdout]    9:     0x5a40e19737bb - <unknown>
[INFO] [stdout]   10:     0x5a40e19772f1 - <unknown>
[INFO] [stdout]   11:     0x5a40e19391aa - <unknown>
[INFO] [stdout]   12:     0x5a40e196f12a - <unknown>
[INFO] [stdout]   13:     0x5a40e1a21beb - <unknown>
[INFO] [stdout]   14:     0x5a40e1a1db91 - <unknown>
[INFO] [stdout]   15:     0x5a40e1a1d37c - <unknown>
[INFO] [stdout]   16:     0x5a40e1a3d03c - <unknown>
[INFO] [stdout]   17:     0x5a40e1a07bc4 - <unknown>
[INFO] [stdout]   18:     0x740ea01d1dfa - <unknown>
[INFO] [stdout]   19:     0x740ea02653d4 - clone
[INFO] [stdout]   20:                0x0 - <unknown>
[INFO] [stdout] 
[INFO] [stdout] ---- trim_records_source_geometry stdout ----
[INFO] [stdout] 
[INFO] [stdout] thread 'trim_records_source_geometry' (1081) panicked at tests/cli.rs:33:10:
[INFO] [stdout] run sheetpack: Os { code: 2, kind: NotFound, message: "No such file or directory" }
[INFO] [stdout] stack backtrace:
[INFO] [stdout]    0:     0x5a40e19e08e5 - <unknown>
[INFO] [stdout]    1:     0x5a40e197392a - <unknown>
[INFO] [stdout]    2:     0x5a40e19dff7b - <unknown>
[INFO] [stdout]    3:     0x5a40e19dfa5f - <unknown>
[INFO] [stdout]    4:     0x5a40e19df68a - <unknown>
[INFO] [stdout]    5:     0x5a40e19df1c5 - <unknown>
[INFO] [stdout]    6:     0x5a40e1a06001 - <unknown>
[INFO] [stdout]    7:     0x5a40e1a05fb9 - <unknown>
[INFO] [stdout]    8:     0x5a40e1a064bc - <unknown>
[INFO] [stdout]    9:     0x5a40e19737bb - <unknown>
[INFO] [stdout]   10:     0x5a40e19772f1 - <unknown>
[INFO] [stdout]   11:     0x5a40e19391aa - <unknown>
[INFO] [stdout]   12:     0x5a40e196c073 - <unknown>
[INFO] [stdout]   13:     0x5a40e1a21beb - <unknown>
[INFO] [stdout]   14:     0x5a40e1a1db91 - <unknown>
[INFO] [stdout]   15:     0x5a40e1a1d37c - <unknown>
[INFO] [stdout]   16:     0x5a40e1a3d03c - <unknown>
[INFO] [stdout]   17:     0x5a40e1a07bc4 - <unknown>
[INFO] [stdout]   18:     0x740ea01d1dfa - <unknown>
[INFO] [stdout]   19:     0x740ea02653d4 - clone
[INFO] [stdout]   20:                0x0 - <unknown>
[INFO] [stdout] 
[INFO] [stdout] 
[INFO] [stdout] failures:
[INFO] [stdout]     check_passes_then_fails_after_a_source_changes
[INFO] [stdout]     check_refuses_formats_without_a_manifest
[INFO] [stdout]     check_reports_missing_manifest_and_deleted_page
[INFO] [stdout]     css_and_godot_formats_write_their_files
[INFO] [stdout]     dedup_shares_rectangles_but_keeps_names
[INFO] [stdout]     dry_run_writes_nothing
[INFO] [stdout]     duplicate_frame_names_are_a_usage_error
[INFO] [stdout]     extrude_replicates_sprite_edges
[INFO] [stdout]     flag_validation_is_a_usage_error
[INFO] [stdout]     list_formats_names_every_dialect
[INFO] [stdout]     multipack_spills_to_numbered_pages
[INFO] [stdout]     output_is_deterministic_across_runs
[INFO] [stdout]     oversize_sprite_exits_1_with_the_available_room
[INFO] [stdout]     packs_sprites_and_writes_manifest
[INFO] [stdout]     pot_and_square_shape_the_page
[INFO] [stdout]     strip_ext_drops_extensions_from_names
[INFO] [stdout]     trim_records_source_geometry
[INFO] [stdout] 
[INFO] [stdout] test result: FAILED. 0 passed; 17 failed; 0 ignored; 0 measured; 0 filtered out; finished in 0.02s
[INFO] [stdout] 
[INFO] [stderr] error: test failed, to rerun pass `--test cli`
[INFO] running `Command { std: "docker" "inspect" "f047c6ad99b03b84f554b219469c5983d88a70caac9e31b51580a2a56744e713", kill_on_drop: false }`
[INFO] running `Command { std: "docker" "rm" "-f" "f047c6ad99b03b84f554b219469c5983d88a70caac9e31b51580a2a56744e713", kill_on_drop: false }`
[INFO] [stdout] f047c6ad99b03b84f554b219469c5983d88a70caac9e31b51580a2a56744e713
