[INFO] cloning repository https://github.com/printemps-tokyo/fxlfit
[INFO] running `Command { std: "git" "-c" "credential.helper=" "-c" "credential.helper=/workspace/cargo-home/bin/git-credential-null" "clone" "--bare" "https://github.com/printemps-tokyo/fxlfit" "/workspace/cache/git-repos/https%3A%2F%2Fgithub.com%2Fprintemps-tokyo%2Ffxlfit", kill_on_drop: false }`
[INFO] [stderr] Cloning into bare repository '/workspace/cache/git-repos/https%3A%2F%2Fgithub.com%2Fprintemps-tokyo%2Ffxlfit'...
[INFO] running `Command { std: "git" "rev-parse" "HEAD", kill_on_drop: false }`
[INFO] [stdout] 34239bdd936dc6e0001dbd0ffc40148809888cab
[INFO] testing printemps-tokyo/fxlfit against 1.100.0-beta.1+cargoflags=--release for beta-release-1.100-3
[INFO] running `Command { std: "git" "clone" "/workspace/cache/git-repos/https%3A%2F%2Fgithub.com%2Fprintemps-tokyo%2Ffxlfit" "/workspace/builds/worker-5-tc2/source", kill_on_drop: false }`
[INFO] [stderr] Cloning into '/workspace/builds/worker-5-tc2/source'...
[INFO] [stderr] done.
[INFO] started tweaking git repo https://github.com/printemps-tokyo/fxlfit
[INFO] finished tweaking git repo https://github.com/printemps-tokyo/fxlfit
[INFO] tweaked toml for git repo https://github.com/printemps-tokyo/fxlfit written to /workspace/builds/worker-5-tc2/source/Cargo.toml
[INFO] validating manifest of git repo https://github.com/printemps-tokyo/fxlfit on toolchain 1.100.0-beta.1
[INFO] running `Command { std: CARGO_HOME="/workspace/cargo-home" RUSTUP_HOME="/workspace/rustup-home" "/workspace/cargo-home/bin/cargo" "+1.100.0-beta.1" "metadata" "--manifest-path" "Cargo.toml" "--no-deps", kill_on_drop: false }`
[INFO] crate git repo https://github.com/printemps-tokyo/fxlfit already has a lockfile, it will not be regenerated
[INFO] running `Command { std: CARGO_HOME="/workspace/cargo-home" RUSTUP_HOME="/workspace/rustup-home" "/workspace/cargo-home/bin/cargo" "+1.100.0-beta.1" "fetch" "--manifest-path" "Cargo.toml", kill_on_drop: false }`
[INFO] [stderr] warning: `package.homepage` is redundant with `package.repository`
[INFO] [stderr]   --> Cargo.toml:35:12
[INFO] [stderr]    |
[INFO] [stderr] 35 | homepage = "https://github.com/printemps-tokyo/fxlfit"
[INFO] [stderr]    |            ^^^^^^^^^^^^^^^^^^^^^^^^^^^^^^^^^^^^^^^^^^^
[INFO] [stderr] ...
[INFO] [stderr] 40 | repository = "https://github.com/printemps-tokyo/fxlfit"
[INFO] [stderr]    |              -------------------------------------------
[INFO] [stderr]    |
[INFO] [stderr]    = note: `cargo::redundant_homepage` is set to `warn` by default
[INFO] [stderr] help: consider removing `package.homepage`
[INFO] [stderr] warning: `fxlfit` (manifest) generated 1 warning
[INFO] running `Command { std: "docker" "create" "-v" "/var/lib/crater-agent-workspace/builds/worker-5-tc2/source:/opt/rustwide/workdir:ro,Z" "-v" "/var/lib/crater-agent-workspace/builds/worker-5-tc2/target:/opt/rustwide/target:rw,Z" "-v" "/var/lib/crater-agent-workspace/cargo-home:/opt/rustwide/cargo-home:ro,Z" "-v" "/var/lib/crater-agent-workspace/rustup-home:/opt/rustwide/rustup-home:ro,Z" "-m" "1610612736" "--network" "none" "ghcr.io/rust-lang/crates-build-env/linux@sha256:77db811e55d90add9212f6832c23229e3de5f1c1f9905e8cb07319ea15df73ac" "sleep" "infinity", kill_on_drop: false }`
[INFO] [stdout] aa1bd9ad55ea04c501838c38bc3943cd59751e70f66aec5b83f325b8fcbb9bab
[INFO] running `Command { std: "docker" "start" "aa1bd9ad55ea04c501838c38bc3943cd59751e70f66aec5b83f325b8fcbb9bab", kill_on_drop: false }`
[INFO] running `Command { std: "docker" "inspect" "aa1bd9ad55ea04c501838c38bc3943cd59751e70f66aec5b83f325b8fcbb9bab", kill_on_drop: false }`
[INFO] running `Command { std: "docker" "exec" "-e" "SOURCE_DIR=/opt/rustwide/workdir" "-e" "CARGO_HOME=/opt/rustwide/cargo-home" "-e" "RUSTUP_HOME=/opt/rustwide/rustup-home" "-e" "CARGO_TARGET_DIR=/opt/rustwide/target" "-w" "/opt/rustwide/workdir" "--user" "0:0" "aa1bd9ad55ea04c501838c38bc3943cd59751e70f66aec5b83f325b8fcbb9bab" "/opt/rustwide/cargo-home/bin/cargo" "+1.100.0-beta.1" "metadata" "--no-deps" "--format-version=1", kill_on_drop: false }`
[INFO] running `Command { std: "docker" "inspect" "aa1bd9ad55ea04c501838c38bc3943cd59751e70f66aec5b83f325b8fcbb9bab", kill_on_drop: false }`
[INFO] running `Command { std: "docker" "exec" "-e" "SOURCE_DIR=/opt/rustwide/workdir" "-e" "CARGO_HOME=/opt/rustwide/cargo-home" "-e" "RUSTUP_HOME=/opt/rustwide/rustup-home" "-e" "CARGO_TARGET_DIR=/opt/rustwide/target" "-e" "CARGO_INCREMENTAL=0" "-e" "RUST_BACKTRACE=full" "-e" "RUSTFLAGS=--cap-lints=warn" "-e" "RUSTDOCFLAGS=--cap-lints=warn" "-w" "/opt/rustwide/workdir" "--user" "0:0" "aa1bd9ad55ea04c501838c38bc3943cd59751e70f66aec5b83f325b8fcbb9bab" "/opt/rustwide/cargo-home/bin/cargo" "+1.100.0-beta.1" "build" "--frozen" "--message-format=json" "--release", kill_on_drop: false }`
[INFO] [stderr] warning: `package.homepage` is redundant with `package.repository`
[INFO] [stderr]   --> Cargo.toml:35:12
[INFO] [stderr]    |
[INFO] [stderr] 35 | homepage = "https://github.com/printemps-tokyo/fxlfit"
[INFO] [stderr]    |            ^^^^^^^^^^^^^^^^^^^^^^^^^^^^^^^^^^^^^^^^^^^
[INFO] [stderr] ...
[INFO] [stderr] 40 | repository = "https://github.com/printemps-tokyo/fxlfit"
[INFO] [stderr]    |              -------------------------------------------
[INFO] [stderr]    |
[INFO] [stderr]    = note: `cargo::redundant_homepage` is set to `warn` by default
[INFO] [stderr] help: consider removing `package.homepage`
[INFO] [stderr] warning: `fxlfit` (manifest) generated 1 warning
[INFO] [stderr]    Compiling proc-macro2 v1.0.107
[INFO] [stderr]    Compiling quote v1.0.47
[INFO] [stderr]    Compiling unicode-ident v1.0.24
[INFO] [stderr]    Compiling utf8parse v0.2.2
[INFO] [stderr]    Compiling anstyle v1.0.14
[INFO] [stderr]    Compiling crc32fast v1.5.1
[INFO] [stderr]    Compiling anstyle-query v1.1.5
[INFO] [stderr]    Compiling colorchoice v1.0.5
[INFO] [stderr]    Compiling is_terminal_polyfill v1.70.2
[INFO] [stderr]    Compiling strsim v0.11.1
[INFO] [stderr]    Compiling anyhow v1.0.104
[INFO] [stderr]    Compiling heck v0.5.0
[INFO] [stderr]    Compiling hashbrown v0.17.1
[INFO] [stderr]    Compiling equivalent v1.0.2
[INFO] [stderr]    Compiling cfg-if v1.0.4
[INFO] [stderr]    Compiling zlib-rs v0.6.7
[INFO] [stderr]    Compiling memchr v2.8.3
[INFO] [stderr]    Compiling clap_lex v1.1.0
[INFO] [stderr]    Compiling typed-path v0.12.3
[INFO] [stderr]    Compiling anstyle-parse v1.0.0
[INFO] [stderr]    Compiling anstream v1.0.0
[INFO] [stderr]    Compiling quick-xml v0.42.0
[INFO] [stderr]    Compiling clap_builder v4.6.6
[INFO] [stderr]    Compiling syn v3.0.3
[INFO] [stderr]    Compiling indexmap v2.14.0
[INFO] [stderr]    Compiling clap_derive v4.6.4
[INFO] [stderr]    Compiling flate2 v1.1.9
[INFO] [stderr]    Compiling zip v8.6.0
[INFO] [stderr]    Compiling clap v4.6.6
[INFO] [stderr]    Compiling fxlfit v0.1.0 (/opt/rustwide/workdir)
[INFO] [stderr]     Finished `release` profile [optimized] target(s) in 35.61s
[INFO] running `Command { std: "docker" "inspect" "aa1bd9ad55ea04c501838c38bc3943cd59751e70f66aec5b83f325b8fcbb9bab", kill_on_drop: false }`
[INFO] running `Command { std: "docker" "exec" "-e" "SOURCE_DIR=/opt/rustwide/workdir" "-e" "CARGO_HOME=/opt/rustwide/cargo-home" "-e" "RUSTUP_HOME=/opt/rustwide/rustup-home" "-e" "CARGO_TARGET_DIR=/opt/rustwide/target" "-e" "CARGO_INCREMENTAL=0" "-e" "RUST_BACKTRACE=full" "-e" "RUSTFLAGS=--cap-lints=warn" "-e" "RUSTDOCFLAGS=--cap-lints=warn" "-w" "/opt/rustwide/workdir" "--user" "0:0" "aa1bd9ad55ea04c501838c38bc3943cd59751e70f66aec5b83f325b8fcbb9bab" "/opt/rustwide/cargo-home/bin/cargo" "+1.100.0-beta.1" "test" "--frozen" "--no-run" "--message-format=json" "--release", kill_on_drop: false }`
[INFO] [stderr] warning: `package.homepage` is redundant with `package.repository`
[INFO] [stderr]   --> Cargo.toml:35:12
[INFO] [stderr]    |
[INFO] [stderr] 35 | homepage = "https://github.com/printemps-tokyo/fxlfit"
[INFO] [stderr]    |            ^^^^^^^^^^^^^^^^^^^^^^^^^^^^^^^^^^^^^^^^^^^
[INFO] [stderr] ...
[INFO] [stderr] 40 | repository = "https://github.com/printemps-tokyo/fxlfit"
[INFO] [stderr]    |              -------------------------------------------
[INFO] [stderr]    |
[INFO] [stderr]    = note: `cargo::redundant_homepage` is set to `warn` by default
[INFO] [stderr] help: consider removing `package.homepage`
[INFO] [stderr] warning: `fxlfit` (manifest) generated 1 warning
[INFO] [stderr]    Compiling cfg-if v1.0.4
[INFO] [stderr]    Compiling utf8parse v0.2.2
[INFO] [stderr]    Compiling anstyle v1.0.14
[INFO] [stderr]    Compiling libc v0.2.189
[INFO] [stderr]    Compiling colorchoice v1.0.5
[INFO] [stderr]    Compiling anstyle-query v1.1.5
[INFO] [stderr]    Compiling is_terminal_polyfill v1.70.2
[INFO] [stderr]    Compiling hashbrown v0.17.1
[INFO] [stderr]    Compiling zlib-rs v0.6.7
[INFO] [stderr]    Compiling getrandom v0.4.3
[INFO] [stderr]    Compiling strsim v0.11.1
[INFO] [stderr]    Compiling rustix v1.1.4
[INFO] [stderr]    Compiling equivalent v1.0.2
[INFO] [stderr]    Compiling memchr v2.8.3
[INFO] [stderr]    Compiling clap_lex v1.1.0
[INFO] [stderr]    Compiling linux-raw-sys v0.12.1
[INFO] [stderr]    Compiling anstyle-parse v1.0.0
[INFO] [stderr]    Compiling typed-path v0.12.3
[INFO] [stderr]    Compiling crc32fast v1.5.1
[INFO] [stderr]    Compiling bitflags v2.13.1
[INFO] [stderr]    Compiling anyhow v1.0.104
[INFO] [stderr]    Compiling once_cell v1.21.4
[INFO] [stderr]    Compiling fastrand v2.5.0
[INFO] [stderr]    Compiling anstream v1.0.0
[INFO] [stderr]    Compiling clap_builder v4.6.6
[INFO] [stderr]    Compiling quick-xml v0.42.0
[INFO] [stderr]    Compiling indexmap v2.14.0
[INFO] [stderr]    Compiling tempfile v3.27.0
[INFO] [stderr]    Compiling clap v4.6.6
[INFO] [stderr]    Compiling flate2 v1.1.9
[INFO] [stderr]    Compiling zip v8.6.0
[INFO] [stderr]    Compiling fxlfit v0.1.0 (/opt/rustwide/workdir)
[INFO] [stderr]     Finished `release` profile [optimized] target(s) in 37.64s
[INFO] running `Command { std: "docker" "inspect" "aa1bd9ad55ea04c501838c38bc3943cd59751e70f66aec5b83f325b8fcbb9bab", kill_on_drop: false }`
[INFO] running `Command { std: "docker" "exec" "-e" "SOURCE_DIR=/opt/rustwide/workdir" "-e" "CARGO_HOME=/opt/rustwide/cargo-home" "-e" "RUSTUP_HOME=/opt/rustwide/rustup-home" "-e" "CARGO_TARGET_DIR=/opt/rustwide/target" "-e" "CARGO_INCREMENTAL=0" "-e" "RUST_BACKTRACE=full" "-e" "RUSTFLAGS=--cap-lints=warn" "-e" "RUSTDOCFLAGS=--cap-lints=warn" "-w" "/opt/rustwide/workdir" "--user" "0:0" "aa1bd9ad55ea04c501838c38bc3943cd59751e70f66aec5b83f325b8fcbb9bab" "/opt/rustwide/cargo-home/bin/cargo" "+1.100.0-beta.1" "test" "--frozen" "--release", kill_on_drop: false }`
[INFO] [stderr] warning: `package.homepage` is redundant with `package.repository`
[INFO] [stderr]   --> Cargo.toml:35:12
[INFO] [stderr]    |
[INFO] [stderr] 35 | homepage = "https://github.com/printemps-tokyo/fxlfit"
[INFO] [stderr]    |            ^^^^^^^^^^^^^^^^^^^^^^^^^^^^^^^^^^^^^^^^^^^
[INFO] [stderr] ...
[INFO] [stderr] 40 | repository = "https://github.com/printemps-tokyo/fxlfit"
[INFO] [stderr]    |              -------------------------------------------
[INFO] [stderr]    |
[INFO] [stderr]    = note: `cargo::redundant_homepage` is set to `warn` by default
[INFO] [stderr] help: consider removing `package.homepage`
[INFO] [stderr] warning: `fxlfit` (manifest) generated 1 warning
[INFO] [stderr]     Finished `release` profile [optimized] target(s) in 0.06s
[INFO] [stderr]      Running unittests src/lib.rs (/opt/rustwide/target/release/build/fxlfit/ad04ae1ccf009eb6/out/fxlfit-ad04ae1ccf009eb6)
[INFO] [stdout] 
[INFO] [stdout] running 20 tests
[INFO] [stdout] test page::tests::a_malformed_document_reports_what_it_managed_to_read ... ok
[INFO] [stdout] test page::tests::an_svg_spine_item_is_its_own_viewport ... ok
[INFO] [stdout] test page::tests::an_svg_wrapped_page_takes_its_description_from_the_svg_title ... ok
[INFO] [stdout] test image::tests::png_dimensions_come_from_ihdr ... ok
[INFO] [stdout] test image::tests::webp_vp8x_carries_the_canvas_size ... ok
[INFO] [stdout] test util::tests::long_lists_are_summarized_without_lying_about_the_count ... ok
[INFO] [stdout] test page::tests::viewport_meta_needs_pixels ... ok
[INFO] [stdout] test util::tests::sizes_accept_binary_and_decimal_units ... ok
[INFO] [stdout] test util::tests::byte_counts_stay_readable ... ok
[INFO] [stdout] test util::tests::hrefs_resolve_against_the_referring_document ... ok
[INFO] [stdout] test checks::access::tests::the_conformance_string_is_parsed_not_read ... ok
[INFO] [stdout] test image::tests::media_types_are_sniffed_from_the_bytes ... ok
[INFO] [stdout] test util::tests::remote_hrefs_are_recognized ... ok
[INFO] [stdout] test checks::access::tests::placeholder_alt_text_is_recognized_by_shape ... ok
[INFO] [stdout] test image::tests::an_unknown_or_truncated_header_is_unknown_rather_than_wrong ... ok
[INFO] [stdout] test page::tests::a_page_is_read_down_to_its_image_and_its_text ... ok
[INFO] [stdout] test page::tests::svg_pages_fall_back_to_the_view_box ... ok
[INFO] [stdout] test checks::access::tests::decorative_markings_are_all_recognized ... ok
[INFO] [stdout] test image::tests::gif_dimensions_are_little_endian ... ok
[INFO] [stdout] test image::tests::jpeg_dimensions_survive_a_large_leading_segment ... ok
[INFO] [stdout] 
[INFO] [stdout] test result: ok. 20 passed; 0 failed; 0 ignored; 0 measured; 0 filtered out; finished in 0.01s
[INFO] [stdout] 
[INFO] [stderr]      Running unittests src/main.rs (/opt/rustwide/target/release/build/fxlfit/3c486a35714b4bc1/out/fxlfit-3c486a35714b4bc1)
[INFO] [stdout] 
[INFO] [stdout] running 0 tests
[INFO] [stdout] 
[INFO] [stdout] test result: ok. 0 passed; 0 failed; 0 ignored; 0 measured; 0 filtered out; finished in 0.00s
[INFO] [stdout] 
[INFO] [stderr]      Running tests/cli.rs (/opt/rustwide/target/release/build/fxlfit/df669850229ef265/out/cli-df669850229ef265)
[INFO] [stdout] 
[INFO] [stdout] running 24 tests
[INFO] [stdout] test a_conformance_string_that_does_not_parse_is_reported ... FAILED
[INFO] [stdout] test a_well_formed_comic_has_nothing_to_report ... FAILED
[INFO] [stdout] test filename_alt_text_is_reported_as_a_placeholder ... FAILED
[INFO] [stdout] test a_missing_alt_attribute_is_an_error ... FAILED
[INFO] [stdout] test metadata_that_overstates_the_book_is_reported ... FAILED
[INFO] [stdout] test an_undersized_page_image_is_reported ... FAILED
[INFO] [stdout] test the_json_report_carries_the_same_verdict ... FAILED
[INFO] [stdout] test pages_that_are_fixed_layout_in_all_but_the_declaration_are_still_checked ... FAILED
[INFO] [stdout] test device_width_is_not_a_fixed_layout_viewport ... FAILED
[INFO] [stdout] test a_page_without_a_viewport_is_an_error ... FAILED
[INFO] [stdout] test fail_on_controls_the_exit_code ... FAILED
[INFO] [stdout] test an_unreferenced_resource_is_reported ... FAILED
[INFO] [stdout] test an_image_that_does_not_fit_its_viewport_is_reported ... FAILED
[INFO] [stdout] test an_image_only_page_marked_decorative_is_an_error ... FAILED
[INFO] [stdout] test the_per_image_budget_is_the_callers_to_set ... FAILED
[INFO] [stdout] test only_and_skip_select_checks ... FAILED
[INFO] [stdout] test a_lower_level_claim_is_measured_against_the_target ... FAILED
[INFO] [stdout] test the_catalogue_is_printable_without_a_book ... FAILED
[INFO] [stdout] test the_page_table_lists_the_spine_in_order ... FAILED
[INFO] [stdout] test a_japanese_book_without_page_progression_is_an_error ... FAILED
[INFO] [stdout] test required_discovery_metadata_is_required ... FAILED
[INFO] [stdout] test the_same_alt_on_every_page_is_reported ... FAILED
[INFO] [stdout] test usage_errors_exit_two ... FAILED
[INFO] [stdout] test spread_sides_have_to_alternate ... FAILED
[INFO] [stdout] 
[INFO] [stdout] failures:
[INFO] [stdout] 
[INFO] [stdout] ---- a_conformance_string_that_does_not_parse_is_reported stdout ----
[INFO] [stdout] 
[INFO] [stdout] thread 'a_conformance_string_that_does_not_parse_is_reported' (953) panicked at tests/cli.rs:30:45:
[INFO] [stdout] run fxlfit: Os { code: 2, kind: NotFound, message: "No such file or directory" }
[INFO] [stdout] stack backtrace:
[INFO] [stdout]    0:     0x5b8e49f0d355 - <unknown>
[INFO] [stdout]    1:     0x5b8e49ef2afa - <unknown>
[INFO] [stdout]    2:     0x5b8e49f0c9eb - <unknown>
[INFO] [stdout]    3:     0x5b8e49f0c4cf - <unknown>
[INFO] [stdout]    4:     0x5b8e49f0c0fa - <unknown>
[INFO] [stdout]    5:     0x5b8e49f0bc35 - <unknown>
[INFO] [stdout]    6:     0x5b8e49f32c71 - <unknown>
[INFO] [stdout]    7:     0x5b8e49f32c29 - <unknown>
[INFO] [stdout]    8:     0x5b8e49f3312c - <unknown>
[INFO] [stdout]    9:     0x5b8e49ef298b - <unknown>
[INFO] [stdout]   10:     0x5b8e49ef5cf1 - <unknown>
[INFO] [stdout]   11:     0x5b8e49eddfca - <unknown>
[INFO] [stdout]   12:     0x5b8e49edf5ca - <unknown>
[INFO] [stdout]   13:     0x5b8e49ef108b - <unknown>
[INFO] [stdout]   14:     0x5b8e49f4d6bb - <unknown>
[INFO] [stdout]   15:     0x5b8e49f49681 - <unknown>
[INFO] [stdout]   16:     0x5b8e49f48e6c - <unknown>
[INFO] [stdout]   17:     0x5b8e49f68b0c - <unknown>
[INFO] [stdout]   18:     0x5b8e49f349a4 - <unknown>
[INFO] [stdout]   19:     0x7e0f5e118dfa - <unknown>
[INFO] [stdout]   20:     0x7e0f5e1ac3d4 - clone
[INFO] [stdout]   21:                0x0 - <unknown>
[INFO] [stdout] 
[INFO] [stdout] ---- a_well_formed_comic_has_nothing_to_report stdout ----
[INFO] [stdout] 
[INFO] [stdout] thread 'a_well_formed_comic_has_nothing_to_report' (958) panicked at tests/cli.rs:30:45:
[INFO] [stdout] run fxlfit: Os { code: 2, kind: NotFound, message: "No such file or directory" }
[INFO] [stdout] stack backtrace:
[INFO] [stdout]    0:     0x5b8e49f0d355 - <unknown>
[INFO] [stdout]    1:     0x5b8e49ef2afa - <unknown>
[INFO] [stdout]    2:     0x5b8e49f0c9eb - <unknown>
[INFO] [stdout]    3:     0x5b8e49f0c4cf - <unknown>
[INFO] [stdout]    4:     0x5b8e49f0c0fa - <unknown>
[INFO] [stdout]    5:     0x5b8e49f0bc35 - <unknown>
[INFO] [stdout]    6:     0x5b8e49f32c71 - <unknown>
[INFO] [stdout]    7:     0x5b8e49f32c29 - <unknown>
[INFO] [stdout]    8:     0x5b8e49f3312c - <unknown>
[INFO] [stdout]    9:     0x5b8e49ef298b - <unknown>
[INFO] [stdout]   10:     0x5b8e49ef5cf1 - <unknown>
[INFO] [stdout]   11:     0x5b8e49eddfca - <unknown>
[INFO] [stdout]   12:     0x5b8e49edf5ca - <unknown>
[INFO] [stdout]   13:     0x5b8e49ee172a - <unknown>
[INFO] [stdout]   14:     0x5b8e49ef0439 - <unknown>
[INFO] [stdout]   15:     0x5b8e49f4d6bb - <unknown>
[INFO] [stdout]   16:     0x5b8e49f49681 - <unknown>
[INFO] [stdout]   17:     0x5b8e49f48e6c - <unknown>
[INFO] [stdout]   18:     0x5b8e49f68b0c - <unknown>
[INFO] [stdout]   19:     0x5b8e49f349a4 - <unknown>
[INFO] [stdout]   20:     0x7e0f5e118dfa - <unknown>
[INFO] [stdout]   21:     0x7e0f5e1ac3d4 - clone
[INFO] [stdout]   22:                0x0 - <unknown>
[INFO] [stdout] 
[INFO] [stdout] ---- filename_alt_text_is_reported_as_a_placeholder stdout ----
[INFO] [stdout] 
[INFO] [stdout] thread 'filename_alt_text_is_reported_as_a_placeholder' (965) panicked at tests/cli.rs:30:45:
[INFO] [stdout] run fxlfit: Os { code: 2, kind: NotFound, message: "No such file or directory" }
[INFO] [stdout] stack backtrace:
[INFO] [stdout]    0:     0x5b8e49f0d355 - <unknown>
[INFO] [stdout]    1:     0x5b8e49ef2afa - <unknown>
[INFO] [stdout]    2:     0x5b8e49f0c9eb - <unknown>
[INFO] [stdout]    3:     0x5b8e49f0c4cf - <unknown>
[INFO] [stdout]    4:     0x5b8e49f0c0fa - <unknown>
[INFO] [stdout]    5:     0x5b8e49f0bc35 - <unknown>
[INFO] [stdout]    6:     0x5b8e49f32c71 - <unknown>
[INFO] [stdout]    7:     0x5b8e49f32c29 - <unknown>
[INFO] [stdout]    8:     0x5b8e49f3312c - <unknown>
[INFO] [stdout]    9:     0x5b8e49ef298b - <unknown>
[INFO] [stdout]   10:     0x5b8e49ef5cf1 - <unknown>
[INFO] [stdout]   11:     0x5b8e49eddfca - <unknown>
[INFO] [stdout]   12:     0x5b8e49edf5ca - <unknown>
[INFO] [stdout]   13:     0x5b8e49ef0724 - <unknown>
[INFO] [stdout]   14:     0x5b8e49f4d6bb - <unknown>
[INFO] [stdout]   15:     0x5b8e49f49681 - <unknown>
[INFO] [stdout]   16:     0x5b8e49f48e6c - <unknown>
[INFO] [stdout]   17:     0x5b8e49f68b0c - <unknown>
[INFO] [stdout]   18:     0x5b8e49f349a4 - <unknown>
[INFO] [stdout]   19:     0x7e0f5e118dfa - <unknown>
[INFO] [stdout]   20:     0x7e0f5e1ac3d4 - clone
[INFO] [stdout]   21:                0x0 - <unknown>
[INFO] [stdout] 
[INFO] [stdout] ---- a_missing_alt_attribute_is_an_error stdout ----
[INFO] [stdout] 
[INFO] [stdout] thread 'a_missing_alt_attribute_is_an_error' (956) panicked at tests/cli.rs:30:45:
[INFO] [stdout] run fxlfit: Os { code: 2, kind: NotFound, message: "No such file or directory" }
[INFO] [stdout] stack backtrace:
[INFO] [stdout]    0:     0x5b8e49f0d355 - <unknown>
[INFO] [stdout]    1:     0x5b8e49ef2afa - <unknown>
[INFO] [stdout]    2:     0x5b8e49f0c9eb - <unknown>
[INFO] [stdout]    3:     0x5b8e49f0c4cf - <unknown>
[INFO] [stdout]    4:     0x5b8e49f0c0fa - <unknown>
[INFO] [stdout]    5:     0x5b8e49f0bc35 - <unknown>
[INFO] [stdout]    6:     0x5b8e49f32c71 - <unknown>
[INFO] [stdout]    7:     0x5b8e49f32c29 - <unknown>
[INFO] [stdout]    8:     0x5b8e49f3312c - <unknown>
[INFO] [stdout]    9:     0x5b8e49ef298b - <unknown>
[INFO] [stdout]   10:     0x5b8e49ef5cf1 - <unknown>
[INFO] [stdout]   11:     0x5b8e49eddfca - <unknown>
[INFO] [stdout]   12:     0x5b8e49edf5ca - <unknown>
[INFO] [stdout]   13:     0x5b8e49ee00a0 - <unknown>
[INFO] [stdout]   14:     0x5b8e49eef719 - <unknown>
[INFO] [stdout]   15:     0x5b8e49f4d6bb - <unknown>
[INFO] [stdout]   16:     0x5b8e49f49681 - <unknown>
[INFO] [stdout]   17:     0x5b8e49f48e6c - <unknown>
[INFO] [stdout]   18:     0x5b8e49f68b0c - <unknown>
[INFO] [stdout]   19:     0x5b8e49f349a4 - <unknown>
[INFO] [stdout]   20:     0x7e0f5e118dfa - <unknown>
[INFO] [stdout]   21:     0x7e0f5e1ac3d4 - clone
[INFO] [stdout]   22:                0x0 - <unknown>
[INFO] [stdout] 
[INFO] [stdout] ---- metadata_that_overstates_the_book_is_reported stdout ----
[INFO] [stdout] 
[INFO] [stdout] thread 'metadata_that_overstates_the_book_is_reported' (966) panicked at tests/cli.rs:30:45:
[INFO] [stdout] run fxlfit: Os { code: 2, kind: NotFound, message: "No such file or directory" }
[INFO] [stdout] stack backtrace:
[INFO] [stdout]    0:     0x5b8e49f0d355 - <unknown>
[INFO] [stdout]    1:     0x5b8e49ef2afa - <unknown>
[INFO] [stdout]    2:     0x5b8e49f0c9eb - <unknown>
[INFO] [stdout]    3:     0x5b8e49f0c4cf - <unknown>
[INFO] [stdout]    4:     0x5b8e49f0c0fa - <unknown>
[INFO] [stdout]    5:     0x5b8e49f0bc35 - <unknown>
[INFO] [stdout]    6:     0x5b8e49f32c71 - <unknown>
[INFO] [stdout]    7:     0x5b8e49f32c29 - <unknown>
[INFO] [stdout]    8:     0x5b8e49f3312c - <unknown>
[INFO] [stdout]    9:     0x5b8e49ef298b - <unknown>
[INFO] [stdout]   10:     0x5b8e49ef5cf1 - <unknown>
[INFO] [stdout]   11:     0x5b8e49eddfca - <unknown>
[INFO] [stdout]   12:     0x5b8e49edf5ca - <unknown>
[INFO] [stdout]   13:     0x5b8e49ee2520 - <unknown>
[INFO] [stdout]   14:     0x5b8e49ef0609 - <unknown>
[INFO] [stdout]   15:     0x5b8e49f4d6bb - <unknown>
[INFO] [stdout]   16:     0x5b8e49f49681 - <unknown>
[INFO] [stdout]   17:     0x5b8e49f48e6c - <unknown>
[INFO] [stdout]   18:     0x5b8e49f68b0c - <unknown>
[INFO] [stdout]   19:     0x5b8e49f349a4 - <unknown>
[INFO] [stdout]   20:     0x7e0f5e118dfa - <unknown>
[INFO] [stdout]   21:     0x7e0f5e1ac3d4 - clone
[INFO] [stdout]   22:                0x0 - <unknown>
[INFO] [stdout] 
[INFO] [stdout] ---- an_undersized_page_image_is_reported stdout ----
[INFO] [stdout] 
[INFO] [stdout] thread 'an_undersized_page_image_is_reported' (961) panicked at tests/cli.rs:30:45:
[INFO] [stdout] run fxlfit: Os { code: 2, kind: NotFound, message: "No such file or directory" }
[INFO] [stdout] stack backtrace:
[INFO] [stdout]    0:     0x5b8e49f0d355 - <unknown>
[INFO] [stdout]    1:     0x5b8e49ef2afa - <unknown>
[INFO] [stdout]    2:     0x5b8e49f0c9eb - <unknown>
[INFO] [stdout]    3:     0x5b8e49f0c4cf - <unknown>
[INFO] [stdout]    4:     0x5b8e49f0c0fa - <unknown>
[INFO] [stdout]    5:     0x5b8e49f0bc35 - <unknown>
[INFO] [stdout]    6:     0x5b8e49f32c71 - <unknown>
[INFO] [stdout]    7:     0x5b8e49f32c29 - <unknown>
[INFO] [stdout]    8:     0x5b8e49f3312c - <unknown>
[INFO] [stdout]    9:     0x5b8e49ef298b - <unknown>
[INFO] [stdout]   10:     0x5b8e49ef5cf1 - <unknown>
[INFO] [stdout]   11:     0x5b8e49eddfca - <unknown>
[INFO] [stdout]   12:     0x5b8e49edf5ca - <unknown>
[INFO] [stdout]   13:     0x5b8e49ee035b - <unknown>
[INFO] [stdout]   14:     0x5b8e49eef739 - <unknown>
[INFO] [stdout]   15:     0x5b8e49f4d6bb - <unknown>
[INFO] [stdout]   16:     0x5b8e49f49681 - <unknown>
[INFO] [stdout]   17:     0x5b8e49f48e6c - <unknown>
[INFO] [stdout]   18:     0x5b8e49f68b0c - <unknown>
[INFO] [stdout]   19:     0x5b8e49f349a4 - <unknown>
[INFO] [stdout]   20:     0x7e0f5e118dfa - <unknown>
[INFO] [stdout]   21:     0x7e0f5e1ac3d4 - clone
[INFO] [stdout]   22:                0x0 - <unknown>
[INFO] [stdout] 
[INFO] [stdout] ---- the_json_report_carries_the_same_verdict stdout ----
[INFO] [stdout] 
[INFO] [stdout] thread 'the_json_report_carries_the_same_verdict' (982) panicked at tests/cli.rs:30:45:
[INFO] [stdout] run fxlfit: Os { code: 2, kind: NotFound, message: "No such file or directory" }
[INFO] [stdout] stack backtrace:
[INFO] [stdout]    0:     0x5b8e49f0d355 - <unknown>
[INFO] [stdout]    1:     0x5b8e49ef2afa - <unknown>
[INFO] [stdout]    2:     0x5b8e49f0c9eb - <unknown>
[INFO] [stdout]    3:     0x5b8e49f0c4cf - <unknown>
[INFO] [stdout]    4:     0x5b8e49f0c0fa - <unknown>
[INFO] [stdout]    5:     0x5b8e49f0bc35 - <unknown>
[INFO] [stdout]    6:     0x5b8e49f32c71 - <unknown>
[INFO] [stdout]    7:     0x5b8e49f32c29 - <unknown>
[INFO] [stdout]    8:     0x5b8e49f3312c - <unknown>
[INFO] [stdout]    9:     0x5b8e49ef298b - <unknown>
[INFO] [stdout]   10:     0x5b8e49ef5cf1 - <unknown>
[INFO] [stdout]   11:     0x5b8e49eddfca - <unknown>
[INFO] [stdout]   12:     0x5b8e49ef0110 - <unknown>
[INFO] [stdout]   13:     0x5b8e49f4d6bb - <unknown>
[INFO] [stdout]   14:     0x5b8e49f49681 - <unknown>
[INFO] [stdout]   15:     0x5b8e49f48e6c - <unknown>
[INFO] [stdout]   16:     0x5b8e49f68b0c - <unknown>
[INFO] [stdout]   17:     0x5b8e49f349a4 - <unknown>
[INFO] [stdout]   18:     0x7e0f5e118dfa - <unknown>
[INFO] [stdout]   19:     0x7e0f5e1ac3d4 - clone
[INFO] [stdout]   20:                0x0 - <unknown>
[INFO] [stdout] 
[INFO] [stdout] ---- pages_that_are_fixed_layout_in_all_but_the_declaration_are_still_checked stdout ----
[INFO] [stdout] 
[INFO] [stdout] thread 'pages_that_are_fixed_layout_in_all_but_the_declaration_are_still_checked' (968) panicked at tests/cli.rs:30:45:
[INFO] [stdout] run fxlfit: Os { code: 2, kind: NotFound, message: "No such file or directory" }
[INFO] [stdout] stack backtrace:
[INFO] [stdout]    0:     0x5b8e49f0d355 - <unknown>
[INFO] [stdout]    1:     0x5b8e49ef2afa - <unknown>
[INFO] [stdout]    2:     0x5b8e49f0c9eb - <unknown>
[INFO] [stdout]    3:     0x5b8e49f0c4cf - <unknown>
[INFO] [stdout]    4:     0x5b8e49f0c0fa - <unknown>
[INFO] [stdout]    5:     0x5b8e49f0bc35 - <unknown>
[INFO] [stdout]    6:     0x5b8e49f32c71 - <unknown>
[INFO] [stdout]    7:     0x5b8e49f32c29 - <unknown>
[INFO] [stdout]    8:     0x5b8e49f3312c - <unknown>
[INFO] [stdout]    9:     0x5b8e49ef298b - <unknown>
[INFO] [stdout]   10:     0x5b8e49ef5cf1 - <unknown>
[INFO] [stdout]   11:     0x5b8e49eddfca - <unknown>
[INFO] [stdout]   12:     0x5b8e49edf5ca - <unknown>
[INFO] [stdout]   13:     0x5b8e49ee410e - <unknown>
[INFO] [stdout]   14:     0x5b8e49ef1319 - <unknown>
[INFO] [stdout]   15:     0x5b8e49f4d6bb - <unknown>
[INFO] [stdout]   16:     0x5b8e49f49681 - <unknown>
[INFO] [stdout]   17:     0x5b8e49f48e6c - <unknown>
[INFO] [stdout]   18:     0x5b8e49f68b0c - <unknown>
[INFO] [stdout]   19:     0x5b8e49f349a4 - <unknown>
[INFO] [stdout]   20:     0x7e0f5e118dfa - <unknown>
[INFO] [stdout]   21:     0x7e0f5e1ac3d4 - clone
[INFO] [stdout]   22:                0x0 - <unknown>
[INFO] [stdout] 
[INFO] [stdout] ---- device_width_is_not_a_fixed_layout_viewport stdout ----
[INFO] [stdout] 
[INFO] [stdout] thread 'device_width_is_not_a_fixed_layout_viewport' (963) panicked at tests/cli.rs:30:45:
[INFO] [stdout] run fxlfit: Os { code: 2, kind: NotFound, message: "No such file or directory" }
[INFO] [stdout] stack backtrace:
[INFO] [stdout]    0:     0x5b8e49f0d355 - <unknown>
[INFO] [stdout]    1:     0x5b8e49ef2afa - <unknown>
[INFO] [stdout]    2:     0x5b8e49f0c9eb - <unknown>
[INFO] [stdout]    3:     0x5b8e49f0c4cf - <unknown>
[INFO] [stdout]    4:     0x5b8e49f0c0fa - <unknown>
[INFO] [stdout]    5:     0x5b8e49f0bc35 - <unknown>
[INFO] [stdout]    6:     0x5b8e49f32c71 - <unknown>
[INFO] [stdout]    7:     0x5b8e49f32c29 - <unknown>
[INFO] [stdout]    8:     0x5b8e49f3312c - <unknown>
[INFO] [stdout]    9:     0x5b8e49ef298b - <unknown>
[INFO] [stdout]   10:     0x5b8e49ef5cf1 - <unknown>
[INFO] [stdout]   11:     0x5b8e49eddfca - <unknown>
[INFO] [stdout]   12:     0x5b8e49edf5ca - <unknown>
[INFO] [stdout]   13:     0x5b8e49ee211d - <unknown>
[INFO] [stdout]   14:     0x5b8e49ef05e9 - <unknown>
[INFO] [stdout]   15:     0x5b8e49f4d6bb - <unknown>
[INFO] [stdout]   16:     0x5b8e49f49681 - <unknown>
[INFO] [stdout]   17:     0x5b8e49f48e6c - <unknown>
[INFO] [stdout]   18:     0x5b8e49f68b0c - <unknown>
[INFO] [stdout]   19:     0x5b8e49f349a4 - <unknown>
[INFO] [stdout]   20:     0x7e0f5e118dfa - <unknown>
[INFO] [stdout]   21:     0x7e0f5e1ac3d4 - clone
[INFO] [stdout]   22:                0x0 - <unknown>
[INFO] [stdout] 
[INFO] [stdout] ---- a_page_without_a_viewport_is_an_error stdout ----
[INFO] [stdout] 
[INFO] [stdout] thread 'a_page_without_a_viewport_is_an_error' (957) panicked at tests/cli.rs:30:45:
[INFO] [stdout] run fxlfit: Os { code: 2, kind: NotFound, message: "No such file or directory" }
[INFO] [stdout] stack backtrace:
[INFO] [stdout]    0:     0x5b8e49f0d355 - <unknown>
[INFO] [stdout]    1:     0x5b8e49ef2afa - <unknown>
[INFO] [stdout]    2:     0x5b8e49f0c9eb - <unknown>
[INFO] [stdout]    3:     0x5b8e49f0c4cf - <unknown>
[INFO] [stdout]    4:     0x5b8e49f0c0fa - <unknown>
[INFO] [stdout]    5:     0x5b8e49f0bc35 - <unknown>
[INFO] [stdout]    6:     0x5b8e49f32c71 - <unknown>
[INFO] [stdout]    7:     0x5b8e49f32c29 - <unknown>
[INFO] [stdout]    8:     0x5b8e49f3312c - <unknown>
[INFO] [stdout]    9:     0x5b8e49ef298b - <unknown>
[INFO] [stdout]   10:     0x5b8e49ef5cf1 - <unknown>
[INFO] [stdout]   11:     0x5b8e49eddfca - <unknown>
[INFO] [stdout]   12:     0x5b8e49edf5ca - <unknown>
[INFO] [stdout]   13:     0x5b8e49ee0994 - <unknown>
[INFO] [stdout]   14:     0x5b8e49eef779 - <unknown>
[INFO] [stdout]   15:     0x5b8e49f4d6bb - <unknown>
[INFO] [stdout]   16:     0x5b8e49f49681 - <unknown>
[INFO] [stdout]   17:     0x5b8e49f48e6c - <unknown>
[INFO] [stdout]   18:     0x5b8e49f68b0c - <unknown>
[INFO] [stdout]   19:     0x5b8e49f349a4 - <unknown>
[INFO] [stdout]   20:     0x7e0f5e118dfa - <unknown>
[INFO] [stdout]   21:     0x7e0f5e1ac3d4 - clone
[INFO] [stdout]   22:                0x0 - <unknown>
[INFO] [stdout] 
[INFO] [stdout] ---- fail_on_controls_the_exit_code stdout ----
[INFO] [stdout] 
[INFO] [stdout] thread 'fail_on_controls_the_exit_code' (964) panicked at tests/cli.rs:30:45:
[INFO] [stdout] run fxlfit: Os { code: 2, kind: NotFound, message: "No such file or directory" }
[INFO] [stdout] stack backtrace:
[INFO] [stdout]    0:     0x5b8e49f0d355 - <unknown>
[INFO] [stdout]    1:     0x5b8e49ef2afa - <unknown>
[INFO] [stdout]    2:     0x5b8e49f0c9eb - <unknown>
[INFO] [stdout]    3:     0x5b8e49f0c4cf - <unknown>
[INFO] [stdout]    4:     0x5b8e49f0c0fa - <unknown>
[INFO] [stdout]    5:     0x5b8e49f0bc35 - <unknown>
[INFO] [stdout]    6:     0x5b8e49f32c71 - <unknown>
[INFO] [stdout]    7:     0x5b8e49f32c29 - <unknown>
[INFO] [stdout]    8:     0x5b8e49f3312c - <unknown>
[INFO] [stdout]    9:     0x5b8e49ef298b - <unknown>
[INFO] [stdout]   10:     0x5b8e49ef5cf1 - <unknown>
[INFO] [stdout]   11:     0x5b8e49eddfca - <unknown>
[INFO] [stdout]   12:     0x5b8e49edf97f - <unknown>
[INFO] [stdout]   13:     0x5b8e49eef6d9 - <unknown>
[INFO] [stdout]   14:     0x5b8e49f4d6bb - <unknown>
[INFO] [stdout]   15:     0x5b8e49f49681 - <unknown>
[INFO] [stdout]   16:     0x5b8e49f48e6c - <unknown>
[INFO] [stdout]   17:     0x5b8e49f68b0c - <unknown>
[INFO] [stdout]   18:     0x5b8e49f349a4 - <unknown>
[INFO] [stdout]   19:     0x7e0f5e118dfa - <unknown>
[INFO] [stdout]   20:     0x7e0f5e1ac3d4 - clone
[INFO] [stdout]   21:                0x0 - <unknown>
[INFO] [stdout] 
[INFO] [stdout] ---- an_unreferenced_resource_is_reported stdout ----
[INFO] [stdout] 
[INFO] [stdout] thread 'an_unreferenced_resource_is_reported' (962) panicked at tests/cli.rs:30:45:
[INFO] [stdout] run fxlfit: Os { code: 2, kind: NotFound, message: "No such file or directory" }
[INFO] [stdout] stack backtrace:
[INFO] [stdout]    0:     0x5b8e49f0d355 - <unknown>
[INFO] [stdout]    1:     0x5b8e49ef2afa - <unknown>
[INFO] [stdout]    2:     0x5b8e49f0c9eb - <unknown>
[INFO] [stdout]    3:     0x5b8e49f0c4cf - <unknown>
[INFO] [stdout]    4:     0x5b8e49f0c0fa - <unknown>
[INFO] [stdout]    5:     0x5b8e49f0bc35 - <unknown>
[INFO] [stdout]    6:     0x5b8e49f32c71 - <unknown>
[INFO] [stdout]    7:     0x5b8e49f32c29 - <unknown>
[INFO] [stdout]    8:     0x5b8e49f3312c - <unknown>
[INFO] [stdout]    9:     0x5b8e49ef298b - <unknown>
[INFO] [stdout]   10:     0x5b8e49ef5cf1 - <unknown>
[INFO] [stdout]   11:     0x5b8e49eddfca - <unknown>
[INFO] [stdout]   12:     0x5b8e49edf5ca - <unknown>
[INFO] [stdout]   13:     0x5b8e49ee06af - <unknown>
[INFO] [stdout]   14:     0x5b8e49eef759 - <unknown>
[INFO] [stdout]   15:     0x5b8e49f4d6bb - <unknown>
[INFO] [stdout]   16:     0x5b8e49f49681 - <unknown>
[INFO] [stdout]   17:     0x5b8e49f48e6c - <unknown>
[INFO] [stdout]   18:     0x5b8e49f68b0c - <unknown>
[INFO] [stdout]   19:     0x5b8e49f349a4 - <unknown>
[INFO] [stdout]   20:     0x7e0f5e118dfa - <unknown>
[INFO] [stdout]   21:     0x7e0f5e1ac3d4 - clone
[INFO] [stdout]   22:                0x0 - <unknown>
[INFO] [stdout] 
[INFO] [stdout] ---- an_image_that_does_not_fit_its_viewport_is_reported stdout ----
[INFO] [stdout] 
[INFO] [stdout] thread 'an_image_that_does_not_fit_its_viewport_is_reported' (960) panicked at tests/cli.rs:30:45:
[INFO] [stdout] run fxlfit: Os { code: 2, kind: NotFound, message: "No such file or directory" }
[INFO] [stdout] stack backtrace:
[INFO] [stdout]    0:     0x5b8e49f0d355 - <unknown>
[INFO] [stdout]    1:     0x5b8e49ef2afa - <unknown>
[INFO] [stdout]    2:     0x5b8e49f0c9eb - <unknown>
[INFO] [stdout]    3:     0x5b8e49f0c4cf - <unknown>
[INFO] [stdout]    4:     0x5b8e49f0c0fa - <unknown>
[INFO] [stdout]    5:     0x5b8e49f0bc35 - <unknown>
[INFO] [stdout]    6:     0x5b8e49f32c71 - <unknown>
[INFO] [stdout]    7:     0x5b8e49f32c29 - <unknown>
[INFO] [stdout]    8:     0x5b8e49f3312c - <unknown>
[INFO] [stdout]    9:     0x5b8e49ef298b - <unknown>
[INFO] [stdout]   10:     0x5b8e49ef5cf1 - <unknown>
[INFO] [stdout]   11:     0x5b8e49eddfca - <unknown>
[INFO] [stdout]   12:     0x5b8e49edf5ca - <unknown>
[INFO] [stdout]   13:     0x5b8e49ee2deb - <unknown>
[INFO] [stdout]   14:     0x5b8e49ef0fd9 - <unknown>
[INFO] [stdout]   15:     0x5b8e49f4d6bb - <unknown>
[INFO] [stdout]   16:     0x5b8e49f49681 - <unknown>
[INFO] [stdout]   17:     0x5b8e49f48e6c - <unknown>
[INFO] [stdout]   18:     0x5b8e49f68b0c - <unknown>
[INFO] [stdout]   19:     0x5b8e49f349a4 - <unknown>
[INFO] [stdout]   20:     0x7e0f5e118dfa - <unknown>
[INFO] [stdout]   21:     0x7e0f5e1ac3d4 - clone
[INFO] [stdout]   22:                0x0 - <unknown>
[INFO] [stdout] 
[INFO] [stdout] ---- an_image_only_page_marked_decorative_is_an_error stdout ----
[INFO] [stdout] 
[INFO] [stdout] thread 'an_image_only_page_marked_decorative_is_an_error' (959) panicked at tests/cli.rs:30:45:
[INFO] [stdout] run fxlfit: Os { code: 2, kind: NotFound, message: "No such file or directory" }
[INFO] [stdout] stack backtrace:
[INFO] [stdout]    0:     0x5b8e49f0d355 - <unknown>
[INFO] [stdout]    1:     0x5b8e49ef2afa - <unknown>
[INFO] [stdout]    2:     0x5b8e49f0c9eb - <unknown>
[INFO] [stdout]    3:     0x5b8e49f0c4cf - <unknown>
[INFO] [stdout]    4:     0x5b8e49f0c0fa - <unknown>
[INFO] [stdout]    5:     0x5b8e49f0bc35 - <unknown>
[INFO] [stdout]    6:     0x5b8e49f32c71 - <unknown>
[INFO] [stdout]    7:     0x5b8e49f32c29 - <unknown>
[INFO] [stdout]    8:     0x5b8e49f3312c - <unknown>
[INFO] [stdout]    9:     0x5b8e49ef298b - <unknown>
[INFO] [stdout]   10:     0x5b8e49ef5cf1 - <unknown>
[INFO] [stdout]   11:     0x5b8e49eddfca - <unknown>
[INFO] [stdout]   12:     0x5b8e49edf5ca - <unknown>
[INFO] [stdout]   13:     0x5b8e49ee2855 - <unknown>
[INFO] [stdout]   14:     0x5b8e49ef09d9 - <unknown>
[INFO] [stdout]   15:     0x5b8e49f4d6bb - <unknown>
[INFO] [stdout]   16:     0x5b8e49f49681 - <unknown>
[INFO] [stdout]   17:     0x5b8e49f48e6c - <unknown>
[INFO] [stdout]   18:     0x5b8e49f68b0c - <unknown>
[INFO] [stdout]   19:     0x5b8e49f349a4 - <unknown>
[INFO] [stdout]   20:     0x7e0f5e118dfa - <unknown>
[INFO] [stdout]   21:     0x7e0f5e1ac3d4 - clone
[INFO] [stdout]   22:                0x0 - <unknown>
[INFO] [stdout] 
[INFO] [stdout] ---- the_per_image_budget_is_the_callers_to_set stdout ----
[INFO] [stdout] 
[INFO] [stdout] thread 'the_per_image_budget_is_the_callers_to_set' (987) panicked at tests/cli.rs:30:45:
[INFO] [stdout] run fxlfit: Os { code: 2, kind: NotFound, message: "No such file or directory" }
[INFO] [stdout] stack backtrace:
[INFO] [stdout]    0:     0x5b8e49f0d355 - <unknown>
[INFO] [stdout]    1:     0x5b8e49ef2afa - <unknown>
[INFO] [stdout]    2:     0x5b8e49f0c9eb - <unknown>
[INFO] [stdout]    3:     0x5b8e49f0c4cf - <unknown>
[INFO] [stdout]    4:     0x5b8e49f0c0fa - <unknown>
[INFO] [stdout]    5:     0x5b8e49f0bc35 - <unknown>
[INFO] [stdout]    6:     0x5b8e49f32c71 - <unknown>
[INFO] [stdout]    7:     0x5b8e49f32c29 - <unknown>
[INFO] [stdout]    8:     0x5b8e49f3312c - <unknown>
[INFO] [stdout]    9:     0x5b8e49ef298b - <unknown>
[INFO] [stdout]   10:     0x5b8e49ef5cf1 - <unknown>
[INFO] [stdout]   11:     0x5b8e49eddfca - <unknown>
[INFO] [stdout]   12:     0x5b8e49ee1a7a - <unknown>
[INFO] [stdout]   13:     0x5b8e49ef05c9 - <unknown>
[INFO] [stdout]   14:     0x5b8e49f4d6bb - <unknown>
[INFO] [stdout]   15:     0x5b8e49f49681 - <unknown>
[INFO] [stdout]   16:     0x5b8e49f48e6c - <unknown>
[INFO] [stdout]   17:     0x5b8e49f68b0c - <unknown>
[INFO] [stdout]   18:     0x5b8e49f349a4 - <unknown>
[INFO] [stdout]   19:     0x7e0f5e118dfa - <unknown>
[INFO] [stdout]   20:     0x7e0f5e1ac3d4 - clone
[INFO] [stdout]   21:                0x0 - <unknown>
[INFO] [stdout] 
[INFO] [stdout] ---- only_and_skip_select_checks stdout ----
[INFO] [stdout] 
[INFO] [stdout] thread 'only_and_skip_select_checks' (967) panicked at tests/cli.rs:30:45:
[INFO] [stdout] run fxlfit: Os { code: 2, kind: NotFound, message: "No such file or directory" }
[INFO] [stdout] stack backtrace:
[INFO] [stdout]    0:     0x5b8e49f0d355 - <unknown>
[INFO] [stdout]    1:     0x5b8e49ef2afa - <unknown>
[INFO] [stdout]    2:     0x5b8e49f0c9eb - <unknown>
[INFO] [stdout]    3:     0x5b8e49f0c4cf - <unknown>
[INFO] [stdout]    4:     0x5b8e49f0c0fa - <unknown>
[INFO] [stdout]    5:     0x5b8e49f0bc35 - <unknown>
[INFO] [stdout]    6:     0x5b8e49f32c71 - <unknown>
[INFO] [stdout]    7:     0x5b8e49f32c29 - <unknown>
[INFO] [stdout]    8:     0x5b8e49f3312c - <unknown>
[INFO] [stdout]    9:     0x5b8e49ef298b - <unknown>
[INFO] [stdout]   10:     0x5b8e49ef5cf1 - <unknown>
[INFO] [stdout]   11:     0x5b8e49eddfca - <unknown>
[INFO] [stdout]   12:     0x5b8e49eeef4d - <unknown>
[INFO] [stdout]   13:     0x5b8e49f4d6bb - <unknown>
[INFO] [stdout]   14:     0x5b8e49f49681 - <unknown>
[INFO] [stdout]   15:     0x5b8e49f48e6c - <unknown>
[INFO] [stdout]   16:     0x5b8e49f68b0c - <unknown>
[INFO] [stdout]   17:     0x5b8e49f349a4 - <unknown>
[INFO] [stdout]   18:     0x7e0f5e118dfa - <unknown>
[INFO] [stdout]   19:     0x7e0f5e1ac3d4 - clone
[INFO] [stdout]   20:                0x0 - <unknown>
[INFO] [stdout] 
[INFO] [stdout] ---- a_lower_level_claim_is_measured_against_the_target stdout ----
[INFO] [stdout] 
[INFO] [stdout] thread 'a_lower_level_claim_is_measured_against_the_target' (955) panicked at tests/cli.rs:30:45:
[INFO] [stdout] run fxlfit: Os { code: 2, kind: NotFound, message: "No such file or directory" }
[INFO] [stdout] stack backtrace:
[INFO] [stdout]    0:     0x5b8e49f0d355 - <unknown>
[INFO] [stdout]    1:     0x5b8e49ef2afa - <unknown>
[INFO] [stdout]    2:     0x5b8e49f0c9eb - <unknown>
[INFO] [stdout]    3:     0x5b8e49f0c4cf - <unknown>
[INFO] [stdout]    4:     0x5b8e49f0c0fa - <unknown>
[INFO] [stdout]    5:     0x5b8e49f0bc35 - <unknown>
[INFO] [stdout]    6:     0x5b8e49f32c71 - <unknown>
[INFO] [stdout]    7:     0x5b8e49f32c29 - <unknown>
[INFO] [stdout]    8:     0x5b8e49f3312c - <unknown>
[INFO] [stdout]    9:     0x5b8e49ef298b - <unknown>
[INFO] [stdout]   10:     0x5b8e49ef5cf1 - <unknown>
[INFO] [stdout]   11:     0x5b8e49eddfca - <unknown>
[INFO] [stdout]   12:     0x5b8e49edf5ca - <unknown>
[INFO] [stdout]   13:     0x5b8e49ef0a89 - <unknown>
[INFO] [stdout]   14:     0x5b8e49f4d6bb - <unknown>
[INFO] [stdout]   15:     0x5b8e49f49681 - <unknown>
[INFO] [stdout]   16:     0x5b8e49f48e6c - <unknown>
[INFO] [stdout]   17:     0x5b8e49f68b0c - <unknown>
[INFO] [stdout]   18:     0x5b8e49f349a4 - <unknown>
[INFO] [stdout]   19:     0x7e0f5e118dfa - <unknown>
[INFO] [stdout]   20:     0x7e0f5e1ac3d4 - clone
[INFO] [stdout]   21:                0x0 - <unknown>
[INFO] [stdout] 
[INFO] [stdout] ---- the_catalogue_is_printable_without_a_book stdout ----
[INFO] [stderr] error: test failed, to rerun pass `--test cli`
[INFO] [stdout] 
[INFO] [stdout] thread 'the_catalogue_is_printable_without_a_book' (975) panicked at tests/cli.rs:30:45:
[INFO] [stdout] run fxlfit: Os { code: 2, kind: NotFound, message: "No such file or directory" }
[INFO] [stdout] stack backtrace:
[INFO] [stdout]    0:     0x5b8e49f0d355 - <unknown>
[INFO] [stdout]    1:     0x5b8e49ef2afa - <unknown>
[INFO] [stdout]    2:     0x5b8e49f0c9eb - <unknown>
[INFO] [stdout]    3:     0x5b8e49f0c4cf - <unknown>
[INFO] [stdout]    4:     0x5b8e49f0c0fa - <unknown>
[INFO] [stdout]    5:     0x5b8e49f0bc35 - <unknown>
[INFO] [stdout]    6:     0x5b8e49f32c71 - <unknown>
[INFO] [stdout]    7:     0x5b8e49f32c29 - <unknown>
[INFO] [stdout]    8:     0x5b8e49f3312c - <unknown>
[INFO] [stdout]    9:     0x5b8e49ef298b - <unknown>
[INFO] [stdout]   10:     0x5b8e49ef5cf1 - <unknown>
[INFO] [stdout]   11:     0x5b8e49eddfca - <unknown>
[INFO] [stdout]   12:     0x5b8e49ef0476 - <unknown>
[INFO] [stdout]   13:     0x5b8e49f4d6bb - <unknown>
[INFO] [stdout]   14:     0x5b8e49f49681 - <unknown>
[INFO] [stdout]   15:     0x5b8e49f48e6c - <unknown>
[INFO] [stdout]   16:     0x5b8e49f68b0c - <unknown>
[INFO] [stdout]   17:     0x5b8e49f349a4 - <unknown>
[INFO] [stdout]   18:     0x7e0f5e118dfa - <unknown>
[INFO] [stdout]   19:     0x7e0f5e1ac3d4 - clone
[INFO] [stdout]   20:                0x0 - <unknown>
[INFO] [stdout] 
[INFO] [stdout] ---- the_page_table_lists_the_spine_in_order stdout ----
[INFO] [stdout] 
[INFO] [stdout] thread 'the_page_table_lists_the_spine_in_order' (984) panicked at tests/cli.rs:30:45:
[INFO] [stdout] run fxlfit: Os { code: 2, kind: NotFound, message: "No such file or directory" }
[INFO] [stdout] stack backtrace:
[INFO] [stdout]    0:     0x5b8e49f0d355 - <unknown>
[INFO] [stdout]    1:     0x5b8e49ef2afa - <unknown>
[INFO] [stdout]    2:     0x5b8e49f0c9eb - <unknown>
[INFO] [stdout]    3:     0x5b8e49f0c4cf - <unknown>
[INFO] [stdout]    4:     0x5b8e49f0c0fa - <unknown>
[INFO] [stdout]    5:     0x5b8e49f0bc35 - <unknown>
[INFO] [stdout]    6:     0x5b8e49f32c71 - <unknown>
[INFO] [stdout]    7:     0x5b8e49f32c29 - <unknown>
[INFO] [stdout]    8:     0x5b8e49f3312c - <unknown>
[INFO] [stdout]    9:     0x5b8e49ef298b - <unknown>
[INFO] [stdout]   10:     0x5b8e49ef5cf1 - <unknown>
[INFO] [stdout]   11:     0x5b8e49eddfca - <unknown>
[INFO] [stdout]   12:     0x5b8e49ee0d35 - <unknown>
[INFO] [stdout]   13:     0x5b8e49eefff9 - <unknown>
[INFO] [stdout]   14:     0x5b8e49f4d6bb - <unknown>
[INFO] [stdout]   15:     0x5b8e49f49681 - <unknown>
[INFO] [stdout]   16:     0x5b8e49f48e6c - <unknown>
[INFO] [stdout]   17:     0x5b8e49f68b0c - <unknown>
[INFO] [stdout]   18:     0x5b8e49f349a4 - <unknown>
[INFO] [stdout]   19:     0x7e0f5e118dfa - <unknown>
[INFO] [stdout]   20:     0x7e0f5e1ac3d4 - clone
[INFO] [stdout]   21:                0x0 - <unknown>
[INFO] [stdout] 
[INFO] [stdout] ---- a_japanese_book_without_page_progression_is_an_error stdout ----
[INFO] [stdout] 
[INFO] [stdout] thread 'a_japanese_book_without_page_progression_is_an_error' (954) panicked at tests/cli.rs:30:45:
[INFO] [stdout] run fxlfit: Os { code: 2, kind: NotFound, message: "No such file or directory" }
[INFO] [stdout] stack backtrace:
[INFO] [stdout]    0:     0x5b8e49f0d355 - <unknown>
[INFO] [stdout]    1:     0x5b8e49ef2afa - <unknown>
[INFO] [stdout]    2:     0x5b8e49f0c9eb - <unknown>
[INFO] [stdout]    3:     0x5b8e49f0c4cf - <unknown>
[INFO] [stdout]    4:     0x5b8e49f0c0fa - <unknown>
[INFO] [stdout]    5:     0x5b8e49f0bc35 - <unknown>
[INFO] [stdout]    6:     0x5b8e49f32c71 - <unknown>
[INFO] [stdout]    7:     0x5b8e49f32c29 - <unknown>
[INFO] [stdout]    8:     0x5b8e49f3312c - <unknown>
[INFO] [stdout]    9:     0x5b8e49ef298b - <unknown>
[INFO] [stdout]   10:     0x5b8e49ef5cf1 - <unknown>
[INFO] [stdout]   11:     0x5b8e49eddfca - <unknown>
[INFO] [stdout]   12:     0x5b8e49edf5ca - <unknown>
[INFO] [stdout]   13:     0x5b8e49ee3149 - <unknown>
[INFO] [stdout]   14:     0x5b8e49ef12f9 - <unknown>
[INFO] [stdout]   15:     0x5b8e49f4d6bb - <unknown>
[INFO] [stdout]   16:     0x5b8e49f49681 - <unknown>
[INFO] [stdout]   17:     0x5b8e49f48e6c - <unknown>
[INFO] [stdout]   18:     0x5b8e49f68b0c - <unknown>
[INFO] [stdout]   19:     0x5b8e49f349a4 - <unknown>
[INFO] [stdout]   20:     0x7e0f5e118dfa - <unknown>
[INFO] [stdout]   21:     0x7e0f5e1ac3d4 - clone
[INFO] [stdout]   22:                0x0 - <unknown>
[INFO] [stdout] 
[INFO] [stdout] ---- required_discovery_metadata_is_required stdout ----
[INFO] [stdout] 
[INFO] [stdout] thread 'required_discovery_metadata_is_required' (972) panicked at tests/cli.rs:30:45:
[INFO] [stdout] run fxlfit: Os { code: 2, kind: NotFound, message: "No such file or directory" }
[INFO] [stdout] stack backtrace:
[INFO] [stdout]    0:     0x5b8e49f0d355 - <unknown>
[INFO] [stdout]    1:     0x5b8e49ef2afa - <unknown>
[INFO] [stdout]    2:     0x5b8e49f0c9eb - <unknown>
[INFO] [stdout]    3:     0x5b8e49f0c4cf - <unknown>
[INFO] [stdout]    4:     0x5b8e49f0c0fa - <unknown>
[INFO] [stdout]    5:     0x5b8e49f0bc35 - <unknown>
[INFO] [stdout]    6:     0x5b8e49f32c71 - <unknown>
[INFO] [stdout]    7:     0x5b8e49f32c29 - <unknown>
[INFO] [stdout]    8:     0x5b8e49f3312c - <unknown>
[INFO] [stdout]    9:     0x5b8e49ef298b - <unknown>
[INFO] [stdout]   10:     0x5b8e49ef5cf1 - <unknown>
[INFO] [stdout]   11:     0x5b8e49eddfca - <unknown>
[INFO] [stdout]   12:     0x5b8e49edf5ca - <unknown>
[INFO] [stdout]   13:     0x5b8e49eefbb8 - <unknown>
[INFO] [stdout]   14:     0x5b8e49f4d6bb - <unknown>
[INFO] [stdout]   15:     0x5b8e49f49681 - <unknown>
[INFO] [stdout]   16:     0x5b8e49f48e6c - <unknown>
[INFO] [stdout]   17:     0x5b8e49f68b0c - <unknown>
[INFO] [stdout]   18:     0x5b8e49f349a4 - <unknown>
[INFO] [stdout]   19:     0x7e0f5e118dfa - <unknown>
[INFO] [stdout]   20:     0x7e0f5e1ac3d4 - clone
[INFO] [stdout]   21:                0x0 - <unknown>
[INFO] [stdout] 
[INFO] [stdout] ---- the_same_alt_on_every_page_is_reported stdout ----
[INFO] [stdout] 
[INFO] [stdout] thread 'the_same_alt_on_every_page_is_reported' (990) panicked at tests/cli.rs:30:45:
[INFO] [stdout] run fxlfit: Os { code: 2, kind: NotFound, message: "No such file or directory" }
[INFO] [stdout] stack backtrace:
[INFO] [stdout]    0:     0x5b8e49f0d355 - <unknown>
[INFO] [stdout]    1:     0x5b8e49ef2afa - <unknown>
[INFO] [stdout]    2:     0x5b8e49f0c9eb - <unknown>
[INFO] [stdout]    3:     0x5b8e49f0c4cf - <unknown>
[INFO] [stdout]    4:     0x5b8e49f0c0fa - <unknown>
[INFO] [stdout]    5:     0x5b8e49f0bc35 - <unknown>
[INFO] [stdout]    6:     0x5b8e49f32c71 - <unknown>
[INFO] [stdout]    7:     0x5b8e49f32c29 - <unknown>
[INFO] [stdout]    8:     0x5b8e49f3312c - <unknown>
[INFO] [stdout]    9:     0x5b8e49ef298b - <unknown>
[INFO] [stdout]   10:     0x5b8e49ef5cf1 - <unknown>
[INFO] [stdout]   11:     0x5b8e49eddfca - <unknown>
[INFO] [stdout]   12:     0x5b8e49edf5ca - <unknown>
[INFO] [stdout]   13:     0x5b8e49eef870 - <unknown>
[INFO] [stdout]   14:     0x5b8e49f4d6bb - <unknown>
[INFO] [stdout]   15:     0x5b8e49f49681 - <unknown>
[INFO] [stdout]   16:     0x5b8e49f48e6c - <unknown>
[INFO] [stdout]   17:     0x5b8e49f68b0c - <unknown>
[INFO] [stdout]   18:     0x5b8e49f349a4 - <unknown>
[INFO] [stdout]   19:     0x7e0f5e118dfa - <unknown>
[INFO] [stdout]   20:     0x7e0f5e1ac3d4 - clone
[INFO] [stdout]   21:                0x0 - <unknown>
[INFO] [stdout] 
[INFO] [stdout] ---- usage_errors_exit_two stdout ----
[INFO] [stdout] 
[INFO] [stdout] thread 'usage_errors_exit_two' (991) panicked at tests/cli.rs:30:45:
[INFO] [stdout] run fxlfit: Os { code: 2, kind: NotFound, message: "No such file or directory" }
[INFO] [stdout] stack backtrace:
[INFO] [stdout]    0:     0x5b8e49f0d355 - <unknown>
[INFO] [stdout]    1:     0x5b8e49ef2afa - <unknown>
[INFO] [stdout]    2:     0x5b8e49f0c9eb - <unknown>
[INFO] [stdout]    3:     0x5b8e49f0c4cf - <unknown>
[INFO] [stdout]    4:     0x5b8e49f0c0fa - <unknown>
[INFO] [stdout]    5:     0x5b8e49f0bc35 - <unknown>
[INFO] [stdout]    6:     0x5b8e49f32c71 - <unknown>
[INFO] [stdout]    7:     0x5b8e49f32c29 - <unknown>
[INFO] [stdout]    8:     0x5b8e49f3312c - <unknown>
[INFO] [stdout]    9:     0x5b8e49ef298b - <unknown>
[INFO] [stdout]   10:     0x5b8e49ef5cf1 - <unknown>
[INFO] [stdout]   11:     0x5b8e49eddfca - <unknown>
[INFO] [stdout]   12:     0x5b8e49eee64d - <unknown>
[INFO] [stdout]   13:     0x5b8e49f4d6bb - <unknown>
[INFO] [stdout]   14:     0x5b8e49f49681 - <unknown>
[INFO] [stdout]   15:     0x5b8e49f48e6c - <unknown>
[INFO] [stdout]   16:     0x5b8e49f68b0c - <unknown>
[INFO] [stdout]   17:     0x5b8e49f349a4 - <unknown>
[INFO] [stdout]   18:     0x7e0f5e118dfa - <unknown>
[INFO] [stdout]   19:     0x7e0f5e1ac3d4 - clone
[INFO] [stdout]   20:                0x0 - <unknown>
[INFO] [stdout] 
[INFO] [stdout] ---- spread_sides_have_to_alternate stdout ----
[INFO] [stdout] 
[INFO] [stdout] thread 'spread_sides_have_to_alternate' (974) panicked at tests/cli.rs:30:45:
[INFO] [stdout] run fxlfit: Os { code: 2, kind: NotFound, message: "No such file or directory" }
[INFO] [stdout] stack backtrace:
[INFO] [stdout]    0:     0x5b8e49f0d355 - <unknown>
[INFO] [stdout]    1:     0x5b8e49ef2afa - <unknown>
[INFO] [stdout]    2:     0x5b8e49f0c9eb - <unknown>
[INFO] [stdout]    3:     0x5b8e49f0c4cf - <unknown>
[INFO] [stdout]    4:     0x5b8e49f0c0fa - <unknown>
[INFO] [stdout]    5:     0x5b8e49f0bc35 - <unknown>
[INFO] [stdout]    6:     0x5b8e49f32c71 - <unknown>
[INFO] [stdout]    7:     0x5b8e49f32c29 - <unknown>
[INFO] [stdout]    8:     0x5b8e49f3312c - <unknown>
[INFO] [stdout]    9:     0x5b8e49ef298b - <unknown>
[INFO] [stdout]   10:     0x5b8e49ef5cf1 - <unknown>
[INFO] [stdout]   11:     0x5b8e49eddfca - <unknown>
[INFO] [stdout]   12:     0x5b8e49edf5ca - <unknown>
[INFO] [stdout]   13:     0x5b8e49edfdbf - <unknown>
[INFO] [stdout]   14:     0x5b8e49eef6f9 - <unknown>
[INFO] [stdout]   15:     0x5b8e49f4d6bb - <unknown>
[INFO] [stdout]   16:     0x5b8e49f49681 - <unknown>
[INFO] [stdout]   17:     0x5b8e49f48e6c - <unknown>
[INFO] [stdout]   18:     0x5b8e49f68b0c - <unknown>
[INFO] [stdout]   19:     0x5b8e49f349a4 - <unknown>
[INFO] [stdout]   20:     0x7e0f5e118dfa - <unknown>
[INFO] [stdout]   21:     0x7e0f5e1ac3d4 - clone
[INFO] [stdout]   22:                0x0 - <unknown>
[INFO] [stdout] 
[INFO] [stdout] 
[INFO] [stdout] failures:
[INFO] [stdout]     a_conformance_string_that_does_not_parse_is_reported
[INFO] [stdout]     a_japanese_book_without_page_progression_is_an_error
[INFO] [stdout]     a_lower_level_claim_is_measured_against_the_target
[INFO] [stdout]     a_missing_alt_attribute_is_an_error
[INFO] [stdout]     a_page_without_a_viewport_is_an_error
[INFO] [stdout]     a_well_formed_comic_has_nothing_to_report
[INFO] [stdout]     an_image_only_page_marked_decorative_is_an_error
[INFO] [stdout]     an_image_that_does_not_fit_its_viewport_is_reported
[INFO] [stdout]     an_undersized_page_image_is_reported
[INFO] [stdout]     an_unreferenced_resource_is_reported
[INFO] [stdout]     device_width_is_not_a_fixed_layout_viewport
[INFO] [stdout]     fail_on_controls_the_exit_code
[INFO] [stdout]     filename_alt_text_is_reported_as_a_placeholder
[INFO] [stdout]     metadata_that_overstates_the_book_is_reported
[INFO] [stdout]     only_and_skip_select_checks
[INFO] [stdout]     pages_that_are_fixed_layout_in_all_but_the_declaration_are_still_checked
[INFO] [stdout]     required_discovery_metadata_is_required
[INFO] [stdout]     spread_sides_have_to_alternate
[INFO] [stdout]     the_catalogue_is_printable_without_a_book
[INFO] [stdout]     the_json_report_carries_the_same_verdict
[INFO] [stdout]     the_page_table_lists_the_spine_in_order
[INFO] [stdout]     the_per_image_budget_is_the_callers_to_set
[INFO] [stdout]     the_same_alt_on_every_page_is_reported
[INFO] [stdout]     usage_errors_exit_two
[INFO] [stdout] 
[INFO] [stdout] test result: FAILED. 0 passed; 24 failed; 0 ignored; 0 measured; 0 filtered out; finished in 0.03s
[INFO] [stdout] 
[INFO] running `Command { std: "docker" "inspect" "aa1bd9ad55ea04c501838c38bc3943cd59751e70f66aec5b83f325b8fcbb9bab", kill_on_drop: false }`
[INFO] running `Command { std: "docker" "rm" "-f" "aa1bd9ad55ea04c501838c38bc3943cd59751e70f66aec5b83f325b8fcbb9bab", kill_on_drop: false }`
[INFO] [stdout] aa1bd9ad55ea04c501838c38bc3943cd59751e70f66aec5b83f325b8fcbb9bab
