[INFO] cloning repository https://github.com/patrickett/ormolu
[INFO] running `Command { std: "git" "-c" "credential.helper=" "-c" "credential.helper=/workspace/cargo-home/bin/git-credential-null" "clone" "--bare" "https://github.com/patrickett/ormolu" "/workspace/cache/git-repos/https%3A%2F%2Fgithub.com%2Fpatrickett%2Formolu", kill_on_drop: false }`
[INFO] [stderr] Cloning into bare repository '/workspace/cache/git-repos/https%3A%2F%2Fgithub.com%2Fpatrickett%2Formolu'...
[INFO] running `Command { std: "git" "rev-parse" "HEAD", kill_on_drop: false }`
[INFO] [stdout] f1e823e3525f07b4b69500a98dff2ff4becb1925
[INFO] testing patrickett/ormolu against 1.99.0-beta.8+cargoflags=--release for beta-release-1.100-3
[INFO] running `Command { std: "git" "clone" "/workspace/cache/git-repos/https%3A%2F%2Fgithub.com%2Fpatrickett%2Formolu" "/workspace/builds/worker-5-tc1/source", kill_on_drop: false }`
[INFO] [stderr] Cloning into '/workspace/builds/worker-5-tc1/source'...
[INFO] [stderr] done.
[INFO] started tweaking git repo https://github.com/patrickett/ormolu
[INFO] finished tweaking git repo https://github.com/patrickett/ormolu
[INFO] tweaked toml for git repo https://github.com/patrickett/ormolu written to /workspace/builds/worker-5-tc1/source/Cargo.toml
[INFO] validating manifest of git repo https://github.com/patrickett/ormolu on toolchain 1.99.0-beta.8
[INFO] running `Command { std: CARGO_HOME="/workspace/cargo-home" RUSTUP_HOME="/workspace/rustup-home" "/workspace/cargo-home/bin/cargo" "+1.99.0-beta.8" "metadata" "--manifest-path" "Cargo.toml" "--no-deps", kill_on_drop: false }`
[INFO] crate git repo https://github.com/patrickett/ormolu already has a lockfile, it will not be regenerated
[INFO] running `Command { std: CARGO_HOME="/workspace/cargo-home" RUSTUP_HOME="/workspace/rustup-home" "/workspace/cargo-home/bin/cargo" "+1.99.0-beta.8" "fetch" "--manifest-path" "Cargo.toml", kill_on_drop: false }`
[INFO] [stderr]     Blocking waiting for file lock on package cache
[INFO] [stderr]     Blocking waiting for file lock on package cache
[INFO] [stderr]  Downloading crates ...
[INFO] [stderr]   Downloaded yoke-derive v0.7.5
[INFO] [stderr]   Downloaded litemap v0.7.5
[INFO] [stderr]   Downloaded smallvec v1.15.0
[INFO] [stderr]   Downloaded yoke v0.7.5
[INFO] [stderr]   Downloaded errno v0.3.11
[INFO] [stderr]   Downloaded native-tls v0.2.14
[INFO] [stderr]   Downloaded windows-link v0.1.1
[INFO] [stderr]   Downloaded windows-strings v0.4.0
[INFO] [stderr]   Downloaded windows-result v0.3.2
[INFO] [stderr]   Downloaded home v0.5.11
[INFO] [stderr]   Downloaded signal-hook-registry v1.4.5
[INFO] [stderr]   Downloaded redox_syscall v0.5.12
[INFO] [stderr]   Downloaded rustversion v1.0.20
[INFO] [stderr]   Downloaded whoami v1.6.0
[INFO] [stderr]   Downloaded icu_locid_transform_data v1.5.1
[INFO] [stderr]   Downloaded bitflags v2.9.0
[INFO] [stderr]   Downloaded tempfile v3.19.1
[INFO] [stderr]   Downloaded getrandom v0.3.2
[INFO] [stderr]   Downloaded tracing-attributes v0.1.28
[INFO] [stderr]   Downloaded windows-core v0.61.0
[INFO] [stderr]   Downloaded base64ct v1.7.3
[INFO] [stderr]   Downloaded convert_case v0.8.0
[INFO] [stderr]   Downloaded icu_normalizer_data v1.5.1
[INFO] [stderr]   Downloaded socket2 v0.5.9
[INFO] [stderr]   Downloaded r-efi v5.2.0
[INFO] [stderr]   Downloaded miniz_oxide v0.8.8
[INFO] [stderr]   Downloaded openssl-sys v0.9.108
[INFO] [stderr]   Downloaded zerocopy-derive v0.8.25
[INFO] [stderr]   Downloaded clap v4.5.37
[INFO] [stderr]   Downloaded indexmap v2.9.0
[INFO] [stderr]   Downloaded rsa v0.9.8
[INFO] [stderr]   Downloaded sqlx-macros v0.8.6
[INFO] [stderr]   Downloaded cc v1.2.21
[INFO] [stderr]   Downloaded hashlink v0.10.0
[INFO] [stderr]   Downloaded sqlx-macros-core v0.8.6
[INFO] [stderr]   Downloaded hashbrown v0.15.3
[INFO] [stderr]   Downloaded event-listener v5.4.0
[INFO] [stderr]   Downloaded serde_json v1.0.140
[INFO] [stderr]   Downloaded syn v2.0.101
[INFO] [stderr]   Downloaded clap_builder v4.5.37
[INFO] [stderr]   Downloaded sqlx-core v0.8.6
[INFO] [stderr]   Downloaded icu_properties_data v1.5.1
[INFO] [stderr]   Downloaded openssl v0.10.72
[INFO] [stderr]   Downloaded zerocopy v0.8.25
[INFO] [stderr]   Downloaded rustix v1.0.7
[INFO] [stderr]   Downloaded libc v0.2.172
[INFO] [stderr]   Downloaded tokio v1.45.1
[INFO] [stderr]   Downloaded linux-raw-sys v0.9.4
[INFO] running `Command { std: "docker" "create" "-v" "/var/lib/crater-agent-workspace/builds/worker-5-tc1/source:/opt/rustwide/workdir:ro,Z" "-v" "/var/lib/crater-agent-workspace/builds/worker-5-tc1/target:/opt/rustwide/target:rw,Z" "-v" "/var/lib/crater-agent-workspace/cargo-home:/opt/rustwide/cargo-home:ro,Z" "-v" "/var/lib/crater-agent-workspace/rustup-home:/opt/rustwide/rustup-home:ro,Z" "-m" "1610612736" "--network" "none" "ghcr.io/rust-lang/crates-build-env/linux@sha256:77db811e55d90add9212f6832c23229e3de5f1c1f9905e8cb07319ea15df73ac" "sleep" "infinity", kill_on_drop: false }`
[INFO] [stdout] 76808b231da90a84f9877d6edeabb227232629ba3f3ed93aea9da191d0d4b894
[INFO] running `Command { std: "docker" "start" "76808b231da90a84f9877d6edeabb227232629ba3f3ed93aea9da191d0d4b894", kill_on_drop: false }`
[INFO] running `Command { std: "docker" "inspect" "76808b231da90a84f9877d6edeabb227232629ba3f3ed93aea9da191d0d4b894", kill_on_drop: false }`
[INFO] running `Command { std: "docker" "exec" "-e" "SOURCE_DIR=/opt/rustwide/workdir" "-e" "CARGO_HOME=/opt/rustwide/cargo-home" "-e" "RUSTUP_HOME=/opt/rustwide/rustup-home" "-e" "CARGO_TARGET_DIR=/opt/rustwide/target" "-w" "/opt/rustwide/workdir" "--user" "0:0" "76808b231da90a84f9877d6edeabb227232629ba3f3ed93aea9da191d0d4b894" "/opt/rustwide/cargo-home/bin/cargo" "+1.99.0-beta.8" "metadata" "--no-deps" "--format-version=1", kill_on_drop: false }`
[INFO] running `Command { std: "docker" "inspect" "76808b231da90a84f9877d6edeabb227232629ba3f3ed93aea9da191d0d4b894", kill_on_drop: false }`
[INFO] running `Command { std: "docker" "exec" "-e" "SOURCE_DIR=/opt/rustwide/workdir" "-e" "CARGO_HOME=/opt/rustwide/cargo-home" "-e" "RUSTUP_HOME=/opt/rustwide/rustup-home" "-e" "CARGO_TARGET_DIR=/opt/rustwide/target" "-e" "CARGO_INCREMENTAL=0" "-e" "RUST_BACKTRACE=full" "-e" "RUSTFLAGS=--cap-lints=warn" "-e" "RUSTDOCFLAGS=--cap-lints=warn" "-w" "/opt/rustwide/workdir" "--user" "0:0" "76808b231da90a84f9877d6edeabb227232629ba3f3ed93aea9da191d0d4b894" "/opt/rustwide/cargo-home/bin/cargo" "+1.99.0-beta.8" "build" "--frozen" "--message-format=json" "--release", kill_on_drop: false }`
[INFO] [stderr]    Compiling proc-macro2 v1.0.95
[INFO] [stderr]    Compiling unicode-ident v1.0.18
[INFO] [stderr]    Compiling libc v0.2.172
[INFO] [stderr]    Compiling autocfg v1.4.0
[INFO] [stderr]    Compiling typenum v1.18.0
[INFO] [stderr]    Compiling icu_locid_transform_data v1.5.1
[INFO] [stderr]    Compiling generic-array v0.14.7
[INFO] [stderr]    Compiling icu_properties_data v1.5.1
[INFO] [stderr]    Compiling icu_normalizer_data v1.5.1
[INFO] [stderr]    Compiling cc v1.2.21
[INFO] [stderr]    Compiling stable_deref_trait v1.2.0
[INFO] [stderr]    Compiling parking_lot_core v0.9.10
[INFO] [stderr]    Compiling zerocopy v0.8.25
[INFO] [stderr]    Compiling crossbeam-utils v0.8.21
[INFO] [stderr]    Compiling slab v0.4.9
[INFO] [stderr]    Compiling lock_api v0.4.12
[INFO] [stderr]    Compiling serde v1.0.219
[INFO] [stderr]    Compiling litemap v0.7.5
[INFO] [stderr]    Compiling writeable v0.5.5
[INFO] [stderr]    Compiling num-traits v0.2.19
[INFO] [stderr]    Compiling quote v1.0.40
[INFO] [stderr]    Compiling ahash v0.8.11
[INFO] [stderr]    Compiling pin-project-lite v0.2.16
[INFO] [stderr]    Compiling smallvec v1.15.0
[INFO] [stderr]    Compiling futures-core v0.3.31
[INFO] [stderr]    Compiling syn v2.0.101
[INFO] [stderr]    Compiling memchr v2.7.4
[INFO] [stderr]    Compiling openssl v0.10.72
[INFO] [stderr]    Compiling serde_json v1.0.140
[INFO] [stderr]    Compiling allocator-api2 v0.2.21
[INFO] [stderr]    Compiling subtle v2.6.1
[INFO] [stderr]    Compiling utf16_iter v1.0.5
[INFO] [stderr]    Compiling utf8_iter v1.0.4
[INFO] [stderr]    Compiling futures-sink v0.3.31
[INFO] [stderr]    Compiling getrandom v0.2.16
[INFO] [stderr]    Compiling write16 v1.0.0
[INFO] [stderr]    Compiling futures-channel v0.3.31
[INFO] [stderr]    Compiling futures-task v0.3.31
[INFO] [stderr]    Compiling futures-io v0.3.31
[INFO] [stderr]    Compiling scopeguard v1.2.0
[INFO] [stderr]    Compiling native-tls v0.2.14
[INFO] [stderr]    Compiling foldhash v0.1.5
[INFO] [stderr]    Compiling openssl-sys v0.9.108
[INFO] [stderr]    Compiling thiserror v1.0.69
[INFO] [stderr]    Compiling hashbrown v0.15.3
[INFO] [stderr]    Compiling rand_core v0.6.4
[INFO] [stderr]    Compiling block-buffer v0.10.4
[INFO] [stderr]    Compiling crypto-common v0.1.6
[INFO] [stderr]    Compiling bytes v1.10.1
[INFO] [stderr]    Compiling percent-encoding v2.3.1
[INFO] [stderr]    Compiling digest v0.10.7
[INFO] [stderr]    Compiling log v0.4.27
[INFO] [stderr]    Compiling form_urlencoded v1.2.1
[INFO] [stderr]    Compiling parking_lot v0.12.3
[INFO] [stderr]    Compiling tracing-core v0.1.33
[INFO] [stderr]    Compiling bitflags v2.9.0
[INFO] [stderr]    Compiling paste v1.0.15
[INFO] [stderr]    Compiling futures-intrusive v0.5.0
[INFO] [stderr]    Compiling crossbeam-queue v0.3.12
[INFO] [stderr]    Compiling indexmap v2.9.0
[INFO] [stderr]    Compiling zerocopy v0.7.35
[INFO] [stderr]    Compiling ryu v1.0.20
[INFO] [stderr]    Compiling itoa v1.0.15
[INFO] [stderr]    Compiling foreign-types-shared v0.1.1
[INFO] [stderr]    Compiling cpufeatures v0.2.17
[INFO] [stderr]    Compiling sha2 v0.10.9
[INFO] [stderr]    Compiling foreign-types v0.3.2
[INFO] [stderr]    Compiling socket2 v0.5.9
[INFO] [stderr]    Compiling mio v1.0.3
[INFO] [stderr]    Compiling tinyvec_macros v0.1.1
[INFO] [stderr]    Compiling ppv-lite86 v0.2.21
[INFO] [stderr]    Compiling nom v7.1.3
[INFO] [stderr]    Compiling tokio v1.45.1
[INFO] [stderr]    Compiling tinyvec v1.9.0
[INFO] [stderr]    Compiling rand_chacha v0.3.1
[INFO] [stderr]    Compiling rand v0.8.5
[INFO] [stderr]    Compiling hashbrown v0.14.5
[INFO] [stderr]    Compiling getrandom v0.3.2
[INFO] [stderr]    Compiling openssl-probe v0.1.6
[INFO] [stderr]    Compiling dotenvy v0.15.7
[INFO] [stderr]    Compiling iana-time-zone v0.1.63
[INFO] [stderr]    Compiling rustix v1.0.7
[INFO] [stderr]    Compiling crc-catalog v2.4.0
[INFO] [stderr]    Compiling thiserror v2.0.12
[INFO] [stderr]    Compiling crc v3.2.1
[INFO] [stderr]    Compiling hashlink v0.8.4
[INFO] [stderr]    Compiling chrono v0.4.41
[INFO] [stderr]    Compiling unicode-normalization v0.1.24
[INFO] [stderr]    Compiling atoi v2.0.0
[INFO] [stderr]    Compiling hmac v0.12.1
[INFO] [stderr]    Compiling syn v1.0.109
[INFO] [stderr]    Compiling linux-raw-sys v0.9.4
[INFO] [stderr]    Compiling byteorder v1.5.0
[INFO] [stderr]    Compiling sqlformat v0.2.6
[INFO] [stderr]    Compiling unicode-properties v0.1.3
[INFO] [stderr]    Compiling synstructure v0.13.2
[INFO] [stderr]    Compiling unicode-bidi v0.3.18
[INFO] [stderr]    Compiling stringprep v0.1.5
[INFO] [stderr]    Compiling hkdf v0.12.4
[INFO] [stderr]    Compiling md-5 v0.10.6
[INFO] [stderr]    Compiling siphasher v1.0.1
[INFO] [stderr]    Compiling whoami v1.6.0
[INFO] [stderr]    Compiling fastrand v2.3.0
[INFO] [stderr]    Compiling home v0.5.11
[INFO] [stderr]    Compiling base64 v0.21.7
[INFO] [stderr]    Compiling phf_shared v0.11.3
[INFO] [stderr]    Compiling heck v0.4.1
[INFO] [stderr]    Compiling phf_generator v0.11.3
[INFO] [stderr]    Compiling zerofrom-derive v0.1.6
[INFO] [stderr]    Compiling yoke-derive v0.7.5
[INFO] [stderr]    Compiling zerovec-derive v0.10.3
[INFO] [stderr]    Compiling displaydoc v0.2.5
[INFO] [stderr]    Compiling icu_provider_macros v1.5.0
[INFO] [stderr]    Compiling serde_derive v1.0.219
[INFO] [stderr]    Compiling futures-macro v0.3.31
[INFO] [stderr]    Compiling tracing-attributes v0.1.28
[INFO] [stderr]    Compiling openssl-macros v0.1.1
[INFO] [stderr]    Compiling zerofrom v0.1.6
[INFO] [stderr]    Compiling yoke v0.7.5
[INFO] [stderr]    Compiling zerovec v0.10.4
[INFO] [stderr]    Compiling futures-util v0.3.31
[INFO] [stderr]    Compiling thiserror-impl v1.0.69
[INFO] [stderr]    Compiling tracing v0.1.41
[INFO] [stderr]    Compiling tinystr v0.7.6
[INFO] [stderr]    Compiling icu_collections v1.5.0
[INFO] [stderr]    Compiling icu_locid v1.5.0
[INFO] [stderr]    Compiling tokio-stream v0.1.17
[INFO] [stderr]    Compiling icu_provider v1.5.0
[INFO] [stderr]    Compiling thiserror-impl v2.0.12
[INFO] [stderr]    Compiling tempfile v3.19.1
[INFO] [stderr]    Compiling icu_locid_transform v1.5.0
[INFO] [stderr]    Compiling icu_properties v1.5.1
[INFO] [stderr]    Compiling phf_macros v0.11.3
[INFO] [stderr]    Compiling icu_normalizer v1.5.0
[INFO] [stderr]    Compiling either v1.15.0
[INFO] [stderr]    Compiling tokio-macros v2.5.0
[INFO] [stderr]    Compiling idna_adapter v1.2.0
[INFO] [stderr]    Compiling idna v1.0.3
[INFO] [stderr]    Compiling url v2.5.4
[INFO] [stderr]    Compiling concurrent-queue v2.5.0
[INFO] [stderr]    Compiling signal-hook-registry v1.4.5
[INFO] [stderr]    Compiling sqlx-core v0.7.4
[INFO] [stderr]    Compiling parking v2.2.1
[INFO] [stderr]    Compiling event-listener v5.4.0
[INFO] [stderr]    Compiling sqlx-postgres v0.7.4
[INFO] [stderr]    Compiling hashlink v0.10.0
[INFO] [stderr]    Compiling base64 v0.22.1
[INFO] [stderr]    Compiling sqlx-core v0.8.6
[INFO] [stderr]    Compiling sqlx-macros-core v0.7.4
[INFO] [stderr]    Compiling futures-executor v0.3.31
[INFO] [stderr]    Compiling sqlx-macros v0.7.4
[INFO] [stderr]    Compiling sqlx-macros-core v0.8.6
[INFO] [stderr]    Compiling sqlx v0.7.4
[INFO] [stderr]    Compiling futures v0.3.31
[INFO] [stderr]    Compiling phf v0.11.3
[INFO] [stderr]    Compiling ormolu_interfaces v0.1.0 (/opt/rustwide/workdir/ormolu_interfaces)
[INFO] [stderr]    Compiling sqlx-macros v0.8.6
[INFO] [stdout] warning: unused import: `check::*`
[INFO] [stdout]   --> ormolu_interfaces/src/data_type/constraint/mod.rs:19:9
[INFO] [stdout]    |
[INFO] [stdout] 19 | pub use check::*;
[INFO] [stdout]    |         ^^^^^^^^
[INFO] [stdout]    |
[INFO] [stdout]    = note: `#[warn(unused_imports)]` (part of `#[warn(unused)]`) on by default
[INFO] [stdout] 
[INFO] [stdout] 
[INFO] [stdout] warning: unused variable: `cx`
[INFO] [stdout]   --> ormolu_interfaces/src/sql_command/query/query_set.rs:96:40
[INFO] [stdout]    |
[INFO] [stdout] 96 |     fn poll_next(self: Pin<&mut Self>, cx: &mut Context<'_>) -> Poll<Option<Self::Item>> {
[INFO] [stdout]    |                                        ^^ help: if this is intentional, prefix it with an underscore: `_cx`
[INFO] [stdout]    |
[INFO] [stdout]    = note: `#[warn(unused_variables)]` (part of `#[warn(unused)]`) on by default
[INFO] [stdout] 
[INFO] [stdout] 
[INFO] [stdout] warning: unused variable: `column_name`
[INFO] [stdout]   --> ormolu_interfaces/src/data_type/constraint/foreign_key.rs:23:13
[INFO] [stdout]    |
[INFO] [stdout] 23 |         let column_name = Entity::column(ORDINAL).expect("msg");
[INFO] [stdout]    |             ^^^^^^^^^^^ help: if this is intentional, prefix it with an underscore: `_column_name`
[INFO] [stdout] 
[INFO] [stdout] 
[INFO] [stdout] warning: unused variable: `value`
[INFO] [stdout]   --> ormolu_interfaces/src/data_type/constraint/foreign_key.rs:49:9
[INFO] [stdout]    |
[INFO] [stdout] 49 |         value: <DB as sqlx::database::HasValueRef<'r>>::ValueRef,
[INFO] [stdout]    |         ^^^^^ help: if this is intentional, prefix it with an underscore: `_value`
[INFO] [stdout] 
[INFO] [stdout] 
[INFO] [stdout] warning: unused variable: `value`
[INFO] [stdout]   --> ormolu_interfaces/src/data_type/constraint/primary_key.rs:89:9
[INFO] [stdout]    |
[INFO] [stdout] 89 |         value: <DB as sqlx::database::HasValueRef<'r>>::ValueRef,
[INFO] [stdout]    |         ^^^^^ help: if this is intentional, prefix it with an underscore: `_value`
[INFO] [stdout] 
[INFO] [stdout] 
[INFO] [stdout] warning: unused variable: `value`
[INFO] [stdout]   --> ormolu_interfaces/src/data_type/constraint/unique.rs:57:9
[INFO] [stdout]    |
[INFO] [stdout] 57 |         value: <DB as sqlx::database::HasValueRef<'r>>::ValueRef,
[INFO] [stdout]    |         ^^^^^ help: if this is intentional, prefix it with an underscore: `_value`
[INFO] [stdout] 
[INFO] [stdout] 
[INFO] [stdout] warning: struct `Col` is never constructed
[INFO] [stdout]   --> ormolu_interfaces/src/sql_command/query/query_builder/mod.rs:12:8
[INFO] [stdout]    |
[INFO] [stdout] 12 | struct Col<T, E, const C: usize> {
[INFO] [stdout]    |        ^^^
[INFO] [stdout]    |
[INFO] [stdout]    = note: `#[warn(dead_code)]` (part of `#[warn(unused)]`) on by default
[INFO] [stdout] 
[INFO] [stdout] 
[INFO] [stdout] warning: fields `schema`, `object`, and `column` are never read
[INFO] [stdout]   --> ormolu_interfaces/src/sql_command/query/query_builder/mod.rs:26:5
[INFO] [stdout]    |
[INFO] [stdout] 25 | pub struct ColRef {
[INFO] [stdout]    |            ------ fields in this struct
[INFO] [stdout] 26 |     schema: Option<String>,
[INFO] [stdout]    |     ^^^^^^
[INFO] [stdout] 27 |     object: String,
[INFO] [stdout]    |     ^^^^^^
[INFO] [stdout] 28 |     column: String,
[INFO] [stdout]    |     ^^^^^^
[INFO] [stdout] 
[INFO] [stdout] 
[INFO] [stdout] warning: fields `join_type` and `on` are never read
[INFO] [stdout]   --> ormolu_interfaces/src/sql_command/query/query_builder/mod.rs:32:5
[INFO] [stdout]    |
[INFO] [stdout] 31 | pub struct Join {
[INFO] [stdout]    |            ---- fields in this struct
[INFO] [stdout] 32 |     join_type: JoinType,
[INFO] [stdout]    |     ^^^^^^^^^
[INFO] [stdout] 33 |     on: [ColRef; 2],
[INFO] [stdout]    |     ^^
[INFO] [stdout] 
[INFO] [stdout] 
[INFO] [stdout] warning: field `columns` is never read
[INFO] [stdout]   --> ormolu_interfaces/src/sql_command/query/query_builder/mod.rs:37:5
[INFO] [stdout]    |
[INFO] [stdout] 36 | pub struct GroupBy {
[INFO] [stdout]    |            ------- field in this struct
[INFO] [stdout] 37 |     columns: Vec<ColRef>,
[INFO] [stdout]    |     ^^^^^^^
[INFO] [stdout] 
[INFO] [stdout] 
[INFO] [stdout] warning: field `columns` is never read
[INFO] [stdout]   --> ormolu_interfaces/src/sql_command/query/query_builder/mod.rs:41:5
[INFO] [stdout]    |
[INFO] [stdout] 40 | pub struct OrderBy {
[INFO] [stdout]    |            ------- field in this struct
[INFO] [stdout] 41 |     columns: Vec<ColRef>,
[INFO] [stdout]    |     ^^^^^^^
[INFO] [stdout] 
[INFO] [stdout] 
[INFO] [stdout] warning: associated functions `inner`, `left`, `right`, `full`, and `cross` are never used
[INFO] [stdout]   --> ormolu_interfaces/src/sql_command/query/query_builder/mod.rs:45:8
[INFO] [stdout]    |
[INFO] [stdout] 44 | impl Join {
[INFO] [stdout]    | --------- associated functions in this implementation
[INFO] [stdout] 45 |     fn inner(dbo1: ColRef, dbo2: ColRef) -> Self {
[INFO] [stdout]    |        ^^^^^
[INFO] [stdout] ...
[INFO] [stdout] 52 |     fn left(dbo1: ColRef, dbo2: ColRef) -> Self {
[INFO] [stdout]    |        ^^^^
[INFO] [stdout] ...
[INFO] [stdout] 59 |     fn right(dbo1: ColRef, dbo2: ColRef) -> Self {
[INFO] [stdout]    |        ^^^^^
[INFO] [stdout] ...
[INFO] [stdout] 66 |     fn full(dbo1: ColRef, dbo2: ColRef) -> Self {
[INFO] [stdout]    |        ^^^^
[INFO] [stdout] ...
[INFO] [stdout] 73 |     fn cross(dbo1: ColRef, dbo2: ColRef) -> Self {
[INFO] [stdout]    |        ^^^^^
[INFO] [stdout] 
[INFO] [stdout] 
[INFO] [stdout] warning: field `0` is never read
[INFO] [stdout]   --> ormolu_interfaces/src/data_type/numeric/serial.rs:12:19
[INFO] [stdout]    |
[INFO] [stdout] 12 | pub struct Serial(i32);
[INFO] [stdout]    |            ------ ^^^
[INFO] [stdout]    |            |
[INFO] [stdout]    |            field in this struct
[INFO] [stdout]    |
[INFO] [stdout]    = help: consider removing this field
[INFO] [stdout] 
[INFO] [stdout] 
[INFO] [stdout] warning: field `0` is never read
[INFO] [stdout]  --> ormolu_interfaces/src/data_type/numeric/small_int.rs:3:21
[INFO] [stdout]   |
[INFO] [stdout] 3 | pub struct SmallInt(i16);
[INFO] [stdout]   |            -------- ^^^
[INFO] [stdout]   |            |
[INFO] [stdout]   |            field in this struct
[INFO] [stdout]   |
[INFO] [stdout]   = help: consider removing this field
[INFO] [stdout] 
[INFO] [stdout] 
[INFO] [stdout] warning: field `0` is never read
[INFO] [stdout]  --> ormolu_interfaces/src/data_type/numeric/integer.rs:3:20
[INFO] [stdout]   |
[INFO] [stdout] 3 | pub struct Integer(i32);
[INFO] [stdout]   |            ------- ^^^
[INFO] [stdout]   |            |
[INFO] [stdout]   |            field in this struct
[INFO] [stdout]   |
[INFO] [stdout]   = help: consider removing this field
[INFO] [stdout] 
[INFO] [stdout] 
[INFO] [stderr]    Compiling convert_case v0.6.0
[INFO] [stderr]    Compiling ormolu_macros v0.1.0 (/opt/rustwide/workdir/ormolu_macros)
[INFO] [stdout] warning: hiding a lifetime that's elided elsewhere is confusing
[INFO] [stdout]    --> ormolu_macros/src/table_metadata.rs:252:42
[INFO] [stdout]     |
[INFO] [stdout] 252 | pub fn expand_derive_table(derive_input: &DeriveInput) -> Result<TableMetadata> {
[INFO] [stdout]     |                                          ^^^^^^^^^^^^            ^^^^^^^^^^^^^ the same lifetime is hidden here
[INFO] [stdout]     |                                          |
[INFO] [stdout]     |                                          the lifetime is elided here
[INFO] [stdout]     |
[INFO] [stdout]     = help: the same lifetime is referred to in inconsistent ways, making the signature confusing
[INFO] [stdout]     = note: `#[warn(mismatched_lifetime_syntaxes)]` on by default
[INFO] [stdout] help: use `'_` for type paths
[INFO] [stdout]     |
[INFO] [stdout] 252 | pub fn expand_derive_table(derive_input: &DeriveInput) -> Result<TableMetadata<'_>> {
[INFO] [stdout]     |                                                                               ++++
[INFO] [stdout] 
[INFO] [stdout] 
[INFO] [stdout] warning: hiding a lifetime that's elided elsewhere is confusing
[INFO] [stdout]    --> ormolu_macros/src/table_metadata.rs:252:42
[INFO] [stdout]     |
[INFO] [stdout] 252 | pub fn expand_derive_table(derive_input: &DeriveInput) -> Result<TableMetadata> {
[INFO] [stdout]     |                                          ^^^^^^^^^^^^            ^^^^^^^^^^^^^ the same lifetime is hidden here
[INFO] [stdout]     |                                          |
[INFO] [stdout]     |                                          the lifetime is elided here
[INFO] [stdout]     |
[INFO] [stdout]     = help: the same lifetime is referred to in inconsistent ways, making the signature confusing
[INFO] [stdout]     = note: `#[warn(mismatched_lifetime_syntaxes)]` on by default
[INFO] [stdout] help: use `'_` for type paths
[INFO] [stdout]     |
[INFO] [stdout] 252 | pub fn expand_derive_table(derive_input: &DeriveInput) -> Result<TableMetadata<'_>> {
[INFO] [stdout]     |                                                                               ++++
[INFO] [stdout] 
[INFO] [stdout] 
[INFO] [stdout] warning: unused import: `check::*`
[INFO] [stdout]   --> ormolu_interfaces/src/data_type/constraint/mod.rs:19:9
[INFO] [stdout]    |
[INFO] [stdout] 19 | pub use check::*;
[INFO] [stdout]    |         ^^^^^^^^
[INFO] [stdout]    |
[INFO] [stdout]    = note: `#[warn(unused_imports)]` (part of `#[warn(unused)]`) on by default
[INFO] [stdout] 
[INFO] [stdout] 
[INFO] [stdout] warning: unused variable: `cx`
[INFO] [stdout]   --> ormolu_interfaces/src/sql_command/query/query_set.rs:96:40
[INFO] [stdout]    |
[INFO] [stdout] 96 |     fn poll_next(self: Pin<&mut Self>, cx: &mut Context<'_>) -> Poll<Option<Self::Item>> {
[INFO] [stdout]    |                                        ^^ help: if this is intentional, prefix it with an underscore: `_cx`
[INFO] [stdout]    |
[INFO] [stdout]    = note: `#[warn(unused_variables)]` (part of `#[warn(unused)]`) on by default
[INFO] [stdout] 
[INFO] [stdout] 
[INFO] [stdout] warning: unused variable: `column_name`
[INFO] [stdout]   --> ormolu_interfaces/src/data_type/constraint/foreign_key.rs:23:13
[INFO] [stdout]    |
[INFO] [stdout] 23 |         let column_name = Entity::column(ORDINAL).expect("msg");
[INFO] [stdout]    |             ^^^^^^^^^^^ help: if this is intentional, prefix it with an underscore: `_column_name`
[INFO] [stdout] 
[INFO] [stdout] 
[INFO] [stdout] warning: unused variable: `value`
[INFO] [stdout]   --> ormolu_interfaces/src/data_type/constraint/foreign_key.rs:49:9
[INFO] [stdout]    |
[INFO] [stdout] 49 |         value: <DB as sqlx::database::HasValueRef<'r>>::ValueRef,
[INFO] [stdout]    |         ^^^^^ help: if this is intentional, prefix it with an underscore: `_value`
[INFO] [stdout] 
[INFO] [stdout] 
[INFO] [stdout] warning: unused variable: `value`
[INFO] [stdout]   --> ormolu_interfaces/src/data_type/constraint/primary_key.rs:89:9
[INFO] [stdout]    |
[INFO] [stdout] 89 |         value: <DB as sqlx::database::HasValueRef<'r>>::ValueRef,
[INFO] [stdout]    |         ^^^^^ help: if this is intentional, prefix it with an underscore: `_value`
[INFO] [stdout] 
[INFO] [stdout] 
[INFO] [stdout] warning: unused variable: `value`
[INFO] [stdout]   --> ormolu_interfaces/src/data_type/constraint/unique.rs:57:9
[INFO] [stdout]    |
[INFO] [stdout] 57 |         value: <DB as sqlx::database::HasValueRef<'r>>::ValueRef,
[INFO] [stdout]    |         ^^^^^ help: if this is intentional, prefix it with an underscore: `_value`
[INFO] [stdout] 
[INFO] [stdout] 
[INFO] [stdout] warning: struct `Col` is never constructed
[INFO] [stdout]   --> ormolu_interfaces/src/sql_command/query/query_builder/mod.rs:12:8
[INFO] [stdout]    |
[INFO] [stdout] 12 | struct Col<T, E, const C: usize> {
[INFO] [stdout]    |        ^^^
[INFO] [stdout]    |
[INFO] [stdout]    = note: `#[warn(dead_code)]` (part of `#[warn(unused)]`) on by default
[INFO] [stdout] 
[INFO] [stdout] 
[INFO] [stdout] warning: fields `schema`, `object`, and `column` are never read
[INFO] [stdout]   --> ormolu_interfaces/src/sql_command/query/query_builder/mod.rs:26:5
[INFO] [stdout]    |
[INFO] [stdout] 25 | pub struct ColRef {
[INFO] [stdout]    |            ------ fields in this struct
[INFO] [stdout] 26 |     schema: Option<String>,
[INFO] [stdout]    |     ^^^^^^
[INFO] [stdout] 27 |     object: String,
[INFO] [stdout]    |     ^^^^^^
[INFO] [stdout] 28 |     column: String,
[INFO] [stdout]    |     ^^^^^^
[INFO] [stdout] 
[INFO] [stdout] 
[INFO] [stdout] warning: fields `join_type` and `on` are never read
[INFO] [stdout]   --> ormolu_interfaces/src/sql_command/query/query_builder/mod.rs:32:5
[INFO] [stdout]    |
[INFO] [stdout] 31 | pub struct Join {
[INFO] [stdout]    |            ---- fields in this struct
[INFO] [stdout] 32 |     join_type: JoinType,
[INFO] [stdout]    |     ^^^^^^^^^
[INFO] [stdout] 33 |     on: [ColRef; 2],
[INFO] [stdout]    |     ^^
[INFO] [stdout] 
[INFO] [stdout] 
[INFO] [stdout] warning: field `columns` is never read
[INFO] [stdout]   --> ormolu_interfaces/src/sql_command/query/query_builder/mod.rs:37:5
[INFO] [stdout]    |
[INFO] [stdout] 36 | pub struct GroupBy {
[INFO] [stdout]    |            ------- field in this struct
[INFO] [stdout] 37 |     columns: Vec<ColRef>,
[INFO] [stdout]    |     ^^^^^^^
[INFO] [stdout] 
[INFO] [stdout] 
[INFO] [stdout] warning: field `columns` is never read
[INFO] [stdout]   --> ormolu_interfaces/src/sql_command/query/query_builder/mod.rs:41:5
[INFO] [stdout]    |
[INFO] [stdout] 40 | pub struct OrderBy {
[INFO] [stdout]    |            ------- field in this struct
[INFO] [stdout] 41 |     columns: Vec<ColRef>,
[INFO] [stdout]    |     ^^^^^^^
[INFO] [stdout] 
[INFO] [stdout] 
[INFO] [stdout] warning: associated functions `inner`, `left`, `right`, `full`, and `cross` are never used
[INFO] [stdout]   --> ormolu_interfaces/src/sql_command/query/query_builder/mod.rs:45:8
[INFO] [stdout]    |
[INFO] [stdout] 44 | impl Join {
[INFO] [stdout]    | --------- associated functions in this implementation
[INFO] [stdout] 45 |     fn inner(dbo1: ColRef, dbo2: ColRef) -> Self {
[INFO] [stdout]    |        ^^^^^
[INFO] [stdout] ...
[INFO] [stdout] 52 |     fn left(dbo1: ColRef, dbo2: ColRef) -> Self {
[INFO] [stdout]    |        ^^^^
[INFO] [stdout] ...
[INFO] [stdout] 59 |     fn right(dbo1: ColRef, dbo2: ColRef) -> Self {
[INFO] [stdout]    |        ^^^^^
[INFO] [stdout] ...
[INFO] [stdout] 66 |     fn full(dbo1: ColRef, dbo2: ColRef) -> Self {
[INFO] [stdout]    |        ^^^^
[INFO] [stdout] ...
[INFO] [stdout] 73 |     fn cross(dbo1: ColRef, dbo2: ColRef) -> Self {
[INFO] [stdout]    |        ^^^^^
[INFO] [stdout] 
[INFO] [stdout] 
[INFO] [stdout] warning: field `0` is never read
[INFO] [stdout]   --> ormolu_interfaces/src/data_type/numeric/serial.rs:12:19
[INFO] [stdout]    |
[INFO] [stdout] 12 | pub struct Serial(i32);
[INFO] [stdout]    |            ------ ^^^
[INFO] [stdout]    |            |
[INFO] [stdout]    |            field in this struct
[INFO] [stdout]    |
[INFO] [stdout]    = help: consider removing this field
[INFO] [stdout] 
[INFO] [stdout] 
[INFO] [stdout] warning: field `0` is never read
[INFO] [stdout]  --> ormolu_interfaces/src/data_type/numeric/small_int.rs:3:21
[INFO] [stdout]   |
[INFO] [stdout] 3 | pub struct SmallInt(i16);
[INFO] [stdout]   |            -------- ^^^
[INFO] [stdout]   |            |
[INFO] [stdout]   |            field in this struct
[INFO] [stdout]   |
[INFO] [stdout]   = help: consider removing this field
[INFO] [stdout] 
[INFO] [stdout] 
[INFO] [stdout] warning: field `0` is never read
[INFO] [stdout]  --> ormolu_interfaces/src/data_type/numeric/integer.rs:3:20
[INFO] [stdout]   |
[INFO] [stdout] 3 | pub struct Integer(i32);
[INFO] [stdout]   |            ------- ^^^
[INFO] [stdout]   |            |
[INFO] [stdout]   |            field in this struct
[INFO] [stdout]   |
[INFO] [stdout]   = help: consider removing this field
[INFO] [stdout] 
[INFO] [stdout] 
[INFO] [stderr]    Compiling ormolu v0.1.0 (/opt/rustwide/workdir/ormolu)
[INFO] [stderr]     Finished `release` profile [optimized] target(s) in 4m 06s
[INFO] [stderr] warning: the following packages contain code that will be rejected by a future version of Rust: sqlx-postgres v0.7.4
[INFO] [stderr] note: to see what the problems were, use the option `--future-incompat-report`, or run `cargo report future-incompatibilities --id 4`
[INFO] running `Command { std: "docker" "inspect" "76808b231da90a84f9877d6edeabb227232629ba3f3ed93aea9da191d0d4b894", kill_on_drop: false }`
[INFO] running `Command { std: "docker" "exec" "-e" "SOURCE_DIR=/opt/rustwide/workdir" "-e" "CARGO_HOME=/opt/rustwide/cargo-home" "-e" "RUSTUP_HOME=/opt/rustwide/rustup-home" "-e" "CARGO_TARGET_DIR=/opt/rustwide/target" "-e" "CARGO_INCREMENTAL=0" "-e" "RUST_BACKTRACE=full" "-e" "RUSTFLAGS=--cap-lints=warn" "-e" "RUSTDOCFLAGS=--cap-lints=warn" "-w" "/opt/rustwide/workdir" "--user" "0:0" "76808b231da90a84f9877d6edeabb227232629ba3f3ed93aea9da191d0d4b894" "/opt/rustwide/cargo-home/bin/cargo" "+1.99.0-beta.8" "test" "--frozen" "--no-run" "--message-format=json" "--release", kill_on_drop: false }`
[INFO] [stdout] warning: unused import: `check::*`
[INFO] [stdout]   --> ormolu_interfaces/src/data_type/constraint/mod.rs:19:9
[INFO] [stdout]    |
[INFO] [stdout] 19 | pub use check::*;
[INFO] [stdout]    |         ^^^^^^^^
[INFO] [stdout]    |
[INFO] [stdout]    = note: `#[warn(unused_imports)]` (part of `#[warn(unused)]`) on by default
[INFO] [stdout] 
[INFO] [stdout] 
[INFO] [stdout] warning: unused variable: `cx`
[INFO] [stdout]   --> ormolu_interfaces/src/sql_command/query/query_set.rs:96:40
[INFO] [stdout]    |
[INFO] [stdout] 96 |     fn poll_next(self: Pin<&mut Self>, cx: &mut Context<'_>) -> Poll<Option<Self::Item>> {
[INFO] [stdout]    |                                        ^^ help: if this is intentional, prefix it with an underscore: `_cx`
[INFO] [stdout]    |
[INFO] [stdout]    = note: `#[warn(unused_variables)]` (part of `#[warn(unused)]`) on by default
[INFO] [stdout] 
[INFO] [stdout] 
[INFO] [stdout] warning: unused variable: `column_name`
[INFO] [stdout]   --> ormolu_interfaces/src/data_type/constraint/foreign_key.rs:23:13
[INFO] [stdout]    |
[INFO] [stdout] 23 |         let column_name = Entity::column(ORDINAL).expect("msg");
[INFO] [stdout]    |             ^^^^^^^^^^^ help: if this is intentional, prefix it with an underscore: `_column_name`
[INFO] [stdout] 
[INFO] [stdout] 
[INFO] [stdout] warning: unused variable: `value`
[INFO] [stdout]   --> ormolu_interfaces/src/data_type/constraint/foreign_key.rs:49:9
[INFO] [stdout]    |
[INFO] [stdout] 49 |         value: <DB as sqlx::database::HasValueRef<'r>>::ValueRef,
[INFO] [stdout]    |         ^^^^^ help: if this is intentional, prefix it with an underscore: `_value`
[INFO] [stdout] 
[INFO] [stdout] 
[INFO] [stdout] warning: unused variable: `value`
[INFO] [stdout]   --> ormolu_interfaces/src/data_type/constraint/primary_key.rs:89:9
[INFO] [stdout]    |
[INFO] [stdout] 89 |         value: <DB as sqlx::database::HasValueRef<'r>>::ValueRef,
[INFO] [stdout]    |         ^^^^^ help: if this is intentional, prefix it with an underscore: `_value`
[INFO] [stdout] 
[INFO] [stdout] 
[INFO] [stdout] warning: unused variable: `value`
[INFO] [stdout]   --> ormolu_interfaces/src/data_type/constraint/unique.rs:57:9
[INFO] [stdout]    |
[INFO] [stdout] 57 |         value: <DB as sqlx::database::HasValueRef<'r>>::ValueRef,
[INFO] [stdout]    |         ^^^^^ help: if this is intentional, prefix it with an underscore: `_value`
[INFO] [stdout] 
[INFO] [stdout] 
[INFO] [stdout] warning: struct `Col` is never constructed
[INFO] [stdout]   --> ormolu_interfaces/src/sql_command/query/query_builder/mod.rs:12:8
[INFO] [stdout]    |
[INFO] [stdout] 12 | struct Col<T, E, const C: usize> {
[INFO] [stdout]    |        ^^^
[INFO] [stdout]    |
[INFO] [stdout]    = note: `#[warn(dead_code)]` (part of `#[warn(unused)]`) on by default
[INFO] [stdout] 
[INFO] [stdout] 
[INFO] [stdout] warning: fields `schema`, `object`, and `column` are never read
[INFO] [stdout]   --> ormolu_interfaces/src/sql_command/query/query_builder/mod.rs:26:5
[INFO] [stdout]    |
[INFO] [stdout] 25 | pub struct ColRef {
[INFO] [stdout]    |            ------ fields in this struct
[INFO] [stdout] 26 |     schema: Option<String>,
[INFO] [stdout]    |     ^^^^^^
[INFO] [stdout] 27 |     object: String,
[INFO] [stdout]    |     ^^^^^^
[INFO] [stdout] 28 |     column: String,
[INFO] [stdout]    |     ^^^^^^
[INFO] [stdout] 
[INFO] [stdout] 
[INFO] [stdout] warning: fields `join_type` and `on` are never read
[INFO] [stdout]   --> ormolu_interfaces/src/sql_command/query/query_builder/mod.rs:32:5
[INFO] [stdout]    |
[INFO] [stdout] 31 | pub struct Join {
[INFO] [stdout]    |            ---- fields in this struct
[INFO] [stdout] 32 |     join_type: JoinType,
[INFO] [stdout]    |     ^^^^^^^^^
[INFO] [stdout] 33 |     on: [ColRef; 2],
[INFO] [stdout]    |     ^^
[INFO] [stdout] 
[INFO] [stdout] 
[INFO] [stdout] warning: field `columns` is never read
[INFO] [stdout]   --> ormolu_interfaces/src/sql_command/query/query_builder/mod.rs:37:5
[INFO] [stdout]    |
[INFO] [stdout] 36 | pub struct GroupBy {
[INFO] [stdout]    |            ------- field in this struct
[INFO] [stdout] 37 |     columns: Vec<ColRef>,
[INFO] [stdout]    |     ^^^^^^^
[INFO] [stdout] 
[INFO] [stdout] 
[INFO] [stdout] warning: field `columns` is never read
[INFO] [stdout]   --> ormolu_interfaces/src/sql_command/query/query_builder/mod.rs:41:5
[INFO] [stdout]    |
[INFO] [stdout] 40 | pub struct OrderBy {
[INFO] [stdout]    |            ------- field in this struct
[INFO] [stdout] 41 |     columns: Vec<ColRef>,
[INFO] [stdout]    |     ^^^^^^^
[INFO] [stdout] 
[INFO] [stdout] 
[INFO] [stdout] warning: associated functions `inner`, `left`, `right`, `full`, and `cross` are never used
[INFO] [stdout]   --> ormolu_interfaces/src/sql_command/query/query_builder/mod.rs:45:8
[INFO] [stdout]    |
[INFO] [stdout] 44 | impl Join {
[INFO] [stdout]    | --------- associated functions in this implementation
[INFO] [stdout] 45 |     fn inner(dbo1: ColRef, dbo2: ColRef) -> Self {
[INFO] [stdout]    |        ^^^^^
[INFO] [stdout] ...
[INFO] [stdout] 52 |     fn left(dbo1: ColRef, dbo2: ColRef) -> Self {
[INFO] [stdout]    |        ^^^^
[INFO] [stdout] ...
[INFO] [stdout] 59 |     fn right(dbo1: ColRef, dbo2: ColRef) -> Self {
[INFO] [stdout]    |        ^^^^^
[INFO] [stdout] ...
[INFO] [stdout] 66 |     fn full(dbo1: ColRef, dbo2: ColRef) -> Self {
[INFO] [stdout]    |        ^^^^
[INFO] [stdout] ...
[INFO] [stdout] 73 |     fn cross(dbo1: ColRef, dbo2: ColRef) -> Self {
[INFO] [stdout]    |        ^^^^^
[INFO] [stdout] 
[INFO] [stdout] 
[INFO] [stdout] warning: field `0` is never read
[INFO] [stdout]   --> ormolu_interfaces/src/data_type/numeric/serial.rs:12:19
[INFO] [stdout]    |
[INFO] [stdout] 12 | pub struct Serial(i32);
[INFO] [stdout]    |            ------ ^^^
[INFO] [stdout]    |            |
[INFO] [stdout]    |            field in this struct
[INFO] [stdout]    |
[INFO] [stdout]    = help: consider removing this field
[INFO] [stdout] 
[INFO] [stdout] 
[INFO] [stdout] warning: field `0` is never read
[INFO] [stdout]  --> ormolu_interfaces/src/data_type/numeric/small_int.rs:3:21
[INFO] [stdout]   |
[INFO] [stdout] 3 | pub struct SmallInt(i16);
[INFO] [stdout]   |            -------- ^^^
[INFO] [stdout]   |            |
[INFO] [stdout]   |            field in this struct
[INFO] [stdout]   |
[INFO] [stdout]   = help: consider removing this field
[INFO] [stdout] 
[INFO] [stdout] 
[INFO] [stdout] warning: field `0` is never read
[INFO] [stdout]  --> ormolu_interfaces/src/data_type/numeric/integer.rs:3:20
[INFO] [stdout]   |
[INFO] [stdout] 3 | pub struct Integer(i32);
[INFO] [stdout]   |            ------- ^^^
[INFO] [stdout]   |            |
[INFO] [stdout]   |            field in this struct
[INFO] [stdout]   |
[INFO] [stdout]   = help: consider removing this field
[INFO] [stdout] 
[INFO] [stdout] 
[INFO] [stdout] warning: unused import: `check::*`
[INFO] [stdout]   --> ormolu_interfaces/src/data_type/constraint/mod.rs:19:9
[INFO] [stdout]    |
[INFO] [stdout] 19 | pub use check::*;
[INFO] [stdout]    |         ^^^^^^^^
[INFO] [stdout]    |
[INFO] [stdout]    = note: `#[warn(unused_imports)]` (part of `#[warn(unused)]`) on by default
[INFO] [stdout] 
[INFO] [stdout] 
[INFO] [stderr]    Compiling ormolu_interfaces v0.1.0 (/opt/rustwide/workdir/ormolu_interfaces)
[INFO] [stdout] warning: unused variable: `cx`
[INFO] [stdout]   --> ormolu_interfaces/src/sql_command/query/query_set.rs:96:40
[INFO] [stdout]    |
[INFO] [stdout] 96 |     fn poll_next(self: Pin<&mut Self>, cx: &mut Context<'_>) -> Poll<Option<Self::Item>> {
[INFO] [stdout]    |                                        ^^ help: if this is intentional, prefix it with an underscore: `_cx`
[INFO] [stdout]    |
[INFO] [stdout]    = note: `#[warn(unused_variables)]` (part of `#[warn(unused)]`) on by default
[INFO] [stdout] 
[INFO] [stdout] 
[INFO] [stderr]    Compiling ormolu_macros v0.1.0 (/opt/rustwide/workdir/ormolu_macros)
[INFO] [stdout] warning: unused variable: `column_name`
[INFO] [stdout]   --> ormolu_interfaces/src/data_type/constraint/foreign_key.rs:23:13
[INFO] [stdout]    |
[INFO] [stdout] 23 |         let column_name = Entity::column(ORDINAL).expect("msg");
[INFO] [stdout]    |             ^^^^^^^^^^^ help: if this is intentional, prefix it with an underscore: `_column_name`
[INFO] [stdout] 
[INFO] [stdout] 
[INFO] [stderr]    Compiling ormolu v0.1.0 (/opt/rustwide/workdir/ormolu)
[INFO] [stdout] warning: unused variable: `value`
[INFO] [stdout]   --> ormolu_interfaces/src/data_type/constraint/foreign_key.rs:49:9
[INFO] [stdout]    |
[INFO] [stdout] 49 |         value: <DB as sqlx::database::HasValueRef<'r>>::ValueRef,
[INFO] [stdout]    |         ^^^^^ help: if this is intentional, prefix it with an underscore: `_value`
[INFO] [stdout] 
[INFO] [stdout] 
[INFO] [stdout] warning: unused variable: `value`
[INFO] [stdout]   --> ormolu_interfaces/src/data_type/constraint/primary_key.rs:89:9
[INFO] [stdout]    |
[INFO] [stdout] 89 |         value: <DB as sqlx::database::HasValueRef<'r>>::ValueRef,
[INFO] [stdout]    |         ^^^^^ help: if this is intentional, prefix it with an underscore: `_value`
[INFO] [stdout] 
[INFO] [stdout] 
[INFO] [stdout] warning: unused variable: `value`
[INFO] [stdout]   --> ormolu_interfaces/src/data_type/constraint/unique.rs:57:9
[INFO] [stdout]    |
[INFO] [stdout] 57 |         value: <DB as sqlx::database::HasValueRef<'r>>::ValueRef,
[INFO] [stdout]    |         ^^^^^ help: if this is intentional, prefix it with an underscore: `_value`
[INFO] [stdout] 
[INFO] [stdout] 
[INFO] [stdout] warning: struct `Col` is never constructed
[INFO] [stdout]   --> ormolu_interfaces/src/sql_command/query/query_builder/mod.rs:12:8
[INFO] [stdout]    |
[INFO] [stdout] 12 | struct Col<T, E, const C: usize> {
[INFO] [stdout]    |        ^^^
[INFO] [stdout]    |
[INFO] [stdout]    = note: `#[warn(dead_code)]` (part of `#[warn(unused)]`) on by default
[INFO] [stdout] 
[INFO] [stdout] 
[INFO] [stdout] warning: fields `schema`, `object`, and `column` are never read
[INFO] [stdout]   --> ormolu_interfaces/src/sql_command/query/query_builder/mod.rs:26:5
[INFO] [stdout]    |
[INFO] [stdout] 25 | pub struct ColRef {
[INFO] [stdout]    |            ------ fields in this struct
[INFO] [stdout] 26 |     schema: Option<String>,
[INFO] [stdout]    |     ^^^^^^
[INFO] [stdout] 27 |     object: String,
[INFO] [stdout]    |     ^^^^^^
[INFO] [stdout] 28 |     column: String,
[INFO] [stdout]    |     ^^^^^^
[INFO] [stdout] 
[INFO] [stdout] 
[INFO] [stdout] warning: fields `join_type` and `on` are never read
[INFO] [stdout]   --> ormolu_interfaces/src/sql_command/query/query_builder/mod.rs:32:5
[INFO] [stdout]    |
[INFO] [stdout] 31 | pub struct Join {
[INFO] [stdout]    |            ---- fields in this struct
[INFO] [stdout] 32 |     join_type: JoinType,
[INFO] [stdout]    |     ^^^^^^^^^
[INFO] [stdout] 33 |     on: [ColRef; 2],
[INFO] [stdout]    |     ^^
[INFO] [stdout] 
[INFO] [stdout] 
[INFO] [stdout] warning: field `columns` is never read
[INFO] [stdout]   --> ormolu_interfaces/src/sql_command/query/query_builder/mod.rs:37:5
[INFO] [stdout]    |
[INFO] [stdout] 36 | pub struct GroupBy {
[INFO] [stdout]    |            ------- field in this struct
[INFO] [stdout] 37 |     columns: Vec<ColRef>,
[INFO] [stdout]    |     ^^^^^^^
[INFO] [stdout] 
[INFO] [stdout] 
[INFO] [stdout] warning: field `columns` is never read
[INFO] [stdout]   --> ormolu_interfaces/src/sql_command/query/query_builder/mod.rs:41:5
[INFO] [stdout]    |
[INFO] [stdout] 40 | pub struct OrderBy {
[INFO] [stdout]    |            ------- field in this struct
[INFO] [stdout] 41 |     columns: Vec<ColRef>,
[INFO] [stdout]    |     ^^^^^^^
[INFO] [stdout] 
[INFO] [stdout] 
[INFO] [stdout] warning: associated functions `inner`, `left`, `right`, `full`, and `cross` are never used
[INFO] [stdout]   --> ormolu_interfaces/src/sql_command/query/query_builder/mod.rs:45:8
[INFO] [stdout]    |
[INFO] [stdout] 44 | impl Join {
[INFO] [stdout]    | --------- associated functions in this implementation
[INFO] [stdout] 45 |     fn inner(dbo1: ColRef, dbo2: ColRef) -> Self {
[INFO] [stdout]    |        ^^^^^
[INFO] [stdout] ...
[INFO] [stdout] 52 |     fn left(dbo1: ColRef, dbo2: ColRef) -> Self {
[INFO] [stdout]    |        ^^^^
[INFO] [stdout] ...
[INFO] [stdout] 59 |     fn right(dbo1: ColRef, dbo2: ColRef) -> Self {
[INFO] [stdout]    |        ^^^^^
[INFO] [stdout] ...
[INFO] [stdout] 66 |     fn full(dbo1: ColRef, dbo2: ColRef) -> Self {
[INFO] [stdout]    |        ^^^^
[INFO] [stdout] ...
[INFO] [stdout] 73 |     fn cross(dbo1: ColRef, dbo2: ColRef) -> Self {
[INFO] [stdout]    |        ^^^^^
[INFO] [stdout] 
[INFO] [stdout] 
[INFO] [stdout] warning: field `0` is never read
[INFO] [stdout]   --> ormolu_interfaces/src/data_type/numeric/serial.rs:12:19
[INFO] [stdout]    |
[INFO] [stdout] 12 | pub struct Serial(i32);
[INFO] [stdout]    |            ------ ^^^
[INFO] [stdout]    |            |
[INFO] [stdout]    |            field in this struct
[INFO] [stdout]    |
[INFO] [stdout]    = help: consider removing this field
[INFO] [stdout] 
[INFO] [stdout] 
[INFO] [stdout] warning: field `0` is never read
[INFO] [stdout]  --> ormolu_interfaces/src/data_type/numeric/small_int.rs:3:21
[INFO] [stdout]   |
[INFO] [stdout] 3 | pub struct SmallInt(i16);
[INFO] [stdout]   |            -------- ^^^
[INFO] [stdout]   |            |
[INFO] [stdout]   |            field in this struct
[INFO] [stdout]   |
[INFO] [stdout]   = help: consider removing this field
[INFO] [stdout] 
[INFO] [stdout] 
[INFO] [stdout] warning: field `0` is never read
[INFO] [stdout]  --> ormolu_interfaces/src/data_type/numeric/integer.rs:3:20
[INFO] [stdout]   |
[INFO] [stdout] 3 | pub struct Integer(i32);
[INFO] [stdout]   |            ------- ^^^
[INFO] [stdout]   |            |
[INFO] [stdout]   |            field in this struct
[INFO] [stdout]   |
[INFO] [stdout]   = help: consider removing this field
[INFO] [stdout] 
[INFO] [stdout] 
[INFO] [stdout] warning: hiding a lifetime that's elided elsewhere is confusing
[INFO] [stdout]    --> ormolu_macros/src/table_metadata.rs:252:42
[INFO] [stdout]     |
[INFO] [stdout] 252 | pub fn expand_derive_table(derive_input: &DeriveInput) -> Result<TableMetadata> {
[INFO] [stdout]     |                                          ^^^^^^^^^^^^            ^^^^^^^^^^^^^ the same lifetime is hidden here
[INFO] [stdout]     |                                          |
[INFO] [stdout]     |                                          the lifetime is elided here
[INFO] [stdout]     |
[INFO] [stdout]     = help: the same lifetime is referred to in inconsistent ways, making the signature confusing
[INFO] [stdout]     = note: `#[warn(mismatched_lifetime_syntaxes)]` on by default
[INFO] [stdout] help: use `'_` for type paths
[INFO] [stdout]     |
[INFO] [stdout] 252 | pub fn expand_derive_table(derive_input: &DeriveInput) -> Result<TableMetadata<'_>> {
[INFO] [stdout]     |                                                                               ++++
[INFO] [stdout] 
[INFO] [stdout] 
[INFO] [stdout] warning: unused import: `check::*`
[INFO] [stdout]   --> ormolu_interfaces/src/data_type/constraint/mod.rs:19:9
[INFO] [stdout]    |
[INFO] [stdout] 19 | pub use check::*;
[INFO] [stdout]    |         ^^^^^^^^
[INFO] [stdout]    |
[INFO] [stdout]    = note: `#[warn(unused_imports)]` (part of `#[warn(unused)]`) on by default
[INFO] [stdout] 
[INFO] [stdout] 
[INFO] [stdout] warning: unused variable: `cx`
[INFO] [stdout]   --> ormolu_interfaces/src/sql_command/query/query_set.rs:96:40
[INFO] [stdout]    |
[INFO] [stdout] 96 |     fn poll_next(self: Pin<&mut Self>, cx: &mut Context<'_>) -> Poll<Option<Self::Item>> {
[INFO] [stdout]    |                                        ^^ help: if this is intentional, prefix it with an underscore: `_cx`
[INFO] [stdout]    |
[INFO] [stdout]    = note: `#[warn(unused_variables)]` (part of `#[warn(unused)]`) on by default
[INFO] [stdout] 
[INFO] [stdout] 
[INFO] [stdout] warning: unused variable: `column_name`
[INFO] [stdout]   --> ormolu_interfaces/src/data_type/constraint/foreign_key.rs:23:13
[INFO] [stdout]    |
[INFO] [stdout] 23 |         let column_name = Entity::column(ORDINAL).expect("msg");
[INFO] [stdout]    |             ^^^^^^^^^^^ help: if this is intentional, prefix it with an underscore: `_column_name`
[INFO] [stdout] 
[INFO] [stdout] 
[INFO] [stdout] warning: unused variable: `value`
[INFO] [stdout]   --> ormolu_interfaces/src/data_type/constraint/foreign_key.rs:49:9
[INFO] [stdout]    |
[INFO] [stdout] 49 |         value: <DB as sqlx::database::HasValueRef<'r>>::ValueRef,
[INFO] [stdout]    |         ^^^^^ help: if this is intentional, prefix it with an underscore: `_value`
[INFO] [stdout] 
[INFO] [stdout] 
[INFO] [stdout] warning: unused variable: `value`
[INFO] [stdout]   --> ormolu_interfaces/src/data_type/constraint/primary_key.rs:89:9
[INFO] [stdout]    |
[INFO] [stdout] 89 |         value: <DB as sqlx::database::HasValueRef<'r>>::ValueRef,
[INFO] [stdout]    |         ^^^^^ help: if this is intentional, prefix it with an underscore: `_value`
[INFO] [stdout] 
[INFO] [stdout] 
[INFO] [stdout] warning: unused variable: `value`
[INFO] [stdout]   --> ormolu_interfaces/src/data_type/constraint/unique.rs:57:9
[INFO] [stdout]    |
[INFO] [stdout] 57 |         value: <DB as sqlx::database::HasValueRef<'r>>::ValueRef,
[INFO] [stdout]    |         ^^^^^ help: if this is intentional, prefix it with an underscore: `_value`
[INFO] [stdout] 
[INFO] [stdout] 
[INFO] [stdout] warning: struct `Col` is never constructed
[INFO] [stdout]   --> ormolu_interfaces/src/sql_command/query/query_builder/mod.rs:12:8
[INFO] [stdout]    |
[INFO] [stdout] 12 | struct Col<T, E, const C: usize> {
[INFO] [stdout]    |        ^^^
[INFO] [stdout]    |
[INFO] [stdout]    = note: `#[warn(dead_code)]` (part of `#[warn(unused)]`) on by default
[INFO] [stdout] 
[INFO] [stdout] 
[INFO] [stdout] warning: fields `schema`, `object`, and `column` are never read
[INFO] [stdout]   --> ormolu_interfaces/src/sql_command/query/query_builder/mod.rs:26:5
[INFO] [stdout]    |
[INFO] [stdout] 25 | pub struct ColRef {
[INFO] [stdout]    |            ------ fields in this struct
[INFO] [stdout] 26 |     schema: Option<String>,
[INFO] [stdout]    |     ^^^^^^
[INFO] [stdout] 27 |     object: String,
[INFO] [stdout]    |     ^^^^^^
[INFO] [stdout] 28 |     column: String,
[INFO] [stdout]    |     ^^^^^^
[INFO] [stdout] 
[INFO] [stdout] 
[INFO] [stdout] warning: fields `join_type` and `on` are never read
[INFO] [stdout]   --> ormolu_interfaces/src/sql_command/query/query_builder/mod.rs:32:5
[INFO] [stdout]    |
[INFO] [stdout] 31 | pub struct Join {
[INFO] [stdout]    |            ---- fields in this struct
[INFO] [stdout] 32 |     join_type: JoinType,
[INFO] [stdout]    |     ^^^^^^^^^
[INFO] [stdout] 33 |     on: [ColRef; 2],
[INFO] [stdout]    |     ^^
[INFO] [stdout] 
[INFO] [stdout] 
[INFO] [stdout] warning: field `columns` is never read
[INFO] [stdout]   --> ormolu_interfaces/src/sql_command/query/query_builder/mod.rs:37:5
[INFO] [stdout]    |
[INFO] [stdout] 36 | pub struct GroupBy {
[INFO] [stdout]    |            ------- field in this struct
[INFO] [stdout] 37 |     columns: Vec<ColRef>,
[INFO] [stdout]    |     ^^^^^^^
[INFO] [stdout] 
[INFO] [stdout] 
[INFO] [stdout] warning: field `columns` is never read
[INFO] [stdout]   --> ormolu_interfaces/src/sql_command/query/query_builder/mod.rs:41:5
[INFO] [stdout]    |
[INFO] [stdout] 40 | pub struct OrderBy {
[INFO] [stdout]    |            ------- field in this struct
[INFO] [stdout] 41 |     columns: Vec<ColRef>,
[INFO] [stdout]    |     ^^^^^^^
[INFO] [stdout] 
[INFO] [stdout] 
[INFO] [stdout] warning: associated functions `inner`, `left`, `right`, `full`, and `cross` are never used
[INFO] [stdout]   --> ormolu_interfaces/src/sql_command/query/query_builder/mod.rs:45:8
[INFO] [stdout]    |
[INFO] [stdout] 44 | impl Join {
[INFO] [stdout]    | --------- associated functions in this implementation
[INFO] [stdout] 45 |     fn inner(dbo1: ColRef, dbo2: ColRef) -> Self {
[INFO] [stdout]    |        ^^^^^
[INFO] [stdout] ...
[INFO] [stdout] 52 |     fn left(dbo1: ColRef, dbo2: ColRef) -> Self {
[INFO] [stdout]    |        ^^^^
[INFO] [stdout] ...
[INFO] [stdout] 59 |     fn right(dbo1: ColRef, dbo2: ColRef) -> Self {
[INFO] [stdout]    |        ^^^^^
[INFO] [stdout] ...
[INFO] [stdout] 66 |     fn full(dbo1: ColRef, dbo2: ColRef) -> Self {
[INFO] [stdout]    |        ^^^^
[INFO] [stdout] ...
[INFO] [stdout] 73 |     fn cross(dbo1: ColRef, dbo2: ColRef) -> Self {
[INFO] [stdout]    |        ^^^^^
[INFO] [stdout] 
[INFO] [stdout] 
[INFO] [stdout] warning: field `0` is never read
[INFO] [stdout]   --> ormolu_interfaces/src/data_type/numeric/serial.rs:12:19
[INFO] [stdout]    |
[INFO] [stdout] 12 | pub struct Serial(i32);
[INFO] [stdout]    |            ------ ^^^
[INFO] [stdout]    |            |
[INFO] [stdout]    |            field in this struct
[INFO] [stdout]    |
[INFO] [stdout]    = help: consider removing this field
[INFO] [stdout] 
[INFO] [stdout] 
[INFO] [stdout] warning: field `0` is never read
[INFO] [stdout]  --> ormolu_interfaces/src/data_type/numeric/small_int.rs:3:21
[INFO] [stdout]   |
[INFO] [stdout] 3 | pub struct SmallInt(i16);
[INFO] [stdout]   |            -------- ^^^
[INFO] [stdout]   |            |
[INFO] [stdout]   |            field in this struct
[INFO] [stdout]   |
[INFO] [stdout]   = help: consider removing this field
[INFO] [stdout] 
[INFO] [stdout] 
[INFO] [stdout] warning: field `0` is never read
[INFO] [stdout]  --> ormolu_interfaces/src/data_type/numeric/integer.rs:3:20
[INFO] [stdout]   |
[INFO] [stdout] 3 | pub struct Integer(i32);
[INFO] [stdout]   |            ------- ^^^
[INFO] [stdout]   |            |
[INFO] [stdout]   |            field in this struct
[INFO] [stdout]   |
[INFO] [stdout]   = help: consider removing this field
[INFO] [stdout] 
[INFO] [stdout] 
[INFO] [stdout] warning: hiding a lifetime that's elided elsewhere is confusing
[INFO] [stdout]    --> ormolu_macros/src/table_metadata.rs:252:42
[INFO] [stdout]     |
[INFO] [stdout] 252 | pub fn expand_derive_table(derive_input: &DeriveInput) -> Result<TableMetadata> {
[INFO] [stdout]     |                                          ^^^^^^^^^^^^            ^^^^^^^^^^^^^ the same lifetime is hidden here
[INFO] [stdout]     |                                          |
[INFO] [stdout]     |                                          the lifetime is elided here
[INFO] [stdout]     |
[INFO] [stdout]     = help: the same lifetime is referred to in inconsistent ways, making the signature confusing
[INFO] [stdout]     = note: `#[warn(mismatched_lifetime_syntaxes)]` on by default
[INFO] [stdout] help: use `'_` for type paths
[INFO] [stdout]     |
[INFO] [stdout] 252 | pub fn expand_derive_table(derive_input: &DeriveInput) -> Result<TableMetadata<'_>> {
[INFO] [stdout]     |                                                                               ++++
[INFO] [stdout] 
[INFO] [stdout] 
[INFO] [stderr]     Finished `release` profile [optimized] target(s) in 12.34s
[INFO] [stderr] warning: the following packages contain code that will be rejected by a future version of Rust: sqlx-postgres v0.7.4
[INFO] [stderr] note: to see what the problems were, use the option `--future-incompat-report`, or run `cargo report future-incompatibilities --id 4`
[INFO] running `Command { std: "docker" "inspect" "76808b231da90a84f9877d6edeabb227232629ba3f3ed93aea9da191d0d4b894", kill_on_drop: false }`
[INFO] running `Command { std: "docker" "exec" "-e" "SOURCE_DIR=/opt/rustwide/workdir" "-e" "CARGO_HOME=/opt/rustwide/cargo-home" "-e" "RUSTUP_HOME=/opt/rustwide/rustup-home" "-e" "CARGO_TARGET_DIR=/opt/rustwide/target" "-e" "CARGO_INCREMENTAL=0" "-e" "RUST_BACKTRACE=full" "-e" "RUSTFLAGS=--cap-lints=warn" "-e" "RUSTDOCFLAGS=--cap-lints=warn" "-w" "/opt/rustwide/workdir" "--user" "0:0" "76808b231da90a84f9877d6edeabb227232629ba3f3ed93aea9da191d0d4b894" "/opt/rustwide/cargo-home/bin/cargo" "+1.99.0-beta.8" "test" "--frozen" "--release", kill_on_drop: false }`
[INFO] [stderr] warning: unused import: `check::*`
[INFO] [stderr]   --> ormolu_interfaces/src/data_type/constraint/mod.rs:19:9
[INFO] [stderr]    |
[INFO] [stderr] 19 | pub use check::*;
[INFO] [stderr]    |         ^^^^^^^^
[INFO] [stderr]    |
[INFO] [stderr]    = note: `#[warn(unused_imports)]` (part of `#[warn(unused)]`) on by default
[INFO] [stderr] 
[INFO] [stderr] warning: unused variable: `cx`
[INFO] [stderr]   --> ormolu_interfaces/src/sql_command/query/query_set.rs:96:40
[INFO] [stderr]    |
[INFO] [stderr] 96 |     fn poll_next(self: Pin<&mut Self>, cx: &mut Context<'_>) -> Poll<Option<Self::Item>> {
[INFO] [stderr]    |                                        ^^ help: if this is intentional, prefix it with an underscore: `_cx`
[INFO] [stderr]    |
[INFO] [stderr]    = note: `#[warn(unused_variables)]` (part of `#[warn(unused)]`) on by default
[INFO] [stderr] 
[INFO] [stderr] warning: unused variable: `column_name`
[INFO] [stderr]   --> ormolu_interfaces/src/data_type/constraint/foreign_key.rs:23:13
[INFO] [stderr]    |
[INFO] [stderr] 23 |         let column_name = Entity::column(ORDINAL).expect("msg");
[INFO] [stderr]    |             ^^^^^^^^^^^ help: if this is intentional, prefix it with an underscore: `_column_name`
[INFO] [stderr] 
[INFO] [stderr] warning: unused variable: `value`
[INFO] [stderr]   --> ormolu_interfaces/src/data_type/constraint/foreign_key.rs:49:9
[INFO] [stderr]    |
[INFO] [stderr] 49 |         value: <DB as sqlx::database::HasValueRef<'r>>::ValueRef,
[INFO] [stderr]    |         ^^^^^ help: if this is intentional, prefix it with an underscore: `_value`
[INFO] [stderr] 
[INFO] [stderr] warning: unused variable: `value`
[INFO] [stderr]   --> ormolu_interfaces/src/data_type/constraint/primary_key.rs:89:9
[INFO] [stderr]    |
[INFO] [stderr] 89 |         value: <DB as sqlx::database::HasValueRef<'r>>::ValueRef,
[INFO] [stderr]    |         ^^^^^ help: if this is intentional, prefix it with an underscore: `_value`
[INFO] [stderr] 
[INFO] [stderr] warning: unused variable: `value`
[INFO] [stderr]   --> ormolu_interfaces/src/data_type/constraint/unique.rs:57:9
[INFO] [stderr]    |
[INFO] [stderr] 57 |         value: <DB as sqlx::database::HasValueRef<'r>>::ValueRef,
[INFO] [stderr]    |         ^^^^^ help: if this is intentional, prefix it with an underscore: `_value`
[INFO] [stderr] 
[INFO] [stderr] warning: struct `Col` is never constructed
[INFO] [stderr]   --> ormolu_interfaces/src/sql_command/query/query_builder/mod.rs:12:8
[INFO] [stderr]    |
[INFO] [stderr] 12 | struct Col<T, E, const C: usize> {
[INFO] [stderr]    |        ^^^
[INFO] [stderr]    |
[INFO] [stderr]    = note: `#[warn(dead_code)]` (part of `#[warn(unused)]`) on by default
[INFO] [stderr] 
[INFO] [stderr] warning: fields `schema`, `object`, and `column` are never read
[INFO] [stderr]   --> ormolu_interfaces/src/sql_command/query/query_builder/mod.rs:26:5
[INFO] [stderr]    |
[INFO] [stderr] 25 | pub struct ColRef {
[INFO] [stderr]    |            ------ fields in this struct
[INFO] [stderr] 26 |     schema: Option<String>,
[INFO] [stderr]    |     ^^^^^^
[INFO] [stderr] 27 |     object: String,
[INFO] [stderr]    |     ^^^^^^
[INFO] [stderr] 28 |     column: String,
[INFO] [stderr]    |     ^^^^^^
[INFO] [stderr] 
[INFO] [stderr] warning: fields `join_type` and `on` are never read
[INFO] [stderr]   --> ormolu_interfaces/src/sql_command/query/query_builder/mod.rs:32:5
[INFO] [stderr]    |
[INFO] [stderr] 31 | pub struct Join {
[INFO] [stderr]    |            ---- fields in this struct
[INFO] [stderr] 32 |     join_type: JoinType,
[INFO] [stderr]    |     ^^^^^^^^^
[INFO] [stderr] 33 |     on: [ColRef; 2],
[INFO] [stderr]    |     ^^
[INFO] [stderr] 
[INFO] [stderr] warning: field `columns` is never read
[INFO] [stderr]   --> ormolu_interfaces/src/sql_command/query/query_builder/mod.rs:37:5
[INFO] [stderr]    |
[INFO] [stderr] 36 | pub struct GroupBy {
[INFO] [stderr]    |            ------- field in this struct
[INFO] [stderr] 37 |     columns: Vec<ColRef>,
[INFO] [stderr]    |     ^^^^^^^
[INFO] [stderr] 
[INFO] [stderr] warning: field `columns` is never read
[INFO] [stderr]   --> ormolu_interfaces/src/sql_command/query/query_builder/mod.rs:41:5
[INFO] [stderr]    |
[INFO] [stderr] 40 | pub struct OrderBy {
[INFO] [stderr]    |            ------- field in this struct
[INFO] [stderr] 41 |     columns: Vec<ColRef>,
[INFO] [stderr]    |     ^^^^^^^
[INFO] [stderr] 
[INFO] [stderr] warning: associated functions `inner`, `left`, `right`, `full`, and `cross` are never used
[INFO] [stderr]   --> ormolu_interfaces/src/sql_command/query/query_builder/mod.rs:45:8
[INFO] [stderr]    |
[INFO] [stderr] 44 | impl Join {
[INFO] [stderr]    | --------- associated functions in this implementation
[INFO] [stderr] 45 |     fn inner(dbo1: ColRef, dbo2: ColRef) -> Self {
[INFO] [stderr]    |        ^^^^^
[INFO] [stderr] ...
[INFO] [stderr] 52 |     fn left(dbo1: ColRef, dbo2: ColRef) -> Self {
[INFO] [stderr]    |        ^^^^
[INFO] [stderr] ...
[INFO] [stderr] 59 |     fn right(dbo1: ColRef, dbo2: ColRef) -> Self {
[INFO] [stderr]    |        ^^^^^
[INFO] [stderr] ...
[INFO] [stderr] 66 |     fn full(dbo1: ColRef, dbo2: ColRef) -> Self {
[INFO] [stderr]    |        ^^^^
[INFO] [stderr] ...
[INFO] [stderr] 73 |     fn cross(dbo1: ColRef, dbo2: ColRef) -> Self {
[INFO] [stderr]    |        ^^^^^
[INFO] [stderr] 
[INFO] [stderr] warning: field `0` is never read
[INFO] [stderr]   --> ormolu_interfaces/src/data_type/numeric/serial.rs:12:19
[INFO] [stderr]    |
[INFO] [stderr] 12 | pub struct Serial(i32);
[INFO] [stderr]    |            ------ ^^^
[INFO] [stderr]    |            |
[INFO] [stderr]    |            field in this struct
[INFO] [stderr]    |
[INFO] [stderr]    = help: consider removing this field
[INFO] [stderr] 
[INFO] [stderr] warning: field `0` is never read
[INFO] [stderr]  --> ormolu_interfaces/src/data_type/numeric/small_int.rs:3:21
[INFO] [stderr]   |
[INFO] [stderr] 3 | pub struct SmallInt(i16);
[INFO] [stderr]   |            -------- ^^^
[INFO] [stderr]   |            |
[INFO] [stderr]   |            field in this struct
[INFO] [stderr]   |
[INFO] [stderr]   = help: consider removing this field
[INFO] [stderr] 
[INFO] [stderr] warning: field `0` is never read
[INFO] [stderr]  --> ormolu_interfaces/src/data_type/numeric/integer.rs:3:20
[INFO] [stderr]   |
[INFO] [stderr] 3 | pub struct Integer(i32);
[INFO] [stderr]   |            ------- ^^^
[INFO] [stderr]   |            |
[INFO] [stderr]   |            field in this struct
[INFO] [stderr]   |
[INFO] [stderr]   = help: consider removing this field
[INFO] [stderr] 
[INFO] [stderr] warning: `ormolu_interfaces` (lib) generated 15 warnings (run `cargo fix --lib -p ormolu_interfaces` to apply 6 suggestions)
[INFO] [stderr] warning: `ormolu_interfaces` (lib) generated 15 warnings (15 duplicates)
[INFO] [stderr] warning: `ormolu_interfaces` (lib test) generated 15 warnings (15 duplicates)
[INFO] [stderr] warning: hiding a lifetime that's elided elsewhere is confusing
[INFO] [stderr]    --> ormolu_macros/src/table_metadata.rs:252:42
[INFO] [stderr]     |
[INFO] [stderr] 252 | pub fn expand_derive_table(derive_input: &DeriveInput) -> Result<TableMetadata> {
[INFO] [stderr]     |                                          ^^^^^^^^^^^^            ^^^^^^^^^^^^^ the same lifetime is hidden here
[INFO] [stderr]     |                                          |
[INFO] [stderr]     |                                          the lifetime is elided here
[INFO] [stderr]     |
[INFO] [stderr]     = help: the same lifetime is referred to in inconsistent ways, making the signature confusing
[INFO] [stderr]     = note: `#[warn(mismatched_lifetime_syntaxes)]` on by default
[INFO] [stderr] help: use `'_` for type paths
[INFO] [stderr]     |
[INFO] [stderr] 252 | pub fn expand_derive_table(derive_input: &DeriveInput) -> Result<TableMetadata<'_>> {
[INFO] [stderr]     |                                                                               ++++
[INFO] [stderr] 
[INFO] [stderr] warning: `ormolu_macros` (lib) generated 1 warning (run `cargo fix --lib -p ormolu_macros` to apply 1 suggestion)
[INFO] [stderr] warning: `ormolu_macros` (lib test) generated 1 warning (1 duplicate)
[INFO] [stderr]     Finished `release` profile [optimized] target(s) in 0.23s
[INFO] [stderr] warning: the following packages contain code that will be rejected by a future version of Rust: sqlx-postgres v0.7.4
[INFO] [stderr] note: to see what the problems were, use the option `--future-incompat-report`, or run `cargo report future-incompatibilities --id 4`
[INFO] [stderr]      Running unittests src/lib.rs (/opt/rustwide/target/release/deps/ormolu-dba8cfb35b54c8fc)
[INFO] [stdout] 
[INFO] [stdout] running 20 tests
[INFO] [stdout] test test::filter_proxy_iter_dsl::multiple_field_filter ... ok
[INFO] [stdout] test test::get_pool::override_get_pool ... ok
[INFO] [stdout] test test::query_builder::example_builder ... ok
[INFO] [stdout] test test::iter_eval::into_iter_for_loop ... FAILED
[INFO] [stdout] test test::relations::one_to_many ... FAILED
[INFO] [stdout] test test::relations::subtype ... ok
[INFO] [stdout] test test::select::view ... ok
[INFO] [stdout] test test::database::fetch_via_model ... FAILED
[INFO] [stdout] test test::filter_proxy_iter_dsl::single_and_field_filter ... ok
[INFO] [stdout] test test::stored_procedure::create_exec ... FAILED
[INFO] [stdout] test test::database::get_connection_pool ... FAILED
[INFO] [stdout] test test::table_macro::check_ordinal ... ok
[INFO] [stdout] test test::filter_proxy_iter_dsl::multiple_field_filter_with_or ... FAILED
[INFO] [stderr] error: test failed, to rerun pass `-p ormolu --lib`
[INFO] [stdout] test test::convert_schema_to_source::advanced ... FAILED
[INFO] [stdout] test test::table_macro::expand_option_unique_getter ... FAILED
[INFO] [stdout] test test::table_macro::fields_getter ... ok
[INFO] [stdout] test test::table_macro::create_primary_key_getter ... ok
[INFO] [stdout] test test::table_macro::parse_schema_name ... ok
[INFO] [stdout] test test::table_macro::parse_table_name ... ok
[INFO] [stdout] test test::table_macro::expand_unique_getter ... FAILED
[INFO] [stdout] 
[INFO] [stdout] failures:
[INFO] [stdout] 
[INFO] [stdout] ---- test::iter_eval::into_iter_for_loop stdout ----
[INFO] [stdout] 
[INFO] [stdout] thread 'test::iter_eval::into_iter_for_loop' (3782) panicked at ormolu/src/test.rs:449:9:
[INFO] [stdout] assertion `left == right` failed
[INFO] [stdout]   left: "SELECT id, customer_id, order_date, total_amount, status, name, shipping_address, created_at, updated_at FROM order WHERE name NOT LIKE %test% AND id != 2 AND name LIKE %john%;"
[INFO] [stdout]  right: "SELECT id, customer_id, order_date, total_amount, status, name, shipping_address, created_at, updated_at FROM order WHERE name NOT LIKE %test% AND customer_id != 2 AND name LIKE %john%;"
[INFO] [stdout] stack backtrace:
[INFO] [stdout]    0:     0x58ada90dcb81 - <<std[70759c8f55707aa4]::sys::backtrace::BacktraceLock>::print::DisplayBacktrace as core[df12db4294e9bfd3]::fmt::Display>::fmt
[INFO] [stdout]    1:     0x58ada90f42da - core[df12db4294e9bfd3]::fmt::write
[INFO] [stdout]    2:     0x58ada90e15ac - <alloc[2182bb758b4b3781]::vec::Vec<u8> as core[df12db4294e9bfd3]::io::write::Write>::write_fmt
[INFO] [stdout]    3:     0x58ada90b72f6 - std[70759c8f55707aa4]::panicking::default_hook::{closure#0}
[INFO] [stdout]    4:     0x58ada90d40c9 - std[70759c8f55707aa4]::panicking::default_hook
[INFO] [stdout]    5:     0x58ada8f90e30 - test[9d35eded1c95d3be]::test_main_inner::<test[9d35eded1c95d3be]::test_main_static::{closure#0}>::{closure#0}
[INFO] [stdout]    6:     0x58ada90d43f2 - std[70759c8f55707aa4]::panicking::panic_with_hook
[INFO] [stdout]    7:     0x58ada90b73a2 - std[70759c8f55707aa4]::panicking::panic_handler::{closure#0}
[INFO] [stdout]    8:     0x58ada90afc79 - std[70759c8f55707aa4]::sys::backtrace::__rust_end_short_backtrace::<std[70759c8f55707aa4]::panicking::panic_handler::{closure#0}, !>
[INFO] [stdout]    9:     0x58ada90b822d - __rustc[8fa7c3cbc660c2b3]::rust_begin_unwind
[INFO] [stdout]   10:     0x58ada90f4a3c - core[df12db4294e9bfd3]::panicking::panic_fmt
[INFO] [stdout]   11:     0x58ada90f4953 - core[df12db4294e9bfd3]::panicking::assert_failed_inner
[INFO] [stdout]   12:     0x58ada900b572 - core[df12db4294e9bfd3]::panicking::assert_failed::<alloc[2182bb758b4b3781]::string::String, alloc[2182bb758b4b3781]::string::String>
[INFO] [stdout]   13:     0x58ada8f467f7 - ormolu[94c42b8d65b1a76f]::test::iter_eval::into_iter_for_loop
[INFO] [stdout]   14:     0x58ada8f83e79 - <ormolu[94c42b8d65b1a76f]::test::iter_eval::into_iter_for_loop::{closure#0} as core[df12db4294e9bfd3]::ops::function::FnOnce<()>>::call_once
[INFO] [stdout]   15:     0x58ada8f8411b - test[9d35eded1c95d3be]::__rust_begin_short_backtrace::<core[df12db4294e9bfd3]::result::Result<(), alloc[2182bb758b4b3781]::string::String>, fn() -> core[df12db4294e9bfd3]::result::Result<(), alloc[2182bb758b4b3781]::string::String>>
[INFO] [stdout]   16:     0x58ada8f91785 - test[9d35eded1c95d3be]::run_test::{closure#0}
[INFO] [stdout]   17:     0x58ada8f8b044 - std[70759c8f55707aa4]::sys::backtrace::__rust_begin_short_backtrace::<test[9d35eded1c95d3be]::run_test::{closure#1}, ()>
[INFO] [stdout]   18:     0x58ada8f948e2 - <std[70759c8f55707aa4]::thread::lifecycle::spawn_unchecked<test[9d35eded1c95d3be]::run_test::{closure#1}, ()>::{closure#1} as core[df12db4294e9bfd3]::ops::function::FnOnce<()>>::call_once::{shim:vtable#0}
[INFO] [stdout]   19:     0x58ada90dba19 - <std[70759c8f55707aa4]::sys::thread::unix::Thread>::new::thread_start
[INFO] [stdout]   20:     0x7abdb53bedfa - <unknown>
[INFO] [stdout]   21:     0x7abdb54523d4 - clone
[INFO] [stdout]   22:                0x0 - <unknown>
[INFO] [stdout] 
[INFO] [stdout] ---- test::relations::one_to_many stdout ----
[INFO] [stdout] 
[INFO] [stdout] thread 'test::relations::one_to_many' (3784) panicked at ormolu_interfaces/src/traits/database_object.rs:54:47:
[INFO] [stdout] DATABASE_URL must be set in .env file: NotPresent
[INFO] [stdout] stack backtrace:
[INFO] [stdout]    0:     0x58ada90dcb81 - <<std[70759c8f55707aa4]::sys::backtrace::BacktraceLock>::print::DisplayBacktrace as core[df12db4294e9bfd3]::fmt::Display>::fmt
[INFO] [stdout]    1:     0x58ada90f42da - core[df12db4294e9bfd3]::fmt::write
[INFO] [stdout]    2:     0x58ada90e15ac - <alloc[2182bb758b4b3781]::vec::Vec<u8> as core[df12db4294e9bfd3]::io::write::Write>::write_fmt
[INFO] [stdout]    3:     0x58ada90b72f6 - std[70759c8f55707aa4]::panicking::default_hook::{closure#0}
[INFO] [stdout]    4:     0x58ada90d40c9 - std[70759c8f55707aa4]::panicking::default_hook
[INFO] [stdout]    5:     0x58ada8f90e30 - test[9d35eded1c95d3be]::test_main_inner::<test[9d35eded1c95d3be]::test_main_static::{closure#0}>::{closure#0}
[INFO] [stdout]    6:     0x58ada90d43f2 - std[70759c8f55707aa4]::panicking::panic_with_hook
[INFO] [stdout]    7:     0x58ada90b73a2 - std[70759c8f55707aa4]::panicking::panic_handler::{closure#0}
[INFO] [stdout]    8:     0x58ada90afc79 - std[70759c8f55707aa4]::sys::backtrace::__rust_end_short_backtrace::<std[70759c8f55707aa4]::panicking::panic_handler::{closure#0}, !>
[INFO] [stdout]    9:     0x58ada90b822d - __rustc[8fa7c3cbc660c2b3]::rust_begin_unwind
[INFO] [stdout]   10:     0x58ada90f4a3c - core[df12db4294e9bfd3]::panicking::panic_fmt
[INFO] [stdout]   11:     0x58ada90f4812 - core[df12db4294e9bfd3]::result::unwrap_failed
[INFO] [stdout]   12:     0x58ada8f802ab - <ormolu[94c42b8d65b1a76f]::test::relations::Customer>::get_by_id::{closure#0}
[INFO] [stdout]   13:     0x58ada8f834df - ormolu[94c42b8d65b1a76f]::test::relations::one_to_many::{closure#0}
[INFO] [stdout]   14:     0x58ada8f66913 - <tokio[1f8671b5496861dc]::runtime::scheduler::current_thread::Context>::enter::<core[df12db4294e9bfd3]::task::poll::Poll<()>, <tokio[1f8671b5496861dc]::runtime::scheduler::current_thread::CoreGuard>::block_on<core[df12db4294e9bfd3]::pin::Pin<&mut core[df12db4294e9bfd3]::pin::Pin<&mut dyn core[df12db4294e9bfd3]::future::future::Future<Output = ()>>>>::{closure#0}::{closure#0}>
[INFO] [stdout]   15:     0x58ada8f5d45c - <tokio[1f8671b5496861dc]::runtime::context::scoped::Scoped<tokio[1f8671b5496861dc]::runtime::scheduler::Context>>::set::<<tokio[1f8671b5496861dc]::runtime::scheduler::current_thread::CoreGuard>::enter<<tokio[1f8671b5496861dc]::runtime::scheduler::current_thread::CoreGuard>::block_on<core[df12db4294e9bfd3]::pin::Pin<&mut core[df12db4294e9bfd3]::pin::Pin<&mut dyn core[df12db4294e9bfd3]::future::future::Future<Output = ()>>>>::{closure#0}, core[df12db4294e9bfd3]::option::Option<()>>::{closure#0}, (alloc[2182bb758b4b3781]::boxed::Box<tokio[1f8671b5496861dc]::runtime::scheduler::current_thread::Core>, core[df12db4294e9bfd3]::option::Option<()>)>
[INFO] [stdout]   16:     0x58ada8f6626c - <tokio[1f8671b5496861dc]::runtime::runtime::Runtime>::block_on::<core[df12db4294e9bfd3]::pin::Pin<&mut dyn core[df12db4294e9bfd3]::future::future::Future<Output = ()>>>
[INFO] [stdout]   17:     0x58ada8f83f3d - <ormolu[94c42b8d65b1a76f]::test::relations::one_to_many::{closure#0} as core[df12db4294e9bfd3]::ops::function::FnOnce<()>>::call_once
[INFO] [stdout]   18:     0x58ada8f8411b - test[9d35eded1c95d3be]::__rust_begin_short_backtrace::<core[df12db4294e9bfd3]::result::Result<(), alloc[2182bb758b4b3781]::string::String>, fn() -> core[df12db4294e9bfd3]::result::Result<(), alloc[2182bb758b4b3781]::string::String>>
[INFO] [stdout]   19:     0x58ada8f91785 - test[9d35eded1c95d3be]::run_test::{closure#0}
[INFO] [stdout]   20:     0x58ada8f8b044 - std[70759c8f55707aa4]::sys::backtrace::__rust_begin_short_backtrace::<test[9d35eded1c95d3be]::run_test::{closure#1}, ()>
[INFO] [stdout]   21:     0x58ada8f948e2 - <std[70759c8f55707aa4]::thread::lifecycle::spawn_unchecked<test[9d35eded1c95d3be]::run_test::{closure#1}, ()>::{closure#1} as core[df12db4294e9bfd3]::ops::function::FnOnce<()>>::call_once::{shim:vtable#0}
[INFO] [stdout]   22:     0x58ada90dba19 - <std[70759c8f55707aa4]::sys::thread::unix::Thread>::new::thread_start
[INFO] [stdout]   23:     0x7abdb53bedfa - <unknown>
[INFO] [stdout]   24:     0x7abdb54523d4 - clone
[INFO] [stdout]   25:                0x0 - <unknown>
[INFO] [stdout] 
[INFO] [stdout] ---- test::database::fetch_via_model stdout ----
[INFO] [stdout] 
[INFO] [stdout] thread 'test::database::fetch_via_model' (3776) panicked at ormolu_interfaces/src/traits/database_object.rs:54:47:
[INFO] [stdout] DATABASE_URL must be set in .env file: NotPresent
[INFO] [stdout] stack backtrace:
[INFO] [stdout]    0:     0x58ada90dcb81 - <<std[70759c8f55707aa4]::sys::backtrace::BacktraceLock>::print::DisplayBacktrace as core[df12db4294e9bfd3]::fmt::Display>::fmt
[INFO] [stdout]    1:     0x58ada90f42da - core[df12db4294e9bfd3]::fmt::write
[INFO] [stdout]    2:     0x58ada90e15ac - <alloc[2182bb758b4b3781]::vec::Vec<u8> as core[df12db4294e9bfd3]::io::write::Write>::write_fmt
[INFO] [stdout]    3:     0x58ada90b72f6 - std[70759c8f55707aa4]::panicking::default_hook::{closure#0}
[INFO] [stdout]    4:     0x58ada90d40c9 - std[70759c8f55707aa4]::panicking::default_hook
[INFO] [stdout]    5:     0x58ada8f90e30 - test[9d35eded1c95d3be]::test_main_inner::<test[9d35eded1c95d3be]::test_main_static::{closure#0}>::{closure#0}
[INFO] [stdout]    6:     0x58ada90d43f2 - std[70759c8f55707aa4]::panicking::panic_with_hook
[INFO] [stdout]    7:     0x58ada90b73a2 - std[70759c8f55707aa4]::panicking::panic_handler::{closure#0}
[INFO] [stdout]    8:     0x58ada90afc79 - std[70759c8f55707aa4]::sys::backtrace::__rust_end_short_backtrace::<std[70759c8f55707aa4]::panicking::panic_handler::{closure#0}, !>
[INFO] [stdout]    9:     0x58ada90b822d - __rustc[8fa7c3cbc660c2b3]::rust_begin_unwind
[INFO] [stdout]   10:     0x58ada90f4a3c - core[df12db4294e9bfd3]::panicking::panic_fmt
[INFO] [stdout]   11:     0x58ada90f4812 - core[df12db4294e9bfd3]::result::unwrap_failed
[INFO] [stdout]   12:     0x58ada8f73add - <ormolu[94c42b8d65b1a76f]::test::database::ResourceType as ormolu_interfaces[8c83c8e5e9554e12]::traits::database_object::GetConnectionPool>::get_connection_pool::{closure#0}
[INFO] [stdout]   13:     0x58ada8f7201b - ormolu[94c42b8d65b1a76f]::test::database::fetch_via_model::{closure#0}
[INFO] [stdout]   14:     0x58ada8f66913 - <tokio[1f8671b5496861dc]::runtime::scheduler::current_thread::Context>::enter::<core[df12db4294e9bfd3]::task::poll::Poll<()>, <tokio[1f8671b5496861dc]::runtime::scheduler::current_thread::CoreGuard>::block_on<core[df12db4294e9bfd3]::pin::Pin<&mut core[df12db4294e9bfd3]::pin::Pin<&mut dyn core[df12db4294e9bfd3]::future::future::Future<Output = ()>>>>::{closure#0}::{closure#0}>
[INFO] [stdout]   15:     0x58ada8f5d45c - <tokio[1f8671b5496861dc]::runtime::context::scoped::Scoped<tokio[1f8671b5496861dc]::runtime::scheduler::Context>>::set::<<tokio[1f8671b5496861dc]::runtime::scheduler::current_thread::CoreGuard>::enter<<tokio[1f8671b5496861dc]::runtime::scheduler::current_thread::CoreGuard>::block_on<core[df12db4294e9bfd3]::pin::Pin<&mut core[df12db4294e9bfd3]::pin::Pin<&mut dyn core[df12db4294e9bfd3]::future::future::Future<Output = ()>>>>::{closure#0}, core[df12db4294e9bfd3]::option::Option<()>>::{closure#0}, (alloc[2182bb758b4b3781]::boxed::Box<tokio[1f8671b5496861dc]::runtime::scheduler::current_thread::Core>, core[df12db4294e9bfd3]::option::Option<()>)>
[INFO] [stdout]   16:     0x58ada8f6626c - <tokio[1f8671b5496861dc]::runtime::runtime::Runtime>::block_on::<core[df12db4294e9bfd3]::pin::Pin<&mut dyn core[df12db4294e9bfd3]::future::future::Future<Output = ()>>>
[INFO] [stdout]   17:     0x58ada8f75b8a - ormolu[94c42b8d65b1a76f]::test::database::fetch_via_model
[INFO] [stdout]   18:     0x58ada8f83e39 - <ormolu[94c42b8d65b1a76f]::test::database::fetch_via_model::{closure#0} as core[df12db4294e9bfd3]::ops::function::FnOnce<()>>::call_once
[INFO] [stdout]   19:     0x58ada8f8411b - test[9d35eded1c95d3be]::__rust_begin_short_backtrace::<core[df12db4294e9bfd3]::result::Result<(), alloc[2182bb758b4b3781]::string::String>, fn() -> core[df12db4294e9bfd3]::result::Result<(), alloc[2182bb758b4b3781]::string::String>>
[INFO] [stdout]   20:     0x58ada8f91785 - test[9d35eded1c95d3be]::run_test::{closure#0}
[INFO] [stdout]   21:     0x58ada8f8b044 - std[70759c8f55707aa4]::sys::backtrace::__rust_begin_short_backtrace::<test[9d35eded1c95d3be]::run_test::{closure#1}, ()>
[INFO] [stdout]   22:     0x58ada8f948e2 - <std[70759c8f55707aa4]::thread::lifecycle::spawn_unchecked<test[9d35eded1c95d3be]::run_test::{closure#1}, ()>::{closure#1} as core[df12db4294e9bfd3]::ops::function::FnOnce<()>>::call_once::{shim:vtable#0}
[INFO] [stdout]   23:     0x58ada90dba19 - <std[70759c8f55707aa4]::sys::thread::unix::Thread>::new::thread_start
[INFO] [stdout]   24:     0x7abdb53bedfa - <unknown>
[INFO] [stdout]   25:     0x7abdb54523d4 - clone
[INFO] [stdout]   26:                0x0 - <unknown>
[INFO] [stdout] 
[INFO] [stdout] ---- test::stored_procedure::create_exec stdout ----
[INFO] [stdout] 
[INFO] [stdout] thread 'test::stored_procedure::create_exec' (3787) panicked at ormolu/src/test.rs:829:18:
[INFO] [stdout] not yet implemented
[INFO] [stdout] stack backtrace:
[INFO] [stdout]    0:     0x58ada90dcb81 - <<std[70759c8f55707aa4]::sys::backtrace::BacktraceLock>::print::DisplayBacktrace as core[df12db4294e9bfd3]::fmt::Display>::fmt
[INFO] [stdout]    1:     0x58ada90f42da - core[df12db4294e9bfd3]::fmt::write
[INFO] [stdout]    2:     0x58ada90e15ac - <alloc[2182bb758b4b3781]::vec::Vec<u8> as core[df12db4294e9bfd3]::io::write::Write>::write_fmt
[INFO] [stdout]    3:     0x58ada90b72f6 - std[70759c8f55707aa4]::panicking::default_hook::{closure#0}
[INFO] [stdout]    4:     0x58ada90d40c9 - std[70759c8f55707aa4]::panicking::default_hook
[INFO] [stdout]    5:     0x58ada8f90e30 - test[9d35eded1c95d3be]::test_main_inner::<test[9d35eded1c95d3be]::test_main_static::{closure#0}>::{closure#0}
[INFO] [stdout]    6:     0x58ada90d43f2 - std[70759c8f55707aa4]::panicking::panic_with_hook
[INFO] [stdout]    7:     0x58ada90b73d4 - std[70759c8f55707aa4]::panicking::panic_handler::{closure#0}
[INFO] [stdout]    8:     0x58ada90afc79 - std[70759c8f55707aa4]::sys::backtrace::__rust_end_short_backtrace::<std[70759c8f55707aa4]::panicking::panic_handler::{closure#0}, !>
[INFO] [stdout]    9:     0x58ada90b822d - __rustc[8fa7c3cbc660c2b3]::rust_begin_unwind
[INFO] [stdout]   10:     0x58ada90f4a3c - core[df12db4294e9bfd3]::panicking::panic_fmt
[INFO] [stdout]   11:     0x58ada90f4a02 - core[df12db4294e9bfd3]::panicking::panic
[INFO] [stdout]   12:     0x58ada8f428c0 - <ormolu[94c42b8d65b1a76f]::test::stored_procedure::create_exec::ResetLoginSessions>::exec::<ormolu[94c42b8d65b1a76f]::test::stored_procedure::create_exec::ResetResponse>
[INFO] [stdout]   13:     0x58ada8f45706 - ormolu[94c42b8d65b1a76f]::test::stored_procedure::create_exec
[INFO] [stdout]   14:     0x58ada8f83dce - <ormolu[94c42b8d65b1a76f]::test::stored_procedure::create_exec::{closure#0} as core[df12db4294e9bfd3]::ops::function::FnOnce<()>>::call_once
[INFO] [stdout]   15:     0x58ada8f8411b - test[9d35eded1c95d3be]::__rust_begin_short_backtrace::<core[df12db4294e9bfd3]::result::Result<(), alloc[2182bb758b4b3781]::string::String>, fn() -> core[df12db4294e9bfd3]::result::Result<(), alloc[2182bb758b4b3781]::string::String>>
[INFO] [stdout]   16:     0x58ada8f91785 - test[9d35eded1c95d3be]::run_test::{closure#0}
[INFO] [stdout]   17:     0x58ada8f8b044 - std[70759c8f55707aa4]::sys::backtrace::__rust_begin_short_backtrace::<test[9d35eded1c95d3be]::run_test::{closure#1}, ()>
[INFO] [stdout]   18:     0x58ada8f948e2 - <std[70759c8f55707aa4]::thread::lifecycle::spawn_unchecked<test[9d35eded1c95d3be]::run_test::{closure#1}, ()>::{closure#1} as core[df12db4294e9bfd3]::ops::function::FnOnce<()>>::call_once::{shim:vtable#0}
[INFO] [stdout]   19:     0x58ada90dba19 - <std[70759c8f55707aa4]::sys::thread::unix::Thread>::new::thread_start
[INFO] [stdout]   20:     0x7abdb53bedfa - <unknown>
[INFO] [stdout]   21:     0x7abdb54523d4 - clone
[INFO] [stdout]   22:                0x0 - <unknown>
[INFO] [stdout] 
[INFO] [stdout] ---- test::database::get_connection_pool stdout ----
[INFO] [stdout] 
[INFO] [stdout] thread 'test::database::get_connection_pool' (3777) panicked at ormolu_interfaces/src/traits/database_object.rs:54:47:
[INFO] [stdout] DATABASE_URL must be set in .env file: NotPresent
[INFO] [stdout] stack backtrace:
[INFO] [stdout]    0:     0x58ada90dcb81 - <<std[70759c8f55707aa4]::sys::backtrace::BacktraceLock>::print::DisplayBacktrace as core[df12db4294e9bfd3]::fmt::Display>::fmt
[INFO] [stdout]    1:     0x58ada90f42da - core[df12db4294e9bfd3]::fmt::write
[INFO] [stdout]    2:     0x58ada90e15ac - <alloc[2182bb758b4b3781]::vec::Vec<u8> as core[df12db4294e9bfd3]::io::write::Write>::write_fmt
[INFO] [stdout]    3:     0x58ada90b72f6 - std[70759c8f55707aa4]::panicking::default_hook::{closure#0}
[INFO] [stdout]    4:     0x58ada90d40c9 - std[70759c8f55707aa4]::panicking::default_hook
[INFO] [stdout]    5:     0x58ada8f90e30 - test[9d35eded1c95d3be]::test_main_inner::<test[9d35eded1c95d3be]::test_main_static::{closure#0}>::{closure#0}
[INFO] [stdout]    6:     0x58ada90d43f2 - std[70759c8f55707aa4]::panicking::panic_with_hook
[INFO] [stdout]    7:     0x58ada90b73a2 - std[70759c8f55707aa4]::panicking::panic_handler::{closure#0}
[INFO] [stdout]    8:     0x58ada90afc79 - std[70759c8f55707aa4]::sys::backtrace::__rust_end_short_backtrace::<std[70759c8f55707aa4]::panicking::panic_handler::{closure#0}, !>
[INFO] [stdout]    9:     0x58ada90b822d - __rustc[8fa7c3cbc660c2b3]::rust_begin_unwind
[INFO] [stdout]   10:     0x58ada90f4a3c - core[df12db4294e9bfd3]::panicking::panic_fmt
[INFO] [stdout]   11:     0x58ada90f4812 - core[df12db4294e9bfd3]::result::unwrap_failed
[INFO] [stdout]   12:     0x58ada8f73add - <ormolu[94c42b8d65b1a76f]::test::database::ResourceType as ormolu_interfaces[8c83c8e5e9554e12]::traits::database_object::GetConnectionPool>::get_connection_pool::{closure#0}
[INFO] [stdout]   13:     0x58ada8f72cc1 - ormolu[94c42b8d65b1a76f]::test::database::get_connection_pool::{closure#0}
[INFO] [stdout]   14:     0x58ada8f66913 - <tokio[1f8671b5496861dc]::runtime::scheduler::current_thread::Context>::enter::<core[df12db4294e9bfd3]::task::poll::Poll<()>, <tokio[1f8671b5496861dc]::runtime::scheduler::current_thread::CoreGuard>::block_on<core[df12db4294e9bfd3]::pin::Pin<&mut core[df12db4294e9bfd3]::pin::Pin<&mut dyn core[df12db4294e9bfd3]::future::future::Future<Output = ()>>>>::{closure#0}::{closure#0}>
[INFO] [stdout]   15:     0x58ada8f5d45c - <tokio[1f8671b5496861dc]::runtime::context::scoped::Scoped<tokio[1f8671b5496861dc]::runtime::scheduler::Context>>::set::<<tokio[1f8671b5496861dc]::runtime::scheduler::current_thread::CoreGuard>::enter<<tokio[1f8671b5496861dc]::runtime::scheduler::current_thread::CoreGuard>::block_on<core[df12db4294e9bfd3]::pin::Pin<&mut core[df12db4294e9bfd3]::pin::Pin<&mut dyn core[df12db4294e9bfd3]::future::future::Future<Output = ()>>>>::{closure#0}, core[df12db4294e9bfd3]::option::Option<()>>::{closure#0}, (alloc[2182bb758b4b3781]::boxed::Box<tokio[1f8671b5496861dc]::runtime::scheduler::current_thread::Core>, core[df12db4294e9bfd3]::option::Option<()>)>
[INFO] [stdout]   16:     0x58ada8f6626c - <tokio[1f8671b5496861dc]::runtime::runtime::Runtime>::block_on::<core[df12db4294e9bfd3]::pin::Pin<&mut dyn core[df12db4294e9bfd3]::future::future::Future<Output = ()>>>
[INFO] [stdout]   17:     0x58ada8f75cfa - ormolu[94c42b8d65b1a76f]::test::database::get_connection_pool
[INFO] [stdout]   18:     0x58ada8f83e59 - <ormolu[94c42b8d65b1a76f]::test::database::get_connection_pool::{closure#0} as core[df12db4294e9bfd3]::ops::function::FnOnce<()>>::call_once
[INFO] [stdout]   19:     0x58ada8f8411b - test[9d35eded1c95d3be]::__rust_begin_short_backtrace::<core[df12db4294e9bfd3]::result::Result<(), alloc[2182bb758b4b3781]::string::String>, fn() -> core[df12db4294e9bfd3]::result::Result<(), alloc[2182bb758b4b3781]::string::String>>
[INFO] [stdout]   20:     0x58ada8f91785 - test[9d35eded1c95d3be]::run_test::{closure#0}
[INFO] [stdout]   21:     0x58ada8f8b044 - std[70759c8f55707aa4]::sys::backtrace::__rust_begin_short_backtrace::<test[9d35eded1c95d3be]::run_test::{closure#1}, ()>
[INFO] [stdout]   22:     0x58ada8f948e2 - <std[70759c8f55707aa4]::thread::lifecycle::spawn_unchecked<test[9d35eded1c95d3be]::run_test::{closure#1}, ()>::{closure#1} as core[df12db4294e9bfd3]::ops::function::FnOnce<()>>::call_once::{shim:vtable#0}
[INFO] [stdout]   23:     0x58ada90dba19 - <std[70759c8f55707aa4]::sys::thread::unix::Thread>::new::thread_start
[INFO] [stdout]   24:     0x7abdb53bedfa - <unknown>
[INFO] [stdout]   25:     0x7abdb54523d4 - clone
[INFO] [stdout]   26:                0x0 - <unknown>
[INFO] [stdout] 
[INFO] [stdout] ---- test::filter_proxy_iter_dsl::multiple_field_filter_with_or stdout ----
[INFO] [stdout] 
[INFO] [stdout] thread 'test::filter_proxy_iter_dsl::multiple_field_filter_with_or' (3779) panicked at ormolu/src/test.rs:203:9:
[INFO] [stdout] assertion `left == right` failed
[INFO] [stdout]   left: "SELECT id, customer_id, order_date, total_amount, status, test, name, shipping_address, created_at, updated_at FROM order WHERE name LIKE %test% AND test = false AND id != 2 AND name LIKE %john%;"
[INFO] [stdout]  right: "SELECT id, customer_id, order_date, total_amount, status, name, test, shipping_address, created_at, updated_at FROM order WHERE name NOT LIKE %test% AND id != 2 AND name LIKE %john%;"
[INFO] [stdout] stack backtrace:
[INFO] [stdout]    0:     0x58ada90dcb81 - <<std[70759c8f55707aa4]::sys::backtrace::BacktraceLock>::print::DisplayBacktrace as core[df12db4294e9bfd3]::fmt::Display>::fmt
[INFO] [stdout]    1:     0x58ada90f42da - core[df12db4294e9bfd3]::fmt::write
[INFO] [stdout]    2:     0x58ada90e15ac - <alloc[2182bb758b4b3781]::vec::Vec<u8> as core[df12db4294e9bfd3]::io::write::Write>::write_fmt
[INFO] [stdout]    3:     0x58ada90b72f6 - std[70759c8f55707aa4]::panicking::default_hook::{closure#0}
[INFO] [stdout]    4:     0x58ada90d40c9 - std[70759c8f55707aa4]::panicking::default_hook
[INFO] [stdout]    5:     0x58ada8f90e30 - test[9d35eded1c95d3be]::test_main_inner::<test[9d35eded1c95d3be]::test_main_static::{closure#0}>::{closure#0}
[INFO] [stdout]    6:     0x58ada90d43f2 - std[70759c8f55707aa4]::panicking::panic_with_hook
[INFO] [stdout]    7:     0x58ada90b73a2 - std[70759c8f55707aa4]::panicking::panic_handler::{closure#0}
[INFO] [stdout]    8:     0x58ada90afc79 - std[70759c8f55707aa4]::sys::backtrace::__rust_end_short_backtrace::<std[70759c8f55707aa4]::panicking::panic_handler::{closure#0}, !>
[INFO] [stdout]    9:     0x58ada90b822d - __rustc[8fa7c3cbc660c2b3]::rust_begin_unwind
[INFO] [stdout]   10:     0x58ada90f4a3c - core[df12db4294e9bfd3]::panicking::panic_fmt
[INFO] [stdout]   11:     0x58ada90f4953 - core[df12db4294e9bfd3]::panicking::assert_failed_inner
[INFO] [stdout]   12:     0x58ada900b572 - core[df12db4294e9bfd3]::panicking::assert_failed::<alloc[2182bb758b4b3781]::string::String, alloc[2182bb758b4b3781]::string::String>
[INFO] [stdout]   13:     0x58ada8f462f7 - ormolu[94c42b8d65b1a76f]::test::filter_proxy_iter_dsl::multiple_field_filter_with_or
[INFO] [stdout]   14:     0x58ada8f83e19 - <ormolu[94c42b8d65b1a76f]::test::filter_proxy_iter_dsl::multiple_field_filter_with_or::{closure#0} as core[df12db4294e9bfd3]::ops::function::FnOnce<()>>::call_once
[INFO] [stdout]   15:     0x58ada8f8411b - test[9d35eded1c95d3be]::__rust_begin_short_backtrace::<core[df12db4294e9bfd3]::result::Result<(), alloc[2182bb758b4b3781]::string::String>, fn() -> core[df12db4294e9bfd3]::result::Result<(), alloc[2182bb758b4b3781]::string::String>>
[INFO] [stdout]   16:     0x58ada8f91785 - test[9d35eded1c95d3be]::run_test::{closure#0}
[INFO] [stdout]   17:     0x58ada8f8b044 - std[70759c8f55707aa4]::sys::backtrace::__rust_begin_short_backtrace::<test[9d35eded1c95d3be]::run_test::{closure#1}, ()>
[INFO] [stdout]   18:     0x58ada8f948e2 - <std[70759c8f55707aa4]::thread::lifecycle::spawn_unchecked<test[9d35eded1c95d3be]::run_test::{closure#1}, ()>::{closure#1} as core[df12db4294e9bfd3]::ops::function::FnOnce<()>>::call_once::{shim:vtable#0}
[INFO] [stdout]   19:     0x58ada90dba19 - <std[70759c8f55707aa4]::sys::thread::unix::Thread>::new::thread_start
[INFO] [stdout]   20:     0x7abdb53bedfa - <unknown>
[INFO] [stdout]   21:     0x7abdb54523d4 - clone
[INFO] [stdout]   22:                0x0 - <unknown>
[INFO] [stdout] 
[INFO] [stdout] ---- test::convert_schema_to_source::advanced stdout ----
[INFO] [stdout] 
[INFO] [stdout] thread 'test::convert_schema_to_source::advanced' (3775) panicked at ormolu/src/test.rs:814:13:
[INFO] [stdout] not yet implemented
[INFO] [stdout] stack backtrace:
[INFO] [stdout]    0:     0x58ada90dcb81 - <<std[70759c8f55707aa4]::sys::backtrace::BacktraceLock>::print::DisplayBacktrace as core[df12db4294e9bfd3]::fmt::Display>::fmt
[INFO] [stdout]    1:     0x58ada90f42da - core[df12db4294e9bfd3]::fmt::write
[INFO] [stdout]    2:     0x58ada90e15ac - <alloc[2182bb758b4b3781]::vec::Vec<u8> as core[df12db4294e9bfd3]::io::write::Write>::write_fmt
[INFO] [stdout]    3:     0x58ada90b72f6 - std[70759c8f55707aa4]::panicking::default_hook::{closure#0}
[INFO] [stdout]    4:     0x58ada90d40c9 - std[70759c8f55707aa4]::panicking::default_hook
[INFO] [stdout]    5:     0x58ada8f90e30 - test[9d35eded1c95d3be]::test_main_inner::<test[9d35eded1c95d3be]::test_main_static::{closure#0}>::{closure#0}
[INFO] [stdout]    6:     0x58ada90d43f2 - std[70759c8f55707aa4]::panicking::panic_with_hook
[INFO] [stdout]    7:     0x58ada90b73d4 - std[70759c8f55707aa4]::panicking::panic_handler::{closure#0}
[INFO] [stdout]    8:     0x58ada90afc79 - std[70759c8f55707aa4]::sys::backtrace::__rust_end_short_backtrace::<std[70759c8f55707aa4]::panicking::panic_handler::{closure#0}, !>
[INFO] [stdout]    9:     0x58ada90b822d - __rustc[8fa7c3cbc660c2b3]::rust_begin_unwind
[INFO] [stdout]   10:     0x58ada90f4a3c - core[df12db4294e9bfd3]::panicking::panic_fmt
[INFO] [stdout]   11:     0x58ada90f4a02 - core[df12db4294e9bfd3]::panicking::panic
[INFO] [stdout]   12:     0x58ada8f6a8fa - ormolu[94c42b8d65b1a76f]::test::convert_schema_to_source::advanced
[INFO] [stdout]   13:     0x58ada8f83e2e - <ormolu[94c42b8d65b1a76f]::test::convert_schema_to_source::advanced::{closure#0} as core[df12db4294e9bfd3]::ops::function::FnOnce<()>>::call_once
[INFO] [stdout]   14:     0x58ada8f8411b - test[9d35eded1c95d3be]::__rust_begin_short_backtrace::<core[df12db4294e9bfd3]::result::Result<(), alloc[2182bb758b4b3781]::string::String>, fn() -> core[df12db4294e9bfd3]::result::Result<(), alloc[2182bb758b4b3781]::string::String>>
[INFO] [stdout]   15:     0x58ada8f91785 - test[9d35eded1c95d3be]::run_test::{closure#0}
[INFO] [stdout]   16:     0x58ada8f8b044 - std[70759c8f55707aa4]::sys::backtrace::__rust_begin_short_backtrace::<test[9d35eded1c95d3be]::run_test::{closure#1}, ()>
[INFO] [stdout]   17:     0x58ada8f948e2 - <std[70759c8f55707aa4]::thread::lifecycle::spawn_unchecked<test[9d35eded1c95d3be]::run_test::{closure#1}, ()>::{closure#1} as core[df12db4294e9bfd3]::ops::function::FnOnce<()>>::call_once::{shim:vtable#0}
[INFO] [stdout]   18:     0x58ada90dba19 - <std[70759c8f55707aa4]::sys::thread::unix::Thread>::new::thread_start
[INFO] [stdout]   19:     0x7abdb53bedfa - <unknown>
[INFO] [stdout]   20:     0x7abdb54523d4 - clone
[INFO] [stdout]   21:                0x0 - <unknown>
[INFO] [stdout] 
[INFO] [stdout] ---- test::table_macro::expand_option_unique_getter stdout ----
[INFO] [stdout] 
[INFO] [stdout] thread 'test::table_macro::expand_option_unique_getter' (3790) panicked at ormolu_interfaces/src/traits/database_object.rs:54:47:
[INFO] [stdout] DATABASE_URL must be set in .env file: NotPresent
[INFO] [stdout] stack backtrace:
[INFO] [stdout]    0:     0x58ada90dcb81 - <<std[70759c8f55707aa4]::sys::backtrace::BacktraceLock>::print::DisplayBacktrace as core[df12db4294e9bfd3]::fmt::Display>::fmt
[INFO] [stdout]    1:     0x58ada90f42da - core[df12db4294e9bfd3]::fmt::write
[INFO] [stdout]    2:     0x58ada90e15ac - <alloc[2182bb758b4b3781]::vec::Vec<u8> as core[df12db4294e9bfd3]::io::write::Write>::write_fmt
[INFO] [stdout]    3:     0x58ada90b72f6 - std[70759c8f55707aa4]::panicking::default_hook::{closure#0}
[INFO] [stdout]    4:     0x58ada90d40c9 - std[70759c8f55707aa4]::panicking::default_hook
[INFO] [stdout]    5:     0x58ada8f90e30 - test[9d35eded1c95d3be]::test_main_inner::<test[9d35eded1c95d3be]::test_main_static::{closure#0}>::{closure#0}
[INFO] [stdout]    6:     0x58ada90d43f2 - std[70759c8f55707aa4]::panicking::panic_with_hook
[INFO] [stdout]    7:     0x58ada90b73a2 - std[70759c8f55707aa4]::panicking::panic_handler::{closure#0}
[INFO] [stdout]    8:     0x58ada90afc79 - std[70759c8f55707aa4]::sys::backtrace::__rust_end_short_backtrace::<std[70759c8f55707aa4]::panicking::panic_handler::{closure#0}, !>
[INFO] [stdout]    9:     0x58ada90b822d - __rustc[8fa7c3cbc660c2b3]::rust_begin_unwind
[INFO] [stdout]   10:     0x58ada90f4a3c - core[df12db4294e9bfd3]::panicking::panic_fmt
[INFO] [stdout]   11:     0x58ada90f4812 - core[df12db4294e9bfd3]::result::unwrap_failed
[INFO] [stdout]   12:     0x58ada8f5a1fd - <ormolu[94c42b8d65b1a76f]::test::table_macro::Customer as ormolu_interfaces[8c83c8e5e9554e12]::traits::database_object::GetConnectionPool>::get_connection_pool::{closure#0}
[INFO] [stdout]   13:     0x58ada8f58f3f - ormolu[94c42b8d65b1a76f]::test::table_macro::expand_option_unique_getter::{closure#0}
[INFO] [stdout]   14:     0x58ada8f66913 - <tokio[1f8671b5496861dc]::runtime::scheduler::current_thread::Context>::enter::<core[df12db4294e9bfd3]::task::poll::Poll<()>, <tokio[1f8671b5496861dc]::runtime::scheduler::current_thread::CoreGuard>::block_on<core[df12db4294e9bfd3]::pin::Pin<&mut core[df12db4294e9bfd3]::pin::Pin<&mut dyn core[df12db4294e9bfd3]::future::future::Future<Output = ()>>>>::{closure#0}::{closure#0}>
[INFO] [stdout]   15:     0x58ada8f5d45c - <tokio[1f8671b5496861dc]::runtime::context::scoped::Scoped<tokio[1f8671b5496861dc]::runtime::scheduler::Context>>::set::<<tokio[1f8671b5496861dc]::runtime::scheduler::current_thread::CoreGuard>::enter<<tokio[1f8671b5496861dc]::runtime::scheduler::current_thread::CoreGuard>::block_on<core[df12db4294e9bfd3]::pin::Pin<&mut core[df12db4294e9bfd3]::pin::Pin<&mut dyn core[df12db4294e9bfd3]::future::future::Future<Output = ()>>>>::{closure#0}, core[df12db4294e9bfd3]::option::Option<()>>::{closure#0}, (alloc[2182bb758b4b3781]::boxed::Box<tokio[1f8671b5496861dc]::runtime::scheduler::current_thread::Core>, core[df12db4294e9bfd3]::option::Option<()>)>
[INFO] [stdout]   16:     0x58ada8f6626c - <tokio[1f8671b5496861dc]::runtime::runtime::Runtime>::block_on::<core[df12db4294e9bfd3]::pin::Pin<&mut dyn core[df12db4294e9bfd3]::future::future::Future<Output = ()>>>
[INFO] [stdout]   17:     0x58ada8f5c41a - ormolu[94c42b8d65b1a76f]::test::table_macro::expand_option_unique_getter
[INFO] [stdout]   18:     0x58ada8f83d99 - <ormolu[94c42b8d65b1a76f]::test::table_macro::expand_option_unique_getter::{closure#0} as core[df12db4294e9bfd3]::ops::function::FnOnce<()>>::call_once
[INFO] [stdout]   19:     0x58ada8f8411b - test[9d35eded1c95d3be]::__rust_begin_short_backtrace::<core[df12db4294e9bfd3]::result::Result<(), alloc[2182bb758b4b3781]::string::String>, fn() -> core[df12db4294e9bfd3]::result::Result<(), alloc[2182bb758b4b3781]::string::String>>
[INFO] [stdout]   20:     0x58ada8f91785 - test[9d35eded1c95d3be]::run_test::{closure#0}
[INFO] [stdout]   21:     0x58ada8f8b044 - std[70759c8f55707aa4]::sys::backtrace::__rust_begin_short_backtrace::<test[9d35eded1c95d3be]::run_test::{closure#1}, ()>
[INFO] [stdout]   22:     0x58ada8f948e2 - <std[70759c8f55707aa4]::thread::lifecycle::spawn_unchecked<test[9d35eded1c95d3be]::run_test::{closure#1}, ()>::{closure#1} as core[df12db4294e9bfd3]::ops::function::FnOnce<()>>::call_once::{shim:vtable#0}
[INFO] [stdout]   23:     0x58ada90dba19 - <std[70759c8f55707aa4]::sys::thread::unix::Thread>::new::thread_start
[INFO] [stdout]   24:     0x7abdb53bedfa - <unknown>
[INFO] [stdout]   25:     0x7abdb54523d4 - clone
[INFO] [stdout]   26:                0x0 - <unknown>
[INFO] [stdout] 
[INFO] [stdout] ---- test::table_macro::expand_unique_getter stdout ----
[INFO] [stdout] 
[INFO] [stdout] thread 'test::table_macro::expand_unique_getter' (3791) panicked at ormolu_interfaces/src/traits/database_object.rs:54:47:
[INFO] [stdout] DATABASE_URL must be set in .env file: NotPresent
[INFO] [stdout] stack backtrace:
[INFO] [stdout]    0:     0x58ada90dcb81 - <<std[70759c8f55707aa4]::sys::backtrace::BacktraceLock>::print::DisplayBacktrace as core[df12db4294e9bfd3]::fmt::Display>::fmt
[INFO] [stdout]    1:     0x58ada90f42da - core[df12db4294e9bfd3]::fmt::write
[INFO] [stdout]    2:     0x58ada90e15ac - <alloc[2182bb758b4b3781]::vec::Vec<u8> as core[df12db4294e9bfd3]::io::write::Write>::write_fmt
[INFO] [stdout]    3:     0x58ada90b72f6 - std[70759c8f55707aa4]::panicking::default_hook::{closure#0}
[INFO] [stdout]    4:     0x58ada90d40c9 - std[70759c8f55707aa4]::panicking::default_hook
[INFO] [stdout]    5:     0x58ada8f90e30 - test[9d35eded1c95d3be]::test_main_inner::<test[9d35eded1c95d3be]::test_main_static::{closure#0}>::{closure#0}
[INFO] [stdout]    6:     0x58ada90d43f2 - std[70759c8f55707aa4]::panicking::panic_with_hook
[INFO] [stdout]    7:     0x58ada90b73a2 - std[70759c8f55707aa4]::panicking::panic_handler::{closure#0}
[INFO] [stdout]    8:     0x58ada90afc79 - std[70759c8f55707aa4]::sys::backtrace::__rust_end_short_backtrace::<std[70759c8f55707aa4]::panicking::panic_handler::{closure#0}, !>
[INFO] [stdout]    9:     0x58ada90b822d - __rustc[8fa7c3cbc660c2b3]::rust_begin_unwind
[INFO] [stdout]   10:     0x58ada90f4a3c - core[df12db4294e9bfd3]::panicking::panic_fmt
[INFO] [stdout]   11:     0x58ada90f4812 - core[df12db4294e9bfd3]::result::unwrap_failed
[INFO] [stdout]   12:     0x58ada8f5a1fd - <ormolu[94c42b8d65b1a76f]::test::table_macro::Customer as ormolu_interfaces[8c83c8e5e9554e12]::traits::database_object::GetConnectionPool>::get_connection_pool::{closure#0}
[INFO] [stdout]   13:     0x58ada8f587b2 - ormolu[94c42b8d65b1a76f]::test::table_macro::expand_unique_getter::{closure#0}
[INFO] [stdout]   14:     0x58ada8f66913 - <tokio[1f8671b5496861dc]::runtime::scheduler::current_thread::Context>::enter::<core[df12db4294e9bfd3]::task::poll::Poll<()>, <tokio[1f8671b5496861dc]::runtime::scheduler::current_thread::CoreGuard>::block_on<core[df12db4294e9bfd3]::pin::Pin<&mut core[df12db4294e9bfd3]::pin::Pin<&mut dyn core[df12db4294e9bfd3]::future::future::Future<Output = ()>>>>::{closure#0}::{closure#0}>
[INFO] [stdout]   15:     0x58ada8f5d45c - <tokio[1f8671b5496861dc]::runtime::context::scoped::Scoped<tokio[1f8671b5496861dc]::runtime::scheduler::Context>>::set::<<tokio[1f8671b5496861dc]::runtime::scheduler::current_thread::CoreGuard>::enter<<tokio[1f8671b5496861dc]::runtime::scheduler::current_thread::CoreGuard>::block_on<core[df12db4294e9bfd3]::pin::Pin<&mut core[df12db4294e9bfd3]::pin::Pin<&mut dyn core[df12db4294e9bfd3]::future::future::Future<Output = ()>>>>::{closure#0}, core[df12db4294e9bfd3]::option::Option<()>>::{closure#0}, (alloc[2182bb758b4b3781]::boxed::Box<tokio[1f8671b5496861dc]::runtime::scheduler::current_thread::Core>, core[df12db4294e9bfd3]::option::Option<()>)>
[INFO] [stdout]   16:     0x58ada8f6626c - <tokio[1f8671b5496861dc]::runtime::runtime::Runtime>::block_on::<core[df12db4294e9bfd3]::pin::Pin<&mut dyn core[df12db4294e9bfd3]::future::future::Future<Output = ()>>>
[INFO] [stdout]   17:     0x58ada8f5c2aa - ormolu[94c42b8d65b1a76f]::test::table_macro::expand_unique_getter
[INFO] [stdout]   18:     0x58ada8f83d09 - <ormolu[94c42b8d65b1a76f]::test::table_macro::expand_unique_getter::{closure#0} as core[df12db4294e9bfd3]::ops::function::FnOnce<()>>::call_once
[INFO] [stdout]   19:     0x58ada8f8411b - test[9d35eded1c95d3be]::__rust_begin_short_backtrace::<core[df12db4294e9bfd3]::result::Result<(), alloc[2182bb758b4b3781]::string::String>, fn() -> core[df12db4294e9bfd3]::result::Result<(), alloc[2182bb758b4b3781]::string::String>>
[INFO] [stdout]   20:     0x58ada8f91785 - test[9d35eded1c95d3be]::run_test::{closure#0}
[INFO] [stdout]   21:     0x58ada8f8b044 - std[70759c8f55707aa4]::sys::backtrace::__rust_begin_short_backtrace::<test[9d35eded1c95d3be]::run_test::{closure#1}, ()>
[INFO] [stdout]   22:     0x58ada8f948e2 - <std[70759c8f55707aa4]::thread::lifecycle::spawn_unchecked<test[9d35eded1c95d3be]::run_test::{closure#1}, ()>::{closure#1} as core[df12db4294e9bfd3]::ops::function::FnOnce<()>>::call_once::{shim:vtable#0}
[INFO] [stdout]   23:     0x58ada90dba19 - <std[70759c8f55707aa4]::sys::thread::unix::Thread>::new::thread_start
[INFO] [stdout]   24:     0x7abdb53bedfa - <unknown>
[INFO] [stdout]   25:     0x7abdb54523d4 - clone
[INFO] [stdout]   26:                0x0 - <unknown>
[INFO] [stdout] 
[INFO] [stdout] 
[INFO] [stdout] failures:
[INFO] [stdout]     test::convert_schema_to_source::advanced
[INFO] [stdout]     test::database::fetch_via_model
[INFO] [stdout]     test::database::get_connection_pool
[INFO] [stdout]     test::filter_proxy_iter_dsl::multiple_field_filter_with_or
[INFO] [stdout]     test::iter_eval::into_iter_for_loop
[INFO] [stdout]     test::relations::one_to_many
[INFO] [stdout]     test::stored_procedure::create_exec
[INFO] [stdout]     test::table_macro::expand_option_unique_getter
[INFO] [stdout]     test::table_macro::expand_unique_getter
[INFO] [stdout] 
[INFO] [stdout] test result: FAILED. 11 passed; 9 failed; 0 ignored; 0 measured; 0 filtered out; finished in 0.04s
[INFO] [stdout] 
[INFO] running `Command { std: "docker" "inspect" "76808b231da90a84f9877d6edeabb227232629ba3f3ed93aea9da191d0d4b894", kill_on_drop: false }`
[INFO] running `Command { std: "docker" "rm" "-f" "76808b231da90a84f9877d6edeabb227232629ba3f3ed93aea9da191d0d4b894", kill_on_drop: false }`
[INFO] [stdout] 76808b231da90a84f9877d6edeabb227232629ba3f3ed93aea9da191d0d4b894
