[INFO] cloning repository https://github.com/oratake/rusty-book-manager
[INFO] running `Command { std: "git" "-c" "credential.helper=" "-c" "credential.helper=/workspace/cargo-home/bin/git-credential-null" "clone" "--bare" "https://github.com/oratake/rusty-book-manager" "/workspace/cache/git-repos/https%3A%2F%2Fgithub.com%2Foratake%2Frusty-book-manager", kill_on_drop: false }`
[INFO] [stderr] Cloning into bare repository '/workspace/cache/git-repos/https%3A%2F%2Fgithub.com%2Foratake%2Frusty-book-manager'...
[INFO] running `Command { std: "git" "rev-parse" "HEAD", kill_on_drop: false }`
[INFO] [stdout] 35dee98e6fb1fd741227957943487ef3a7697f87
[INFO] testing oratake/rusty-book-manager against 1.99.0-beta.8+cargoflags=--release for beta-release-1.100-3
[INFO] running `Command { std: "git" "clone" "/workspace/cache/git-repos/https%3A%2F%2Fgithub.com%2Foratake%2Frusty-book-manager" "/workspace/builds/worker-6-tc1/source", kill_on_drop: false }`
[INFO] [stderr] Cloning into '/workspace/builds/worker-6-tc1/source'...
[INFO] [stderr] done.
[INFO] removed /workspace/builds/worker-6-tc1/source/rust-toolchain.toml
[INFO] started tweaking git repo https://github.com/oratake/rusty-book-manager
[INFO] finished tweaking git repo https://github.com/oratake/rusty-book-manager
[INFO] tweaked toml for git repo https://github.com/oratake/rusty-book-manager written to /workspace/builds/worker-6-tc1/source/Cargo.toml
[INFO] validating manifest of git repo https://github.com/oratake/rusty-book-manager on toolchain 1.99.0-beta.8
[INFO] running `Command { std: CARGO_HOME="/workspace/cargo-home" RUSTUP_HOME="/workspace/rustup-home" "/workspace/cargo-home/bin/cargo" "+1.99.0-beta.8" "metadata" "--manifest-path" "Cargo.toml" "--no-deps", kill_on_drop: false }`
[INFO] crate git repo https://github.com/oratake/rusty-book-manager already has a lockfile, it will not be regenerated
[INFO] running `Command { std: CARGO_HOME="/workspace/cargo-home" RUSTUP_HOME="/workspace/rustup-home" "/workspace/cargo-home/bin/cargo" "+1.99.0-beta.8" "fetch" "--manifest-path" "Cargo.toml", kill_on_drop: false }`
[INFO] [stderr]     Blocking waiting for file lock on package cache
[INFO] [stderr]     Blocking waiting for file lock on package cache
[INFO] [stderr]  Downloading crates ...
[INFO] [stderr]   Downloaded quote v1.0.43
[INFO] [stderr]   Downloaded proc-macro2 v1.0.105
[INFO] [stderr]   Downloaded wasm-bindgen-shared v0.2.108
[INFO] [stderr]   Downloaded wasm-bindgen-macro v0.2.108
[INFO] [stderr]   Downloaded libredox v0.1.12
[INFO] [stderr]   Downloaded zmij v1.0.15
[INFO] [stderr]   Downloaded find-msvc-tools v0.1.8
[INFO] [stderr]   Downloaded redox_syscall v0.7.0
[INFO] [stderr]   Downloaded wasm-bindgen v0.2.108
[INFO] [stderr]   Downloaded uuid v1.19.0
[INFO] [stderr]   Downloaded wasm-bindgen-macro-support v0.2.108
[INFO] [stderr]   Downloaded js-sys v0.3.85
[INFO] [stderr]   Downloaded tempfile v3.24.0
[INFO] [stderr]   Downloaded cc v1.2.53
[INFO] [stderr]   Downloaded ryu v1.0.22
[INFO] [stderr]   Downloaded zerocopy-derive v0.8.33
[INFO] [stderr]   Downloaded hyper-util v0.1.19
[INFO] [stderr]   Downloaded zerocopy v0.8.33
[INFO] [stderr]   Downloaded syn v2.0.114
[INFO] [stderr]   Downloaded chrono v0.4.43
[INFO] [stderr]   Downloaded libc v0.2.180
[INFO] running `Command { std: "docker" "create" "-v" "/var/lib/crater-agent-workspace/builds/worker-6-tc1/source:/opt/rustwide/workdir:ro,Z" "-v" "/var/lib/crater-agent-workspace/builds/worker-6-tc1/target:/opt/rustwide/target:rw,Z" "-v" "/var/lib/crater-agent-workspace/cargo-home:/opt/rustwide/cargo-home:ro,Z" "-v" "/var/lib/crater-agent-workspace/rustup-home:/opt/rustwide/rustup-home:ro,Z" "-m" "1610612736" "--network" "none" "ghcr.io/rust-lang/crates-build-env/linux@sha256:77db811e55d90add9212f6832c23229e3de5f1c1f9905e8cb07319ea15df73ac" "sleep" "infinity", kill_on_drop: false }`
[INFO] [stdout] 0d02b8fe21b1902564611a092df46f69e1c85fd8ed9b8cf5d78489b47eef0a3d
[INFO] running `Command { std: "docker" "start" "0d02b8fe21b1902564611a092df46f69e1c85fd8ed9b8cf5d78489b47eef0a3d", kill_on_drop: false }`
[INFO] running `Command { std: "docker" "inspect" "0d02b8fe21b1902564611a092df46f69e1c85fd8ed9b8cf5d78489b47eef0a3d", kill_on_drop: false }`
[INFO] running `Command { std: "docker" "exec" "-e" "SOURCE_DIR=/opt/rustwide/workdir" "-e" "CARGO_HOME=/opt/rustwide/cargo-home" "-e" "RUSTUP_HOME=/opt/rustwide/rustup-home" "-e" "CARGO_TARGET_DIR=/opt/rustwide/target" "-w" "/opt/rustwide/workdir" "--user" "0:0" "0d02b8fe21b1902564611a092df46f69e1c85fd8ed9b8cf5d78489b47eef0a3d" "/opt/rustwide/cargo-home/bin/cargo" "+1.99.0-beta.8" "metadata" "--no-deps" "--format-version=1", kill_on_drop: false }`
[INFO] running `Command { std: "docker" "inspect" "0d02b8fe21b1902564611a092df46f69e1c85fd8ed9b8cf5d78489b47eef0a3d", kill_on_drop: false }`
[INFO] running `Command { std: "docker" "exec" "-e" "SOURCE_DIR=/opt/rustwide/workdir" "-e" "CARGO_HOME=/opt/rustwide/cargo-home" "-e" "RUSTUP_HOME=/opt/rustwide/rustup-home" "-e" "CARGO_TARGET_DIR=/opt/rustwide/target" "-e" "CARGO_INCREMENTAL=0" "-e" "RUST_BACKTRACE=full" "-e" "RUSTFLAGS=--cap-lints=warn" "-e" "RUSTDOCFLAGS=--cap-lints=warn" "-w" "/opt/rustwide/workdir" "--user" "0:0" "0d02b8fe21b1902564611a092df46f69e1c85fd8ed9b8cf5d78489b47eef0a3d" "/opt/rustwide/cargo-home/bin/cargo" "+1.99.0-beta.8" "build" "--frozen" "--message-format=json" "--release", kill_on_drop: false }`
[INFO] [stderr]    Compiling proc-macro2 v1.0.105
[INFO] [stderr]    Compiling quote v1.0.43
[INFO] [stderr]    Compiling unicode-ident v1.0.22
[INFO] [stderr]    Compiling libc v0.2.180
[INFO] [stderr]    Compiling zerocopy v0.8.33
[INFO] [stderr]    Compiling parking_lot_core v0.9.12
[INFO] [stderr]    Compiling serde_core v1.0.228
[INFO] [stderr]    Compiling cfg-if v1.0.4
[INFO] [stderr]    Compiling getrandom v0.3.4
[INFO] [stderr]    Compiling stable_deref_trait v1.2.1
[INFO] [stderr]    Compiling autocfg v1.5.0
[INFO] [stderr]    Compiling ahash v0.8.12
[INFO] [stderr]    Compiling serde v1.0.228
[INFO] [stderr]    Compiling typenum v1.19.0
[INFO] [stderr]    Compiling zmij v1.0.15
[INFO] [stderr]    Compiling generic-array v0.14.7
[INFO] [stderr]    Compiling futures-core v0.3.31
[INFO] [stderr]    Compiling crossbeam-utils v0.8.21
[INFO] [stderr]    Compiling bytes v1.11.0
[INFO] [stderr]    Compiling litemap v0.8.1
[INFO] [stderr]    Compiling writeable v0.6.2
[INFO] [stderr]    Compiling scopeguard v1.2.0
[INFO] [stderr]    Compiling num-traits v0.2.19
[INFO] [stderr]    Compiling smallvec v1.15.1
[INFO] [stderr]    Compiling lock_api v0.4.14
[INFO] [stderr]    Compiling once_cell v1.21.3
[INFO] [stderr]    Compiling thiserror v1.0.69
[INFO] [stderr]    Compiling icu_properties_data v2.1.2
[INFO] [stderr]    Compiling icu_normalizer_data v2.1.1
[INFO] [stderr]    Compiling memchr v2.7.6
[INFO] [stderr]    Compiling subtle v2.6.1
[INFO] [stderr]    Compiling syn v2.0.114
[INFO] [stderr]    Compiling futures-sink v0.3.31
[INFO] [stderr]    Compiling errno v0.3.14
[INFO] [stderr]    Compiling signal-hook-registry v1.4.8
[INFO] [stderr]    Compiling block-buffer v0.10.4
[INFO] [stderr]    Compiling crypto-common v0.1.7
[INFO] [stderr]    Compiling parking_lot v0.12.5
[INFO] [stderr]    Compiling digest v0.10.7
[INFO] [stderr]    Compiling mio v1.1.1
[INFO] [stderr]    Compiling socket2 v0.6.1
[INFO] [stderr]    Compiling pin-project-lite v0.2.16
[INFO] [stderr]    Compiling paste v1.0.15
[INFO] [stderr]    Compiling getrandom v0.2.17
[INFO] [stderr]    Compiling futures-io v0.3.31
[INFO] [stderr]    Compiling allocator-api2 v0.2.21
[INFO] [stderr]    Compiling slab v0.4.11
[INFO] [stderr]    Compiling futures-task v0.3.31
[INFO] [stderr]    Compiling percent-encoding v2.3.2
[INFO] [stderr]    Compiling utf8_iter v1.0.4
[INFO] [stderr]    Compiling nom v7.1.3
[INFO] [stderr]    Compiling form_urlencoded v1.2.2
[INFO] [stderr]    Compiling tinyvec v1.10.0
[INFO] [stderr]    Compiling futures-util v0.3.31
[INFO] [stderr]    Compiling hashbrown v0.14.5
[INFO] [stderr]    Compiling tokio v1.49.0
[INFO] [stderr]    Compiling rand_core v0.6.4
[INFO] [stderr]    Compiling ppv-lite86 v0.2.21
[INFO] [stderr]    Compiling futures-channel v0.3.31
[INFO] [stderr]    Compiling http v1.4.0
[INFO] [stderr]    Compiling tracing-core v0.1.36
[INFO] [stderr]    Compiling serde_json v1.0.149
[INFO] [stderr]    Compiling crc-catalog v2.4.0
[INFO] [stderr]    Compiling cpufeatures v0.2.17
[INFO] [stderr]    Compiling synstructure v0.13.2
[INFO] [stderr]    Compiling itoa v1.0.17
[INFO] [stderr]    Compiling log v0.4.29
[INFO] [stderr]    Compiling bitflags v2.10.0
[INFO] [stderr]    Compiling rustix v1.1.3
[INFO] [stderr]    Compiling equivalent v1.0.2
[INFO] [stderr]    Compiling hashbrown v0.16.1
[INFO] [stderr]    Compiling iana-time-zone v0.1.64
[INFO] [stderr]    Compiling chrono v0.4.43
[INFO] [stderr]    Compiling http-body v1.0.1
[INFO] [stderr]    Compiling indexmap v2.13.0
[INFO] [stderr]    Compiling sqlformat v0.2.6
[INFO] [stderr]    Compiling crc v3.4.0
[INFO] [stderr]    Compiling sha2 v0.10.9
[INFO] [stderr]    Compiling zerofrom-derive v0.1.6
[INFO] [stderr]    Compiling yoke-derive v0.8.1
[INFO] [stderr]    Compiling zerovec-derive v0.11.2
[INFO] [stderr]    Compiling displaydoc v0.2.5
[INFO] [stderr]    Compiling serde_derive v1.0.228
[INFO] [stderr]    Compiling tracing-attributes v0.1.31
[INFO] [stderr]    Compiling zerofrom v0.1.6
[INFO] [stderr]    Compiling yoke v0.8.1
[INFO] [stderr]    Compiling tokio-macros v2.6.0
[INFO] [stderr]    Compiling zerovec v0.11.5
[INFO] [stderr]    Compiling zerotrie v0.2.3
[INFO] [stderr]    Compiling thiserror-impl v1.0.69
[INFO] [stderr]    Compiling tinystr v0.8.2
[INFO] [stderr]    Compiling potential_utf v0.1.4
[INFO] [stderr]    Compiling icu_collections v2.1.1
[INFO] [stderr]    Compiling icu_locale_core v2.1.1
[INFO] [stderr]    Compiling tracing v0.1.44
[INFO] [stderr]    Compiling icu_provider v2.1.1
[INFO] [stderr]    Compiling tokio-stream v0.1.18
[INFO] [stderr]    Compiling icu_normalizer v2.1.1
[INFO] [stderr]    Compiling icu_properties v2.1.2
[INFO] [stderr]    Compiling rand_chacha v0.3.1
[INFO] [stderr]    Compiling crossbeam-queue v0.3.12
[INFO] [stderr]    Compiling futures-intrusive v0.5.0
[INFO] [stderr]    Compiling idna_adapter v1.2.1
[INFO] [stderr]    Compiling either v1.15.0
[INFO] [stderr]    Compiling idna v1.1.0
[INFO] [stderr]    Compiling hashlink v0.8.4
[INFO] [stderr]    Compiling unicode-normalization v0.1.25
[INFO] [stderr]    Compiling atoi v2.0.0
[INFO] [stderr]    Compiling url v2.5.8
[INFO] [stderr]    Compiling hmac v0.12.1
[INFO] [stderr]    Compiling byteorder v1.5.0
[INFO] [stderr]    Compiling syn v1.0.109
[INFO] [stderr]    Compiling unicode-properties v0.1.4
[INFO] [stderr]    Compiling uuid v1.19.0
[INFO] [stderr]    Compiling unicode-bidi v0.3.18
[INFO] [stderr]    Compiling linux-raw-sys v0.11.0
[INFO] [stderr]    Compiling sqlx-core v0.7.4
[INFO] [stderr]    Compiling stringprep v0.1.5
[INFO] [stderr]    Compiling hkdf v0.12.4
[INFO] [stderr]    Compiling rand v0.8.5
[INFO] [stderr]    Compiling md-5 v0.10.6
[INFO] [stderr]    Compiling whoami v1.6.1
[INFO] [stderr]    Compiling rustversion v1.0.22
[INFO] [stderr]    Compiling unicode-segmentation v1.12.0
[INFO] [stderr]    Compiling home v0.5.12
[INFO] [stderr]    Compiling fastrand v2.3.0
[INFO] [stderr]    Compiling base64 v0.21.7
[INFO] [stderr]    Compiling tempfile v3.24.0
[INFO] [stderr]    Compiling heck v0.4.1
[INFO] [stderr]    Compiling sqlx-postgres v0.7.4
[INFO] [stderr]    Compiling hyper v1.8.1
[INFO] [stderr]    Compiling sqlx-macros-core v0.7.4
[INFO] [stderr]    Compiling async-trait v0.1.89
[INFO] [stderr]    Compiling http-body-util v0.1.3
[INFO] [stderr]    Compiling ryu v1.0.22
[INFO] [stderr]    Compiling anyhow v1.0.100
[INFO] [stderr]    Compiling serde_urlencoded v0.7.1
[INFO] [stderr]    Compiling axum-core v0.4.5
[INFO] [stderr]    Compiling sqlx-macros v0.7.4
[INFO] [stderr]    Compiling hyper-util v0.1.19
[INFO] [stderr]    Compiling tower v0.5.3
[INFO] [stderr]    Compiling axum-macros v0.4.2
[INFO] [stderr]    Compiling serde_path_to_error v0.1.20
[INFO] [stderr]    Compiling matchit v0.7.3
[INFO] [stderr]    Compiling axum v0.7.9
[INFO] [stderr]    Compiling sqlx v0.7.4
[INFO] [stderr]    Compiling rusty-book-manager v0.1.0 (/opt/rustwide/workdir)
[INFO] [stderr]     Finished `release` profile [optimized] target(s) in 3m 56s
[INFO] [stderr] warning: the following packages contain code that will be rejected by a future version of Rust: sqlx-postgres v0.7.4
[INFO] [stderr] note: to see what the problems were, use the option `--future-incompat-report`, or run `cargo report future-incompatibilities --id 3`
[INFO] running `Command { std: "docker" "inspect" "0d02b8fe21b1902564611a092df46f69e1c85fd8ed9b8cf5d78489b47eef0a3d", kill_on_drop: false }`
[INFO] running `Command { std: "docker" "exec" "-e" "SOURCE_DIR=/opt/rustwide/workdir" "-e" "CARGO_HOME=/opt/rustwide/cargo-home" "-e" "RUSTUP_HOME=/opt/rustwide/rustup-home" "-e" "CARGO_TARGET_DIR=/opt/rustwide/target" "-e" "CARGO_INCREMENTAL=0" "-e" "RUST_BACKTRACE=full" "-e" "RUSTFLAGS=--cap-lints=warn" "-e" "RUSTDOCFLAGS=--cap-lints=warn" "-w" "/opt/rustwide/workdir" "--user" "0:0" "0d02b8fe21b1902564611a092df46f69e1c85fd8ed9b8cf5d78489b47eef0a3d" "/opt/rustwide/cargo-home/bin/cargo" "+1.99.0-beta.8" "test" "--frozen" "--no-run" "--message-format=json" "--release", kill_on_drop: false }`
[INFO] [stderr]    Compiling rusty-book-manager v0.1.0 (/opt/rustwide/workdir)
[INFO] [stderr]     Finished `release` profile [optimized] target(s) in 12.58s
[INFO] [stderr] warning: the following packages contain code that will be rejected by a future version of Rust: sqlx-postgres v0.7.4
[INFO] [stderr] note: to see what the problems were, use the option `--future-incompat-report`, or run `cargo report future-incompatibilities --id 3`
[INFO] running `Command { std: "docker" "inspect" "0d02b8fe21b1902564611a092df46f69e1c85fd8ed9b8cf5d78489b47eef0a3d", kill_on_drop: false }`
[INFO] running `Command { std: "docker" "exec" "-e" "SOURCE_DIR=/opt/rustwide/workdir" "-e" "CARGO_HOME=/opt/rustwide/cargo-home" "-e" "RUSTUP_HOME=/opt/rustwide/rustup-home" "-e" "CARGO_TARGET_DIR=/opt/rustwide/target" "-e" "CARGO_INCREMENTAL=0" "-e" "RUST_BACKTRACE=full" "-e" "RUSTFLAGS=--cap-lints=warn" "-e" "RUSTDOCFLAGS=--cap-lints=warn" "-w" "/opt/rustwide/workdir" "--user" "0:0" "0d02b8fe21b1902564611a092df46f69e1c85fd8ed9b8cf5d78489b47eef0a3d" "/opt/rustwide/cargo-home/bin/cargo" "+1.99.0-beta.8" "test" "--frozen" "--release", kill_on_drop: false }`
[INFO] [stderr]     Finished `release` profile [optimized] target(s) in 0.39s
[INFO] [stderr] warning: the following packages contain code that will be rejected by a future version of Rust: sqlx-postgres v0.7.4
[INFO] [stderr] note: to see what the problems were, use the option `--future-incompat-report`, or run `cargo report future-incompatibilities --id 3`
[INFO] [stderr]      Running unittests src/main.rs (/opt/rustwide/target/release/deps/app-ff6c19f211293b66)
[INFO] [stdout] 
[INFO] [stdout] running 2 tests
[INFO] [stdout] test health_check_works ... ok
[INFO] [stderr] error: test failed, to rerun pass `--bin app`
[INFO] [stdout] test health_check_db_works ... FAILED
[INFO] [stdout] 
[INFO] [stdout] failures:
[INFO] [stdout] 
[INFO] [stdout] ---- health_check_db_works stdout ----
[INFO] [stdout] 
[INFO] [stdout] thread 'health_check_db_works' (3147) panicked at /opt/rustwide/cargo-home/registry/src/index.crates.io-1949cf8c6b5b557f/sqlx-postgres-0.7.4/src/testing/mod.rs:81:44:
[INFO] [stdout] DATABASE_URL must be set: EnvVar(NotPresent)
[INFO] [stdout] stack backtrace:
[INFO] [stdout]    0:     0x63cdb637f2c1 - <<std[70759c8f55707aa4]::sys::backtrace::BacktraceLock>::print::DisplayBacktrace as core[df12db4294e9bfd3]::fmt::Display>::fmt
[INFO] [stdout]    1:     0x63cdb639667a - core[df12db4294e9bfd3]::fmt::write
[INFO] [stdout]    2:     0x63cdb6383cec - <alloc[2182bb758b4b3781]::vec::Vec<u8> as core[df12db4294e9bfd3]::io::write::Write>::write_fmt
[INFO] [stdout]    3:     0x63cdb635a346 - std[70759c8f55707aa4]::panicking::default_hook::{closure#0}
[INFO] [stdout]    4:     0x63cdb63770d9 - std[70759c8f55707aa4]::panicking::default_hook
[INFO] [stdout]    5:     0x63cdb622c110 - test[9d35eded1c95d3be]::test_main_inner::<test[9d35eded1c95d3be]::test_main_static::{closure#0}>::{closure#0}
[INFO] [stdout]    6:     0x63cdb6377402 - std[70759c8f55707aa4]::panicking::panic_with_hook
[INFO] [stdout]    7:     0x63cdb635a3f2 - std[70759c8f55707aa4]::panicking::panic_handler::{closure#0}
[INFO] [stdout]    8:     0x63cdb6352e59 - std[70759c8f55707aa4]::sys::backtrace::__rust_end_short_backtrace::<std[70759c8f55707aa4]::panicking::panic_handler::{closure#0}, !>
[INFO] [stdout]    9:     0x63cdb635b27d - __rustc[8fa7c3cbc660c2b3]::rust_begin_unwind
[INFO] [stdout]   10:     0x63cdb6396ddc - core[df12db4294e9bfd3]::panicking::panic_fmt
[INFO] [stdout]   11:     0x63cdb6396bb2 - core[df12db4294e9bfd3]::result::unwrap_failed
[INFO] [stdout]   12:     0x63cdb62aea99 - <sqlx_postgres[487be359b7e47daa]::database::Postgres as sqlx_core[b6d7304a55807a75]::testing::TestSupport>::test_context::{closure#0}
[INFO] [stdout]   13:     0x63cdb61de775 - sqlx_core[b6d7304a55807a75]::testing::run_test::<sqlx_postgres[487be359b7e47daa]::database::Postgres, sqlx_core[b6d7304a55807a75]::testing::run_test_with_pool<sqlx_postgres[487be359b7e47daa]::database::Postgres, fn(sqlx_core[b6d7304a55807a75]::pool::Pool<sqlx_postgres[487be359b7e47daa]::database::Postgres>) -> app[b087d0fc6906aa2b]::health_check_db_works::health_check_db_works::{closure#0}, app[b087d0fc6906aa2b]::health_check_db_works::health_check_db_works::{closure#0}>::{closure#0}, sqlx_core[b6d7304a55807a75]::testing::run_test_with_pool<sqlx_postgres[487be359b7e47daa]::database::Postgres, fn(sqlx_core[b6d7304a55807a75]::pool::Pool<sqlx_postgres[487be359b7e47daa]::database::Postgres>) -> app[b087d0fc6906aa2b]::health_check_db_works::health_check_db_works::{closure#0}, app[b087d0fc6906aa2b]::health_check_db_works::health_check_db_works::{closure#0}>::{closure#0}::{closure#0}>::{closure#0}
[INFO] [stdout]   14:     0x63cdb62088ee - <tokio[3ab4afd3e99d5c0f]::runtime::scheduler::current_thread::Context>::enter::<core[df12db4294e9bfd3]::task::poll::Poll<()>, <tokio[3ab4afd3e99d5c0f]::runtime::scheduler::current_thread::CoreGuard>::block_on<core[df12db4294e9bfd3]::pin::Pin<&mut sqlx_core[b6d7304a55807a75]::testing::run_test<sqlx_postgres[487be359b7e47daa]::database::Postgres, sqlx_core[b6d7304a55807a75]::testing::run_test_with_pool<sqlx_postgres[487be359b7e47daa]::database::Postgres, fn(sqlx_core[b6d7304a55807a75]::pool::Pool<sqlx_postgres[487be359b7e47daa]::database::Postgres>) -> app[b087d0fc6906aa2b]::health_check_db_works::health_check_db_works::{closure#0}, app[b087d0fc6906aa2b]::health_check_db_works::health_check_db_works::{closure#0}>::{closure#0}, sqlx_core[b6d7304a55807a75]::testing::run_test_with_pool<sqlx_postgres[487be359b7e47daa]::database::Postgres, fn(sqlx_core[b6d7304a55807a75]::pool::Pool<sqlx_postgres[487be359b7e47daa]::database::Postgres>) -> app[b087d0fc6906aa2b]::health_check_db_works::health_check_db_works::{closure#0}, app[b087d0fc6906aa2b]::health_check_db_works::health_check_db_works::{closure#0}>::{closure#0}::{closure#0}>::{closure#0}>>::{closure#0}::{closure#0}>
[INFO] [stdout]   15:     0x63cdb620c4fc - <tokio[3ab4afd3e99d5c0f]::runtime::context::scoped::Scoped<tokio[3ab4afd3e99d5c0f]::runtime::scheduler::Context>>::set::<<tokio[3ab4afd3e99d5c0f]::runtime::scheduler::current_thread::CoreGuard>::enter<<tokio[3ab4afd3e99d5c0f]::runtime::scheduler::current_thread::CoreGuard>::block_on<core[df12db4294e9bfd3]::pin::Pin<&mut sqlx_core[b6d7304a55807a75]::testing::run_test<sqlx_postgres[487be359b7e47daa]::database::Postgres, sqlx_core[b6d7304a55807a75]::testing::run_test_with_pool<sqlx_postgres[487be359b7e47daa]::database::Postgres, fn(sqlx_core[b6d7304a55807a75]::pool::Pool<sqlx_postgres[487be359b7e47daa]::database::Postgres>) -> app[b087d0fc6906aa2b]::health_check_db_works::health_check_db_works::{closure#0}, app[b087d0fc6906aa2b]::health_check_db_works::health_check_db_works::{closure#0}>::{closure#0}, sqlx_core[b6d7304a55807a75]::testing::run_test_with_pool<sqlx_postgres[487be359b7e47daa]::database::Postgres, fn(sqlx_core[b6d7304a55807a75]::pool::Pool<sqlx_postgres[487be359b7e47daa]::database::Postgres>) -> app[b087d0fc6906aa2b]::health_check_db_works::health_check_db_works::{closure#0}, app[b087d0fc6906aa2b]::health_check_db_works::health_check_db_works::{closure#0}>::{closure#0}::{closure#0}>::{closure#0}>>::{closure#0}, core[df12db4294e9bfd3]::option::Option<()>>::{closure#0}, (alloc[2182bb758b4b3781]::boxed::Box<tokio[3ab4afd3e99d5c0f]::runtime::scheduler::current_thread::Core>, core[df12db4294e9bfd3]::option::Option<()>)>
[INFO] [stdout]   16:     0x63cdb6209127 - <tokio[3ab4afd3e99d5c0f]::runtime::scheduler::current_thread::CoreGuard>::block_on::<core[df12db4294e9bfd3]::pin::Pin<&mut sqlx_core[b6d7304a55807a75]::testing::run_test<sqlx_postgres[487be359b7e47daa]::database::Postgres, sqlx_core[b6d7304a55807a75]::testing::run_test_with_pool<sqlx_postgres[487be359b7e47daa]::database::Postgres, fn(sqlx_core[b6d7304a55807a75]::pool::Pool<sqlx_postgres[487be359b7e47daa]::database::Postgres>) -> app[b087d0fc6906aa2b]::health_check_db_works::health_check_db_works::{closure#0}, app[b087d0fc6906aa2b]::health_check_db_works::health_check_db_works::{closure#0}>::{closure#0}, sqlx_core[b6d7304a55807a75]::testing::run_test_with_pool<sqlx_postgres[487be359b7e47daa]::database::Postgres, fn(sqlx_core[b6d7304a55807a75]::pool::Pool<sqlx_postgres[487be359b7e47daa]::database::Postgres>) -> app[b087d0fc6906aa2b]::health_check_db_works::health_check_db_works::{closure#0}, app[b087d0fc6906aa2b]::health_check_db_works::health_check_db_works::{closure#0}>::{closure#0}::{closure#0}>::{closure#0}>>
[INFO] [stdout]   17:     0x63cdb621a587 - tokio[3ab4afd3e99d5c0f]::runtime::context::runtime::enter_runtime::<<tokio[3ab4afd3e99d5c0f]::runtime::scheduler::current_thread::CurrentThread>::block_on<sqlx_core[b6d7304a55807a75]::testing::run_test<sqlx_postgres[487be359b7e47daa]::database::Postgres, sqlx_core[b6d7304a55807a75]::testing::run_test_with_pool<sqlx_postgres[487be359b7e47daa]::database::Postgres, fn(sqlx_core[b6d7304a55807a75]::pool::Pool<sqlx_postgres[487be359b7e47daa]::database::Postgres>) -> app[b087d0fc6906aa2b]::health_check_db_works::health_check_db_works::{closure#0}, app[b087d0fc6906aa2b]::health_check_db_works::health_check_db_works::{closure#0}>::{closure#0}, sqlx_core[b6d7304a55807a75]::testing::run_test_with_pool<sqlx_postgres[487be359b7e47daa]::database::Postgres, fn(sqlx_core[b6d7304a55807a75]::pool::Pool<sqlx_postgres[487be359b7e47daa]::database::Postgres>) -> app[b087d0fc6906aa2b]::health_check_db_works::health_check_db_works::{closure#0}, app[b087d0fc6906aa2b]::health_check_db_works::health_check_db_works::{closure#0}>::{closure#0}::{closure#0}>::{closure#0}>::{closure#0}, ()>
[INFO] [stdout]   18:     0x63cdb621b0cd - <tokio[3ab4afd3e99d5c0f]::runtime::runtime::Runtime>::block_on::<sqlx_core[b6d7304a55807a75]::testing::run_test<sqlx_postgres[487be359b7e47daa]::database::Postgres, sqlx_core[b6d7304a55807a75]::testing::run_test_with_pool<sqlx_postgres[487be359b7e47daa]::database::Postgres, fn(sqlx_core[b6d7304a55807a75]::pool::Pool<sqlx_postgres[487be359b7e47daa]::database::Postgres>) -> app[b087d0fc6906aa2b]::health_check_db_works::health_check_db_works::{closure#0}, app[b087d0fc6906aa2b]::health_check_db_works::health_check_db_works::{closure#0}>::{closure#0}, sqlx_core[b6d7304a55807a75]::testing::run_test_with_pool<sqlx_postgres[487be359b7e47daa]::database::Postgres, fn(sqlx_core[b6d7304a55807a75]::pool::Pool<sqlx_postgres[487be359b7e47daa]::database::Postgres>) -> app[b087d0fc6906aa2b]::health_check_db_works::health_check_db_works::{closure#0}, app[b087d0fc6906aa2b]::health_check_db_works::health_check_db_works::{closure#0}>::{closure#0}::{closure#0}>::{closure#0}>
[INFO] [stdout]   19:     0x63cdb6214259 - <app[b087d0fc6906aa2b]::health_check_db_works::{closure#0} as core[df12db4294e9bfd3]::ops::function::FnOnce<()>>::call_once
[INFO] [stdout]   20:     0x63cdb621f3fb - test[9d35eded1c95d3be]::__rust_begin_short_backtrace::<core[df12db4294e9bfd3]::result::Result<(), alloc[2182bb758b4b3781]::string::String>, fn() -> core[df12db4294e9bfd3]::result::Result<(), alloc[2182bb758b4b3781]::string::String>>
[INFO] [stdout]   21:     0x63cdb622ca65 - test[9d35eded1c95d3be]::run_test::{closure#0}
[INFO] [stdout]   22:     0x63cdb6226324 - std[70759c8f55707aa4]::sys::backtrace::__rust_begin_short_backtrace::<test[9d35eded1c95d3be]::run_test::{closure#1}, ()>
[INFO] [stdout]   23:     0x63cdb622fbc2 - <std[70759c8f55707aa4]::thread::lifecycle::spawn_unchecked<test[9d35eded1c95d3be]::run_test::{closure#1}, ()>::{closure#1} as core[df12db4294e9bfd3]::ops::function::FnOnce<()>>::call_once::{shim:vtable#0}
[INFO] [stdout]   24:     0x63cdb637e7e9 - <std[70759c8f55707aa4]::sys::thread::unix::Thread>::new::thread_start
[INFO] [stdout]   25:     0x78f79003bdfa - <unknown>
[INFO] [stdout]   26:     0x78f7900cf3d4 - clone
[INFO] [stdout]   27:                0x0 - <unknown>
[INFO] [stdout] 
[INFO] [stdout] 
[INFO] [stdout] failures:
[INFO] [stdout]     health_check_db_works
[INFO] [stdout] 
[INFO] [stdout] test result: FAILED. 1 passed; 1 failed; 0 ignored; 0 measured; 0 filtered out; finished in 0.08s
[INFO] [stdout] 
[INFO] running `Command { std: "docker" "inspect" "0d02b8fe21b1902564611a092df46f69e1c85fd8ed9b8cf5d78489b47eef0a3d", kill_on_drop: false }`
[INFO] running `Command { std: "docker" "rm" "-f" "0d02b8fe21b1902564611a092df46f69e1c85fd8ed9b8cf5d78489b47eef0a3d", kill_on_drop: false }`
[INFO] [stdout] 0d02b8fe21b1902564611a092df46f69e1c85fd8ed9b8cf5d78489b47eef0a3d
