[INFO] cloning repository https://github.com/optimumood/grpc-file-transfer-rust
[INFO] running `Command { std: "git" "-c" "credential.helper=" "-c" "credential.helper=/workspace/cargo-home/bin/git-credential-null" "clone" "--bare" "https://github.com/optimumood/grpc-file-transfer-rust" "/workspace/cache/git-repos/https%3A%2F%2Fgithub.com%2Foptimumood%2Fgrpc-file-transfer-rust", kill_on_drop: false }`
[INFO] [stderr] Cloning into bare repository '/workspace/cache/git-repos/https%3A%2F%2Fgithub.com%2Foptimumood%2Fgrpc-file-transfer-rust'...
[INFO] running `Command { std: "git" "rev-parse" "HEAD", kill_on_drop: false }`
[INFO] [stdout] c15ca8f7e37895e26e7180bf314de0a9bf8333f3
[INFO] testing optimumood/grpc-file-transfer-rust against 1.100.0-beta.1+cargoflags=--release for beta-release-1.100-3
[INFO] running `Command { std: "git" "clone" "/workspace/cache/git-repos/https%3A%2F%2Fgithub.com%2Foptimumood%2Fgrpc-file-transfer-rust" "/workspace/builds/worker-3-tc2/source", kill_on_drop: false }`
[INFO] [stderr] Cloning into '/workspace/builds/worker-3-tc2/source'...
[INFO] [stderr] done.
[INFO] started tweaking git repo https://github.com/optimumood/grpc-file-transfer-rust
[INFO] finished tweaking git repo https://github.com/optimumood/grpc-file-transfer-rust
[INFO] tweaked toml for git repo https://github.com/optimumood/grpc-file-transfer-rust written to /workspace/builds/worker-3-tc2/source/Cargo.toml
[INFO] validating manifest of git repo https://github.com/optimumood/grpc-file-transfer-rust on toolchain 1.100.0-beta.1
[INFO] running `Command { std: CARGO_HOME="/workspace/cargo-home" RUSTUP_HOME="/workspace/rustup-home" "/workspace/cargo-home/bin/cargo" "+1.100.0-beta.1" "metadata" "--manifest-path" "Cargo.toml" "--no-deps", kill_on_drop: false }`
[INFO] crate git repo https://github.com/optimumood/grpc-file-transfer-rust already has a lockfile, it will not be regenerated
[INFO] running `Command { std: CARGO_HOME="/workspace/cargo-home" RUSTUP_HOME="/workspace/rustup-home" "/workspace/cargo-home/bin/cargo" "+1.100.0-beta.1" "fetch" "--manifest-path" "Cargo.toml", kill_on_drop: false }`
[INFO] [stderr] warning: virtual workspace defaulting to `resolver = "1"` despite one or more workspace members being on edition 2021 which implies `resolver = "2"`
[INFO] [stderr]   |
[INFO] [stderr]   = note: to keep the current resolver, specify `workspace.resolver = "1"` in the workspace root's manifest
[INFO] [stderr]   = note: to use the edition 2021 resolver, specify `workspace.resolver = "2"` in the workspace root's manifest
[INFO] [stderr]   = note: for more details see https://doc.rust-lang.org/cargo/reference/resolver.html#resolver-versions
[INFO] running `Command { std: "docker" "create" "-v" "/var/lib/crater-agent-workspace/builds/worker-3-tc2/source:/opt/rustwide/workdir:ro,Z" "-v" "/var/lib/crater-agent-workspace/builds/worker-3-tc2/target:/opt/rustwide/target:rw,Z" "-v" "/var/lib/crater-agent-workspace/cargo-home:/opt/rustwide/cargo-home:ro,Z" "-v" "/var/lib/crater-agent-workspace/rustup-home:/opt/rustwide/rustup-home:ro,Z" "-m" "1610612736" "--network" "none" "ghcr.io/rust-lang/crates-build-env/linux@sha256:77db811e55d90add9212f6832c23229e3de5f1c1f9905e8cb07319ea15df73ac" "sleep" "infinity", kill_on_drop: false }`
[INFO] [stdout] 430839d4e18135053f224e72aa4d569c51a9f325adea92f4ba0117dffd0dbe97
[INFO] running `Command { std: "docker" "start" "430839d4e18135053f224e72aa4d569c51a9f325adea92f4ba0117dffd0dbe97", kill_on_drop: false }`
[INFO] running `Command { std: "docker" "inspect" "430839d4e18135053f224e72aa4d569c51a9f325adea92f4ba0117dffd0dbe97", kill_on_drop: false }`
[INFO] running `Command { std: "docker" "exec" "-e" "SOURCE_DIR=/opt/rustwide/workdir" "-e" "CARGO_HOME=/opt/rustwide/cargo-home" "-e" "RUSTUP_HOME=/opt/rustwide/rustup-home" "-e" "CARGO_TARGET_DIR=/opt/rustwide/target" "-w" "/opt/rustwide/workdir" "--user" "0:0" "430839d4e18135053f224e72aa4d569c51a9f325adea92f4ba0117dffd0dbe97" "/opt/rustwide/cargo-home/bin/cargo" "+1.100.0-beta.1" "metadata" "--no-deps" "--format-version=1", kill_on_drop: false }`
[INFO] running `Command { std: "docker" "inspect" "430839d4e18135053f224e72aa4d569c51a9f325adea92f4ba0117dffd0dbe97", kill_on_drop: false }`
[INFO] running `Command { std: "docker" "exec" "-e" "SOURCE_DIR=/opt/rustwide/workdir" "-e" "CARGO_HOME=/opt/rustwide/cargo-home" "-e" "RUSTUP_HOME=/opt/rustwide/rustup-home" "-e" "CARGO_TARGET_DIR=/opt/rustwide/target" "-e" "CARGO_INCREMENTAL=0" "-e" "RUST_BACKTRACE=full" "-e" "RUSTFLAGS=--cap-lints=warn" "-e" "RUSTDOCFLAGS=--cap-lints=warn" "-w" "/opt/rustwide/workdir" "--user" "0:0" "430839d4e18135053f224e72aa4d569c51a9f325adea92f4ba0117dffd0dbe97" "/opt/rustwide/cargo-home/bin/cargo" "+1.100.0-beta.1" "build" "--frozen" "--message-format=json" "--release", kill_on_drop: false }`
[INFO] [stderr] warning: virtual workspace defaulting to `resolver = "1"` despite one or more workspace members being on edition 2021 which implies `resolver = "2"`
[INFO] [stderr]   |
[INFO] [stderr]   = note: to keep the current resolver, specify `workspace.resolver = "1"` in the workspace root's manifest
[INFO] [stderr]   = note: to use the edition 2021 resolver, specify `workspace.resolver = "2"` in the workspace root's manifest
[INFO] [stderr]   = note: for more details see https://doc.rust-lang.org/cargo/reference/resolver.html#resolver-versions
[INFO] [stderr]    Compiling proc-macro2 v1.0.49
[INFO] [stderr]    Compiling libc v0.2.139
[INFO] [stderr]    Compiling unicode-ident v1.0.6
[INFO] [stderr]    Compiling quote v1.0.23
[INFO] [stderr]    Compiling syn v1.0.107
[INFO] [stderr]    Compiling log v0.4.17
[INFO] [stderr]    Compiling memchr v2.5.0
[INFO] [stderr]    Compiling once_cell v1.17.0
[INFO] [stderr]    Compiling pin-project-lite v0.2.9
[INFO] [stderr]    Compiling indexmap v1.9.2
[INFO] [stderr]    Compiling bytes v1.3.0
[INFO] [stderr]    Compiling futures-core v0.3.25
[INFO] [stderr]    Compiling tokio v1.23.1
[INFO] [stderr]    Compiling anyhow v1.0.68
[INFO] [stderr]    Compiling tracing-core v0.1.30
[INFO] [stderr]    Compiling slab v0.4.7
[INFO] [stderr]    Compiling futures-channel v0.3.25
[INFO] [stderr]    Compiling futures-sink v0.3.25
[INFO] [stderr]    Compiling rustversion v1.0.11
[INFO] [stderr]    Compiling either v1.8.0
[INFO] [stderr]    Compiling futures-task v0.3.25
[INFO] [stderr]    Compiling futures-util v0.3.25
[INFO] [stderr]    Compiling itertools v0.10.5
[INFO] [stderr]    Compiling itoa v1.0.5
[INFO] [stderr]    Compiling futures-io v0.3.25
[INFO] [stderr]    Compiling cc v1.0.78
[INFO] [stderr]    Compiling http v0.2.8
[INFO] [stderr]    Compiling hashbrown v0.12.3
[INFO] [stderr]    Compiling tower-service v0.3.2
[INFO] [stderr]    Compiling mio v0.8.5
[INFO] [stderr]    Compiling num_cpus v1.15.0
[INFO] [stderr]    Compiling socket2 v0.4.7
[INFO] [stderr]    Compiling ring v0.16.20
[INFO] [stderr]    Compiling getrandom v0.2.8
[INFO] [stderr]    Compiling http-body v0.4.5
[INFO] [stderr]    Compiling rand_core v0.6.4
[INFO] [stderr]    Compiling httparse v1.8.0
[INFO] [stderr]    Compiling spin v0.5.2
[INFO] [stderr]    Compiling prettyplease v0.1.22
[INFO] [stderr]    Compiling rand_chacha v0.3.1
[INFO] [stderr]    Compiling aho-corasick v0.7.20
[INFO] [stderr]    Compiling async-trait v0.1.60
[INFO] [stderr]    Compiling tower-layer v0.3.2
[INFO] [stderr]    Compiling serde_derive v1.0.152
[INFO] [stderr]    Compiling fastrand v1.8.0
[INFO] [stderr]    Compiling regex-syntax v0.6.28
[INFO] [stderr]    Compiling fixedbitset v0.4.2
[INFO] [stderr]    Compiling tempfile v3.3.0
[INFO] [stderr]    Compiling which v4.3.0
[INFO] [stderr]    Compiling rand v0.8.5
[INFO] [stderr]    Compiling petgraph v0.6.2
[INFO] [stderr]    Compiling want v0.3.0
[INFO] [stderr]    Compiling proc-macro-error-attr v1.0.4
[INFO] [stderr]    Compiling axum-core v0.3.0
[INFO] [stderr]    Compiling io-lifetimes v1.0.3
[INFO] [stderr]    Compiling serde v1.0.152
[INFO] [stderr]    Compiling smallvec v1.10.0
[INFO] [stderr]    Compiling rustls v0.20.8
[INFO] [stderr]    Compiling proc-macro-error v1.0.4
[INFO] [stderr]    Compiling axum v0.6.1
[INFO] [stderr]    Compiling rustix v0.36.6
[INFO] [stderr]    Compiling lock_api v0.4.9
[INFO] [stderr]    Compiling matchit v0.7.0
[INFO] [stderr]    Compiling parking_lot_core v0.9.6
[INFO] [stderr]    Compiling signal-hook v0.3.14
[INFO] [stderr]    Compiling linux-raw-sys v0.1.4
[INFO] [stderr]    Compiling percent-encoding v2.2.0
[INFO] [stderr]    Compiling base64 v0.21.0
[INFO] [stderr]    Compiling signal-hook-registry v1.4.0
[INFO] [stderr]    Compiling os_str_bytes v6.4.1
[INFO] [stderr]    Compiling base64 v0.13.1
[INFO] [stderr]    Compiling overload v0.1.1
[INFO] [stderr]    Compiling nu-ansi-term v0.46.0
[INFO] [stderr]    Compiling regex v1.7.0
[INFO] [stderr]    Compiling rustls-pemfile v1.0.2
[INFO] [stderr]    Compiling clap_lex v0.3.0
[INFO] [stderr]    Compiling tracing-log v0.1.3
[INFO] [stderr]    Compiling thread_local v1.1.4
[INFO] [stderr]    Compiling strsim v0.10.0
[INFO] [stderr]    Compiling termcolor v1.1.3
[INFO] [stderr]    Compiling is-terminal v0.4.2
[INFO] [stderr]    Compiling tracing-subscriber v0.3.16
[INFO] [stderr]    Compiling parking_lot v0.12.1
[INFO] [stderr]    Compiling signal-hook-mio v0.2.3
[INFO] [stderr]    Compiling unicode-width v0.1.10
[INFO] [stderr]    Compiling crossterm v0.25.0
[INFO] [stderr]    Compiling strum v0.24.1
[INFO] [stderr]    Compiling ubyte v0.10.3
[INFO] [stderr]    Compiling tokio-macros v1.8.2
[INFO] [stderr]    Compiling tracing-attributes v0.1.23
[INFO] [stderr]    Compiling futures-macro v0.3.25
[INFO] [stderr]    Compiling prost-derive v0.11.5
[INFO] [stderr]    Compiling pin-project-internal v1.0.12
[INFO] [stderr]    Compiling tracing v0.1.37
[INFO] [stderr]    Compiling pin-project v1.0.12
[INFO] [stderr]    Compiling prost v0.11.5
[INFO] [stderr]    Compiling prost-types v0.11.5
[INFO] [stderr]    Compiling sct v0.7.0
[INFO] [stderr]    Compiling prost-build v0.11.5
[INFO] [stderr]    Compiling webpki v0.22.0
[INFO] [stderr]    Compiling async-stream-impl v0.3.3
[INFO] [stderr]    Compiling tonic-build v0.8.4
[INFO] [stderr]    Compiling async-stream v0.3.3
[INFO] [stderr]    Compiling tracing-futures v0.2.5
[INFO] [stderr]    Compiling clap_derive v4.0.21
[INFO] [stderr]    Compiling strum_macros v0.24.3
[INFO] [stderr]    Compiling proto v0.1.0 (/opt/rustwide/workdir/proto)
[INFO] [stderr]    Compiling tokio-util v0.7.4
[INFO] [stderr]    Compiling tokio-io-timeout v1.2.0
[INFO] [stderr]    Compiling tokio-stream v0.1.11
[INFO] [stderr]    Compiling clap v4.0.32
[INFO] [stderr]    Compiling h2 v0.3.15
[INFO] [stderr]    Compiling tower v0.4.13
[INFO] [stderr]    Compiling tokio-rustls v0.23.4
[INFO] [stderr]    Compiling comfy-table v6.1.4
[INFO] [stderr]    Compiling tower-http v0.3.5
[INFO] [stderr]    Compiling hyper v0.14.23
[INFO] [stderr]    Compiling hyper-timeout v0.4.1
[INFO] [stderr]    Compiling tonic v0.8.3
[INFO] [stderr]    Compiling client v0.1.0 (/opt/rustwide/workdir/client)
[INFO] [stderr]    Compiling server v0.1.0 (/opt/rustwide/workdir/server)
[INFO] [stderr]     Finished `release` profile [optimized] target(s) in 2m 44s
[INFO] running `Command { std: "docker" "inspect" "430839d4e18135053f224e72aa4d569c51a9f325adea92f4ba0117dffd0dbe97", kill_on_drop: false }`
[INFO] running `Command { std: "docker" "exec" "-e" "SOURCE_DIR=/opt/rustwide/workdir" "-e" "CARGO_HOME=/opt/rustwide/cargo-home" "-e" "RUSTUP_HOME=/opt/rustwide/rustup-home" "-e" "CARGO_TARGET_DIR=/opt/rustwide/target" "-e" "CARGO_INCREMENTAL=0" "-e" "RUST_BACKTRACE=full" "-e" "RUSTFLAGS=--cap-lints=warn" "-e" "RUSTDOCFLAGS=--cap-lints=warn" "-w" "/opt/rustwide/workdir" "--user" "0:0" "430839d4e18135053f224e72aa4d569c51a9f325adea92f4ba0117dffd0dbe97" "/opt/rustwide/cargo-home/bin/cargo" "+1.100.0-beta.1" "test" "--frozen" "--no-run" "--message-format=json" "--release", kill_on_drop: false }`
[INFO] [stderr] warning: virtual workspace defaulting to `resolver = "1"` despite one or more workspace members being on edition 2021 which implies `resolver = "2"`
[INFO] [stderr]   |
[INFO] [stderr]   = note: to keep the current resolver, specify `workspace.resolver = "1"` in the workspace root's manifest
[INFO] [stderr]   = note: to use the edition 2021 resolver, specify `workspace.resolver = "2"` in the workspace root's manifest
[INFO] [stderr]   = note: for more details see https://doc.rust-lang.org/cargo/reference/resolver.html#resolver-versions
[INFO] [stderr]    Compiling crossbeam-utils v0.8.14
[INFO] [stderr]    Compiling num-traits v0.2.15
[INFO] [stderr]    Compiling memoffset v0.7.1
[INFO] [stderr]    Compiling semver v1.0.16
[INFO] [stderr]    Compiling crossbeam-epoch v0.9.13
[INFO] [stderr]    Compiling either v1.8.0
[INFO] [stderr]    Compiling aho-corasick v0.7.20
[INFO] [stderr]    Compiling serde_json v1.0.91
[INFO] [stderr]    Compiling itertools v0.10.5
[INFO] [stderr]    Compiling rayon-core v1.10.1
[INFO] [stderr]    Compiling futures-executor v0.3.25
[INFO] [stderr]    Compiling doc-comment v0.3.3
[INFO] [stderr]    Compiling rustc_version v0.4.0
[INFO] [stderr]    Compiling predicates-core v1.0.5
[INFO] [stderr]    Compiling half v1.8.2
[INFO] [stderr]    Compiling rstest_macros v0.16.0
[INFO] [stderr]    Compiling plotters-backend v0.3.4
[INFO] [stderr]    Compiling time-core v0.1.0
[INFO] [stderr]    Compiling ryu v1.0.12
[INFO] [stderr]    Compiling ciborium-io v0.2.0
[INFO] [stderr]    Compiling crossbeam-channel v0.5.6
[INFO] [stderr]    Compiling crossbeam-deque v0.8.2
[INFO] [stderr]    Compiling plotters-svg v0.3.3
[INFO] [stderr]    Compiling ciborium-ll v0.2.0
[INFO] [stderr]    Compiling time v0.3.17
[INFO] [stderr]    Compiling regex v1.7.0
[INFO] [stderr]    Compiling futures v0.3.25
[INFO] [stderr]    Compiling clap_lex v0.2.4
[INFO] [stderr]    Compiling float-cmp v0.9.0
[INFO] [stderr]    Compiling same-file v1.0.6
[INFO] [stderr]    Compiling cast v0.3.0
[INFO] [stderr]    Compiling termtree v0.4.0
[INFO] [stderr]    Compiling textwrap v0.16.0
[INFO] [stderr]    Compiling regex-automata v0.1.10
[INFO] [stderr]    Compiling bstr v1.1.0
[INFO] [stderr]    Compiling clap v3.2.23
[INFO] [stderr]    Compiling predicates v2.1.5
[INFO] [stderr]    Compiling tinytemplate v1.2.1
[INFO] [stderr]    Compiling criterion-plot v0.5.0
[INFO] [stderr]    Compiling rayon v1.6.1
[INFO] [stderr]    Compiling predicates-tree v1.0.7
[INFO] [stderr]    Compiling walkdir v2.3.2
[INFO] [stderr]    Compiling yasna v0.5.1
[INFO] [stderr]    Compiling plotters v0.3.4
[INFO] [stderr]    Compiling ciborium v0.2.0
[INFO] [stderr]    Compiling pem v1.1.1
[INFO] [stderr]    Compiling atty v0.2.14
[INFO] [stderr]    Compiling wait-timeout v0.2.0
[INFO] [stderr]    Compiling rand v0.4.6
[INFO] [stderr]    Compiling anes v0.1.6
[INFO] [stderr]    Compiling oorandom v11.1.3
[INFO] [stderr]    Compiling futures-timer v3.0.2
[INFO] [stderr]    Compiling remove_dir_all v0.5.3
[INFO] [stderr]    Compiling tempdir v0.3.7
[INFO] [stderr]    Compiling criterion v0.4.0
[INFO] [stderr]    Compiling assert_cmd v2.0.8
[INFO] [stderr]    Compiling rcgen v0.10.0
[INFO] [stderr]    Compiling portpicker v0.1.1
[INFO] [stderr]    Compiling bytesize v1.1.0
[INFO] [stderr]    Compiling server v0.1.0 (/opt/rustwide/workdir/server)
[INFO] [stderr]    Compiling client v0.1.0 (/opt/rustwide/workdir/client)
[INFO] [stderr]    Compiling rstest v0.16.0
[INFO] [stderr]    Compiling proto v0.1.0 (/opt/rustwide/workdir/proto)
[INFO] [stderr]    Compiling tests v0.1.0 (/opt/rustwide/workdir/e2e_tests)
[INFO] [stdout] warning: field `handle` is never read
[INFO] [stdout]   --> e2e_tests/src/e2e_test_context.rs:35:9
[INFO] [stdout]    |
[INFO] [stdout] 34 | pub struct TestFile {
[INFO] [stdout]    |            -------- field in this struct
[INFO] [stdout] 35 |     pub handle: File,
[INFO] [stdout]    |         ^^^^^^
[INFO] [stdout]    |
[INFO] [stdout]    = note: `#[warn(dead_code)]` (part of `#[warn(unused)]`) on by default
[INFO] [stdout] 
[INFO] [stdout] 
[INFO] [stderr]     Finished `release` profile [optimized] target(s) in 28.91s
[INFO] running `Command { std: "docker" "inspect" "430839d4e18135053f224e72aa4d569c51a9f325adea92f4ba0117dffd0dbe97", kill_on_drop: false }`
[INFO] running `Command { std: "docker" "exec" "-e" "SOURCE_DIR=/opt/rustwide/workdir" "-e" "CARGO_HOME=/opt/rustwide/cargo-home" "-e" "RUSTUP_HOME=/opt/rustwide/rustup-home" "-e" "CARGO_TARGET_DIR=/opt/rustwide/target" "-e" "CARGO_INCREMENTAL=0" "-e" "RUST_BACKTRACE=full" "-e" "RUSTFLAGS=--cap-lints=warn" "-e" "RUSTDOCFLAGS=--cap-lints=warn" "-w" "/opt/rustwide/workdir" "--user" "0:0" "430839d4e18135053f224e72aa4d569c51a9f325adea92f4ba0117dffd0dbe97" "/opt/rustwide/cargo-home/bin/cargo" "+1.100.0-beta.1" "test" "--frozen" "--release", kill_on_drop: false }`
[INFO] [stderr] warning: virtual workspace defaulting to `resolver = "1"` despite one or more workspace members being on edition 2021 which implies `resolver = "2"`
[INFO] [stderr]   |
[INFO] [stderr]   = note: to keep the current resolver, specify `workspace.resolver = "1"` in the workspace root's manifest
[INFO] [stderr]   = note: to use the edition 2021 resolver, specify `workspace.resolver = "2"` in the workspace root's manifest
[INFO] [stderr]   = note: for more details see https://doc.rust-lang.org/cargo/reference/resolver.html#resolver-versions
[INFO] [stderr] warning: field `handle` is never read
[INFO] [stderr]   --> e2e_tests/src/e2e_test_context.rs:35:9
[INFO] [stderr]    |
[INFO] [stderr] 34 | pub struct TestFile {
[INFO] [stderr]    |            -------- field in this struct
[INFO] [stderr] 35 |     pub handle: File,
[INFO] [stderr]    |         ^^^^^^
[INFO] [stderr]    |
[INFO] [stderr]    = note: `#[warn(dead_code)]` (part of `#[warn(unused)]`) on by default
[INFO] [stderr] 
[INFO] [stderr] warning: `tests` (test "tests") generated 1 warning
[INFO] [stderr]     Finished `release` profile [optimized] target(s) in 0.18s
[INFO] [stderr]      Running unittests src/lib.rs (/opt/rustwide/target/release/build/client/b5b6239c0fca1823/out/client-b5b6239c0fca1823)
[INFO] [stdout] 
[INFO] [stdout] running 0 tests
[INFO] [stdout] 
[INFO] [stdout] test result: ok. 0 passed; 0 failed; 0 ignored; 0 measured; 0 filtered out; finished in 0.00s
[INFO] [stdout] 
[INFO] [stderr]      Running unittests src/main.rs (/opt/rustwide/target/release/build/client/52b6d21bcc3aa4c0/out/client-52b6d21bcc3aa4c0)
[INFO] [stdout] 
[INFO] [stdout] running 0 tests
[INFO] [stdout] 
[INFO] [stdout] test result: ok. 0 passed; 0 failed; 0 ignored; 0 measured; 0 filtered out; finished in 0.00s
[INFO] [stdout] 
[INFO] [stderr]      Running unittests src/lib.rs (/opt/rustwide/target/release/build/proto/5ebc39b650117341/out/proto-5ebc39b650117341)
[INFO] [stdout] 
[INFO] [stdout] running 0 tests
[INFO] [stdout] 
[INFO] [stdout] test result: ok. 0 passed; 0 failed; 0 ignored; 0 measured; 0 filtered out; finished in 0.00s
[INFO] [stdout] 
[INFO] [stderr]      Running unittests src/lib.rs (/opt/rustwide/target/release/build/server/034eb90a3eab4290/out/server-034eb90a3eab4290)
[INFO] [stdout] 
[INFO] [stdout] running 0 tests
[INFO] [stdout] 
[INFO] [stdout] test result: ok. 0 passed; 0 failed; 0 ignored; 0 measured; 0 filtered out; finished in 0.00s
[INFO] [stdout] 
[INFO] [stderr]      Running unittests src/main.rs (/opt/rustwide/target/release/build/server/32bff6ffb2a55cc6/out/server-32bff6ffb2a55cc6)
[INFO] [stdout] 
[INFO] [stdout] running 0 tests
[INFO] [stdout] 
[INFO] [stdout] test result: ok. 0 passed; 0 failed; 0 ignored; 0 measured; 0 filtered out; finished in 0.00s
[INFO] [stdout] 
[INFO] [stderr]      Running src/tests.rs (/opt/rustwide/target/release/build/tests/8cc77bff58402b9c/out/tests-8cc77bff58402b9c)
[INFO] [stdout] 
[INFO] [stdout] running 16 tests
[INFO] [stdout] test test_download_file_success::case_2_ipv6_non_tls ... FAILED
[INFO] [stdout] test test_download_file_success::case_1_ipv4_non_tls ... FAILED
[INFO] [stdout] test test_list_files_empty_success::case_1_ipv4_non_tls ... FAILED
[INFO] [stdout] test test_download_file_success::case_3_ipv4_tls ... FAILED
[INFO] [stdout] test test_list_files_empty_success::case_2_ipv6_non_tls ... FAILED
[INFO] [stdout] test test_list_files_empty_success::case_3_ipv4_tls ... FAILED
[INFO] [stdout] test test_download_file_success::case_4_ipv6_tls ... FAILED
[INFO] [stdout] test test_list_files_empty_success::case_4_ipv6_tls ... FAILED
[INFO] [stdout] test test_upload_file_success::case_3_ipv4_tls ... FAILED
[INFO] [stdout] test test_upload_file_success::case_1_ipv4_non_tls ... FAILED
[INFO] [stdout] test test_list_files_success::case_2_ipv6_non_tls ... FAILED
[INFO] [stdout] test test_upload_file_success::case_2_ipv6_non_tls ... FAILED
[INFO] [stdout] test test_list_files_success::case_1_ipv4_non_tls ... FAILED
[INFO] [stdout] test test_upload_file_success::case_4_ipv6_tls ... FAILED
[INFO] [stdout] test test_list_files_success::case_4_ipv6_tls ... FAILED
[INFO] [stdout] test test_list_files_success::case_3_ipv4_tls ... FAILED
[INFO] [stdout] 
[INFO] [stdout] failures:
[INFO] [stdout] 
[INFO] [stderr] error: test failed, to rerun pass `-p tests --test tests`
[INFO] [stdout] ---- test_download_file_success::case_2_ipv6_non_tls stdout ----
[INFO] [stdout] 
[INFO] [stdout] thread 'test_download_file_success::case_2_ipv6_non_tls' (4013) panicked at e2e_tests/src/e2e_test_context.rs:186:47:
[INFO] [stdout] server failed to start: Os { code: 2, kind: NotFound, message: "No such file or directory" }
[INFO] [stdout] stack backtrace:
[INFO] [stdout]    0:     0x5cd5ca52d0b1 - <<std[617be2ca0a6fd877]::sys::backtrace::BacktraceLock>::print::DisplayBacktrace as core[a373ad73a504971]::fmt::Display>::fmt
[INFO] [stdout]    1:     0x5cd5ca544e3a - core[a373ad73a504971]::fmt::write
[INFO] [stdout]    2:     0x5cd5ca532e9c - <alloc[2e1b2a31b91974c5]::vec::Vec<u8> as core[a373ad73a504971]::io::write::Write>::write_fmt
[INFO] [stdout]    3:     0x5cd5ca506246 - std[617be2ca0a6fd877]::panicking::default_hook::{closure#0}
[INFO] [stdout]    4:     0x5cd5ca524009 - std[617be2ca0a6fd877]::panicking::default_hook
[INFO] [stdout]    5:     0x5cd5ca39d410 - test[aada8e7e76ba119b]::test_main_inner::{closure#0}
[INFO] [stdout]    6:     0x5cd5ca524332 - std[617be2ca0a6fd877]::panicking::panic_with_hook
[INFO] [stdout]    7:     0x5cd5ca5062f2 - std[617be2ca0a6fd877]::panicking::panic_handler::{closure#0}
[INFO] [stdout]    8:     0x5cd5ca4fec79 - std[617be2ca0a6fd877]::sys::backtrace::__rust_end_short_backtrace::<std[617be2ca0a6fd877]::panicking::panic_handler::{closure#0}, !>
[INFO] [stdout]    9:     0x5cd5ca5070ed - __rustc[ea4f61d10b84890b]::rust_begin_unwind
[INFO] [stdout]   10:     0x5cd5ca54559c - core[a373ad73a504971]::panicking::panic_fmt
[INFO] [stdout]   11:     0x5cd5ca545372 - core[a373ad73a504971]::result::unwrap_failed
[INFO] [stdout]   12:     0x5cd5ca3394a4 - <tests[d5cb3a1cba8063f2]::e2e_test_context::E2ETestContext>::start_server
[INFO] [stdout]   13:     0x5cd5ca3511a0 - tests[d5cb3a1cba8063f2]::test_download_file_success
[INFO] [stdout]   14:     0x5cd5ca357fc2 - <tests[d5cb3a1cba8063f2]::test_download_file_success::case_2_ipv6_non_tls::{closure#0} as core[a373ad73a504971]::ops::function::FnOnce<()>>::call_once
[INFO] [stdout]   15:     0x5cd5ca39085b - test[aada8e7e76ba119b]::__rust_begin_short_backtrace::<core[a373ad73a504971]::result::Result<(), alloc[2e1b2a31b91974c5]::string::String>, fn() -> core[a373ad73a504971]::result::Result<(), alloc[2e1b2a31b91974c5]::string::String>>
[INFO] [stdout]   16:     0x5cd5ca39da35 - test[aada8e7e76ba119b]::run_test::{closure#0}
[INFO] [stdout]   17:     0x5cd5ca397324 - std[617be2ca0a6fd877]::sys::backtrace::__rust_begin_short_backtrace::<test[aada8e7e76ba119b]::run_test::{closure#1}, ()>
[INFO] [stdout]   18:     0x5cd5ca3a0ac2 - <std[617be2ca0a6fd877]::thread::lifecycle::spawn_unchecked<test[aada8e7e76ba119b]::run_test::{closure#1}, ()>::{closure#1} as core[a373ad73a504971]::ops::function::FnOnce<()>>::call_once::{shim:vtable#0}
[INFO] [stdout]   19:     0x5cd5ca52bc2f - <std[617be2ca0a6fd877]::sys::thread::unix::Thread>::new::thread_start
[INFO] [stdout]   20:     0x789e901bddfa - <unknown>
[INFO] [stdout]   21:     0x789e902513d4 - clone
[INFO] [stdout]   22:                0x0 - <unknown>
[INFO] [stdout] 
[INFO] [stdout] ---- test_download_file_success::case_1_ipv4_non_tls stdout ----
[INFO] [stdout] 
[INFO] [stdout] thread 'test_download_file_success::case_1_ipv4_non_tls' (4012) panicked at e2e_tests/src/e2e_test_context.rs:186:47:
[INFO] [stdout] server failed to start: Os { code: 2, kind: NotFound, message: "No such file or directory" }
[INFO] [stdout] stack backtrace:
[INFO] [stdout]    0:     0x5cd5ca52d0b1 - <<std[617be2ca0a6fd877]::sys::backtrace::BacktraceLock>::print::DisplayBacktrace as core[a373ad73a504971]::fmt::Display>::fmt
[INFO] [stdout]    1:     0x5cd5ca544e3a - core[a373ad73a504971]::fmt::write
[INFO] [stdout]    2:     0x5cd5ca532e9c - <alloc[2e1b2a31b91974c5]::vec::Vec<u8> as core[a373ad73a504971]::io::write::Write>::write_fmt
[INFO] [stdout]    3:     0x5cd5ca506246 - std[617be2ca0a6fd877]::panicking::default_hook::{closure#0}
[INFO] [stdout]    4:     0x5cd5ca524009 - std[617be2ca0a6fd877]::panicking::default_hook
[INFO] [stdout]    5:     0x5cd5ca39d410 - test[aada8e7e76ba119b]::test_main_inner::{closure#0}
[INFO] [stdout]    6:     0x5cd5ca524332 - std[617be2ca0a6fd877]::panicking::panic_with_hook
[INFO] [stdout]    7:     0x5cd5ca5062f2 - std[617be2ca0a6fd877]::panicking::panic_handler::{closure#0}
[INFO] [stdout]    8:     0x5cd5ca4fec79 - std[617be2ca0a6fd877]::sys::backtrace::__rust_end_short_backtrace::<std[617be2ca0a6fd877]::panicking::panic_handler::{closure#0}, !>
[INFO] [stdout]    9:     0x5cd5ca5070ed - __rustc[ea4f61d10b84890b]::rust_begin_unwind
[INFO] [stdout]   10:     0x5cd5ca54559c - core[a373ad73a504971]::panicking::panic_fmt
[INFO] [stdout]   11:     0x5cd5ca545372 - core[a373ad73a504971]::result::unwrap_failed
[INFO] [stdout]   12:     0x5cd5ca3394a4 - <tests[d5cb3a1cba8063f2]::e2e_test_context::E2ETestContext>::start_server
[INFO] [stdout]   13:     0x5cd5ca3511a0 - tests[d5cb3a1cba8063f2]::test_download_file_success
[INFO] [stdout]   14:     0x5cd5ca357ee2 - <tests[d5cb3a1cba8063f2]::test_download_file_success::case_1_ipv4_non_tls::{closure#0} as core[a373ad73a504971]::ops::function::FnOnce<()>>::call_once
[INFO] [stdout]   15:     0x5cd5ca39085b - test[aada8e7e76ba119b]::__rust_begin_short_backtrace::<core[a373ad73a504971]::result::Result<(), alloc[2e1b2a31b91974c5]::string::String>, fn() -> core[a373ad73a504971]::result::Result<(), alloc[2e1b2a31b91974c5]::string::String>>
[INFO] [stdout]   16:     0x5cd5ca39da35 - test[aada8e7e76ba119b]::run_test::{closure#0}
[INFO] [stdout]   17:     0x5cd5ca397324 - std[617be2ca0a6fd877]::sys::backtrace::__rust_begin_short_backtrace::<test[aada8e7e76ba119b]::run_test::{closure#1}, ()>
[INFO] [stdout]   18:     0x5cd5ca3a0ac2 - <std[617be2ca0a6fd877]::thread::lifecycle::spawn_unchecked<test[aada8e7e76ba119b]::run_test::{closure#1}, ()>::{closure#1} as core[a373ad73a504971]::ops::function::FnOnce<()>>::call_once::{shim:vtable#0}
[INFO] [stdout]   19:     0x5cd5ca52bc2f - <std[617be2ca0a6fd877]::sys::thread::unix::Thread>::new::thread_start
[INFO] [stdout]   20:     0x789e901bddfa - <unknown>
[INFO] [stdout]   21:     0x789e902513d4 - clone
[INFO] [stdout]   22:                0x0 - <unknown>
[INFO] [stdout] 
[INFO] [stdout] ---- test_list_files_empty_success::case_1_ipv4_non_tls stdout ----
[INFO] [stdout] 
[INFO] [stdout] thread 'test_list_files_empty_success::case_1_ipv4_non_tls' (4016) panicked at e2e_tests/src/e2e_test_context.rs:186:47:
[INFO] [stdout] server failed to start: Os { code: 2, kind: NotFound, message: "No such file or directory" }
[INFO] [stdout] stack backtrace:
[INFO] [stdout]    0:     0x5cd5ca52d0b1 - <<std[617be2ca0a6fd877]::sys::backtrace::BacktraceLock>::print::DisplayBacktrace as core[a373ad73a504971]::fmt::Display>::fmt
[INFO] [stdout]    1:     0x5cd5ca544e3a - core[a373ad73a504971]::fmt::write
[INFO] [stdout]    2:     0x5cd5ca532e9c - <alloc[2e1b2a31b91974c5]::vec::Vec<u8> as core[a373ad73a504971]::io::write::Write>::write_fmt
[INFO] [stdout]    3:     0x5cd5ca506246 - std[617be2ca0a6fd877]::panicking::default_hook::{closure#0}
[INFO] [stdout]    4:     0x5cd5ca524009 - std[617be2ca0a6fd877]::panicking::default_hook
[INFO] [stdout]    5:     0x5cd5ca39d410 - test[aada8e7e76ba119b]::test_main_inner::{closure#0}
[INFO] [stdout]    6:     0x5cd5ca524332 - std[617be2ca0a6fd877]::panicking::panic_with_hook
[INFO] [stdout]    7:     0x5cd5ca5062f2 - std[617be2ca0a6fd877]::panicking::panic_handler::{closure#0}
[INFO] [stdout]    8:     0x5cd5ca4fec79 - std[617be2ca0a6fd877]::sys::backtrace::__rust_end_short_backtrace::<std[617be2ca0a6fd877]::panicking::panic_handler::{closure#0}, !>
[INFO] [stdout]    9:     0x5cd5ca5070ed - __rustc[ea4f61d10b84890b]::rust_begin_unwind
[INFO] [stdout]   10:     0x5cd5ca54559c - core[a373ad73a504971]::panicking::panic_fmt
[INFO] [stdout]   11:     0x5cd5ca545372 - core[a373ad73a504971]::result::unwrap_failed
[INFO] [stdout]   12:     0x5cd5ca3394a4 - <tests[d5cb3a1cba8063f2]::e2e_test_context::E2ETestContext>::start_server
[INFO] [stdout]   13:     0x5cd5ca35152c - tests[d5cb3a1cba8063f2]::test_list_files_empty_success
[INFO] [stdout]   14:     0x5cd5ca379c42 - <tests[d5cb3a1cba8063f2]::test_list_files_empty_success::case_1_ipv4_non_tls::{closure#0} as core[a373ad73a504971]::ops::function::FnOnce<()>>::call_once
[INFO] [stdout]   15:     0x5cd5ca39085b - test[aada8e7e76ba119b]::__rust_begin_short_backtrace::<core[a373ad73a504971]::result::Result<(), alloc[2e1b2a31b91974c5]::string::String>, fn() -> core[a373ad73a504971]::result::Result<(), alloc[2e1b2a31b91974c5]::string::String>>
[INFO] [stdout]   16:     0x5cd5ca39da35 - test[aada8e7e76ba119b]::run_test::{closure#0}
[INFO] [stdout]   17:     0x5cd5ca397324 - std[617be2ca0a6fd877]::sys::backtrace::__rust_begin_short_backtrace::<test[aada8e7e76ba119b]::run_test::{closure#1}, ()>
[INFO] [stdout]   18:     0x5cd5ca3a0ac2 - <std[617be2ca0a6fd877]::thread::lifecycle::spawn_unchecked<test[aada8e7e76ba119b]::run_test::{closure#1}, ()>::{closure#1} as core[a373ad73a504971]::ops::function::FnOnce<()>>::call_once::{shim:vtable#0}
[INFO] [stdout]   19:     0x5cd5ca52bc2f - <std[617be2ca0a6fd877]::sys::thread::unix::Thread>::new::thread_start
[INFO] [stdout]   20:     0x789e901bddfa - <unknown>
[INFO] [stdout]   21:     0x789e902513d4 - clone
[INFO] [stdout]   22:                0x0 - <unknown>
[INFO] [stdout] 
[INFO] [stdout] ---- test_download_file_success::case_3_ipv4_tls stdout ----
[INFO] [stdout] 
[INFO] [stdout] thread 'test_download_file_success::case_3_ipv4_tls' (4014) panicked at e2e_tests/src/e2e_test_context.rs:186:47:
[INFO] [stdout] server failed to start: Os { code: 2, kind: NotFound, message: "No such file or directory" }
[INFO] [stdout] stack backtrace:
[INFO] [stdout]    0:     0x5cd5ca52d0b1 - <<std[617be2ca0a6fd877]::sys::backtrace::BacktraceLock>::print::DisplayBacktrace as core[a373ad73a504971]::fmt::Display>::fmt
[INFO] [stdout]    1:     0x5cd5ca544e3a - core[a373ad73a504971]::fmt::write
[INFO] [stdout]    2:     0x5cd5ca532e9c - <alloc[2e1b2a31b91974c5]::vec::Vec<u8> as core[a373ad73a504971]::io::write::Write>::write_fmt
[INFO] [stdout]    3:     0x5cd5ca506246 - std[617be2ca0a6fd877]::panicking::default_hook::{closure#0}
[INFO] [stdout]    4:     0x5cd5ca524009 - std[617be2ca0a6fd877]::panicking::default_hook
[INFO] [stdout]    5:     0x5cd5ca39d410 - test[aada8e7e76ba119b]::test_main_inner::{closure#0}
[INFO] [stdout]    6:     0x5cd5ca524332 - std[617be2ca0a6fd877]::panicking::panic_with_hook
[INFO] [stdout]    7:     0x5cd5ca5062f2 - std[617be2ca0a6fd877]::panicking::panic_handler::{closure#0}
[INFO] [stdout]    8:     0x5cd5ca4fec79 - std[617be2ca0a6fd877]::sys::backtrace::__rust_end_short_backtrace::<std[617be2ca0a6fd877]::panicking::panic_handler::{closure#0}, !>
[INFO] [stdout]    9:     0x5cd5ca5070ed - __rustc[ea4f61d10b84890b]::rust_begin_unwind
[INFO] [stdout]   10:     0x5cd5ca54559c - core[a373ad73a504971]::panicking::panic_fmt
[INFO] [stdout]   11:     0x5cd5ca545372 - core[a373ad73a504971]::result::unwrap_failed
[INFO] [stdout]   12:     0x5cd5ca3394a4 - <tests[d5cb3a1cba8063f2]::e2e_test_context::E2ETestContext>::start_server
[INFO] [stdout]   13:     0x5cd5ca3511a0 - tests[d5cb3a1cba8063f2]::test_download_file_success
[INFO] [stdout]   14:     0x5cd5ca357d25 - <tests[d5cb3a1cba8063f2]::test_download_file_success::case_3_ipv4_tls::{closure#0} as core[a373ad73a504971]::ops::function::FnOnce<()>>::call_once
[INFO] [stdout]   15:     0x5cd5ca39085b - test[aada8e7e76ba119b]::__rust_begin_short_backtrace::<core[a373ad73a504971]::result::Result<(), alloc[2e1b2a31b91974c5]::string::String>, fn() -> core[a373ad73a504971]::result::Result<(), alloc[2e1b2a31b91974c5]::string::String>>
[INFO] [stdout]   16:     0x5cd5ca39da35 - test[aada8e7e76ba119b]::run_test::{closure#0}
[INFO] [stdout]   17:     0x5cd5ca397324 - std[617be2ca0a6fd877]::sys::backtrace::__rust_begin_short_backtrace::<test[aada8e7e76ba119b]::run_test::{closure#1}, ()>
[INFO] [stdout]   18:     0x5cd5ca3a0ac2 - <std[617be2ca0a6fd877]::thread::lifecycle::spawn_unchecked<test[aada8e7e76ba119b]::run_test::{closure#1}, ()>::{closure#1} as core[a373ad73a504971]::ops::function::FnOnce<()>>::call_once::{shim:vtable#0}
[INFO] [stdout]   19:     0x5cd5ca52bc2f - <std[617be2ca0a6fd877]::sys::thread::unix::Thread>::new::thread_start
[INFO] [stdout]   20:     0x789e901bddfa - <unknown>
[INFO] [stdout]   21:     0x789e902513d4 - clone
[INFO] [stdout]   22:                0x0 - <unknown>
[INFO] [stdout] 
[INFO] [stdout] ---- test_list_files_empty_success::case_2_ipv6_non_tls stdout ----
[INFO] [stdout] 
[INFO] [stdout] thread 'test_list_files_empty_success::case_2_ipv6_non_tls' (4017) panicked at e2e_tests/src/e2e_test_context.rs:186:47:
[INFO] [stdout] server failed to start: Os { code: 2, kind: NotFound, message: "No such file or directory" }
[INFO] [stdout] stack backtrace:
[INFO] [stdout]    0:     0x5cd5ca52d0b1 - <<std[617be2ca0a6fd877]::sys::backtrace::BacktraceLock>::print::DisplayBacktrace as core[a373ad73a504971]::fmt::Display>::fmt
[INFO] [stdout]    1:     0x5cd5ca544e3a - core[a373ad73a504971]::fmt::write
[INFO] [stdout]    2:     0x5cd5ca532e9c - <alloc[2e1b2a31b91974c5]::vec::Vec<u8> as core[a373ad73a504971]::io::write::Write>::write_fmt
[INFO] [stdout]    3:     0x5cd5ca506246 - std[617be2ca0a6fd877]::panicking::default_hook::{closure#0}
[INFO] [stdout]    4:     0x5cd5ca524009 - std[617be2ca0a6fd877]::panicking::default_hook
[INFO] [stdout]    5:     0x5cd5ca39d410 - test[aada8e7e76ba119b]::test_main_inner::{closure#0}
[INFO] [stdout]    6:     0x5cd5ca524332 - std[617be2ca0a6fd877]::panicking::panic_with_hook
[INFO] [stdout]    7:     0x5cd5ca5062f2 - std[617be2ca0a6fd877]::panicking::panic_handler::{closure#0}
[INFO] [stdout]    8:     0x5cd5ca4fec79 - std[617be2ca0a6fd877]::sys::backtrace::__rust_end_short_backtrace::<std[617be2ca0a6fd877]::panicking::panic_handler::{closure#0}, !>
[INFO] [stdout]    9:     0x5cd5ca5070ed - __rustc[ea4f61d10b84890b]::rust_begin_unwind
[INFO] [stdout]   10:     0x5cd5ca54559c - core[a373ad73a504971]::panicking::panic_fmt
[INFO] [stdout]   11:     0x5cd5ca545372 - core[a373ad73a504971]::result::unwrap_failed
[INFO] [stdout]   12:     0x5cd5ca3394a4 - <tests[d5cb3a1cba8063f2]::e2e_test_context::E2ETestContext>::start_server
[INFO] [stdout]   13:     0x5cd5ca35152c - tests[d5cb3a1cba8063f2]::test_list_files_empty_success
[INFO] [stdout]   14:     0x5cd5ca379d22 - <tests[d5cb3a1cba8063f2]::test_list_files_empty_success::case_2_ipv6_non_tls::{closure#0} as core[a373ad73a504971]::ops::function::FnOnce<()>>::call_once
[INFO] [stdout]   15:     0x5cd5ca39085b - test[aada8e7e76ba119b]::__rust_begin_short_backtrace::<core[a373ad73a504971]::result::Result<(), alloc[2e1b2a31b91974c5]::string::String>, fn() -> core[a373ad73a504971]::result::Result<(), alloc[2e1b2a31b91974c5]::string::String>>
[INFO] [stdout]   16:     0x5cd5ca39da35 - test[aada8e7e76ba119b]::run_test::{closure#0}
[INFO] [stdout]   17:     0x5cd5ca397324 - std[617be2ca0a6fd877]::sys::backtrace::__rust_begin_short_backtrace::<test[aada8e7e76ba119b]::run_test::{closure#1}, ()>
[INFO] [stdout]   18:     0x5cd5ca3a0ac2 - <std[617be2ca0a6fd877]::thread::lifecycle::spawn_unchecked<test[aada8e7e76ba119b]::run_test::{closure#1}, ()>::{closure#1} as core[a373ad73a504971]::ops::function::FnOnce<()>>::call_once::{shim:vtable#0}
[INFO] [stdout]   19:     0x5cd5ca52bc2f - <std[617be2ca0a6fd877]::sys::thread::unix::Thread>::new::thread_start
[INFO] [stdout]   20:     0x789e901bddfa - <unknown>
[INFO] [stdout]   21:     0x789e902513d4 - clone
[INFO] [stdout]   22:                0x0 - <unknown>
[INFO] [stdout] 
[INFO] [stdout] ---- test_list_files_empty_success::case_3_ipv4_tls stdout ----
[INFO] [stdout] 
[INFO] [stdout] thread 'test_list_files_empty_success::case_3_ipv4_tls' (4019) panicked at e2e_tests/src/e2e_test_context.rs:186:47:
[INFO] [stdout] server failed to start: Os { code: 2, kind: NotFound, message: "No such file or directory" }
[INFO] [stdout] stack backtrace:
[INFO] [stdout]    0:     0x5cd5ca52d0b1 - <<std[617be2ca0a6fd877]::sys::backtrace::BacktraceLock>::print::DisplayBacktrace as core[a373ad73a504971]::fmt::Display>::fmt
[INFO] [stdout]    1:     0x5cd5ca544e3a - core[a373ad73a504971]::fmt::write
[INFO] [stdout]    2:     0x5cd5ca532e9c - <alloc[2e1b2a31b91974c5]::vec::Vec<u8> as core[a373ad73a504971]::io::write::Write>::write_fmt
[INFO] [stdout]    3:     0x5cd5ca506246 - std[617be2ca0a6fd877]::panicking::default_hook::{closure#0}
[INFO] [stdout]    4:     0x5cd5ca524009 - std[617be2ca0a6fd877]::panicking::default_hook
[INFO] [stdout]    5:     0x5cd5ca39d410 - test[aada8e7e76ba119b]::test_main_inner::{closure#0}
[INFO] [stdout]    6:     0x5cd5ca524332 - std[617be2ca0a6fd877]::panicking::panic_with_hook
[INFO] [stdout]    7:     0x5cd5ca5062f2 - std[617be2ca0a6fd877]::panicking::panic_handler::{closure#0}
[INFO] [stdout]    8:     0x5cd5ca4fec79 - std[617be2ca0a6fd877]::sys::backtrace::__rust_end_short_backtrace::<std[617be2ca0a6fd877]::panicking::panic_handler::{closure#0}, !>
[INFO] [stdout]    9:     0x5cd5ca5070ed - __rustc[ea4f61d10b84890b]::rust_begin_unwind
[INFO] [stdout]   10:     0x5cd5ca54559c - core[a373ad73a504971]::panicking::panic_fmt
[INFO] [stdout]   11:     0x5cd5ca545372 - core[a373ad73a504971]::result::unwrap_failed
[INFO] [stdout]   12:     0x5cd5ca3394a4 - <tests[d5cb3a1cba8063f2]::e2e_test_context::E2ETestContext>::start_server
[INFO] [stdout]   13:     0x5cd5ca35152c - tests[d5cb3a1cba8063f2]::test_list_files_empty_success
[INFO] [stdout]   14:     0x5cd5ca379a85 - <tests[d5cb3a1cba8063f2]::test_list_files_empty_success::case_3_ipv4_tls::{closure#0} as core[a373ad73a504971]::ops::function::FnOnce<()>>::call_once
[INFO] [stdout]   15:     0x5cd5ca39085b - test[aada8e7e76ba119b]::__rust_begin_short_backtrace::<core[a373ad73a504971]::result::Result<(), alloc[2e1b2a31b91974c5]::string::String>, fn() -> core[a373ad73a504971]::result::Result<(), alloc[2e1b2a31b91974c5]::string::String>>
[INFO] [stdout]   16:     0x5cd5ca39da35 - test[aada8e7e76ba119b]::run_test::{closure#0}
[INFO] [stdout]   17:     0x5cd5ca397324 - std[617be2ca0a6fd877]::sys::backtrace::__rust_begin_short_backtrace::<test[aada8e7e76ba119b]::run_test::{closure#1}, ()>
[INFO] [stdout]   18:     0x5cd5ca3a0ac2 - <std[617be2ca0a6fd877]::thread::lifecycle::spawn_unchecked<test[aada8e7e76ba119b]::run_test::{closure#1}, ()>::{closure#1} as core[a373ad73a504971]::ops::function::FnOnce<()>>::call_once::{shim:vtable#0}
[INFO] [stdout]   19:     0x5cd5ca52bc2f - <std[617be2ca0a6fd877]::sys::thread::unix::Thread>::new::thread_start
[INFO] [stdout]   20:     0x789e901bddfa - <unknown>
[INFO] [stdout]   21:     0x789e902513d4 - clone
[INFO] [stdout]   22:                0x0 - <unknown>
[INFO] [stdout] 
[INFO] [stdout] ---- test_download_file_success::case_4_ipv6_tls stdout ----
[INFO] [stdout] 
[INFO] [stdout] thread 'test_download_file_success::case_4_ipv6_tls' (4015) panicked at e2e_tests/src/e2e_test_context.rs:186:47:
[INFO] [stdout] server failed to start: Os { code: 2, kind: NotFound, message: "No such file or directory" }
[INFO] [stdout] stack backtrace:
[INFO] [stdout]    0:     0x5cd5ca52d0b1 - <<std[617be2ca0a6fd877]::sys::backtrace::BacktraceLock>::print::DisplayBacktrace as core[a373ad73a504971]::fmt::Display>::fmt
[INFO] [stdout]    1:     0x5cd5ca544e3a - core[a373ad73a504971]::fmt::write
[INFO] [stdout]    2:     0x5cd5ca532e9c - <alloc[2e1b2a31b91974c5]::vec::Vec<u8> as core[a373ad73a504971]::io::write::Write>::write_fmt
[INFO] [stdout]    3:     0x5cd5ca506246 - std[617be2ca0a6fd877]::panicking::default_hook::{closure#0}
[INFO] [stdout]    4:     0x5cd5ca524009 - std[617be2ca0a6fd877]::panicking::default_hook
[INFO] [stdout]    5:     0x5cd5ca39d410 - test[aada8e7e76ba119b]::test_main_inner::{closure#0}
[INFO] [stdout]    6:     0x5cd5ca524332 - std[617be2ca0a6fd877]::panicking::panic_with_hook
[INFO] [stdout]    7:     0x5cd5ca5062f2 - std[617be2ca0a6fd877]::panicking::panic_handler::{closure#0}
[INFO] [stdout]    8:     0x5cd5ca4fec79 - std[617be2ca0a6fd877]::sys::backtrace::__rust_end_short_backtrace::<std[617be2ca0a6fd877]::panicking::panic_handler::{closure#0}, !>
[INFO] [stdout]    9:     0x5cd5ca5070ed - __rustc[ea4f61d10b84890b]::rust_begin_unwind
[INFO] [stdout]   10:     0x5cd5ca54559c - core[a373ad73a504971]::panicking::panic_fmt
[INFO] [stdout]   11:     0x5cd5ca545372 - core[a373ad73a504971]::result::unwrap_failed
[INFO] [stdout]   12:     0x5cd5ca3394a4 - <tests[d5cb3a1cba8063f2]::e2e_test_context::E2ETestContext>::start_server
[INFO] [stdout]   13:     0x5cd5ca3511a0 - tests[d5cb3a1cba8063f2]::test_download_file_success
[INFO] [stdout]   14:     0x5cd5ca357e05 - <tests[d5cb3a1cba8063f2]::test_download_file_success::case_4_ipv6_tls::{closure#0} as core[a373ad73a504971]::ops::function::FnOnce<()>>::call_once
[INFO] [stdout]   15:     0x5cd5ca39085b - test[aada8e7e76ba119b]::__rust_begin_short_backtrace::<core[a373ad73a504971]::result::Result<(), alloc[2e1b2a31b91974c5]::string::String>, fn() -> core[a373ad73a504971]::result::Result<(), alloc[2e1b2a31b91974c5]::string::String>>
[INFO] [stdout]   16:     0x5cd5ca39da35 - test[aada8e7e76ba119b]::run_test::{closure#0}
[INFO] [stdout]   17:     0x5cd5ca397324 - std[617be2ca0a6fd877]::sys::backtrace::__rust_begin_short_backtrace::<test[aada8e7e76ba119b]::run_test::{closure#1}, ()>
[INFO] [stdout]   18:     0x5cd5ca3a0ac2 - <std[617be2ca0a6fd877]::thread::lifecycle::spawn_unchecked<test[aada8e7e76ba119b]::run_test::{closure#1}, ()>::{closure#1} as core[a373ad73a504971]::ops::function::FnOnce<()>>::call_once::{shim:vtable#0}
[INFO] [stdout]   19:     0x5cd5ca52bc2f - <std[617be2ca0a6fd877]::sys::thread::unix::Thread>::new::thread_start
[INFO] [stdout]   20:     0x789e901bddfa - <unknown>
[INFO] [stdout]   21:     0x789e902513d4 - clone
[INFO] [stdout]   22:                0x0 - <unknown>
[INFO] [stdout] 
[INFO] [stdout] ---- test_list_files_empty_success::case_4_ipv6_tls stdout ----
[INFO] [stdout] 
[INFO] [stdout] thread 'test_list_files_empty_success::case_4_ipv6_tls' (4020) panicked at e2e_tests/src/e2e_test_context.rs:186:47:
[INFO] [stdout] server failed to start: Os { code: 2, kind: NotFound, message: "No such file or directory" }
[INFO] [stdout] stack backtrace:
[INFO] [stdout]    0:     0x5cd5ca52d0b1 - <<std[617be2ca0a6fd877]::sys::backtrace::BacktraceLock>::print::DisplayBacktrace as core[a373ad73a504971]::fmt::Display>::fmt
[INFO] [stdout]    1:     0x5cd5ca544e3a - core[a373ad73a504971]::fmt::write
[INFO] [stdout]    2:     0x5cd5ca532e9c - <alloc[2e1b2a31b91974c5]::vec::Vec<u8> as core[a373ad73a504971]::io::write::Write>::write_fmt
[INFO] [stdout]    3:     0x5cd5ca506246 - std[617be2ca0a6fd877]::panicking::default_hook::{closure#0}
[INFO] [stdout]    4:     0x5cd5ca524009 - std[617be2ca0a6fd877]::panicking::default_hook
[INFO] [stdout]    5:     0x5cd5ca39d410 - test[aada8e7e76ba119b]::test_main_inner::{closure#0}
[INFO] [stdout]    6:     0x5cd5ca524332 - std[617be2ca0a6fd877]::panicking::panic_with_hook
[INFO] [stdout]    7:     0x5cd5ca5062f2 - std[617be2ca0a6fd877]::panicking::panic_handler::{closure#0}
[INFO] [stdout]    8:     0x5cd5ca4fec79 - std[617be2ca0a6fd877]::sys::backtrace::__rust_end_short_backtrace::<std[617be2ca0a6fd877]::panicking::panic_handler::{closure#0}, !>
[INFO] [stdout]    9:     0x5cd5ca5070ed - __rustc[ea4f61d10b84890b]::rust_begin_unwind
[INFO] [stdout]   10:     0x5cd5ca54559c - core[a373ad73a504971]::panicking::panic_fmt
[INFO] [stdout]   11:     0x5cd5ca545372 - core[a373ad73a504971]::result::unwrap_failed
[INFO] [stdout]   12:     0x5cd5ca3394a4 - <tests[d5cb3a1cba8063f2]::e2e_test_context::E2ETestContext>::start_server
[INFO] [stdout]   13:     0x5cd5ca35152c - tests[d5cb3a1cba8063f2]::test_list_files_empty_success
[INFO] [stdout]   14:     0x5cd5ca379b65 - <tests[d5cb3a1cba8063f2]::test_list_files_empty_success::case_4_ipv6_tls::{closure#0} as core[a373ad73a504971]::ops::function::FnOnce<()>>::call_once
[INFO] [stdout]   15:     0x5cd5ca39085b - test[aada8e7e76ba119b]::__rust_begin_short_backtrace::<core[a373ad73a504971]::result::Result<(), alloc[2e1b2a31b91974c5]::string::String>, fn() -> core[a373ad73a504971]::result::Result<(), alloc[2e1b2a31b91974c5]::string::String>>
[INFO] [stdout]   16:     0x5cd5ca39da35 - test[aada8e7e76ba119b]::run_test::{closure#0}
[INFO] [stdout]   17:     0x5cd5ca397324 - std[617be2ca0a6fd877]::sys::backtrace::__rust_begin_short_backtrace::<test[aada8e7e76ba119b]::run_test::{closure#1}, ()>
[INFO] [stdout]   18:     0x5cd5ca3a0ac2 - <std[617be2ca0a6fd877]::thread::lifecycle::spawn_unchecked<test[aada8e7e76ba119b]::run_test::{closure#1}, ()>::{closure#1} as core[a373ad73a504971]::ops::function::FnOnce<()>>::call_once::{shim:vtable#0}
[INFO] [stdout]   19:     0x5cd5ca52bc2f - <std[617be2ca0a6fd877]::sys::thread::unix::Thread>::new::thread_start
[INFO] [stdout]   20:     0x789e901bddfa - <unknown>
[INFO] [stdout]   21:     0x789e902513d4 - clone
[INFO] [stdout]   22:                0x0 - <unknown>
[INFO] [stdout] 
[INFO] [stdout] ---- test_upload_file_success::case_3_ipv4_tls stdout ----
[INFO] [stdout] 
[INFO] [stdout] thread 'test_upload_file_success::case_3_ipv4_tls' (4036) panicked at e2e_tests/src/e2e_test_context.rs:186:47:
[INFO] [stdout] server failed to start: Os { code: 2, kind: NotFound, message: "No such file or directory" }
[INFO] [stdout] stack backtrace:
[INFO] [stdout]    0:     0x5cd5ca52d0b1 - <<std[617be2ca0a6fd877]::sys::backtrace::BacktraceLock>::print::DisplayBacktrace as core[a373ad73a504971]::fmt::Display>::fmt
[INFO] [stdout]    1:     0x5cd5ca544e3a - core[a373ad73a504971]::fmt::write
[INFO] [stdout]    2:     0x5cd5ca532e9c - <alloc[2e1b2a31b91974c5]::vec::Vec<u8> as core[a373ad73a504971]::io::write::Write>::write_fmt
[INFO] [stdout]    3:     0x5cd5ca506246 - std[617be2ca0a6fd877]::panicking::default_hook::{closure#0}
[INFO] [stdout]    4:     0x5cd5ca524009 - std[617be2ca0a6fd877]::panicking::default_hook
[INFO] [stdout]    5:     0x5cd5ca39d410 - test[aada8e7e76ba119b]::test_main_inner::{closure#0}
[INFO] [stdout]    6:     0x5cd5ca524332 - std[617be2ca0a6fd877]::panicking::panic_with_hook
[INFO] [stdout]    7:     0x5cd5ca5062f2 - std[617be2ca0a6fd877]::panicking::panic_handler::{closure#0}
[INFO] [stdout]    8:     0x5cd5ca4fec79 - std[617be2ca0a6fd877]::sys::backtrace::__rust_end_short_backtrace::<std[617be2ca0a6fd877]::panicking::panic_handler::{closure#0}, !>
[INFO] [stdout]    9:     0x5cd5ca5070ed - __rustc[ea4f61d10b84890b]::rust_begin_unwind
[INFO] [stdout]   10:     0x5cd5ca54559c - core[a373ad73a504971]::panicking::panic_fmt
[INFO] [stdout]   11:     0x5cd5ca545372 - core[a373ad73a504971]::result::unwrap_failed
[INFO] [stdout]   12:     0x5cd5ca3394a4 - <tests[d5cb3a1cba8063f2]::e2e_test_context::E2ETestContext>::start_server
[INFO] [stdout]   13:     0x5cd5ca350e1e - tests[d5cb3a1cba8063f2]::test_upload_file_success
[INFO] [stdout]   14:     0x5cd5ca3579a5 - <tests[d5cb3a1cba8063f2]::test_upload_file_success::case_3_ipv4_tls::{closure#0} as core[a373ad73a504971]::ops::function::FnOnce<()>>::call_once
[INFO] [stdout]   15:     0x5cd5ca39085b - test[aada8e7e76ba119b]::__rust_begin_short_backtrace::<core[a373ad73a504971]::result::Result<(), alloc[2e1b2a31b91974c5]::string::String>, fn() -> core[a373ad73a504971]::result::Result<(), alloc[2e1b2a31b91974c5]::string::String>>
[INFO] [stdout]   16:     0x5cd5ca39da35 - test[aada8e7e76ba119b]::run_test::{closure#0}
[INFO] [stdout]   17:     0x5cd5ca397324 - std[617be2ca0a6fd877]::sys::backtrace::__rust_begin_short_backtrace::<test[aada8e7e76ba119b]::run_test::{closure#1}, ()>
[INFO] [stdout]   18:     0x5cd5ca3a0ac2 - <std[617be2ca0a6fd877]::thread::lifecycle::spawn_unchecked<test[aada8e7e76ba119b]::run_test::{closure#1}, ()>::{closure#1} as core[a373ad73a504971]::ops::function::FnOnce<()>>::call_once::{shim:vtable#0}
[INFO] [stdout]   19:     0x5cd5ca52bc2f - <std[617be2ca0a6fd877]::sys::thread::unix::Thread>::new::thread_start
[INFO] [stdout]   20:     0x789e901bddfa - <unknown>
[INFO] [stdout]   21:     0x789e902513d4 - clone
[INFO] [stdout]   22:                0x0 - <unknown>
[INFO] [stdout] 
[INFO] [stdout] ---- test_upload_file_success::case_1_ipv4_non_tls stdout ----
[INFO] [stdout] 
[INFO] [stdout] thread 'test_upload_file_success::case_1_ipv4_non_tls' (4033) panicked at e2e_tests/src/e2e_test_context.rs:186:47:
[INFO] [stdout] server failed to start: Os { code: 2, kind: NotFound, message: "No such file or directory" }
[INFO] [stdout] stack backtrace:
[INFO] [stdout]    0:     0x5cd5ca52d0b1 - <<std[617be2ca0a6fd877]::sys::backtrace::BacktraceLock>::print::DisplayBacktrace as core[a373ad73a504971]::fmt::Display>::fmt
[INFO] [stdout]    1:     0x5cd5ca544e3a - core[a373ad73a504971]::fmt::write
[INFO] [stdout]    2:     0x5cd5ca532e9c - <alloc[2e1b2a31b91974c5]::vec::Vec<u8> as core[a373ad73a504971]::io::write::Write>::write_fmt
[INFO] [stdout]    3:     0x5cd5ca506246 - std[617be2ca0a6fd877]::panicking::default_hook::{closure#0}
[INFO] [stdout]    4:     0x5cd5ca524009 - std[617be2ca0a6fd877]::panicking::default_hook
[INFO] [stdout]    5:     0x5cd5ca39d410 - test[aada8e7e76ba119b]::test_main_inner::{closure#0}
[INFO] [stdout]    6:     0x5cd5ca524332 - std[617be2ca0a6fd877]::panicking::panic_with_hook
[INFO] [stdout]    7:     0x5cd5ca5062f2 - std[617be2ca0a6fd877]::panicking::panic_handler::{closure#0}
[INFO] [stdout]    8:     0x5cd5ca4fec79 - std[617be2ca0a6fd877]::sys::backtrace::__rust_end_short_backtrace::<std[617be2ca0a6fd877]::panicking::panic_handler::{closure#0}, !>
[INFO] [stdout]    9:     0x5cd5ca5070ed - __rustc[ea4f61d10b84890b]::rust_begin_unwind
[INFO] [stdout]   10:     0x5cd5ca54559c - core[a373ad73a504971]::panicking::panic_fmt
[INFO] [stdout]   11:     0x5cd5ca545372 - core[a373ad73a504971]::result::unwrap_failed
[INFO] [stdout]   12:     0x5cd5ca3394a4 - <tests[d5cb3a1cba8063f2]::e2e_test_context::E2ETestContext>::start_server
[INFO] [stdout]   13:     0x5cd5ca350e1e - tests[d5cb3a1cba8063f2]::test_upload_file_success
[INFO] [stdout]   14:     0x5cd5ca357b62 - <tests[d5cb3a1cba8063f2]::test_upload_file_success::case_1_ipv4_non_tls::{closure#0} as core[a373ad73a504971]::ops::function::FnOnce<()>>::call_once
[INFO] [stdout]   15:     0x5cd5ca39085b - test[aada8e7e76ba119b]::__rust_begin_short_backtrace::<core[a373ad73a504971]::result::Result<(), alloc[2e1b2a31b91974c5]::string::String>, fn() -> core[a373ad73a504971]::result::Result<(), alloc[2e1b2a31b91974c5]::string::String>>
[INFO] [stdout]   16:     0x5cd5ca39da35 - test[aada8e7e76ba119b]::run_test::{closure#0}
[INFO] [stdout]   17:     0x5cd5ca397324 - std[617be2ca0a6fd877]::sys::backtrace::__rust_begin_short_backtrace::<test[aada8e7e76ba119b]::run_test::{closure#1}, ()>
[INFO] [stdout]   18:     0x5cd5ca3a0ac2 - <std[617be2ca0a6fd877]::thread::lifecycle::spawn_unchecked<test[aada8e7e76ba119b]::run_test::{closure#1}, ()>::{closure#1} as core[a373ad73a504971]::ops::function::FnOnce<()>>::call_once::{shim:vtable#0}
[INFO] [stdout]   19:     0x5cd5ca52bc2f - <std[617be2ca0a6fd877]::sys::thread::unix::Thread>::new::thread_start
[INFO] [stdout]   20:     0x789e901bddfa - <unknown>
[INFO] [stdout]   21:     0x789e902513d4 - clone
[INFO] [stdout]   22:                0x0 - <unknown>
[INFO] [stdout] 
[INFO] [stdout] ---- test_list_files_success::case_2_ipv6_non_tls stdout ----
[INFO] [stdout] 
[INFO] [stdout] thread 'test_list_files_success::case_2_ipv6_non_tls' (4029) panicked at e2e_tests/src/e2e_test_context.rs:186:47:
[INFO] [stdout] server failed to start: Os { code: 2, kind: NotFound, message: "No such file or directory" }
[INFO] [stdout] stack backtrace:
[INFO] [stdout]    0:     0x5cd5ca52d0b1 - <<std[617be2ca0a6fd877]::sys::backtrace::BacktraceLock>::print::DisplayBacktrace as core[a373ad73a504971]::fmt::Display>::fmt
[INFO] [stdout]    1:     0x5cd5ca544e3a - core[a373ad73a504971]::fmt::write
[INFO] [stdout]    2:     0x5cd5ca532e9c - <alloc[2e1b2a31b91974c5]::vec::Vec<u8> as core[a373ad73a504971]::io::write::Write>::write_fmt
[INFO] [stdout]    3:     0x5cd5ca506246 - std[617be2ca0a6fd877]::panicking::default_hook::{closure#0}
[INFO] [stdout]    4:     0x5cd5ca524009 - std[617be2ca0a6fd877]::panicking::default_hook
[INFO] [stdout]    5:     0x5cd5ca39d410 - test[aada8e7e76ba119b]::test_main_inner::{closure#0}
[INFO] [stdout]    6:     0x5cd5ca524332 - std[617be2ca0a6fd877]::panicking::panic_with_hook
[INFO] [stdout]    7:     0x5cd5ca5062f2 - std[617be2ca0a6fd877]::panicking::panic_handler::{closure#0}
[INFO] [stdout]    8:     0x5cd5ca4fec79 - std[617be2ca0a6fd877]::sys::backtrace::__rust_end_short_backtrace::<std[617be2ca0a6fd877]::panicking::panic_handler::{closure#0}, !>
[INFO] [stdout]    9:     0x5cd5ca5070ed - __rustc[ea4f61d10b84890b]::rust_begin_unwind
[INFO] [stdout]   10:     0x5cd5ca54559c - core[a373ad73a504971]::panicking::panic_fmt
[INFO] [stdout]   11:     0x5cd5ca545372 - core[a373ad73a504971]::result::unwrap_failed
[INFO] [stdout]   12:     0x5cd5ca3394a4 - <tests[d5cb3a1cba8063f2]::e2e_test_context::E2ETestContext>::start_server
[INFO] [stdout]   13:     0x5cd5ca35076c - tests[d5cb3a1cba8063f2]::test_list_files_success
[INFO] [stdout]   14:     0x5cd5ca314c62 - <tests[d5cb3a1cba8063f2]::test_list_files_success::case_2_ipv6_non_tls::{closure#0} as core[a373ad73a504971]::ops::function::FnOnce<()>>::call_once
[INFO] [stdout]   15:     0x5cd5ca39085b - test[aada8e7e76ba119b]::__rust_begin_short_backtrace::<core[a373ad73a504971]::result::Result<(), alloc[2e1b2a31b91974c5]::string::String>, fn() -> core[a373ad73a504971]::result::Result<(), alloc[2e1b2a31b91974c5]::string::String>>
[INFO] [stdout]   16:     0x5cd5ca39da35 - test[aada8e7e76ba119b]::run_test::{closure#0}
[INFO] [stdout]   17:     0x5cd5ca397324 - std[617be2ca0a6fd877]::sys::backtrace::__rust_begin_short_backtrace::<test[aada8e7e76ba119b]::run_test::{closure#1}, ()>
[INFO] [stdout]   18:     0x5cd5ca3a0ac2 - <std[617be2ca0a6fd877]::thread::lifecycle::spawn_unchecked<test[aada8e7e76ba119b]::run_test::{closure#1}, ()>::{closure#1} as core[a373ad73a504971]::ops::function::FnOnce<()>>::call_once::{shim:vtable#0}
[INFO] [stdout]   19:     0x5cd5ca52bc2f - <std[617be2ca0a6fd877]::sys::thread::unix::Thread>::new::thread_start
[INFO] [stdout]   20:     0x789e901bddfa - <unknown>
[INFO] [stdout]   21:     0x789e902513d4 - clone
[INFO] [stdout]   22:                0x0 - <unknown>
[INFO] [stdout] 
[INFO] [stdout] ---- test_upload_file_success::case_2_ipv6_non_tls stdout ----
[INFO] [stdout] 
[INFO] [stdout] thread 'test_upload_file_success::case_2_ipv6_non_tls' (4035) panicked at e2e_tests/src/e2e_test_context.rs:186:47:
[INFO] [stdout] server failed to start: Os { code: 2, kind: NotFound, message: "No such file or directory" }
[INFO] [stdout] stack backtrace:
[INFO] [stdout]    0:     0x5cd5ca52d0b1 - <<std[617be2ca0a6fd877]::sys::backtrace::BacktraceLock>::print::DisplayBacktrace as core[a373ad73a504971]::fmt::Display>::fmt
[INFO] [stdout]    1:     0x5cd5ca544e3a - core[a373ad73a504971]::fmt::write
[INFO] [stdout]    2:     0x5cd5ca532e9c - <alloc[2e1b2a31b91974c5]::vec::Vec<u8> as core[a373ad73a504971]::io::write::Write>::write_fmt
[INFO] [stdout]    3:     0x5cd5ca506246 - std[617be2ca0a6fd877]::panicking::default_hook::{closure#0}
[INFO] [stdout]    4:     0x5cd5ca524009 - std[617be2ca0a6fd877]::panicking::default_hook
[INFO] [stdout]    5:     0x5cd5ca39d410 - test[aada8e7e76ba119b]::test_main_inner::{closure#0}
[INFO] [stdout]    6:     0x5cd5ca524332 - std[617be2ca0a6fd877]::panicking::panic_with_hook
[INFO] [stdout]    7:     0x5cd5ca5062f2 - std[617be2ca0a6fd877]::panicking::panic_handler::{closure#0}
[INFO] [stdout]    8:     0x5cd5ca4fec79 - std[617be2ca0a6fd877]::sys::backtrace::__rust_end_short_backtrace::<std[617be2ca0a6fd877]::panicking::panic_handler::{closure#0}, !>
[INFO] [stdout]    9:     0x5cd5ca5070ed - __rustc[ea4f61d10b84890b]::rust_begin_unwind
[INFO] [stdout]   10:     0x5cd5ca54559c - core[a373ad73a504971]::panicking::panic_fmt
[INFO] [stdout]   11:     0x5cd5ca545372 - core[a373ad73a504971]::result::unwrap_failed
[INFO] [stdout]   12:     0x5cd5ca3394a4 - <tests[d5cb3a1cba8063f2]::e2e_test_context::E2ETestContext>::start_server
[INFO] [stdout]   13:     0x5cd5ca350e1e - tests[d5cb3a1cba8063f2]::test_upload_file_success
[INFO] [stdout]   14:     0x5cd5ca357c42 - <tests[d5cb3a1cba8063f2]::test_upload_file_success::case_2_ipv6_non_tls::{closure#0} as core[a373ad73a504971]::ops::function::FnOnce<()>>::call_once
[INFO] [stdout]   15:     0x5cd5ca39085b - test[aada8e7e76ba119b]::__rust_begin_short_backtrace::<core[a373ad73a504971]::result::Result<(), alloc[2e1b2a31b91974c5]::string::String>, fn() -> core[a373ad73a504971]::result::Result<(), alloc[2e1b2a31b91974c5]::string::String>>
[INFO] [stdout]   16:     0x5cd5ca39da35 - test[aada8e7e76ba119b]::run_test::{closure#0}
[INFO] [stdout]   17:     0x5cd5ca397324 - std[617be2ca0a6fd877]::sys::backtrace::__rust_begin_short_backtrace::<test[aada8e7e76ba119b]::run_test::{closure#1}, ()>
[INFO] [stdout]   18:     0x5cd5ca3a0ac2 - <std[617be2ca0a6fd877]::thread::lifecycle::spawn_unchecked<test[aada8e7e76ba119b]::run_test::{closure#1}, ()>::{closure#1} as core[a373ad73a504971]::ops::function::FnOnce<()>>::call_once::{shim:vtable#0}
[INFO] [stdout]   19:     0x5cd5ca52bc2f - <std[617be2ca0a6fd877]::sys::thread::unix::Thread>::new::thread_start
[INFO] [stdout]   20:     0x789e901bddfa - <unknown>
[INFO] [stdout]   21:     0x789e902513d4 - clone
[INFO] [stdout]   22:                0x0 - <unknown>
[INFO] [stdout] 
[INFO] [stdout] ---- test_list_files_success::case_1_ipv4_non_tls stdout ----
[INFO] [stdout] 
[INFO] [stdout] thread 'test_list_files_success::case_1_ipv4_non_tls' (4028) panicked at e2e_tests/src/e2e_test_context.rs:186:47:
[INFO] [stdout] server failed to start: Os { code: 2, kind: NotFound, message: "No such file or directory" }
[INFO] [stdout] stack backtrace:
[INFO] [stdout]    0:     0x5cd5ca52d0b1 - <<std[617be2ca0a6fd877]::sys::backtrace::BacktraceLock>::print::DisplayBacktrace as core[a373ad73a504971]::fmt::Display>::fmt
[INFO] [stdout]    1:     0x5cd5ca544e3a - core[a373ad73a504971]::fmt::write
[INFO] [stdout]    2:     0x5cd5ca532e9c - <alloc[2e1b2a31b91974c5]::vec::Vec<u8> as core[a373ad73a504971]::io::write::Write>::write_fmt
[INFO] [stdout]    3:     0x5cd5ca506246 - std[617be2ca0a6fd877]::panicking::default_hook::{closure#0}
[INFO] [stdout]    4:     0x5cd5ca524009 - std[617be2ca0a6fd877]::panicking::default_hook
[INFO] [stdout]    5:     0x5cd5ca39d410 - test[aada8e7e76ba119b]::test_main_inner::{closure#0}
[INFO] [stdout]    6:     0x5cd5ca524332 - std[617be2ca0a6fd877]::panicking::panic_with_hook
[INFO] [stdout]    7:     0x5cd5ca5062f2 - std[617be2ca0a6fd877]::panicking::panic_handler::{closure#0}
[INFO] [stdout]    8:     0x5cd5ca4fec79 - std[617be2ca0a6fd877]::sys::backtrace::__rust_end_short_backtrace::<std[617be2ca0a6fd877]::panicking::panic_handler::{closure#0}, !>
[INFO] [stdout]    9:     0x5cd5ca5070ed - __rustc[ea4f61d10b84890b]::rust_begin_unwind
[INFO] [stdout]   10:     0x5cd5ca54559c - core[a373ad73a504971]::panicking::panic_fmt
[INFO] [stdout]   11:     0x5cd5ca545372 - core[a373ad73a504971]::result::unwrap_failed
[INFO] [stdout]   12:     0x5cd5ca3394a4 - <tests[d5cb3a1cba8063f2]::e2e_test_context::E2ETestContext>::start_server
[INFO] [stdout]   13:     0x5cd5ca35076c - tests[d5cb3a1cba8063f2]::test_list_files_success
[INFO] [stdout]   14:     0x5cd5ca314b82 - <tests[d5cb3a1cba8063f2]::test_list_files_success::case_1_ipv4_non_tls::{closure#0} as core[a373ad73a504971]::ops::function::FnOnce<()>>::call_once
[INFO] [stdout]   15:     0x5cd5ca39085b - test[aada8e7e76ba119b]::__rust_begin_short_backtrace::<core[a373ad73a504971]::result::Result<(), alloc[2e1b2a31b91974c5]::string::String>, fn() -> core[a373ad73a504971]::result::Result<(), alloc[2e1b2a31b91974c5]::string::String>>
[INFO] [stdout]   16:     0x5cd5ca39da35 - test[aada8e7e76ba119b]::run_test::{closure#0}
[INFO] [stdout]   17:     0x5cd5ca397324 - std[617be2ca0a6fd877]::sys::backtrace::__rust_begin_short_backtrace::<test[aada8e7e76ba119b]::run_test::{closure#1}, ()>
[INFO] [stdout]   18:     0x5cd5ca3a0ac2 - <std[617be2ca0a6fd877]::thread::lifecycle::spawn_unchecked<test[aada8e7e76ba119b]::run_test::{closure#1}, ()>::{closure#1} as core[a373ad73a504971]::ops::function::FnOnce<()>>::call_once::{shim:vtable#0}
[INFO] [stdout]   19:     0x5cd5ca52bc2f - <std[617be2ca0a6fd877]::sys::thread::unix::Thread>::new::thread_start
[INFO] [stdout]   20:     0x789e901bddfa - <unknown>
[INFO] [stdout]   21:     0x789e902513d4 - clone
[INFO] [stdout]   22:                0x0 - <unknown>
[INFO] [stdout] 
[INFO] [stdout] ---- test_upload_file_success::case_4_ipv6_tls stdout ----
[INFO] [stdout] 
[INFO] [stdout] thread 'test_upload_file_success::case_4_ipv6_tls' (4037) panicked at e2e_tests/src/e2e_test_context.rs:186:47:
[INFO] [stdout] server failed to start: Os { code: 2, kind: NotFound, message: "No such file or directory" }
[INFO] [stdout] stack backtrace:
[INFO] [stdout]    0:     0x5cd5ca52d0b1 - <<std[617be2ca0a6fd877]::sys::backtrace::BacktraceLock>::print::DisplayBacktrace as core[a373ad73a504971]::fmt::Display>::fmt
[INFO] [stdout]    1:     0x5cd5ca544e3a - core[a373ad73a504971]::fmt::write
[INFO] [stdout]    2:     0x5cd5ca532e9c - <alloc[2e1b2a31b91974c5]::vec::Vec<u8> as core[a373ad73a504971]::io::write::Write>::write_fmt
[INFO] [stdout]    3:     0x5cd5ca506246 - std[617be2ca0a6fd877]::panicking::default_hook::{closure#0}
[INFO] [stdout]    4:     0x5cd5ca524009 - std[617be2ca0a6fd877]::panicking::default_hook
[INFO] [stdout]    5:     0x5cd5ca39d410 - test[aada8e7e76ba119b]::test_main_inner::{closure#0}
[INFO] [stdout]    6:     0x5cd5ca524332 - std[617be2ca0a6fd877]::panicking::panic_with_hook
[INFO] [stdout]    7:     0x5cd5ca5062f2 - std[617be2ca0a6fd877]::panicking::panic_handler::{closure#0}
[INFO] [stdout]    8:     0x5cd5ca4fec79 - std[617be2ca0a6fd877]::sys::backtrace::__rust_end_short_backtrace::<std[617be2ca0a6fd877]::panicking::panic_handler::{closure#0}, !>
[INFO] [stdout]    9:     0x5cd5ca5070ed - __rustc[ea4f61d10b84890b]::rust_begin_unwind
[INFO] [stdout]   10:     0x5cd5ca54559c - core[a373ad73a504971]::panicking::panic_fmt
[INFO] [stdout]   11:     0x5cd5ca545372 - core[a373ad73a504971]::result::unwrap_failed
[INFO] [stdout]   12:     0x5cd5ca3394a4 - <tests[d5cb3a1cba8063f2]::e2e_test_context::E2ETestContext>::start_server
[INFO] [stdout]   13:     0x5cd5ca350e1e - tests[d5cb3a1cba8063f2]::test_upload_file_success
[INFO] [stdout]   14:     0x5cd5ca357a85 - <tests[d5cb3a1cba8063f2]::test_upload_file_success::case_4_ipv6_tls::{closure#0} as core[a373ad73a504971]::ops::function::FnOnce<()>>::call_once
[INFO] [stdout]   15:     0x5cd5ca39085b - test[aada8e7e76ba119b]::__rust_begin_short_backtrace::<core[a373ad73a504971]::result::Result<(), alloc[2e1b2a31b91974c5]::string::String>, fn() -> core[a373ad73a504971]::result::Result<(), alloc[2e1b2a31b91974c5]::string::String>>
[INFO] [stdout]   16:     0x5cd5ca39da35 - test[aada8e7e76ba119b]::run_test::{closure#0}
[INFO] [stdout]   17:     0x5cd5ca397324 - std[617be2ca0a6fd877]::sys::backtrace::__rust_begin_short_backtrace::<test[aada8e7e76ba119b]::run_test::{closure#1}, ()>
[INFO] [stdout]   18:     0x5cd5ca3a0ac2 - <std[617be2ca0a6fd877]::thread::lifecycle::spawn_unchecked<test[aada8e7e76ba119b]::run_test::{closure#1}, ()>::{closure#1} as core[a373ad73a504971]::ops::function::FnOnce<()>>::call_once::{shim:vtable#0}
[INFO] [stdout]   19:     0x5cd5ca52bc2f - <std[617be2ca0a6fd877]::sys::thread::unix::Thread>::new::thread_start
[INFO] [stdout]   20:     0x789e901bddfa - <unknown>
[INFO] [stdout]   21:     0x789e902513d4 - clone
[INFO] [stdout]   22:                0x0 - <unknown>
[INFO] [stdout] 
[INFO] [stdout] ---- test_list_files_success::case_4_ipv6_tls stdout ----
[INFO] [stdout] 
[INFO] [stdout] thread 'test_list_files_success::case_4_ipv6_tls' (4031) panicked at e2e_tests/src/e2e_test_context.rs:186:47:
[INFO] [stdout] server failed to start: Os { code: 2, kind: NotFound, message: "No such file or directory" }
[INFO] [stdout] stack backtrace:
[INFO] [stdout]    0:     0x5cd5ca52d0b1 - <<std[617be2ca0a6fd877]::sys::backtrace::BacktraceLock>::print::DisplayBacktrace as core[a373ad73a504971]::fmt::Display>::fmt
[INFO] [stdout]    1:     0x5cd5ca544e3a - core[a373ad73a504971]::fmt::write
[INFO] [stdout]    2:     0x5cd5ca532e9c - <alloc[2e1b2a31b91974c5]::vec::Vec<u8> as core[a373ad73a504971]::io::write::Write>::write_fmt
[INFO] [stdout]    3:     0x5cd5ca506246 - std[617be2ca0a6fd877]::panicking::default_hook::{closure#0}
[INFO] [stdout]    4:     0x5cd5ca524009 - std[617be2ca0a6fd877]::panicking::default_hook
[INFO] [stdout]    5:     0x5cd5ca39d410 - test[aada8e7e76ba119b]::test_main_inner::{closure#0}
[INFO] [stdout]    6:     0x5cd5ca524332 - std[617be2ca0a6fd877]::panicking::panic_with_hook
[INFO] [stdout]    7:     0x5cd5ca5062f2 - std[617be2ca0a6fd877]::panicking::panic_handler::{closure#0}
[INFO] [stdout]    8:     0x5cd5ca4fec79 - std[617be2ca0a6fd877]::sys::backtrace::__rust_end_short_backtrace::<std[617be2ca0a6fd877]::panicking::panic_handler::{closure#0}, !>
[INFO] [stdout]    9:     0x5cd5ca5070ed - __rustc[ea4f61d10b84890b]::rust_begin_unwind
[INFO] [stdout]   10:     0x5cd5ca54559c - core[a373ad73a504971]::panicking::panic_fmt
[INFO] [stdout]   11:     0x5cd5ca545372 - core[a373ad73a504971]::result::unwrap_failed
[INFO] [stdout]   12:     0x5cd5ca3394a4 - <tests[d5cb3a1cba8063f2]::e2e_test_context::E2ETestContext>::start_server
[INFO] [stdout]   13:     0x5cd5ca35076c - tests[d5cb3a1cba8063f2]::test_list_files_success
[INFO] [stdout]   14:     0x5cd5ca314aa5 - <tests[d5cb3a1cba8063f2]::test_list_files_success::case_4_ipv6_tls::{closure#0} as core[a373ad73a504971]::ops::function::FnOnce<()>>::call_once
[INFO] [stdout]   15:     0x5cd5ca39085b - test[aada8e7e76ba119b]::__rust_begin_short_backtrace::<core[a373ad73a504971]::result::Result<(), alloc[2e1b2a31b91974c5]::string::String>, fn() -> core[a373ad73a504971]::result::Result<(), alloc[2e1b2a31b91974c5]::string::String>>
[INFO] [stdout]   16:     0x5cd5ca39da35 - test[aada8e7e76ba119b]::run_test::{closure#0}
[INFO] [stdout]   17:     0x5cd5ca397324 - std[617be2ca0a6fd877]::sys::backtrace::__rust_begin_short_backtrace::<test[aada8e7e76ba119b]::run_test::{closure#1}, ()>
[INFO] [stdout]   18:     0x5cd5ca3a0ac2 - <std[617be2ca0a6fd877]::thread::lifecycle::spawn_unchecked<test[aada8e7e76ba119b]::run_test::{closure#1}, ()>::{closure#1} as core[a373ad73a504971]::ops::function::FnOnce<()>>::call_once::{shim:vtable#0}
[INFO] [stdout]   19:     0x5cd5ca52bc2f - <std[617be2ca0a6fd877]::sys::thread::unix::Thread>::new::thread_start
[INFO] [stdout]   20:     0x789e901bddfa - <unknown>
[INFO] [stdout]   21:     0x789e902513d4 - clone
[INFO] [stdout]   22:                0x0 - <unknown>
[INFO] [stdout] 
[INFO] [stdout] ---- test_list_files_success::case_3_ipv4_tls stdout ----
[INFO] [stdout] 
[INFO] [stdout] thread 'test_list_files_success::case_3_ipv4_tls' (4030) panicked at e2e_tests/src/e2e_test_context.rs:186:47:
[INFO] [stdout] server failed to start: Os { code: 2, kind: NotFound, message: "No such file or directory" }
[INFO] [stdout] stack backtrace:
[INFO] [stdout]    0:     0x5cd5ca52d0b1 - <<std[617be2ca0a6fd877]::sys::backtrace::BacktraceLock>::print::DisplayBacktrace as core[a373ad73a504971]::fmt::Display>::fmt
[INFO] [stdout]    1:     0x5cd5ca544e3a - core[a373ad73a504971]::fmt::write
[INFO] [stdout]    2:     0x5cd5ca532e9c - <alloc[2e1b2a31b91974c5]::vec::Vec<u8> as core[a373ad73a504971]::io::write::Write>::write_fmt
[INFO] [stdout]    3:     0x5cd5ca506246 - std[617be2ca0a6fd877]::panicking::default_hook::{closure#0}
[INFO] [stdout]    4:     0x5cd5ca524009 - std[617be2ca0a6fd877]::panicking::default_hook
[INFO] [stdout]    5:     0x5cd5ca39d410 - test[aada8e7e76ba119b]::test_main_inner::{closure#0}
[INFO] [stdout]    6:     0x5cd5ca524332 - std[617be2ca0a6fd877]::panicking::panic_with_hook
[INFO] [stdout]    7:     0x5cd5ca5062f2 - std[617be2ca0a6fd877]::panicking::panic_handler::{closure#0}
[INFO] [stdout]    8:     0x5cd5ca4fec79 - std[617be2ca0a6fd877]::sys::backtrace::__rust_end_short_backtrace::<std[617be2ca0a6fd877]::panicking::panic_handler::{closure#0}, !>
[INFO] [stdout]    9:     0x5cd5ca5070ed - __rustc[ea4f61d10b84890b]::rust_begin_unwind
[INFO] [stdout]   10:     0x5cd5ca54559c - core[a373ad73a504971]::panicking::panic_fmt
[INFO] [stdout]   11:     0x5cd5ca545372 - core[a373ad73a504971]::result::unwrap_failed
[INFO] [stdout]   12:     0x5cd5ca3394a4 - <tests[d5cb3a1cba8063f2]::e2e_test_context::E2ETestContext>::start_server
[INFO] [stdout]   13:     0x5cd5ca35076c - tests[d5cb3a1cba8063f2]::test_list_files_success
[INFO] [stdout]   14:     0x5cd5ca3149c5 - <tests[d5cb3a1cba8063f2]::test_list_files_success::case_3_ipv4_tls::{closure#0} as core[a373ad73a504971]::ops::function::FnOnce<()>>::call_once
[INFO] [stdout]   15:     0x5cd5ca39085b - test[aada8e7e76ba119b]::__rust_begin_short_backtrace::<core[a373ad73a504971]::result::Result<(), alloc[2e1b2a31b91974c5]::string::String>, fn() -> core[a373ad73a504971]::result::Result<(), alloc[2e1b2a31b91974c5]::string::String>>
[INFO] [stdout]   16:     0x5cd5ca39da35 - test[aada8e7e76ba119b]::run_test::{closure#0}
[INFO] [stdout]   17:     0x5cd5ca397324 - std[617be2ca0a6fd877]::sys::backtrace::__rust_begin_short_backtrace::<test[aada8e7e76ba119b]::run_test::{closure#1}, ()>
[INFO] [stdout]   18:     0x5cd5ca3a0ac2 - <std[617be2ca0a6fd877]::thread::lifecycle::spawn_unchecked<test[aada8e7e76ba119b]::run_test::{closure#1}, ()>::{closure#1} as core[a373ad73a504971]::ops::function::FnOnce<()>>::call_once::{shim:vtable#0}
[INFO] [stdout]   19:     0x5cd5ca52bc2f - <std[617be2ca0a6fd877]::sys::thread::unix::Thread>::new::thread_start
[INFO] [stdout]   20:     0x789e901bddfa - <unknown>
[INFO] [stdout]   21:     0x789e902513d4 - clone
[INFO] [stdout]   22:                0x0 - <unknown>
[INFO] [stdout] 
[INFO] [stdout] 
[INFO] [stdout] failures:
[INFO] [stdout]     test_download_file_success::case_1_ipv4_non_tls
[INFO] [stdout]     test_download_file_success::case_2_ipv6_non_tls
[INFO] [stdout]     test_download_file_success::case_3_ipv4_tls
[INFO] [stdout]     test_download_file_success::case_4_ipv6_tls
[INFO] [stdout]     test_list_files_empty_success::case_1_ipv4_non_tls
[INFO] [stdout]     test_list_files_empty_success::case_2_ipv6_non_tls
[INFO] [stdout]     test_list_files_empty_success::case_3_ipv4_tls
[INFO] [stdout]     test_list_files_empty_success::case_4_ipv6_tls
[INFO] [stdout]     test_list_files_success::case_1_ipv4_non_tls
[INFO] [stdout]     test_list_files_success::case_2_ipv6_non_tls
[INFO] [stdout]     test_list_files_success::case_3_ipv4_tls
[INFO] [stdout]     test_list_files_success::case_4_ipv6_tls
[INFO] [stdout]     test_upload_file_success::case_1_ipv4_non_tls
[INFO] [stdout]     test_upload_file_success::case_2_ipv6_non_tls
[INFO] [stdout]     test_upload_file_success::case_3_ipv4_tls
[INFO] [stdout]     test_upload_file_success::case_4_ipv6_tls
[INFO] [stdout] 
[INFO] [stdout] test result: FAILED. 0 passed; 16 failed; 0 ignored; 0 measured; 0 filtered out; finished in 0.01s
[INFO] [stdout] 
[INFO] running `Command { std: "docker" "inspect" "430839d4e18135053f224e72aa4d569c51a9f325adea92f4ba0117dffd0dbe97", kill_on_drop: false }`
[INFO] running `Command { std: "docker" "rm" "-f" "430839d4e18135053f224e72aa4d569c51a9f325adea92f4ba0117dffd0dbe97", kill_on_drop: false }`
[INFO] [stdout] 430839d4e18135053f224e72aa4d569c51a9f325adea92f4ba0117dffd0dbe97
