[INFO] cloning repository https://github.com/nitinkr/AeonLog
[INFO] running `Command { std: "git" "-c" "credential.helper=" "-c" "credential.helper=/workspace/cargo-home/bin/git-credential-null" "clone" "--bare" "https://github.com/nitinkr/AeonLog" "/workspace/cache/git-repos/https%3A%2F%2Fgithub.com%2Fnitinkr%2FAeonLog", kill_on_drop: false }`
[INFO] [stderr] Cloning into bare repository '/workspace/cache/git-repos/https%3A%2F%2Fgithub.com%2Fnitinkr%2FAeonLog'...
[INFO] running `Command { std: "git" "rev-parse" "HEAD", kill_on_drop: false }`
[INFO] [stdout] 8f3cfcd3bc0b04a1131750e08c04cc65c58ea7da
[INFO] testing nitinkr/AeonLog against 1.100.0-beta.1+cargoflags=--release for beta-release-1.100-3
[INFO] running `Command { std: "git" "clone" "/workspace/cache/git-repos/https%3A%2F%2Fgithub.com%2Fnitinkr%2FAeonLog" "/workspace/builds/worker-1-tc2/source", kill_on_drop: false }`
[INFO] [stderr] Cloning into '/workspace/builds/worker-1-tc2/source'...
[INFO] [stderr] done.
[INFO] started tweaking git repo https://github.com/nitinkr/AeonLog
[INFO] finished tweaking git repo https://github.com/nitinkr/AeonLog
[INFO] tweaked toml for git repo https://github.com/nitinkr/AeonLog written to /workspace/builds/worker-1-tc2/source/Cargo.toml
[INFO] validating manifest of git repo https://github.com/nitinkr/AeonLog on toolchain 1.100.0-beta.1
[INFO] running `Command { std: CARGO_HOME="/workspace/cargo-home" RUSTUP_HOME="/workspace/rustup-home" "/workspace/cargo-home/bin/cargo" "+1.100.0-beta.1" "metadata" "--manifest-path" "Cargo.toml" "--no-deps", kill_on_drop: false }`
[INFO] crate git repo https://github.com/nitinkr/AeonLog already has a lockfile, it will not be regenerated
[INFO] running `Command { std: CARGO_HOME="/workspace/cargo-home" RUSTUP_HOME="/workspace/rustup-home" "/workspace/cargo-home/bin/cargo" "+1.100.0-beta.1" "fetch" "--manifest-path" "Cargo.toml", kill_on_drop: false }`
[INFO] running `Command { std: "docker" "create" "-v" "/var/lib/crater-agent-workspace/builds/worker-1-tc2/source:/opt/rustwide/workdir:ro,Z" "-v" "/var/lib/crater-agent-workspace/builds/worker-1-tc2/target:/opt/rustwide/target:rw,Z" "-v" "/var/lib/crater-agent-workspace/cargo-home:/opt/rustwide/cargo-home:ro,Z" "-v" "/var/lib/crater-agent-workspace/rustup-home:/opt/rustwide/rustup-home:ro,Z" "-m" "1610612736" "--network" "none" "ghcr.io/rust-lang/crates-build-env/linux@sha256:77db811e55d90add9212f6832c23229e3de5f1c1f9905e8cb07319ea15df73ac" "sleep" "infinity", kill_on_drop: false }`
[INFO] [stdout] 5017dc59f296463d407dd28a4b7326e5b192a76626dbf19a779f99574acfa4bf
[INFO] running `Command { std: "docker" "start" "5017dc59f296463d407dd28a4b7326e5b192a76626dbf19a779f99574acfa4bf", kill_on_drop: false }`
[INFO] running `Command { std: "docker" "inspect" "5017dc59f296463d407dd28a4b7326e5b192a76626dbf19a779f99574acfa4bf", kill_on_drop: false }`
[INFO] running `Command { std: "docker" "exec" "-e" "SOURCE_DIR=/opt/rustwide/workdir" "-e" "CARGO_HOME=/opt/rustwide/cargo-home" "-e" "RUSTUP_HOME=/opt/rustwide/rustup-home" "-e" "CARGO_TARGET_DIR=/opt/rustwide/target" "-w" "/opt/rustwide/workdir" "--user" "0:0" "5017dc59f296463d407dd28a4b7326e5b192a76626dbf19a779f99574acfa4bf" "/opt/rustwide/cargo-home/bin/cargo" "+1.100.0-beta.1" "metadata" "--no-deps" "--format-version=1", kill_on_drop: false }`
[INFO] running `Command { std: "docker" "inspect" "5017dc59f296463d407dd28a4b7326e5b192a76626dbf19a779f99574acfa4bf", kill_on_drop: false }`
[INFO] running `Command { std: "docker" "exec" "-e" "SOURCE_DIR=/opt/rustwide/workdir" "-e" "CARGO_HOME=/opt/rustwide/cargo-home" "-e" "RUSTUP_HOME=/opt/rustwide/rustup-home" "-e" "CARGO_TARGET_DIR=/opt/rustwide/target" "-e" "CARGO_INCREMENTAL=0" "-e" "RUST_BACKTRACE=full" "-e" "RUSTFLAGS=--cap-lints=warn" "-e" "RUSTDOCFLAGS=--cap-lints=warn" "-w" "/opt/rustwide/workdir" "--user" "0:0" "5017dc59f296463d407dd28a4b7326e5b192a76626dbf19a779f99574acfa4bf" "/opt/rustwide/cargo-home/bin/cargo" "+1.100.0-beta.1" "build" "--frozen" "--message-format=json" "--release", kill_on_drop: false }`
[INFO] [stderr]    Compiling unicode-ident v1.0.26
[INFO] [stderr]    Compiling clap_lex v1.1.1
[INFO] [stderr]    Compiling serde_json v1.0.151
[INFO] [stderr]    Compiling proc-macro2 v1.0.107
[INFO] [stderr]    Compiling clap_builder v4.6.7
[INFO] [stderr]    Compiling quote v1.0.47
[INFO] [stderr]    Compiling syn v3.0.6
[INFO] [stderr]    Compiling serde_derive v1.0.229
[INFO] [stderr]    Compiling clap_derive v4.6.7
[INFO] [stderr]    Compiling clap v4.6.7
[INFO] [stderr]    Compiling serde v1.0.229
[INFO] [stderr]    Compiling aeonlog v0.1.0 (/opt/rustwide/workdir)
[INFO] [stdout] warning: unused import: `read_to_string`
[INFO] [stdout]  --> src/lib.rs:4:40
[INFO] [stdout]   |
[INFO] [stdout] 4 | use std::fs::{self, File, OpenOptions, read_to_string};
[INFO] [stdout]   |                                        ^^^^^^^^^^^^^^
[INFO] [stdout]   |
[INFO] [stdout]   = note: `#[warn(unused_imports)]` (part of `#[warn(unused)]`) on by default
[INFO] [stdout] 
[INFO] [stdout] 
[INFO] [stderr]     Finished `release` profile [optimized] target(s) in 15.15s
[INFO] running `Command { std: "docker" "inspect" "5017dc59f296463d407dd28a4b7326e5b192a76626dbf19a779f99574acfa4bf", kill_on_drop: false }`
[INFO] running `Command { std: "docker" "exec" "-e" "SOURCE_DIR=/opt/rustwide/workdir" "-e" "CARGO_HOME=/opt/rustwide/cargo-home" "-e" "RUSTUP_HOME=/opt/rustwide/rustup-home" "-e" "CARGO_TARGET_DIR=/opt/rustwide/target" "-e" "CARGO_INCREMENTAL=0" "-e" "RUST_BACKTRACE=full" "-e" "RUSTFLAGS=--cap-lints=warn" "-e" "RUSTDOCFLAGS=--cap-lints=warn" "-w" "/opt/rustwide/workdir" "--user" "0:0" "5017dc59f296463d407dd28a4b7326e5b192a76626dbf19a779f99574acfa4bf" "/opt/rustwide/cargo-home/bin/cargo" "+1.100.0-beta.1" "test" "--frozen" "--no-run" "--message-format=json" "--release", kill_on_drop: false }`
[INFO] [stderr]    Compiling regex-syntax v0.8.11
[INFO] [stderr]    Compiling num-traits v0.2.19
[INFO] [stderr]    Compiling aho-corasick v1.1.5
[INFO] [stderr]    Compiling libc v0.2.189
[INFO] [stderr]    Compiling escargot v0.4.0
[INFO] [stderr]    Compiling predicates-core v1.0.10
[INFO] [stderr]    Compiling rustix v1.1.5
[INFO] [stderr]    Compiling getrandom v0.4.3
[INFO] [stderr]    Compiling normalize-line-endings v0.3.0
[INFO] [stderr]    Compiling bitflags v2.13.2
[INFO] [stderr]    Compiling log v0.4.34
[INFO] [stderr]    Compiling cfg-if v1.0.5
[INFO] [stderr]    Compiling termtree v0.5.1
[INFO] [stderr]    Compiling fastrand v2.5.0
[INFO] [stderr]    Compiling once_cell v1.21.4
[INFO] [stdout] warning: unused import: `read_to_string`
[INFO] [stdout]  --> src/lib.rs:4:40
[INFO] [stdout]   |
[INFO] [stdout] 4 | use std::fs::{self, File, OpenOptions, read_to_string};
[INFO] [stdout]   |                                        ^^^^^^^^^^^^^^
[INFO] [stdout]   |
[INFO] [stdout]   = note: `#[warn(unused_imports)]` (part of `#[warn(unused)]`) on by default
[INFO] [stdout] 
[INFO] [stdout] 
[INFO] [stderr]    Compiling predicates-tree v1.0.13
[INFO] [stderr]    Compiling float-cmp v0.8.0
[INFO] [stderr]    Compiling regex-automata v0.4.18
[INFO] [stderr]    Compiling tempfile v3.27.0
[INFO] [stderr]    Compiling regex v1.13.1
[INFO] [stderr]    Compiling predicates v1.0.8
[INFO] [stderr]    Compiling assert_cmd v0.11.1
[INFO] [stderr]    Compiling aeonlog v0.1.0 (/opt/rustwide/workdir)
[INFO] [stdout] warning: unused import: `read_to_string`
[INFO] [stdout]  --> src/lib.rs:4:40
[INFO] [stdout]   |
[INFO] [stdout] 4 | use std::fs::{self, File, OpenOptions, read_to_string};
[INFO] [stdout]   |                                        ^^^^^^^^^^^^^^
[INFO] [stdout]   |
[INFO] [stdout]   = note: `#[warn(unused_imports)]` (part of `#[warn(unused)]`) on by default
[INFO] [stdout] 
[INFO] [stdout] 
[INFO] [stderr]     Finished `release` profile [optimized] target(s) in 18.80s
[INFO] running `Command { std: "docker" "inspect" "5017dc59f296463d407dd28a4b7326e5b192a76626dbf19a779f99574acfa4bf", kill_on_drop: false }`
[INFO] running `Command { std: "docker" "exec" "-e" "SOURCE_DIR=/opt/rustwide/workdir" "-e" "CARGO_HOME=/opt/rustwide/cargo-home" "-e" "RUSTUP_HOME=/opt/rustwide/rustup-home" "-e" "CARGO_TARGET_DIR=/opt/rustwide/target" "-e" "CARGO_INCREMENTAL=0" "-e" "RUST_BACKTRACE=full" "-e" "RUSTFLAGS=--cap-lints=warn" "-e" "RUSTDOCFLAGS=--cap-lints=warn" "-w" "/opt/rustwide/workdir" "--user" "0:0" "5017dc59f296463d407dd28a4b7326e5b192a76626dbf19a779f99574acfa4bf" "/opt/rustwide/cargo-home/bin/cargo" "+1.100.0-beta.1" "test" "--frozen" "--release", kill_on_drop: false }`
[INFO] [stderr] warning: unused import: `read_to_string`
[INFO] [stderr]  --> src/lib.rs:4:40
[INFO] [stderr]   |
[INFO] [stderr] 4 | use std::fs::{self, File, OpenOptions, read_to_string};
[INFO] [stderr]   |                                        ^^^^^^^^^^^^^^
[INFO] [stderr]   |
[INFO] [stderr]   = note: `#[warn(unused_imports)]` (part of `#[warn(unused)]`) on by default
[INFO] [stderr] 
[INFO] [stderr] warning: `aeonlog` (lib) generated 1 warning (run `cargo fix --lib -p aeonlog` to apply 1 suggestion)
[INFO] [stderr] warning: `aeonlog` (lib test) generated 1 warning (1 duplicate)
[INFO] [stderr]     Finished `release` profile [optimized] target(s) in 0.07s
[INFO] [stderr]      Running unittests src/lib.rs (/opt/rustwide/target/release/build/aeonlog/91c797f0311b80c8/out/aeonlog-91c797f0311b80c8)
[INFO] [stderr]      Running unittests src/bin/aeonlog.rs (/opt/rustwide/target/release/build/aeonlog/9c3860025d9cd559/out/aeonlog-9c3860025d9cd559)
[INFO] [stdout] 
[INFO] [stdout] running 0 tests
[INFO] [stdout] 
[INFO] [stdout] test result: ok. 0 passed; 0 failed; 0 ignored; 0 measured; 0 filtered out; finished in 0.00s
[INFO] [stdout] 
[INFO] [stdout] 
[INFO] [stdout] running 0 tests
[INFO] [stdout] 
[INFO] [stdout] test result: ok. 0 passed; 0 failed; 0 ignored; 0 measured; 0 filtered out; finished in 0.00s
[INFO] [stdout] 
[INFO] [stderr]      Running tests/tests.rs (/opt/rustwide/target/release/build/aeonlog/5121f4915145d9dc/out/tests-5121f4915145d9dc)
[INFO] [stdout] 
[INFO] [stdout] running 17 tests
[INFO] [stdout] test cli_invalid_get ... FAILED
[INFO] [stdout] test cli_get_non_existent_key ... FAILED
[INFO] [stdout] test cli_get_stored ... FAILED
[INFO] [stdout] test cli_invalid_rm ... FAILED
[INFO] [stdout] test cli_version ... FAILED
[INFO] [stdout] test remove_key ... ok
[INFO] [stdout] test cli_invalid_set ... FAILED
[INFO] [stdout] test remove_non_existent_key ... ok
[INFO] [stdout] test get_non_existent_value ... ok
[INFO] [stdout] test cli_invalid_subcommand ... FAILED
[INFO] [stdout] test cli_rm_non_existent_key ... FAILED
[INFO] [stdout] test cli_set ... FAILED
[INFO] [stdout] test cli_rm_stored ... FAILED
[INFO] [stdout] test get_stored_value ... ok
[INFO] [stdout] test cli_no_args ... FAILED
[INFO] [stdout] test overwrite_value ... ok
[INFO] [stdout] test compaction ... ok
[INFO] [stdout] 
[INFO] [stdout] failures:
[INFO] [stdout] 
[INFO] [stdout] ---- cli_invalid_get stdout ----
[INFO] [stdout] 
[INFO] [stdout] thread 'cli_invalid_get' (949) panicked at tests/tests.rs:122:10:
[INFO] [stdout] called `Result::unwrap()` on an `Err` value: CargoError { cause: Some(NotFoundError { path: "/opt/rustwide/target/release/build/aeonlog/5121f4915145d9dc/out/aeonlog" }) }
[INFO] [stdout] stack backtrace:
[INFO] [stdout]    0:     0x5c146ae1dcb1 - <<std[617be2ca0a6fd877]::sys::backtrace::BacktraceLock>::print::DisplayBacktrace as core[a373ad73a504971]::fmt::Display>::fmt
[INFO] [stdout]    1:     0x5c146ae33dea - core[a373ad73a504971]::fmt::write
[INFO] [stdout]    2:     0x5c146ae234cc - <alloc[2e1b2a31b91974c5]::vec::Vec<u8> as core[a373ad73a504971]::io::write::Write>::write_fmt
[INFO] [stdout]    3:     0x5c146adf7c26 - std[617be2ca0a6fd877]::panicking::default_hook::{closure#0}
[INFO] [stdout]    4:     0x5c146ae152d9 - std[617be2ca0a6fd877]::panicking::default_hook
[INFO] [stdout]    5:     0x5c146ad97dc0 - test[aada8e7e76ba119b]::test_main_inner::{closure#0}
[INFO] [stdout]    6:     0x5c146ae15492 - std[617be2ca0a6fd877]::panicking::panic_with_hook
[INFO] [stdout]    7:     0x5c146adf7cd2 - std[617be2ca0a6fd877]::panicking::panic_handler::{closure#0}
[INFO] [stdout]    8:     0x5c146adf0639 - std[617be2ca0a6fd877]::sys::backtrace::__rust_end_short_backtrace::<std[617be2ca0a6fd877]::panicking::panic_handler::{closure#0}, !>
[INFO] [stdout]    9:     0x5c146adf89cd - __rustc[ea4f61d10b84890b]::rust_begin_unwind
[INFO] [stdout]   10:     0x5c146ae3451c - core[a373ad73a504971]::panicking::panic_fmt
[INFO] [stdout]   11:     0x5c146ae342f2 - core[a373ad73a504971]::result::unwrap_failed
[INFO] [stdout]   12:     0x5c146ad8520f - <tests[1e138e9c3c34775]::cli_invalid_get::{closure#0} as core[a373ad73a504971]::ops::function::FnOnce<()>>::call_once
[INFO] [stdout]   13:     0x5c146ad8b20b - test[aada8e7e76ba119b]::__rust_begin_short_backtrace::<core[a373ad73a504971]::result::Result<(), alloc[2e1b2a31b91974c5]::string::String>, fn() -> core[a373ad73a504971]::result::Result<(), alloc[2e1b2a31b91974c5]::string::String>>
[INFO] [stdout]   14:     0x5c146ad983e5 - test[aada8e7e76ba119b]::run_test::{closure#0}
[INFO] [stdout]   15:     0x5c146ad91cd4 - std[617be2ca0a6fd877]::sys::backtrace::__rust_begin_short_backtrace::<test[aada8e7e76ba119b]::run_test::{closure#1}, ()>
[INFO] [stdout]   16:     0x5c146ad9b472 - <std[617be2ca0a6fd877]::thread::lifecycle::spawn_unchecked<test[aada8e7e76ba119b]::run_test::{closure#1}, ()>::{closure#1} as core[a373ad73a504971]::ops::function::FnOnce<()>>::call_once::{shim:vtable#0}
[INFO] [stdout]   17:     0x5c146ae1d12f - <std[617be2ca0a6fd877]::sys::thread::unix::Thread>::new::thread_start
[INFO] [stdout]   18:     0x789212603dfa - <unknown>
[INFO] [stdout]   19:     0x7892126973d4 - clone
[INFO] [stdout]   20:                0x0 - <unknown>
[INFO] [stdout] 
[INFO] [stdout] ---- cli_get_non_existent_key stdout ----
[INFO] [stdout] 
[INFO] [stdout] thread 'cli_get_non_existent_key' (947) panicked at tests/tests.rs:30:10:
[INFO] [stdout] called `Result::unwrap()` on an `Err` value: CargoError { cause: Some(NotFoundError { path: "/opt/rustwide/target/release/build/aeonlog/5121f4915145d9dc/out/aeonlog" }) }
[INFO] [stdout] stack backtrace:
[INFO] [stdout]    0:     0x5c146ae1dcb1 - <<std[617be2ca0a6fd877]::sys::backtrace::BacktraceLock>::print::DisplayBacktrace as core[a373ad73a504971]::fmt::Display>::fmt
[INFO] [stdout]    1:     0x5c146ae33dea - core[a373ad73a504971]::fmt::write
[INFO] [stdout]    2:     0x5c146ae234cc - <alloc[2e1b2a31b91974c5]::vec::Vec<u8> as core[a373ad73a504971]::io::write::Write>::write_fmt
[INFO] [stdout]    3:     0x5c146adf7c26 - std[617be2ca0a6fd877]::panicking::default_hook::{closure#0}
[INFO] [stdout]    4:     0x5c146ae152d9 - std[617be2ca0a6fd877]::panicking::default_hook
[INFO] [stdout]    5:     0x5c146ad97dc0 - test[aada8e7e76ba119b]::test_main_inner::{closure#0}
[INFO] [stdout]    6:     0x5c146ae15492 - std[617be2ca0a6fd877]::panicking::panic_with_hook
[INFO] [stdout]    7:     0x5c146adf7cd2 - std[617be2ca0a6fd877]::panicking::panic_handler::{closure#0}
[INFO] [stdout]    8:     0x5c146adf0639 - std[617be2ca0a6fd877]::sys::backtrace::__rust_end_short_backtrace::<std[617be2ca0a6fd877]::panicking::panic_handler::{closure#0}, !>
[INFO] [stdout]    9:     0x5c146adf89cd - __rustc[ea4f61d10b84890b]::rust_begin_unwind
[INFO] [stdout]   10:     0x5c146ae3451c - core[a373ad73a504971]::panicking::panic_fmt
[INFO] [stdout]   11:     0x5c146ae342f2 - core[a373ad73a504971]::result::unwrap_failed
[INFO] [stdout]   12:     0x5c146ad87946 - <tests[1e138e9c3c34775]::cli_get_non_existent_key::{closure#0} as core[a373ad73a504971]::ops::function::FnOnce<()>>::call_once
[INFO] [stdout]   13:     0x5c146ad8b20b - test[aada8e7e76ba119b]::__rust_begin_short_backtrace::<core[a373ad73a504971]::result::Result<(), alloc[2e1b2a31b91974c5]::string::String>, fn() -> core[a373ad73a504971]::result::Result<(), alloc[2e1b2a31b91974c5]::string::String>>
[INFO] [stdout]   14:     0x5c146ad983e5 - test[aada8e7e76ba119b]::run_test::{closure#0}
[INFO] [stdout]   15:     0x5c146ad91cd4 - std[617be2ca0a6fd877]::sys::backtrace::__rust_begin_short_backtrace::<test[aada8e7e76ba119b]::run_test::{closure#1}, ()>
[INFO] [stdout]   16:     0x5c146ad9b472 - <std[617be2ca0a6fd877]::thread::lifecycle::spawn_unchecked<test[aada8e7e76ba119b]::run_test::{closure#1}, ()>::{closure#1} as core[a373ad73a504971]::ops::function::FnOnce<()>>::call_once::{shim:vtable#0}
[INFO] [stdout]   17:     0x5c146ae1d12f - <std[617be2ca0a6fd877]::sys::thread::unix::Thread>::new::thread_start
[INFO] [stdout]   18:     0x789212603dfa - <unknown>
[INFO] [stdout]   19:     0x7892126973d4 - clone
[INFO] [stdout]   20:                0x0 - <unknown>
[INFO] [stdout] 
[INFO] [stdout] ---- cli_get_stored stdout ----
[INFO] [stdout] 
[INFO] [stdout] thread 'cli_get_stored' (948) panicked at tests/tests.rs:73:10:
[INFO] [stdout] called `Result::unwrap()` on an `Err` value: CargoError { cause: Some(NotFoundError { path: "/opt/rustwide/target/release/build/aeonlog/5121f4915145d9dc/out/aeonlog" }) }
[INFO] [stdout] stack backtrace:
[INFO] [stdout]    0:     0x5c146ae1dcb1 - <<std[617be2ca0a6fd877]::sys::backtrace::BacktraceLock>::print::DisplayBacktrace as core[a373ad73a504971]::fmt::Display>::fmt
[INFO] [stdout]    1:     0x5c146ae33dea - core[a373ad73a504971]::fmt::write
[INFO] [stdout]    2:     0x5c146ae234cc - <alloc[2e1b2a31b91974c5]::vec::Vec<u8> as core[a373ad73a504971]::io::write::Write>::write_fmt
[INFO] [stdout]    3:     0x5c146adf7c26 - std[617be2ca0a6fd877]::panicking::default_hook::{closure#0}
[INFO] [stdout]    4:     0x5c146ae152d9 - std[617be2ca0a6fd877]::panicking::default_hook
[INFO] [stdout]    5:     0x5c146ad97dc0 - test[aada8e7e76ba119b]::test_main_inner::{closure#0}
[INFO] [stdout]    6:     0x5c146ae15492 - std[617be2ca0a6fd877]::panicking::panic_with_hook
[INFO] [stdout]    7:     0x5c146adf7cd2 - std[617be2ca0a6fd877]::panicking::panic_handler::{closure#0}
[INFO] [stdout]    8:     0x5c146adf0639 - std[617be2ca0a6fd877]::sys::backtrace::__rust_end_short_backtrace::<std[617be2ca0a6fd877]::panicking::panic_handler::{closure#0}, !>
[INFO] [stdout]    9:     0x5c146adf89cd - __rustc[ea4f61d10b84890b]::rust_begin_unwind
[INFO] [stdout]   10:     0x5c146ae3451c - core[a373ad73a504971]::panicking::panic_fmt
[INFO] [stdout]   11:     0x5c146ae342f2 - core[a373ad73a504971]::result::unwrap_failed
[INFO] [stdout]   12:     0x5c146ad84cfa - <tests[1e138e9c3c34775]::cli_get_stored::{closure#0} as core[a373ad73a504971]::ops::function::FnOnce<()>>::call_once
[INFO] [stdout]   13:     0x5c146ad8b20b - test[aada8e7e76ba119b]::__rust_begin_short_backtrace::<core[a373ad73a504971]::result::Result<(), alloc[2e1b2a31b91974c5]::string::String>, fn() -> core[a373ad73a504971]::result::Result<(), alloc[2e1b2a31b91974c5]::string::String>>
[INFO] [stdout]   14:     0x5c146ad983e5 - test[aada8e7e76ba119b]::run_test::{closure#0}
[INFO] [stdout]   15:     0x5c146ad91cd4 - std[617be2ca0a6fd877]::sys::backtrace::__rust_begin_short_backtrace::<test[aada8e7e76ba119b]::run_test::{closure#1}, ()>
[INFO] [stdout]   16:     0x5c146ad9b472 - <std[617be2ca0a6fd877]::thread::lifecycle::spawn_unchecked<test[aada8e7e76ba119b]::run_test::{closure#1}, ()>::{closure#1} as core[a373ad73a504971]::ops::function::FnOnce<()>>::call_once::{shim:vtable#0}
[INFO] [stdout]   17:     0x5c146ae1d12f - <std[617be2ca0a6fd877]::sys::thread::unix::Thread>::new::thread_start
[INFO] [stdout]   18:     0x789212603dfa - <unknown>
[INFO] [stdout]   19:     0x7892126973d4 - clone
[INFO] [stdout]   20:                0x0 - <unknown>
[INFO] [stdout] 
[INFO] [stdout] ---- cli_invalid_rm stdout ----
[INFO] [stdout] 
[INFO] [stdout] thread 'cli_invalid_rm' (950) panicked at tests/tests.rs:158:10:
[INFO] [stdout] called `Result::unwrap()` on an `Err` value: CargoError { cause: Some(NotFoundError { path: "/opt/rustwide/target/release/build/aeonlog/5121f4915145d9dc/out/aeonlog" }) }
[INFO] [stdout] stack backtrace:
[INFO] [stdout]    0:     0x5c146ae1dcb1 - <<std[617be2ca0a6fd877]::sys::backtrace::BacktraceLock>::print::DisplayBacktrace as core[a373ad73a504971]::fmt::Display>::fmt
[INFO] [stdout]    1:     0x5c146ae33dea - core[a373ad73a504971]::fmt::write
[INFO] [stdout]    2:     0x5c146ae234cc - <alloc[2e1b2a31b91974c5]::vec::Vec<u8> as core[a373ad73a504971]::io::write::Write>::write_fmt
[INFO] [stdout]    3:     0x5c146adf7c26 - std[617be2ca0a6fd877]::panicking::default_hook::{closure#0}
[INFO] [stdout]    4:     0x5c146ae152d9 - std[617be2ca0a6fd877]::panicking::default_hook
[INFO] [stdout]    5:     0x5c146ad97dc0 - test[aada8e7e76ba119b]::test_main_inner::{closure#0}
[INFO] [stdout]    6:     0x5c146ae15492 - std[617be2ca0a6fd877]::panicking::panic_with_hook
[INFO] [stdout]    7:     0x5c146adf7cd2 - std[617be2ca0a6fd877]::panicking::panic_handler::{closure#0}
[INFO] [stdout]    8:     0x5c146adf0639 - std[617be2ca0a6fd877]::sys::backtrace::__rust_end_short_backtrace::<std[617be2ca0a6fd877]::panicking::panic_handler::{closure#0}, !>
[INFO] [stdout]    9:     0x5c146adf89cd - __rustc[ea4f61d10b84890b]::rust_begin_unwind
[INFO] [stdout]   10:     0x5c146ae3451c - core[a373ad73a504971]::panicking::panic_fmt
[INFO] [stdout]   11:     0x5c146ae342f2 - core[a373ad73a504971]::result::unwrap_failed
[INFO] [stdout]   12:     0x5c146ad84fef - <tests[1e138e9c3c34775]::cli_invalid_rm::{closure#0} as core[a373ad73a504971]::ops::function::FnOnce<()>>::call_once
[INFO] [stdout]   13:     0x5c146ad8b20b - test[aada8e7e76ba119b]::__rust_begin_short_backtrace::<core[a373ad73a504971]::result::Result<(), alloc[2e1b2a31b91974c5]::string::String>, fn() -> core[a373ad73a504971]::result::Result<(), alloc[2e1b2a31b91974c5]::string::String>>
[INFO] [stdout]   14:     0x5c146ad983e5 - test[aada8e7e76ba119b]::run_test::{closure#0}
[INFO] [stdout]   15:     0x5c146ad91cd4 - std[617be2ca0a6fd877]::sys::backtrace::__rust_begin_short_backtrace::<test[aada8e7e76ba119b]::run_test::{closure#1}, ()>
[INFO] [stdout]   16:     0x5c146ad9b472 - <std[617be2ca0a6fd877]::thread::lifecycle::spawn_unchecked<test[aada8e7e76ba119b]::run_test::{closure#1}, ()>::{closure#1} as core[a373ad73a504971]::ops::function::FnOnce<()>>::call_once::{shim:vtable#0}
[INFO] [stdout]   17:     0x5c146ae1d12f - <std[617be2ca0a6fd877]::sys::thread::unix::Thread>::new::thread_start
[INFO] [stdout]   18:     0x789212603dfa - <unknown>
[INFO] [stdout]   19:     0x7892126973d4 - clone
[INFO] [stdout]   20:                0x0 - <unknown>
[INFO] [stdout] 
[INFO] [stdout] ---- cli_version stdout ----
[INFO] [stdout] 
[INFO] [stdout] thread 'cli_version' (957) panicked at tests/tests.rs:19:10:
[INFO] [stdout] called `Result::unwrap()` on an `Err` value: CargoError { cause: Some(NotFoundError { path: "/opt/rustwide/target/release/build/aeonlog/5121f4915145d9dc/out/aeonlog" }) }
[INFO] [stdout] stack backtrace:
[INFO] [stdout]    0:     0x5c146ae1dcb1 - <<std[617be2ca0a6fd877]::sys::backtrace::BacktraceLock>::print::DisplayBacktrace as core[a373ad73a504971]::fmt::Display>::fmt
[INFO] [stdout]    1:     0x5c146ae33dea - core[a373ad73a504971]::fmt::write
[INFO] [stdout]    2:     0x5c146ae234cc - <alloc[2e1b2a31b91974c5]::vec::Vec<u8> as core[a373ad73a504971]::io::write::Write>::write_fmt
[INFO] [stdout]    3:     0x5c146adf7c26 - std[617be2ca0a6fd877]::panicking::default_hook::{closure#0}
[INFO] [stdout]    4:     0x5c146ae152d9 - std[617be2ca0a6fd877]::panicking::default_hook
[INFO] [stdout]    5:     0x5c146ad97dc0 - test[aada8e7e76ba119b]::test_main_inner::{closure#0}
[INFO] [stdout]    6:     0x5c146ae15492 - std[617be2ca0a6fd877]::panicking::panic_with_hook
[INFO] [stdout]    7:     0x5c146adf7cd2 - std[617be2ca0a6fd877]::panicking::panic_handler::{closure#0}
[INFO] [stdout]    8:     0x5c146adf0639 - std[617be2ca0a6fd877]::sys::backtrace::__rust_end_short_backtrace::<std[617be2ca0a6fd877]::panicking::panic_handler::{closure#0}, !>
[INFO] [stdout]    9:     0x5c146adf89cd - __rustc[ea4f61d10b84890b]::rust_begin_unwind
[INFO] [stdout]   10:     0x5c146ae3451c - core[a373ad73a504971]::panicking::panic_fmt
[INFO] [stdout]   11:     0x5c146ae342f2 - core[a373ad73a504971]::result::unwrap_failed
[INFO] [stdout]   12:     0x5c146ad8406d - <tests[1e138e9c3c34775]::cli_version::{closure#0} as core[a373ad73a504971]::ops::function::FnOnce<()>>::call_once
[INFO] [stdout]   13:     0x5c146ad8b20b - test[aada8e7e76ba119b]::__rust_begin_short_backtrace::<core[a373ad73a504971]::result::Result<(), alloc[2e1b2a31b91974c5]::string::String>, fn() -> core[a373ad73a504971]::result::Result<(), alloc[2e1b2a31b91974c5]::string::String>>
[INFO] [stdout]   14:     0x5c146ad983e5 - test[aada8e7e76ba119b]::run_test::{closure#0}
[INFO] [stdout]   15:     0x5c146ad91cd4 - std[617be2ca0a6fd877]::sys::backtrace::__rust_begin_short_backtrace::<test[aada8e7e76ba119b]::run_test::{closure#1}, ()>
[INFO] [stdout]   16:     0x5c146ad9b472 - <std[617be2ca0a6fd877]::thread::lifecycle::spawn_unchecked<test[aada8e7e76ba119b]::run_test::{closure#1}, ()>::{closure#1} as core[a373ad73a504971]::ops::function::FnOnce<()>>::call_once::{shim:vtable#0}
[INFO] [stdout]   17:     0x5c146ae1d12f - <std[617be2ca0a6fd877]::sys::thread::unix::Thread>::new::thread_start
[INFO] [stdout]   18:     0x789212603dfa - <unknown>
[INFO] [stdout]   19:     0x7892126973d4 - clone
[INFO] [stdout]   20:                0x0 - <unknown>
[INFO] [stdout] 
[INFO] [stdout] ---- cli_invalid_set stdout ----
[INFO] [stdout] 
[INFO] [stdout] thread 'cli_invalid_set' (951) panicked at tests/tests.rs:137:10:
[INFO] [stdout] called `Result::unwrap()` on an `Err` value: CargoError { cause: Some(NotFoundError { path: "/opt/rustwide/target/release/build/aeonlog/5121f4915145d9dc/out/aeonlog" }) }
[INFO] [stdout] stack backtrace:
[INFO] [stdout]    0:     0x5c146ae1dcb1 - <<std[617be2ca0a6fd877]::sys::backtrace::BacktraceLock>::print::DisplayBacktrace as core[a373ad73a504971]::fmt::Display>::fmt
[INFO] [stdout]    1:     0x5c146ae33dea - core[a373ad73a504971]::fmt::write
[INFO] [stdout]    2:     0x5c146ae234cc - <alloc[2e1b2a31b91974c5]::vec::Vec<u8> as core[a373ad73a504971]::io::write::Write>::write_fmt
[INFO] [stdout]    3:     0x5c146adf7c26 - std[617be2ca0a6fd877]::panicking::default_hook::{closure#0}
[INFO] [stdout]    4:     0x5c146ae152d9 - std[617be2ca0a6fd877]::panicking::default_hook
[INFO] [stdout]    5:     0x5c146ad97dc0 - test[aada8e7e76ba119b]::test_main_inner::{closure#0}
[INFO] [stdout]    6:     0x5c146ae15492 - std[617be2ca0a6fd877]::panicking::panic_with_hook
[INFO] [stdout]    7:     0x5c146adf7cd2 - std[617be2ca0a6fd877]::panicking::panic_handler::{closure#0}
[INFO] [stdout]    8:     0x5c146adf0639 - std[617be2ca0a6fd877]::sys::backtrace::__rust_end_short_backtrace::<std[617be2ca0a6fd877]::panicking::panic_handler::{closure#0}, !>
[INFO] [stdout]    9:     0x5c146adf89cd - __rustc[ea4f61d10b84890b]::rust_begin_unwind
[INFO] [stdout]   10:     0x5c146ae3451c - core[a373ad73a504971]::panicking::panic_fmt
[INFO] [stdout]   11:     0x5c146ae342f2 - core[a373ad73a504971]::result::unwrap_failed
[INFO] [stdout]   12:     0x5c146ad854eb - <tests[1e138e9c3c34775]::cli_invalid_set::{closure#0} as core[a373ad73a504971]::ops::function::FnOnce<()>>::call_once
[INFO] [stdout]   13:     0x5c146ad8b20b - test[aada8e7e76ba119b]::__rust_begin_short_backtrace::<core[a373ad73a504971]::result::Result<(), alloc[2e1b2a31b91974c5]::string::String>, fn() -> core[a373ad73a504971]::result::Result<(), alloc[2e1b2a31b91974c5]::string::String>>
[INFO] [stdout]   14:     0x5c146ad983e5 - test[aada8e7e76ba119b]::run_test::{closure#0}
[INFO] [stdout]   15:     0x5c146ad91cd4 - std[617be2ca0a6fd877]::sys::backtrace::__rust_begin_short_backtrace::<test[aada8e7e76ba119b]::run_test::{closure#1}, ()>
[INFO] [stdout]   16:     0x5c146ad9b472 - <std[617be2ca0a6fd877]::thread::lifecycle::spawn_unchecked<test[aada8e7e76ba119b]::run_test::{closure#1}, ()>::{closure#1} as core[a373ad73a504971]::ops::function::FnOnce<()>>::call_once::{shim:vtable#0}
[INFO] [stdout]   17:     0x5c146ae1d12f - <std[617be2ca0a6fd877]::sys::thread::unix::Thread>::new::thread_start
[INFO] [stdout]   18:     0x789212603dfa - <unknown>
[INFO] [stdout]   19:     0x7892126973d4 - clone
[INFO] [stdout]   20:                0x0 - <unknown>
[INFO] [stdout] 
[INFO] [stdout] ---- cli_invalid_subcommand stdout ----
[INFO] [stdout] 
[INFO] [stdout] thread 'cli_invalid_subcommand' (952) panicked at tests/tests.rs:173:10:
[INFO] [stdout] called `Result::unwrap()` on an `Err` value: CargoError { cause: Some(NotFoundError { path: "/opt/rustwide/target/release/build/aeonlog/5121f4915145d9dc/out/aeonlog" }) }
[INFO] [stdout] stack backtrace:
[INFO] [stdout]    0:     0x5c146ae1dcb1 - <<std[617be2ca0a6fd877]::sys::backtrace::BacktraceLock>::print::DisplayBacktrace as core[a373ad73a504971]::fmt::Display>::fmt
[INFO] [stdout]    1:     0x5c146ae33dea - core[a373ad73a504971]::fmt::write
[INFO] [stdout]    2:     0x5c146ae234cc - <alloc[2e1b2a31b91974c5]::vec::Vec<u8> as core[a373ad73a504971]::io::write::Write>::write_fmt
[INFO] [stdout]    3:     0x5c146adf7c26 - std[617be2ca0a6fd877]::panicking::default_hook::{closure#0}
[INFO] [stdout]    4:     0x5c146ae152d9 - std[617be2ca0a6fd877]::panicking::default_hook
[INFO] [stdout]    5:     0x5c146ad97dc0 - test[aada8e7e76ba119b]::test_main_inner::{closure#0}
[INFO] [stdout]    6:     0x5c146ae15492 - std[617be2ca0a6fd877]::panicking::panic_with_hook
[INFO] [stdout]    7:     0x5c146adf7cd2 - std[617be2ca0a6fd877]::panicking::panic_handler::{closure#0}
[INFO] [stdout]    8:     0x5c146adf0639 - std[617be2ca0a6fd877]::sys::backtrace::__rust_end_short_backtrace::<std[617be2ca0a6fd877]::panicking::panic_handler::{closure#0}, !>
[INFO] [stdout]    9:     0x5c146adf89cd - __rustc[ea4f61d10b84890b]::rust_begin_unwind
[INFO] [stdout]   10:     0x5c146ae3451c - core[a373ad73a504971]::panicking::panic_fmt
[INFO] [stdout]   11:     0x5c146ae342f2 - core[a373ad73a504971]::result::unwrap_failed
[INFO] [stdout]   12:     0x5c146ad86cb8 - <tests[1e138e9c3c34775]::cli_invalid_subcommand::{closure#0} as core[a373ad73a504971]::ops::function::FnOnce<()>>::call_once
[INFO] [stdout]   13:     0x5c146ad8b20b - test[aada8e7e76ba119b]::__rust_begin_short_backtrace::<core[a373ad73a504971]::result::Result<(), alloc[2e1b2a31b91974c5]::string::String>, fn() -> core[a373ad73a504971]::result::Result<(), alloc[2e1b2a31b91974c5]::string::String>>
[INFO] [stdout]   14:     0x5c146ad983e5 - test[aada8e7e76ba119b]::run_test::{closure#0}
[INFO] [stdout]   15:     0x5c146ad91cd4 - std[617be2ca0a6fd877]::sys::backtrace::__rust_begin_short_backtrace::<test[aada8e7e76ba119b]::run_test::{closure#1}, ()>
[INFO] [stdout]   16:     0x5c146ad9b472 - <std[617be2ca0a6fd877]::thread::lifecycle::spawn_unchecked<test[aada8e7e76ba119b]::run_test::{closure#1}, ()>::{closure#1} as core[a373ad73a504971]::ops::function::FnOnce<()>>::call_once::{shim:vtable#0}
[INFO] [stdout]   17:     0x5c146ae1d12f - <std[617be2ca0a6fd877]::sys::thread::unix::Thread>::new::thread_start
[INFO] [stdout]   18:     0x789212603dfa - <unknown>
[INFO] [stdout]   19:     0x7892126973d4 - clone
[INFO] [stdout]   20:                0x0 - <unknown>
[INFO] [stdout] 
[INFO] [stdout] ---- cli_rm_non_existent_key stdout ----
[INFO] [stdout] 
[INFO] [stdout] thread 'cli_rm_non_existent_key' (954) panicked at tests/tests.rs:43:10:
[INFO] [stdout] called `Result::unwrap()` on an `Err` value: CargoError { cause: Some(NotFoundError { path: "/opt/rustwide/target/release/build/aeonlog/5121f4915145d9dc/out/aeonlog" }) }
[INFO] [stdout] stack backtrace:
[INFO] [stdout]    0:     0x5c146ae1dcb1 - <<std[617be2ca0a6fd877]::sys::backtrace::BacktraceLock>::print::DisplayBacktrace as core[a373ad73a504971]::fmt::Display>::fmt
[INFO] [stdout]    1:     0x5c146ae33dea - core[a373ad73a504971]::fmt::write
[INFO] [stdout]    2:     0x5c146ae234cc - <alloc[2e1b2a31b91974c5]::vec::Vec<u8> as core[a373ad73a504971]::io::write::Write>::write_fmt
[INFO] [stdout]    3:     0x5c146adf7c26 - std[617be2ca0a6fd877]::panicking::default_hook::{closure#0}
[INFO] [stdout]    4:     0x5c146ae152d9 - std[617be2ca0a6fd877]::panicking::default_hook
[INFO] [stdout]    5:     0x5c146ad97dc0 - test[aada8e7e76ba119b]::test_main_inner::{closure#0}
[INFO] [stdout]    6:     0x5c146ae15492 - std[617be2ca0a6fd877]::panicking::panic_with_hook
[INFO] [stdout]    7:     0x5c146adf7cd2 - std[617be2ca0a6fd877]::panicking::panic_handler::{closure#0}
[INFO] [stdout]    8:     0x5c146adf0639 - std[617be2ca0a6fd877]::sys::backtrace::__rust_end_short_backtrace::<std[617be2ca0a6fd877]::panicking::panic_handler::{closure#0}, !>
[INFO] [stdout]    9:     0x5c146adf89cd - __rustc[ea4f61d10b84890b]::rust_begin_unwind
[INFO] [stdout]   10:     0x5c146ae3451c - core[a373ad73a504971]::panicking::panic_fmt
[INFO] [stdout]   11:     0x5c146ae342f2 - core[a373ad73a504971]::result::unwrap_failed
[INFO] [stdout]   12:     0x5c146ad87456 - <tests[1e138e9c3c34775]::cli_rm_non_existent_key::{closure#0} as core[a373ad73a504971]::ops::function::FnOnce<()>>::call_once
[INFO] [stdout]   13:     0x5c146ad8b20b - test[aada8e7e76ba119b]::__rust_begin_short_backtrace::<core[a373ad73a504971]::result::Result<(), alloc[2e1b2a31b91974c5]::string::String>, fn() -> core[a373ad73a504971]::result::Result<(), alloc[2e1b2a31b91974c5]::string::String>>
[INFO] [stdout]   14:     0x5c146ad983e5 - test[aada8e7e76ba119b]::run_test::{closure#0}
[INFO] [stdout]   15:     0x5c146ad91cd4 - std[617be2ca0a6fd877]::sys::backtrace::__rust_begin_short_backtrace::<test[aada8e7e76ba119b]::run_test::{closure#1}, ()>
[INFO] [stdout]   16:     0x5c146ad9b472 - <std[617be2ca0a6fd877]::thread::lifecycle::spawn_unchecked<test[aada8e7e76ba119b]::run_test::{closure#1}, ()>::{closure#1} as core[a373ad73a504971]::ops::function::FnOnce<()>>::call_once::{shim:vtable#0}
[INFO] [stdout]   17:     0x5c146ae1d12f - <std[617be2ca0a6fd877]::sys::thread::unix::Thread>::new::thread_start
[INFO] [stdout]   18:     0x789212603dfa - <unknown>
[INFO] [stdout]   19:     0x7892126973d4 - clone
[INFO] [stdout]   20:                0x0 - <unknown>
[INFO] [stdout] 
[INFO] [stdout] ---- cli_set stdout ----
[INFO] [stdout] 
[INFO] [stdout] thread 'cli_set' (956) panicked at tests/tests.rs:56:10:
[INFO] [stdout] called `Result::unwrap()` on an `Err` value: CargoError { cause: Some(NotFoundError { path: "/opt/rustwide/target/release/build/aeonlog/5121f4915145d9dc/out/aeonlog" }) }
[INFO] [stdout] stack backtrace:
[INFO] [stdout]    0:     0x5c146ae1dcb1 - <<std[617be2ca0a6fd877]::sys::backtrace::BacktraceLock>::print::DisplayBacktrace as core[a373ad73a504971]::fmt::Display>::fmt
[INFO] [stdout]    1:     0x5c146ae33dea - core[a373ad73a504971]::fmt::write
[INFO] [stdout]    2:     0x5c146ae234cc - <alloc[2e1b2a31b91974c5]::vec::Vec<u8> as core[a373ad73a504971]::io::write::Write>::write_fmt
[INFO] [stdout]    3:     0x5c146adf7c26 - std[617be2ca0a6fd877]::panicking::default_hook::{closure#0}
[INFO] [stdout]    4:     0x5c146ae152d9 - std[617be2ca0a6fd877]::panicking::default_hook
[INFO] [stdout]    5:     0x5c146ad97dc0 - test[aada8e7e76ba119b]::test_main_inner::{closure#0}
[INFO] [stdout]    6:     0x5c146ae15492 - std[617be2ca0a6fd877]::panicking::panic_with_hook
[INFO] [stdout]    7:     0x5c146adf7cd2 - std[617be2ca0a6fd877]::panicking::panic_handler::{closure#0}
[INFO] [stdout]    8:     0x5c146adf0639 - std[617be2ca0a6fd877]::sys::backtrace::__rust_end_short_backtrace::<std[617be2ca0a6fd877]::panicking::panic_handler::{closure#0}, !>
[INFO] [stdout]    9:     0x5c146adf89cd - __rustc[ea4f61d10b84890b]::rust_begin_unwind
[INFO] [stdout]   10:     0x5c146ae3451c - core[a373ad73a504971]::panicking::panic_fmt
[INFO] [stdout]   11:     0x5c146ae342f2 - core[a373ad73a504971]::result::unwrap_failed
[INFO] [stdout]   12:     0x5c146ad87beb - <tests[1e138e9c3c34775]::cli_set::{closure#0} as core[a373ad73a504971]::ops::function::FnOnce<()>>::call_once
[INFO] [stdout]   13:     0x5c146ad8b20b - test[aada8e7e76ba119b]::__rust_begin_short_backtrace::<core[a373ad73a504971]::result::Result<(), alloc[2e1b2a31b91974c5]::string::String>, fn() -> core[a373ad73a504971]::result::Result<(), alloc[2e1b2a31b91974c5]::string::String>>
[INFO] [stdout]   14:     0x5c146ad983e5 - test[aada8e7e76ba119b]::run_test::{closure#0}
[INFO] [stdout]   15:     0x5c146ad91cd4 - std[617be2ca0a6fd877]::sys::backtrace::__rust_begin_short_backtrace::<test[aada8e7e76ba119b]::run_test::{closure#1}, ()>
[INFO] [stdout]   16:     0x5c146ad9b472 - <std[617be2ca0a6fd877]::thread::lifecycle::spawn_unchecked<test[aada8e7e76ba119b]::run_test::{closure#1}, ()>::{closure#1} as core[a373ad73a504971]::ops::function::FnOnce<()>>::call_once::{shim:vtable#0}
[INFO] [stdout]   17:     0x5c146ae1d12f - <std[617be2ca0a6fd877]::sys::thread::unix::Thread>::new::thread_start
[INFO] [stdout]   18:     0x789212603dfa - <unknown>
[INFO] [stdout]   19:     0x7892126973d4 - clone
[INFO] [stdout]   20:                0x0 - <unknown>
[INFO] [stdout] 
[INFO] [stdout] ---- cli_rm_stored stdout ----
[INFO] [stdout] 
[INFO] [stdout] thread 'cli_rm_stored' (955) panicked at tests/tests.rs:101:10:
[INFO] [stdout] called `Result::unwrap()` on an `Err` value: CargoError { cause: Some(NotFoundError { path: "/opt/rustwide/target/release/build/aeonlog/5121f4915145d9dc/out/aeonlog" }) }
[INFO] [stdout] stack backtrace:
[INFO] [stdout]    0:     0x5c146ae1dcb1 - <<std[617be2ca0a6fd877]::sys::backtrace::BacktraceLock>::print::DisplayBacktrace as core[a373ad73a504971]::fmt::Display>::fmt
[INFO] [stdout]    1:     0x5c146ae33dea - core[a373ad73a504971]::fmt::write
[INFO] [stdout]    2:     0x5c146ae234cc - <alloc[2e1b2a31b91974c5]::vec::Vec<u8> as core[a373ad73a504971]::io::write::Write>::write_fmt
[INFO] [stdout]    3:     0x5c146adf7c26 - std[617be2ca0a6fd877]::panicking::default_hook::{closure#0}
[INFO] [stdout]    4:     0x5c146ae152d9 - std[617be2ca0a6fd877]::panicking::default_hook
[INFO] [stdout]    5:     0x5c146ad97dc0 - test[aada8e7e76ba119b]::test_main_inner::{closure#0}
[INFO] [stdout]    6:     0x5c146ae15492 - std[617be2ca0a6fd877]::panicking::panic_with_hook
[INFO] [stdout]    7:     0x5c146adf7cd2 - std[617be2ca0a6fd877]::panicking::panic_handler::{closure#0}
[INFO] [stdout]    8:     0x5c146adf0639 - std[617be2ca0a6fd877]::sys::backtrace::__rust_end_short_backtrace::<std[617be2ca0a6fd877]::panicking::panic_handler::{closure#0}, !>
[INFO] [stdout]    9:     0x5c146adf89cd - __rustc[ea4f61d10b84890b]::rust_begin_unwind
[INFO] [stdout]   10:     0x5c146ae3451c - core[a373ad73a504971]::panicking::panic_fmt
[INFO] [stdout]   11:     0x5c146ae342f2 - core[a373ad73a504971]::result::unwrap_failed
[INFO] [stdout]   12:     0x5c146ad845f4 - <tests[1e138e9c3c34775]::cli_rm_stored::{closure#0} as core[a373ad73a504971]::ops::function::FnOnce<()>>::call_once
[INFO] [stdout]   13:     0x5c146ad8b20b - test[aada8e7e76ba119b]::__rust_begin_short_backtrace::<core[a373ad73a504971]::result::Result<(), alloc[2e1b2a31b91974c5]::string::String>, fn() -> core[a373ad73a504971]::result::Result<(), alloc[2e1b2a31b91974c5]::string::String>>
[INFO] [stdout]   14:     0x5c146ad983e5 - test[aada8e7e76ba119b]::run_test::{closure#0}
[INFO] [stdout]   15:     0x5c146ad91cd4 - std[617be2ca0a6fd877]::sys::backtrace::__rust_begin_short_backtrace::<test[aada8e7e76ba119b]::run_test::{closure#1}, ()>
[INFO] [stdout]   16:     0x5c146ad9b472 - <std[617be2ca0a6fd877]::thread::lifecycle::spawn_unchecked<test[aada8e7e76ba119b]::run_test::{closure#1}, ()>::{closure#1} as core[a373ad73a504971]::ops::function::FnOnce<()>>::call_once::{shim:vtable#0}
[INFO] [stdout]   17:     0x5c146ae1d12f - <std[617be2ca0a6fd877]::sys::thread::unix::Thread>::new::thread_start
[INFO] [stdout]   18:     0x789212603dfa - <unknown>
[INFO] [stdout]   19:     0x7892126973d4 - clone
[INFO] [stdout]   20:                0x0 - <unknown>
[INFO] [stdout] 
[INFO] [stdout] ---- cli_no_args stdout ----
[INFO] [stdout] 
[INFO] [stdout] thread 'cli_no_args' (953) panicked at tests/tests.rs:12:35:
[INFO] [stdout] called `Result::unwrap()` on an `Err` value: CargoError { cause: Some(NotFoundError { path: "/opt/rustwide/target/release/build/aeonlog/5121f4915145d9dc/out/aeonlog" }) }
[INFO] [stdout] stack backtrace:
[INFO] [stdout]    0:     0x5c146ae1dcb1 - <<std[617be2ca0a6fd877]::sys::backtrace::BacktraceLock>::print::DisplayBacktrace as core[a373ad73a504971]::fmt::Display>::fmt
[INFO] [stdout]    1:     0x5c146ae33dea - core[a373ad73a504971]::fmt::write
[INFO] [stdout]    2:     0x5c146ae234cc - <alloc[2e1b2a31b91974c5]::vec::Vec<u8> as core[a373ad73a504971]::io::write::Write>::write_fmt
[INFO] [stdout]    3:     0x5c146adf7c26 - std[617be2ca0a6fd877]::panicking::default_hook::{closure#0}
[INFO] [stdout]    4:     0x5c146ae152d9 - std[617be2ca0a6fd877]::panicking::default_hook
[INFO] [stdout]    5:     0x5c146ad97dc0 - test[aada8e7e76ba119b]::test_main_inner::{closure#0}
[INFO] [stdout]    6:     0x5c146ae15492 - std[617be2ca0a6fd877]::panicking::panic_with_hook
[INFO] [stdout]    7:     0x5c146adf7cd2 - std[617be2ca0a6fd877]::panicking::panic_handler::{closure#0}
[INFO] [stdout]    8:     0x5c146adf0639 - std[617be2ca0a6fd877]::sys::backtrace::__rust_end_short_backtrace::<std[617be2ca0a6fd877]::panicking::panic_handler::{closure#0}, !>
[INFO] [stdout]    9:     0x5c146adf89cd - __rustc[ea4f61d10b84890b]::rust_begin_unwind
[INFO] [stdout]   10:     0x5c146ae3451c - core[a373ad73a504971]::panicking::panic_fmt
[INFO] [stdout]   11:     0x5c146ae342f2 - core[a373ad73a504971]::result::unwrap_failed
[INFO] [stdout]   12:     0x5c146ad83eaa - <tests[1e138e9c3c34775]::cli_no_args::{closure#0} as core[a373ad73a504971]::ops::function::FnOnce<()>>::call_once
[INFO] [stdout]   13:     0x5c146ad8b20b - test[aada8e7e76ba119b]::__rust_begin_short_backtrace::<core[a373ad73a504971]::result::Result<(), alloc[2e1b2a31b91974c5]::string::String>, fn() -> core[a373ad73a504971]::result::Result<(), alloc[2e1b2a31b91974c5]::string::String>>
[INFO] [stdout]   14:     0x5c146ad983e5 - test[aada8e7e76ba119b]::run_test::{closure#0}
[INFO] [stdout]   15:     0x5c146ad91cd4 - std[617be2ca0a6fd877]::sys::backtrace::__rust_begin_short_backtrace::<test[aada8e7e76ba119b]::run_test::{closure#1}, ()>
[INFO] [stdout]   16:     0x5c146ad9b472 - <std[617be2ca0a6fd877]::thread::lifecycle::spawn_unchecked<test[aada8e7e76ba119b]::run_test::{closure#1}, ()>::{closure#1} as core[a373ad73a504971]::ops::function::FnOnce<()>>::call_once::{shim:vtable#0}
[INFO] [stdout]   17:     0x5c146ae1d12f - <std[617be2ca0a6fd877]::sys::thread::unix::Thread>::new::thread_start
[INFO] [stdout]   18:     0x789212603dfa - <unknown>
[INFO] [stdout]   19:     0x7892126973d4 - clone
[INFO] [stdout]   20:                0x0 - <unknown>
[INFO] [stdout] 
[INFO] [stdout] 
[INFO] [stdout] failures:
[INFO] [stdout]     cli_get_non_existent_key
[INFO] [stdout]     cli_get_stored
[INFO] [stdout]     cli_invalid_get
[INFO] [stdout]     cli_invalid_rm
[INFO] [stdout]     cli_invalid_set
[INFO] [stdout]     cli_invalid_subcommand
[INFO] [stdout]     cli_no_args
[INFO] [stdout]     cli_rm_non_existent_key
[INFO] [stdout]     cli_rm_stored
[INFO] [stdout]     cli_set
[INFO] [stdout]     cli_version
[INFO] [stdout] 
[INFO] [stdout] test result: FAILED. 6 passed; 11 failed; 0 ignored; 0 measured; 0 filtered out; finished in 0.10s
[INFO] [stdout] 
[INFO] [stderr] error: test failed, to rerun pass `--test tests`
[INFO] running `Command { std: "docker" "inspect" "5017dc59f296463d407dd28a4b7326e5b192a76626dbf19a779f99574acfa4bf", kill_on_drop: false }`
[INFO] running `Command { std: "docker" "rm" "-f" "5017dc59f296463d407dd28a4b7326e5b192a76626dbf19a779f99574acfa4bf", kill_on_drop: false }`
[INFO] [stdout] 5017dc59f296463d407dd28a4b7326e5b192a76626dbf19a779f99574acfa4bf
