[INFO] cloning repository https://github.com/nelfin/toggle-comment
[INFO] running `Command { std: "git" "-c" "credential.helper=" "-c" "credential.helper=/workspace/cargo-home/bin/git-credential-null" "clone" "--bare" "https://github.com/nelfin/toggle-comment" "/workspace/cache/git-repos/https%3A%2F%2Fgithub.com%2Fnelfin%2Ftoggle-comment", kill_on_drop: false }`
[INFO] [stderr] Cloning into bare repository '/workspace/cache/git-repos/https%3A%2F%2Fgithub.com%2Fnelfin%2Ftoggle-comment'...
[INFO] running `Command { std: "git" "rev-parse" "HEAD", kill_on_drop: false }`
[INFO] [stdout] c96cd774bd757ca088352bc93b8eea5ab24a9933
[INFO] testing nelfin/toggle-comment against 1.100.0-beta.1+cargoflags=--release for beta-release-1.100-3
[INFO] running `Command { std: "git" "clone" "/workspace/cache/git-repos/https%3A%2F%2Fgithub.com%2Fnelfin%2Ftoggle-comment" "/workspace/builds/worker-1-tc2/source", kill_on_drop: false }`
[INFO] [stderr] Cloning into '/workspace/builds/worker-1-tc2/source'...
[INFO] [stderr] done.
[INFO] started tweaking git repo https://github.com/nelfin/toggle-comment
[INFO] finished tweaking git repo https://github.com/nelfin/toggle-comment
[INFO] tweaked toml for git repo https://github.com/nelfin/toggle-comment written to /workspace/builds/worker-1-tc2/source/Cargo.toml
[INFO] validating manifest of git repo https://github.com/nelfin/toggle-comment on toolchain 1.100.0-beta.1
[INFO] running `Command { std: CARGO_HOME="/workspace/cargo-home" RUSTUP_HOME="/workspace/rustup-home" "/workspace/cargo-home/bin/cargo" "+1.100.0-beta.1" "metadata" "--manifest-path" "Cargo.toml" "--no-deps", kill_on_drop: false }`
[INFO] crate git repo https://github.com/nelfin/toggle-comment already has a lockfile, it will not be regenerated
[INFO] running `Command { std: CARGO_HOME="/workspace/cargo-home" RUSTUP_HOME="/workspace/rustup-home" "/workspace/cargo-home/bin/cargo" "+1.100.0-beta.1" "fetch" "--manifest-path" "Cargo.toml", kill_on_drop: false }`
[INFO] [stderr]     Blocking waiting for file lock on package cache
[INFO] running `Command { std: "docker" "create" "-v" "/var/lib/crater-agent-workspace/builds/worker-1-tc2/source:/opt/rustwide/workdir:ro,Z" "-v" "/var/lib/crater-agent-workspace/builds/worker-1-tc2/target:/opt/rustwide/target:rw,Z" "-v" "/var/lib/crater-agent-workspace/cargo-home:/opt/rustwide/cargo-home:ro,Z" "-v" "/var/lib/crater-agent-workspace/rustup-home:/opt/rustwide/rustup-home:ro,Z" "-m" "1610612736" "--network" "none" "ghcr.io/rust-lang/crates-build-env/linux@sha256:77db811e55d90add9212f6832c23229e3de5f1c1f9905e8cb07319ea15df73ac" "sleep" "infinity", kill_on_drop: false }`
[INFO] [stdout] 2e3d893ded105b2cd7553d399224e74b899335c4630b7104767835d327da440c
[INFO] running `Command { std: "docker" "start" "2e3d893ded105b2cd7553d399224e74b899335c4630b7104767835d327da440c", kill_on_drop: false }`
[INFO] running `Command { std: "docker" "inspect" "2e3d893ded105b2cd7553d399224e74b899335c4630b7104767835d327da440c", kill_on_drop: false }`
[INFO] running `Command { std: "docker" "exec" "-e" "SOURCE_DIR=/opt/rustwide/workdir" "-e" "CARGO_HOME=/opt/rustwide/cargo-home" "-e" "RUSTUP_HOME=/opt/rustwide/rustup-home" "-e" "CARGO_TARGET_DIR=/opt/rustwide/target" "-w" "/opt/rustwide/workdir" "--user" "0:0" "2e3d893ded105b2cd7553d399224e74b899335c4630b7104767835d327da440c" "/opt/rustwide/cargo-home/bin/cargo" "+1.100.0-beta.1" "metadata" "--no-deps" "--format-version=1", kill_on_drop: false }`
[INFO] running `Command { std: "docker" "inspect" "2e3d893ded105b2cd7553d399224e74b899335c4630b7104767835d327da440c", kill_on_drop: false }`
[INFO] running `Command { std: "docker" "exec" "-e" "SOURCE_DIR=/opt/rustwide/workdir" "-e" "CARGO_HOME=/opt/rustwide/cargo-home" "-e" "RUSTUP_HOME=/opt/rustwide/rustup-home" "-e" "CARGO_TARGET_DIR=/opt/rustwide/target" "-e" "CARGO_INCREMENTAL=0" "-e" "RUST_BACKTRACE=full" "-e" "RUSTFLAGS=--cap-lints=warn" "-e" "RUSTDOCFLAGS=--cap-lints=warn" "-w" "/opt/rustwide/workdir" "--user" "0:0" "2e3d893ded105b2cd7553d399224e74b899335c4630b7104767835d327da440c" "/opt/rustwide/cargo-home/bin/cargo" "+1.100.0-beta.1" "build" "--frozen" "--message-format=json" "--release", kill_on_drop: false }`
[INFO] [stderr]    Compiling memchr v2.3.3
[INFO] [stderr]    Compiling bitflags v1.2.1
[INFO] [stderr]    Compiling unicode-width v0.1.8
[INFO] [stderr]    Compiling regex-syntax v0.6.18
[INFO] [stderr]    Compiling thread_local v1.0.1
[INFO] [stderr]    Compiling textwrap v0.11.0
[INFO] [stderr]    Compiling clap v2.33.3
[INFO] [stderr]    Compiling aho-corasick v0.7.13
[INFO] [stderr]    Compiling regex v1.3.9
[INFO] [stderr]    Compiling toggle-comment v0.5.0 (/opt/rustwide/workdir)
[INFO] [stdout] warning: unused variable: `s`
[INFO] [stdout]    --> src/main.rs:139:31
[INFO] [stdout]     |
[INFO] [stdout] 139 |             AddressRange(Line(s), Step(count)) => todo!(),
[INFO] [stdout]     |                               ^ help: if this is intentional, prefix it with an underscore: `_s`
[INFO] [stdout]     |
[INFO] [stdout]     = note: `#[warn(unused_variables)]` (part of `#[warn(unused)]`) on by default
[INFO] [stdout] 
[INFO] [stdout] 
[INFO] [stdout] warning: unused variable: `count`
[INFO] [stdout]    --> src/main.rs:139:40
[INFO] [stdout]     |
[INFO] [stdout] 139 |             AddressRange(Line(s), Step(count)) => todo!(),
[INFO] [stdout]     |                                        ^^^^^ help: if this is intentional, prefix it with an underscore: `_count`
[INFO] [stdout] 
[INFO] [stdout] 
[INFO] [stdout] warning: unused variable: `s`
[INFO] [stdout]    --> src/main.rs:158:39
[INFO] [stdout]     |
[INFO] [stdout] 158 |             AddressRange(RegexPattern(s), Step(count)) => todo!(),
[INFO] [stdout]     |                                       ^ help: if this is intentional, prefix it with an underscore: `_s`
[INFO] [stdout] 
[INFO] [stdout] 
[INFO] [stdout] warning: unused variable: `count`
[INFO] [stdout]    --> src/main.rs:158:48
[INFO] [stdout]     |
[INFO] [stdout] 158 |             AddressRange(RegexPattern(s), Step(count)) => todo!(),
[INFO] [stdout]     |                                                ^^^^^ help: if this is intentional, prefix it with an underscore: `_count`
[INFO] [stdout] 
[INFO] [stdout] 
[INFO] [stdout] warning: variant `Step` is never constructed
[INFO] [stdout]   --> src/main.rs:44:5
[INFO] [stdout]    |
[INFO] [stdout] 40 | enum AddressComponent {
[INFO] [stdout]    |      ---------------- variant in this enum
[INFO] [stdout] ...
[INFO] [stdout] 44 |     Step(usize),            // ~N
[INFO] [stdout]    |     ^^^^
[INFO] [stdout]    |
[INFO] [stdout]    = note: `#[warn(dead_code)]` (part of `#[warn(unused)]`) on by default
[INFO] [stdout] 
[INFO] [stdout] 
[INFO] [stderr]     Finished `release` profile [optimized] target(s) in 22.38s
[INFO] running `Command { std: "docker" "inspect" "2e3d893ded105b2cd7553d399224e74b899335c4630b7104767835d327da440c", kill_on_drop: false }`
[INFO] running `Command { std: "docker" "exec" "-e" "SOURCE_DIR=/opt/rustwide/workdir" "-e" "CARGO_HOME=/opt/rustwide/cargo-home" "-e" "RUSTUP_HOME=/opt/rustwide/rustup-home" "-e" "CARGO_TARGET_DIR=/opt/rustwide/target" "-e" "CARGO_INCREMENTAL=0" "-e" "RUST_BACKTRACE=full" "-e" "RUSTFLAGS=--cap-lints=warn" "-e" "RUSTDOCFLAGS=--cap-lints=warn" "-w" "/opt/rustwide/workdir" "--user" "0:0" "2e3d893ded105b2cd7553d399224e74b899335c4630b7104767835d327da440c" "/opt/rustwide/cargo-home/bin/cargo" "+1.100.0-beta.1" "test" "--frozen" "--no-run" "--message-format=json" "--release", kill_on_drop: false }`
[INFO] [stdout] warning: unused variable: `s`
[INFO] [stdout]    --> src/main.rs:139:31
[INFO] [stdout]     |
[INFO] [stdout] 139 |             AddressRange(Line(s), Step(count)) => todo!(),
[INFO] [stdout]     |                               ^ help: if this is intentional, prefix it with an underscore: `_s`
[INFO] [stdout]     |
[INFO] [stdout]     = note: `#[warn(unused_variables)]` (part of `#[warn(unused)]`) on by default
[INFO] [stdout] 
[INFO] [stdout] 
[INFO] [stdout] warning: unused variable: `count`
[INFO] [stdout]    --> src/main.rs:139:40
[INFO] [stdout]     |
[INFO] [stdout] 139 |             AddressRange(Line(s), Step(count)) => todo!(),
[INFO] [stdout]     |                                        ^^^^^ help: if this is intentional, prefix it with an underscore: `_count`
[INFO] [stdout] 
[INFO] [stdout] 
[INFO] [stdout] warning: unused variable: `s`
[INFO] [stdout]    --> src/main.rs:158:39
[INFO] [stdout]     |
[INFO] [stdout] 158 |             AddressRange(RegexPattern(s), Step(count)) => todo!(),
[INFO] [stdout]     |                                       ^ help: if this is intentional, prefix it with an underscore: `_s`
[INFO] [stdout] 
[INFO] [stdout] 
[INFO] [stdout] warning: unused variable: `count`
[INFO] [stdout]    --> src/main.rs:158:48
[INFO] [stdout]     |
[INFO] [stdout] 158 |             AddressRange(RegexPattern(s), Step(count)) => todo!(),
[INFO] [stdout]     |                                                ^^^^^ help: if this is intentional, prefix it with an underscore: `_count`
[INFO] [stdout] 
[INFO] [stdout] 
[INFO] [stderr]    Compiling toggle-comment v0.5.0 (/opt/rustwide/workdir)
[INFO] [stdout] warning: variant `Step` is never constructed
[INFO] [stdout]   --> src/main.rs:44:5
[INFO] [stdout]    |
[INFO] [stdout] 40 | enum AddressComponent {
[INFO] [stdout]    |      ---------------- variant in this enum
[INFO] [stdout] ...
[INFO] [stdout] 44 |     Step(usize),            // ~N
[INFO] [stdout]    |     ^^^^
[INFO] [stdout]    |
[INFO] [stdout]    = note: `#[warn(dead_code)]` (part of `#[warn(unused)]`) on by default
[INFO] [stdout] 
[INFO] [stdout] 
[INFO] [stdout] warning: unused import: `AddressComponent::*`
[INFO] [stdout]    --> src/test.rs:205:29
[INFO] [stdout]     |
[INFO] [stdout] 205 | use {Address::AddressRange, AddressComponent::*};
[INFO] [stdout]     |                             ^^^^^^^^^^^^^^^^^^^
[INFO] [stdout]     |
[INFO] [stdout]     = note: `#[warn(unused_imports)]` (part of `#[warn(unused)]`) on by default
[INFO] [stdout] 
[INFO] [stdout] 
[INFO] [stdout] warning: trailing semicolon in macro used in expression position
[INFO] [stdout]    --> src/test.rs:207:74
[INFO] [stdout]     |
[INFO] [stdout] 206 | macro_rules! address_range {
[INFO] [stdout] 207 |     ($range:expr) => { AddressPattern { pattern: $range, negated: false }; };
[INFO] [stdout]     |                                                                          ^
[INFO] [stdout] ...
[INFO] [stdout] 216 |     let addr = address_range!(Address::ZeroAddress);
[INFO] [stdout]     |                ------------------------------------ in this macro invocation
[INFO] [stdout]     |
[INFO] [stdout]     = warning: this was previously accepted by the compiler but is being phased out; it will become a hard error in a future release!
[INFO] [stdout]     = note: for more information, see issue #79813 <https://github.com/rust-lang/rust/issues/79813>
[INFO] [stdout]     = note: `#[warn(semicolon_in_expressions_from_macros)]` (part of `#[warn(future_incompatible)]`) on by default
[INFO] [stdout] 
[INFO] [stdout] 
[INFO] [stdout] warning: trailing semicolon in macro used in expression position
[INFO] [stdout]    --> src/test.rs:208:92
[INFO] [stdout]     |
[INFO] [stdout] 206 | macro_rules! address_range {
[INFO] [stdout] 207 |     ($range:expr) => { AddressPattern { pattern: $range, negated: false }; };
[INFO] [stdout] 208 |     ($range:expr, $negated:expr) => { AddressPattern { pattern: $range, negated: $negated }; };
[INFO] [stdout]     |                                                                                            ^
[INFO] [stdout] ...
[INFO] [stdout] 223 |     let addr = address_range!(Address::ZeroAddress, true);
[INFO] [stdout]     |                ------------------------------------------ in this macro invocation
[INFO] [stdout]     |
[INFO] [stdout]     = warning: this was previously accepted by the compiler but is being phased out; it will become a hard error in a future release!
[INFO] [stdout]     = note: for more information, see issue #79813 <https://github.com/rust-lang/rust/issues/79813>
[INFO] [stdout] 
[INFO] [stdout] 
[INFO] [stdout] warning: trailing semicolon in macro used in expression position
[INFO] [stdout]    --> src/test.rs:207:74
[INFO] [stdout]     |
[INFO] [stdout] 206 | macro_rules! address_range {
[INFO] [stdout] 207 |     ($range:expr) => { AddressPattern { pattern: $range, negated: false }; };
[INFO] [stdout]     |                                                                          ^
[INFO] [stdout] ...
[INFO] [stdout] 229 |     let addr = address_range!(Address::OneAddress(Line(3)));
[INFO] [stdout]     |                -------------------------------------------- in this macro invocation
[INFO] [stdout]     |
[INFO] [stdout]     = warning: this was previously accepted by the compiler but is being phased out; it will become a hard error in a future release!
[INFO] [stdout]     = note: for more information, see issue #79813 <https://github.com/rust-lang/rust/issues/79813>
[INFO] [stdout] 
[INFO] [stdout] 
[INFO] [stdout] warning: trailing semicolon in macro used in expression position
[INFO] [stdout]    --> src/test.rs:208:92
[INFO] [stdout]     |
[INFO] [stdout] 206 | macro_rules! address_range {
[INFO] [stdout] 207 |     ($range:expr) => { AddressPattern { pattern: $range, negated: false }; };
[INFO] [stdout] 208 |     ($range:expr, $negated:expr) => { AddressPattern { pattern: $range, negated: $negated }; };
[INFO] [stdout]     |                                                                                            ^
[INFO] [stdout] ...
[INFO] [stdout] 236 |     let addr = address_range!(Address::OneAddress(Line(3)), true);
[INFO] [stdout]     |                -------------------------------------------------- in this macro invocation
[INFO] [stdout]     |
[INFO] [stdout]     = warning: this was previously accepted by the compiler but is being phased out; it will become a hard error in a future release!
[INFO] [stdout]     = note: for more information, see issue #79813 <https://github.com/rust-lang/rust/issues/79813>
[INFO] [stdout] 
[INFO] [stdout] 
[INFO] [stdout] warning: trailing semicolon in macro used in expression position
[INFO] [stdout]    --> src/test.rs:207:74
[INFO] [stdout]     |
[INFO] [stdout] 206 | macro_rules! address_range {
[INFO] [stdout] 207 |     ($range:expr) => { AddressPattern { pattern: $range, negated: false }; };
[INFO] [stdout]     |                                                                          ^
[INFO] [stdout] ...
[INFO] [stdout] 243 |     let addr = address_range!(AddressRange(Line(3), Line(5)));
[INFO] [stdout]     |                ---------------------------------------------- in this macro invocation
[INFO] [stdout]     |
[INFO] [stdout]     = warning: this was previously accepted by the compiler but is being phased out; it will become a hard error in a future release!
[INFO] [stdout]     = note: for more information, see issue #79813 <https://github.com/rust-lang/rust/issues/79813>
[INFO] [stdout] 
[INFO] [stdout] 
[INFO] [stdout] warning: trailing semicolon in macro used in expression position
[INFO] [stdout]    --> src/test.rs:208:92
[INFO] [stdout]     |
[INFO] [stdout] 206 | macro_rules! address_range {
[INFO] [stdout] 207 |     ($range:expr) => { AddressPattern { pattern: $range, negated: false }; };
[INFO] [stdout] 208 |     ($range:expr, $negated:expr) => { AddressPattern { pattern: $range, negated: $negated }; };
[INFO] [stdout]     |                                                                                            ^
[INFO] [stdout] ...
[INFO] [stdout] 250 |     let addr = address_range!(AddressRange(Line(3), Line(5)), true);
[INFO] [stdout]     |                ---------------------------------------------------- in this macro invocation
[INFO] [stdout]     |
[INFO] [stdout]     = warning: this was previously accepted by the compiler but is being phased out; it will become a hard error in a future release!
[INFO] [stdout]     = note: for more information, see issue #79813 <https://github.com/rust-lang/rust/issues/79813>
[INFO] [stdout] 
[INFO] [stdout] 
[INFO] [stdout] warning: trailing semicolon in macro used in expression position
[INFO] [stdout]    --> src/test.rs:207:74
[INFO] [stdout]     |
[INFO] [stdout] 206 | macro_rules! address_range {
[INFO] [stdout] 207 |     ($range:expr) => { AddressPattern { pattern: $range, negated: false }; };
[INFO] [stdout]     |                                                                          ^
[INFO] [stdout] ...
[INFO] [stdout] 257 |     let addr = address_range!(AddressRange(Line(3), Relative(5)));
[INFO] [stdout]     |                -------------------------------------------------- in this macro invocation
[INFO] [stdout]     |
[INFO] [stdout]     = warning: this was previously accepted by the compiler but is being phased out; it will become a hard error in a future release!
[INFO] [stdout]     = note: for more information, see issue #79813 <https://github.com/rust-lang/rust/issues/79813>
[INFO] [stdout] 
[INFO] [stdout] 
[INFO] [stdout] warning: trailing semicolon in macro used in expression position
[INFO] [stdout]    --> src/test.rs:208:92
[INFO] [stdout]     |
[INFO] [stdout] 206 | macro_rules! address_range {
[INFO] [stdout] 207 |     ($range:expr) => { AddressPattern { pattern: $range, negated: false }; };
[INFO] [stdout] 208 |     ($range:expr, $negated:expr) => { AddressPattern { pattern: $range, negated: $negated }; };
[INFO] [stdout]     |                                                                                            ^
[INFO] [stdout] ...
[INFO] [stdout] 264 |     let addr = address_range!(AddressRange(Line(3), Relative(5)), true);
[INFO] [stdout]     |                -------------------------------------------------------- in this macro invocation
[INFO] [stdout]     |
[INFO] [stdout]     = warning: this was previously accepted by the compiler but is being phased out; it will become a hard error in a future release!
[INFO] [stdout]     = note: for more information, see issue #79813 <https://github.com/rust-lang/rust/issues/79813>
[INFO] [stdout] 
[INFO] [stdout] 
[INFO] [stdout] warning: trailing semicolon in macro used in expression position
[INFO] [stdout]    --> src/test.rs:207:74
[INFO] [stdout]     |
[INFO] [stdout] 206 | macro_rules! address_range {
[INFO] [stdout] 207 |     ($range:expr) => { AddressPattern { pattern: $range, negated: false }; };
[INFO] [stdout]     |                                                                          ^
[INFO] [stdout] ...
[INFO] [stdout] 272 |     let addr = address_range!(AddressRange(RegexPattern(re), Relative(3)));
[INFO] [stdout]     |                ----------------------------------------------------------- in this macro invocation
[INFO] [stdout]     |
[INFO] [stdout]     = warning: this was previously accepted by the compiler but is being phased out; it will become a hard error in a future release!
[INFO] [stdout]     = note: for more information, see issue #79813 <https://github.com/rust-lang/rust/issues/79813>
[INFO] [stdout] 
[INFO] [stdout] 
[INFO] [stdout] warning: trailing semicolon in macro used in expression position
[INFO] [stdout]    --> src/test.rs:207:74
[INFO] [stdout]     |
[INFO] [stdout] 206 | macro_rules! address_range {
[INFO] [stdout] 207 |     ($range:expr) => { AddressPattern { pattern: $range, negated: false }; };
[INFO] [stdout]     |                                                                          ^
[INFO] [stdout] ...
[INFO] [stdout] 285 |     let addr = address_range!(AddressRange(RegexPattern(re), Line(4)));
[INFO] [stdout]     |                ------------------------------------------------------- in this macro invocation
[INFO] [stdout]     |
[INFO] [stdout]     = warning: this was previously accepted by the compiler but is being phased out; it will become a hard error in a future release!
[INFO] [stdout]     = note: for more information, see issue #79813 <https://github.com/rust-lang/rust/issues/79813>
[INFO] [stdout] 
[INFO] [stdout] 
[INFO] [stdout] warning: trailing semicolon in macro used in expression position
[INFO] [stdout]    --> src/test.rs:207:74
[INFO] [stdout]     |
[INFO] [stdout] 206 | macro_rules! address_range {
[INFO] [stdout] 207 |     ($range:expr) => { AddressPattern { pattern: $range, negated: false }; };
[INFO] [stdout]     |                                                                          ^
[INFO] [stdout] ...
[INFO] [stdout] 298 |     let addr = address_range!(AddressRange(RegexPattern(re), Line(2)));
[INFO] [stdout]     |                ------------------------------------------------------- in this macro invocation
[INFO] [stdout]     |
[INFO] [stdout]     = warning: this was previously accepted by the compiler but is being phased out; it will become a hard error in a future release!
[INFO] [stdout]     = note: for more information, see issue #79813 <https://github.com/rust-lang/rust/issues/79813>
[INFO] [stdout] 
[INFO] [stdout] 
[INFO] [stdout] warning: trailing semicolon in macro used in expression position
[INFO] [stdout]    --> src/test.rs:207:74
[INFO] [stdout]     |
[INFO] [stdout] 206 | macro_rules! address_range {
[INFO] [stdout] 207 |     ($range:expr) => { AddressPattern { pattern: $range, negated: false }; };
[INFO] [stdout]     |                                                                          ^
[INFO] [stdout] ...
[INFO] [stdout] 311 |     let addr = address_range!(AddressRange(Line(2), RegexPattern(re)));
[INFO] [stdout]     |                ------------------------------------------------------- in this macro invocation
[INFO] [stdout]     |
[INFO] [stdout]     = warning: this was previously accepted by the compiler but is being phased out; it will become a hard error in a future release!
[INFO] [stdout]     = note: for more information, see issue #79813 <https://github.com/rust-lang/rust/issues/79813>
[INFO] [stdout] 
[INFO] [stdout] 
[INFO] [stdout] warning: trailing semicolon in macro used in expression position
[INFO] [stdout]    --> src/test.rs:207:74
[INFO] [stdout]     |
[INFO] [stdout] 206 | macro_rules! address_range {
[INFO] [stdout] 207 |     ($range:expr) => { AddressPattern { pattern: $range, negated: false }; };
[INFO] [stdout]     |                                                                          ^
[INFO] [stdout] ...
[INFO] [stdout] 325 |     let addr = address_range!(AddressRange(RegexPattern(re1), RegexPattern(re2)));
[INFO] [stdout]     |                ------------------------------------------------------------------ in this macro invocation
[INFO] [stdout]     |
[INFO] [stdout]     = warning: this was previously accepted by the compiler but is being phased out; it will become a hard error in a future release!
[INFO] [stdout]     = note: for more information, see issue #79813 <https://github.com/rust-lang/rust/issues/79813>
[INFO] [stdout] 
[INFO] [stdout] 
[INFO] [stdout] warning: trailing semicolon in macro used in expression position
[INFO] [stdout]    --> src/test.rs:207:74
[INFO] [stdout]     |
[INFO] [stdout] 206 | macro_rules! address_range {
[INFO] [stdout] 207 |     ($range:expr) => { AddressPattern { pattern: $range, negated: false }; };
[INFO] [stdout]     |                                                                          ^
[INFO] [stdout] ...
[INFO] [stdout] 341 |     let addr = address_range!(AddressRange(RegexPattern(re1), RegexPattern(re2)));
[INFO] [stdout]     |                ------------------------------------------------------------------ in this macro invocation
[INFO] [stdout]     |
[INFO] [stdout]     = warning: this was previously accepted by the compiler but is being phased out; it will become a hard error in a future release!
[INFO] [stdout]     = note: for more information, see issue #79813 <https://github.com/rust-lang/rust/issues/79813>
[INFO] [stdout] 
[INFO] [stdout] 
[INFO] [stdout] warning: trailing semicolon in macro used in expression position
[INFO] [stdout]    --> src/test.rs:207:74
[INFO] [stdout]     |
[INFO] [stdout] 206 | macro_rules! address_range {
[INFO] [stdout] 207 |     ($range:expr) => { AddressPattern { pattern: $range, negated: false }; };
[INFO] [stdout]     |                                                                          ^
[INFO] [stdout] ...
[INFO] [stdout] 359 |     let addr = address_range!(AddressRange(RegexPattern(re1), RegexPattern(re2)));
[INFO] [stdout]     |                ------------------------------------------------------------------ in this macro invocation
[INFO] [stdout]     |
[INFO] [stdout]     = warning: this was previously accepted by the compiler but is being phased out; it will become a hard error in a future release!
[INFO] [stdout]     = note: for more information, see issue #79813 <https://github.com/rust-lang/rust/issues/79813>
[INFO] [stdout] 
[INFO] [stdout] 
[INFO] [stdout] warning: unused variable: `s`
[INFO] [stdout]    --> src/main.rs:139:31
[INFO] [stdout]     |
[INFO] [stdout] 139 |             AddressRange(Line(s), Step(count)) => todo!(),
[INFO] [stdout]     |                               ^ help: if this is intentional, prefix it with an underscore: `_s`
[INFO] [stdout]     |
[INFO] [stdout]     = note: `#[warn(unused_variables)]` (part of `#[warn(unused)]`) on by default
[INFO] [stdout] 
[INFO] [stdout] 
[INFO] [stdout] warning: unused variable: `count`
[INFO] [stdout]    --> src/main.rs:139:40
[INFO] [stdout]     |
[INFO] [stdout] 139 |             AddressRange(Line(s), Step(count)) => todo!(),
[INFO] [stdout]     |                                        ^^^^^ help: if this is intentional, prefix it with an underscore: `_count`
[INFO] [stdout] 
[INFO] [stdout] 
[INFO] [stdout] warning: unused variable: `s`
[INFO] [stdout]    --> src/main.rs:158:39
[INFO] [stdout]     |
[INFO] [stdout] 158 |             AddressRange(RegexPattern(s), Step(count)) => todo!(),
[INFO] [stdout]     |                                       ^ help: if this is intentional, prefix it with an underscore: `_s`
[INFO] [stdout] 
[INFO] [stdout] 
[INFO] [stdout] warning: unused variable: `count`
[INFO] [stdout]    --> src/main.rs:158:48
[INFO] [stdout]     |
[INFO] [stdout] 158 |             AddressRange(RegexPattern(s), Step(count)) => todo!(),
[INFO] [stdout]     |                                                ^^^^^ help: if this is intentional, prefix it with an underscore: `_count`
[INFO] [stdout] 
[INFO] [stdout] 
[INFO] [stdout] warning: variant `Step` is never constructed
[INFO] [stdout]   --> src/main.rs:44:5
[INFO] [stdout]    |
[INFO] [stdout] 40 | enum AddressComponent {
[INFO] [stdout]    |      ---------------- variant in this enum
[INFO] [stdout] ...
[INFO] [stdout] 44 |     Step(usize),            // ~N
[INFO] [stdout]    |     ^^^^
[INFO] [stdout]    |
[INFO] [stdout]    = note: `#[warn(dead_code)]` (part of `#[warn(unused)]`) on by default
[INFO] [stdout] 
[INFO] [stdout] 
[INFO] [stderr]     Finished `release` profile [optimized] target(s) in 2.10s
[INFO] [stderr] warning: the following packages contain code that will be rejected by a future version of Rust: toggle-comment v0.5.0 (/opt/rustwide/workdir)
[INFO] [stderr] note: to see what the problems were, use the option `--future-incompat-report`, or run `cargo report future-incompatibilities --id 1`
[INFO] running `Command { std: "docker" "inspect" "2e3d893ded105b2cd7553d399224e74b899335c4630b7104767835d327da440c", kill_on_drop: false }`
[INFO] running `Command { std: "docker" "exec" "-e" "SOURCE_DIR=/opt/rustwide/workdir" "-e" "CARGO_HOME=/opt/rustwide/cargo-home" "-e" "RUSTUP_HOME=/opt/rustwide/rustup-home" "-e" "CARGO_TARGET_DIR=/opt/rustwide/target" "-e" "CARGO_INCREMENTAL=0" "-e" "RUST_BACKTRACE=full" "-e" "RUSTFLAGS=--cap-lints=warn" "-e" "RUSTDOCFLAGS=--cap-lints=warn" "-w" "/opt/rustwide/workdir" "--user" "0:0" "2e3d893ded105b2cd7553d399224e74b899335c4630b7104767835d327da440c" "/opt/rustwide/cargo-home/bin/cargo" "+1.100.0-beta.1" "test" "--frozen" "--release", kill_on_drop: false }`
[INFO] [stderr] warning: unused import: `AddressComponent::*`
[INFO] [stderr]    --> src/test.rs:205:29
[INFO] [stderr]     |
[INFO] [stderr] 205 | use {Address::AddressRange, AddressComponent::*};
[INFO] [stderr]     |                             ^^^^^^^^^^^^^^^^^^^
[INFO] [stderr]     |
[INFO] [stderr]     = note: `#[warn(unused_imports)]` (part of `#[warn(unused)]`) on by default
[INFO] [stderr] 
[INFO] [stderr] warning: trailing semicolon in macro used in expression position
[INFO] [stderr]    --> src/test.rs:207:74
[INFO] [stderr]     |
[INFO] [stderr] 206 | macro_rules! address_range {
[INFO] [stderr] 207 |     ($range:expr) => { AddressPattern { pattern: $range, negated: false }; };
[INFO] [stderr]     |                                                                          ^
[INFO] [stderr] ...
[INFO] [stderr] 216 |     let addr = address_range!(Address::ZeroAddress);
[INFO] [stderr]     |                ------------------------------------ in this macro invocation
[INFO] [stderr]     |
[INFO] [stderr]     = warning: this was previously accepted by the compiler but is being phased out; it will become a hard error in a future release!
[INFO] [stderr]     = note: for more information, see issue #79813 <https://github.com/rust-lang/rust/issues/79813>
[INFO] [stderr]     = note: `#[warn(semicolon_in_expressions_from_macros)]` (part of `#[warn(future_incompatible)]`) on by default
[INFO] [stderr] 
[INFO] [stderr] warning: trailing semicolon in macro used in expression position
[INFO] [stderr]    --> src/test.rs:208:92
[INFO] [stderr]     |
[INFO] [stderr] 206 | macro_rules! address_range {
[INFO] [stderr] 207 |     ($range:expr) => { AddressPattern { pattern: $range, negated: false }; };
[INFO] [stderr] 208 |     ($range:expr, $negated:expr) => { AddressPattern { pattern: $range, negated: $negated }; };
[INFO] [stderr]     |                                                                                            ^
[INFO] [stderr] ...
[INFO] [stderr] 223 |     let addr = address_range!(Address::ZeroAddress, true);
[INFO] [stderr]     |                ------------------------------------------ in this macro invocation
[INFO] [stderr]     |
[INFO] [stderr]     = warning: this was previously accepted by the compiler but is being phased out; it will become a hard error in a future release!
[INFO] [stderr]     = note: for more information, see issue #79813 <https://github.com/rust-lang/rust/issues/79813>
[INFO] [stderr] 
[INFO] [stderr] warning: trailing semicolon in macro used in expression position
[INFO] [stderr]    --> src/test.rs:207:74
[INFO] [stderr]     |
[INFO] [stderr] 206 | macro_rules! address_range {
[INFO] [stderr] 207 |     ($range:expr) => { AddressPattern { pattern: $range, negated: false }; };
[INFO] [stderr]     |                                                                          ^
[INFO] [stderr] ...
[INFO] [stderr] 229 |     let addr = address_range!(Address::OneAddress(Line(3)));
[INFO] [stderr]     |                -------------------------------------------- in this macro invocation
[INFO] [stderr]     |
[INFO] [stderr]     = warning: this was previously accepted by the compiler but is being phased out; it will become a hard error in a future release!
[INFO] [stderr]     = note: for more information, see issue #79813 <https://github.com/rust-lang/rust/issues/79813>
[INFO] [stderr] 
[INFO] [stderr] warning: trailing semicolon in macro used in expression position
[INFO] [stderr]    --> src/test.rs:208:92
[INFO] [stderr]     |
[INFO] [stderr] 206 | macro_rules! address_range {
[INFO] [stderr] 207 |     ($range:expr) => { AddressPattern { pattern: $range, negated: false }; };
[INFO] [stderr] 208 |     ($range:expr, $negated:expr) => { AddressPattern { pattern: $range, negated: $negated }; };
[INFO] [stderr]     |                                                                                            ^
[INFO] [stderr] ...
[INFO] [stderr] 236 |     let addr = address_range!(Address::OneAddress(Line(3)), true);
[INFO] [stderr]     |                -------------------------------------------------- in this macro invocation
[INFO] [stderr]     |
[INFO] [stderr]     = warning: this was previously accepted by the compiler but is being phased out; it will become a hard error in a future release!
[INFO] [stderr]     = note: for more information, see issue #79813 <https://github.com/rust-lang/rust/issues/79813>
[INFO] [stderr] 
[INFO] [stderr] warning: trailing semicolon in macro used in expression position
[INFO] [stderr]    --> src/test.rs:207:74
[INFO] [stderr]     |
[INFO] [stderr] 206 | macro_rules! address_range {
[INFO] [stderr] 207 |     ($range:expr) => { AddressPattern { pattern: $range, negated: false }; };
[INFO] [stderr]     |                                                                          ^
[INFO] [stderr] ...
[INFO] [stderr] 243 |     let addr = address_range!(AddressRange(Line(3), Line(5)));
[INFO] [stderr]     |                ---------------------------------------------- in this macro invocation
[INFO] [stderr]     |
[INFO] [stderr]     = warning: this was previously accepted by the compiler but is being phased out; it will become a hard error in a future release!
[INFO] [stderr]     = note: for more information, see issue #79813 <https://github.com/rust-lang/rust/issues/79813>
[INFO] [stderr] 
[INFO] [stderr] warning: trailing semicolon in macro used in expression position
[INFO] [stderr]    --> src/test.rs:208:92
[INFO] [stderr]     |
[INFO] [stderr] 206 | macro_rules! address_range {
[INFO] [stderr] 207 |     ($range:expr) => { AddressPattern { pattern: $range, negated: false }; };
[INFO] [stderr] 208 |     ($range:expr, $negated:expr) => { AddressPattern { pattern: $range, negated: $negated }; };
[INFO] [stderr]     |                                                                                            ^
[INFO] [stderr] ...
[INFO] [stderr] 250 |     let addr = address_range!(AddressRange(Line(3), Line(5)), true);
[INFO] [stderr]     |                ---------------------------------------------------- in this macro invocation
[INFO] [stderr]     |
[INFO] [stderr]     = warning: this was previously accepted by the compiler but is being phased out; it will become a hard error in a future release!
[INFO] [stderr]     = note: for more information, see issue #79813 <https://github.com/rust-lang/rust/issues/79813>
[INFO] [stderr] 
[INFO] [stderr] warning: trailing semicolon in macro used in expression position
[INFO] [stderr]    --> src/test.rs:207:74
[INFO] [stderr]     |
[INFO] [stderr] 206 | macro_rules! address_range {
[INFO] [stderr] 207 |     ($range:expr) => { AddressPattern { pattern: $range, negated: false }; };
[INFO] [stderr]     |                                                                          ^
[INFO] [stderr] ...
[INFO] [stderr] 257 |     let addr = address_range!(AddressRange(Line(3), Relative(5)));
[INFO] [stderr]     |                -------------------------------------------------- in this macro invocation
[INFO] [stderr]     |
[INFO] [stderr]     = warning: this was previously accepted by the compiler but is being phased out; it will become a hard error in a future release!
[INFO] [stderr]     = note: for more information, see issue #79813 <https://github.com/rust-lang/rust/issues/79813>
[INFO] [stderr] 
[INFO] [stderr] warning: trailing semicolon in macro used in expression position
[INFO] [stderr]    --> src/test.rs:208:92
[INFO] [stderr]     |
[INFO] [stderr] 206 | macro_rules! address_range {
[INFO] [stderr] 207 |     ($range:expr) => { AddressPattern { pattern: $range, negated: false }; };
[INFO] [stderr] 208 |     ($range:expr, $negated:expr) => { AddressPattern { pattern: $range, negated: $negated }; };
[INFO] [stderr]     |                                                                                            ^
[INFO] [stderr] ...
[INFO] [stderr] 264 |     let addr = address_range!(AddressRange(Line(3), Relative(5)), true);
[INFO] [stderr]     |                -------------------------------------------------------- in this macro invocation
[INFO] [stderr]     |
[INFO] [stderr]     = warning: this was previously accepted by the compiler but is being phased out; it will become a hard error in a future release!
[INFO] [stderr]     = note: for more information, see issue #79813 <https://github.com/rust-lang/rust/issues/79813>
[INFO] [stderr] 
[INFO] [stderr] warning: trailing semicolon in macro used in expression position
[INFO] [stderr]    --> src/test.rs:207:74
[INFO] [stderr]     |
[INFO] [stderr] 206 | macro_rules! address_range {
[INFO] [stderr] 207 |     ($range:expr) => { AddressPattern { pattern: $range, negated: false }; };
[INFO] [stderr]     |                                                                          ^
[INFO] [stderr] ...
[INFO] [stderr] 272 |     let addr = address_range!(AddressRange(RegexPattern(re), Relative(3)));
[INFO] [stderr]     |                ----------------------------------------------------------- in this macro invocation
[INFO] [stderr]     |
[INFO] [stderr]     = warning: this was previously accepted by the compiler but is being phased out; it will become a hard error in a future release!
[INFO] [stderr]     = note: for more information, see issue #79813 <https://github.com/rust-lang/rust/issues/79813>
[INFO] [stderr] 
[INFO] [stderr] warning: trailing semicolon in macro used in expression position
[INFO] [stderr]    --> src/test.rs:207:74
[INFO] [stderr]     |
[INFO] [stderr] 206 | macro_rules! address_range {
[INFO] [stderr] 207 |     ($range:expr) => { AddressPattern { pattern: $range, negated: false }; };
[INFO] [stderr]     |                                                                          ^
[INFO] [stderr] ...
[INFO] [stderr] 285 |     let addr = address_range!(AddressRange(RegexPattern(re), Line(4)));
[INFO] [stderr]     |                ------------------------------------------------------- in this macro invocation
[INFO] [stderr]     |
[INFO] [stderr]     = warning: this was previously accepted by the compiler but is being phased out; it will become a hard error in a future release!
[INFO] [stderr]     = note: for more information, see issue #79813 <https://github.com/rust-lang/rust/issues/79813>
[INFO] [stderr] 
[INFO] [stderr] warning: trailing semicolon in macro used in expression position
[INFO] [stderr]    --> src/test.rs:207:74
[INFO] [stderr]     |
[INFO] [stderr] 206 | macro_rules! address_range {
[INFO] [stderr] 207 |     ($range:expr) => { AddressPattern { pattern: $range, negated: false }; };
[INFO] [stderr]     |                                                                          ^
[INFO] [stderr] ...
[INFO] [stderr] 298 |     let addr = address_range!(AddressRange(RegexPattern(re), Line(2)));
[INFO] [stderr]     |                ------------------------------------------------------- in this macro invocation
[INFO] [stderr]     |
[INFO] [stderr]     = warning: this was previously accepted by the compiler but is being phased out; it will become a hard error in a future release!
[INFO] [stderr]     = note: for more information, see issue #79813 <https://github.com/rust-lang/rust/issues/79813>
[INFO] [stderr] 
[INFO] [stderr] warning: trailing semicolon in macro used in expression position
[INFO] [stderr]    --> src/test.rs:207:74
[INFO] [stderr]     |
[INFO] [stderr] 206 | macro_rules! address_range {
[INFO] [stderr] 207 |     ($range:expr) => { AddressPattern { pattern: $range, negated: false }; };
[INFO] [stderr]     |                                                                          ^
[INFO] [stderr] ...
[INFO] [stderr] 311 |     let addr = address_range!(AddressRange(Line(2), RegexPattern(re)));
[INFO] [stderr]     |                ------------------------------------------------------- in this macro invocation
[INFO] [stderr]     |
[INFO] [stderr]     = warning: this was previously accepted by the compiler but is being phased out; it will become a hard error in a future release!
[INFO] [stderr]     = note: for more information, see issue #79813 <https://github.com/rust-lang/rust/issues/79813>
[INFO] [stderr] 
[INFO] [stderr] warning: trailing semicolon in macro used in expression position
[INFO] [stderr]    --> src/test.rs:207:74
[INFO] [stderr]     |
[INFO] [stderr] 206 | macro_rules! address_range {
[INFO] [stderr] 207 |     ($range:expr) => { AddressPattern { pattern: $range, negated: false }; };
[INFO] [stderr]     |                                                                          ^
[INFO] [stderr] ...
[INFO] [stderr] 325 |     let addr = address_range!(AddressRange(RegexPattern(re1), RegexPattern(re2)));
[INFO] [stderr]     |                ------------------------------------------------------------------ in this macro invocation
[INFO] [stderr]     |
[INFO] [stderr]     = warning: this was previously accepted by the compiler but is being phased out; it will become a hard error in a future release!
[INFO] [stderr]     = note: for more information, see issue #79813 <https://github.com/rust-lang/rust/issues/79813>
[INFO] [stderr] 
[INFO] [stderr] warning: trailing semicolon in macro used in expression position
[INFO] [stderr]    --> src/test.rs:207:74
[INFO] [stderr]     |
[INFO] [stderr] 206 | macro_rules! address_range {
[INFO] [stderr] 207 |     ($range:expr) => { AddressPattern { pattern: $range, negated: false }; };
[INFO] [stderr]     |                                                                          ^
[INFO] [stderr] ...
[INFO] [stderr] 341 |     let addr = address_range!(AddressRange(RegexPattern(re1), RegexPattern(re2)));
[INFO] [stderr]     |                ------------------------------------------------------------------ in this macro invocation
[INFO] [stderr]     |
[INFO] [stderr]     = warning: this was previously accepted by the compiler but is being phased out; it will become a hard error in a future release!
[INFO] [stderr]     = note: for more information, see issue #79813 <https://github.com/rust-lang/rust/issues/79813>
[INFO] [stderr] 
[INFO] [stderr] warning: trailing semicolon in macro used in expression position
[INFO] [stderr]    --> src/test.rs:207:74
[INFO] [stderr]     |
[INFO] [stderr] 206 | macro_rules! address_range {
[INFO] [stderr] 207 |     ($range:expr) => { AddressPattern { pattern: $range, negated: false }; };
[INFO] [stderr]     |                                                                          ^
[INFO] [stderr] ...
[INFO] [stderr] 359 |     let addr = address_range!(AddressRange(RegexPattern(re1), RegexPattern(re2)));
[INFO] [stderr]     |                ------------------------------------------------------------------ in this macro invocation
[INFO] [stderr]     |
[INFO] [stderr]     = warning: this was previously accepted by the compiler but is being phased out; it will become a hard error in a future release!
[INFO] [stderr]     = note: for more information, see issue #79813 <https://github.com/rust-lang/rust/issues/79813>
[INFO] [stderr] 
[INFO] [stderr] warning: unused variable: `s`
[INFO] [stderr]    --> src/main.rs:139:31
[INFO] [stderr]     |
[INFO] [stderr] 139 |             AddressRange(Line(s), Step(count)) => todo!(),
[INFO] [stderr]     |                               ^ help: if this is intentional, prefix it with an underscore: `_s`
[INFO] [stderr]     |
[INFO] [stderr]     = note: `#[warn(unused_variables)]` (part of `#[warn(unused)]`) on by default
[INFO] [stderr] 
[INFO] [stderr] warning: unused variable: `count`
[INFO] [stderr]    --> src/main.rs:139:40
[INFO] [stderr]     |
[INFO] [stderr] 139 |             AddressRange(Line(s), Step(count)) => todo!(),
[INFO] [stderr]     |                                        ^^^^^ help: if this is intentional, prefix it with an underscore: `_count`
[INFO] [stderr] 
[INFO] [stderr] warning: unused variable: `s`
[INFO] [stderr]    --> src/main.rs:158:39
[INFO] [stderr]     |
[INFO] [stderr] 158 |             AddressRange(RegexPattern(s), Step(count)) => todo!(),
[INFO] [stderr]     |                                       ^ help: if this is intentional, prefix it with an underscore: `_s`
[INFO] [stderr] 
[INFO] [stderr] warning: unused variable: `count`
[INFO] [stderr]    --> src/main.rs:158:48
[INFO] [stderr]     |
[INFO] [stderr] 158 |             AddressRange(RegexPattern(s), Step(count)) => todo!(),
[INFO] [stderr]     |                                                ^^^^^ help: if this is intentional, prefix it with an underscore: `_count`
[INFO] [stderr] 
[INFO] [stderr] warning: variant `Step` is never constructed
[INFO] [stderr]   --> src/main.rs:44:5
[INFO] [stderr]    |
[INFO] [stderr] 40 | enum AddressComponent {
[INFO] [stderr]    |      ---------------- variant in this enum
[INFO] [stderr] ...
[INFO] [stderr] 44 |     Step(usize),            // ~N
[INFO] [stderr]    |     ^^^^
[INFO] [stderr]    |
[INFO] [stderr]    = note: `#[warn(dead_code)]` (part of `#[warn(unused)]`) on by default
[INFO] [stderr] 
[INFO] [stderr] warning: `toggle-comment` (bin "toggle-comment" test) generated 21 warnings (run `cargo fix --bin "toggle-comment" -p toggle-comment --tests` to apply 5 suggestions)
[INFO] [stderr] warning: `toggle-comment` (bin "toggle-comment") generated 5 warnings (5 duplicates)
[INFO] [stderr]     Finished `release` profile [optimized] target(s) in 0.07s
[INFO] [stderr] warning: the following packages contain code that will be rejected by a future version of Rust: toggle-comment v0.5.0 (/opt/rustwide/workdir)
[INFO] [stderr] note: to see what the problems were, use the option `--future-incompat-report`, or run `cargo report future-incompatibilities --id 1`
[INFO] [stderr]      Running unittests src/main.rs (/opt/rustwide/target/release/build/toggle-comment/b43b49727e87398d/out/toggle_comment-b43b49727e87398d)
[INFO] [stdout] 
[INFO] [stdout] running 33 tests
[INFO] [stdout] test test::line_address_only_matches_one ... ok
[INFO] [stdout] test test::comment_case1 ... ok
[INFO] [stdout] test test::all_lines_commented_should_uncomment ... ok
[INFO] [stdout] test test::matches_absolute_regex_end_range ... ok
[INFO] [stdout] test test::line_range_address_matches_block ... ok
[INFO] [stdout] test test::matches_double_regex_range_update ... ok
[INFO] [stdout] test test::comment_case2 ... ok
[INFO] [stdout] test test::blanks_do_not_affect_will_comment ... ok
[INFO] [stdout] test test::all_blank_lines_are_unchanged ... ok
[INFO] [stdout] test test::matches_range_lines_invert ... ok
[INFO] [stdout] test test::matches_range_relative_lines ... ok
[INFO] [stdout] test test::matches_double_regex_range_with_multiple_matches_on_same_line ... ok
[INFO] [stdout] test test::matches_double_regex_range ... ok
[INFO] [stdout] test test::matches_range_relative_lines_invert ... ok
[INFO] [stdout] test test::matches_range_lines ... ok
[INFO] [stdout] test test::matches_regex_absolute_range ... ok
[INFO] [stdout] test test::matches_regex_empty_absolute_range ... ok
[INFO] [stdout] test test::matches_regex_relative_range ... ok
[INFO] [stdout] test test::uncomment_case1 ... ok
[INFO] [stdout] test test::toggle_initial_uncomment ... ok
[INFO] [stdout] test test::toggle_initial_comment ... ok
[INFO] [stdout] test test::toggle_case1 ... ok
[INFO] [stdout] test test::toggle_comment_initial_blank ... ok
[INFO] [stdout] test test::round_trip ... ok
[INFO] [stderr]      Running tests/sed_conformance.rs (/opt/rustwide/target/release/build/toggle-comment/bae59a6fc0d5181b/out/sed_conformance-bae59a6fc0d5181b)
[INFO] [stdout] test test::one_address_inverted_matches_but_one_line ... ok
[INFO] [stdout] test test::regex_range_address_matches_block ... ok
[INFO] [stdout] test test::zero_address_toggles_whole_file_not_individual_lines ... ok
[INFO] [stdout] test test::not_all_lines_commented_should_comment ... ok
[INFO] [stdout] test test::one_address_matches_one_line ... ok
[INFO] [stdout] test test::zero_address_always_matches ... ok
[INFO] [stdout] test test::zero_address_invert_never_matches ... ok
[INFO] [stdout] test test::toggle_case2 ... ok
[INFO] [stdout] test test::uncomment_case2 ... ok
[INFO] [stdout] 
[INFO] [stdout] test result: ok. 33 passed; 0 failed; 0 ignored; 0 measured; 0 filtered out; finished in 0.02s
[INFO] [stdout] 
[INFO] [stdout] 
[INFO] [stdout] running 36 tests
[INFO] [stdout] test negated_regex_multiple ... ignored
[INFO] [stdout] test negated_double_regex_relative_range ... FAILED
[INFO] [stdout] test negated_single_multiple ... ignored
[INFO] [stdout] test negated_single_step ... ignored
[INFO] [stdout] test double_regex_relative_range ... FAILED
[INFO] [stdout] test negated_regex_absolute_range ... FAILED
[INFO] [stdout] test negated_regex_relative_from_first_match ... FAILED
[INFO] [stdout] test negated_simple_regex ... FAILED
[INFO] [stdout] test negated_simple_range ... FAILED
[INFO] [stdout] test regex_multiple ... ignored
[INFO] [stdout] test regex_range ... FAILED
[INFO] [stdout] test regex_relative_from_first_match ... FAILED
[INFO] [stdout] test negated_empty_pattern ... FAILED
[INFO] [stdout] test simple_range ... FAILED
[INFO] [stdout] test matched_first_address ... FAILED
[INFO] [stdout] test negated_single_line ... FAILED
[INFO] [stdout] test regex_absolute_range ... FAILED
[INFO] [stdout] test single_multiple ... ignored
[INFO] [stdout] test single_step ... ignored
[INFO] [stdout] test trivial_multiple ... ignored
[INFO] [stdout] test trivial_step ... ignored
[INFO] [stdout] test negated_relative_range ... FAILED
[INFO] [stdout] test sed_is_present ... ok
[INFO] [stdout] test single_line ... FAILED
[INFO] [stdout] test negated_nonmatched_first_address ... FAILED
[INFO] [stdout] test smoke_test ... FAILED
[INFO] [stdout] test negated_single_line_range ... FAILED
[INFO] [stdout] test simple_regex ... FAILED
[INFO] [stdout] test negated_regex_relative_range ... FAILED
[INFO] [stdout] test empty_pattern ... FAILED
[INFO] [stdout] test negated_regex_range ... FAILED
[INFO] [stdout] test single_line_range ... FAILED
[INFO] [stdout] test nonmatched_first_address ... FAILED
[INFO] [stdout] test relative_range ... FAILED
[INFO] [stdout] test regex_relative_range ... FAILED
[INFO] [stdout] test negated_matched_first_address ... FAILED
[INFO] [stdout] 
[INFO] [stdout] failures:
[INFO] [stdout] 
[INFO] [stdout] ---- negated_double_regex_relative_range stdout ----
[INFO] [stdout] 
[INFO] [stdout] thread 'negated_double_regex_relative_range' (509) panicked at tests/sed_conformance.rs:67:1:
[INFO] [stdout] Failed to start toggle-comment: Os { code: 2, kind: NotFound, message: "No such file or directory" }
[INFO] [stdout] stack backtrace:
[INFO] [stdout]    0:     0x5e3771c5ff71 - <<std[617be2ca0a6fd877]::sys::backtrace::BacktraceLock>::print::DisplayBacktrace as core[a373ad73a504971]::fmt::Display>::fmt
[INFO] [stdout]    1:     0x5e3771c73f3a - core[a373ad73a504971]::fmt::write
[INFO] [stdout]    2:     0x5e3771c6418c - <alloc[2e1b2a31b91974c5]::vec::Vec<u8> as core[a373ad73a504971]::io::write::Write>::write_fmt
[INFO] [stdout]    3:     0x5e3771c3c2d6 - std[617be2ca0a6fd877]::panicking::default_hook::{closure#0}
[INFO] [stdout]    4:     0x5e3771c58609 - std[617be2ca0a6fd877]::panicking::default_hook
[INFO] [stdout]    5:     0x5e3771bf4bb0 - test[aada8e7e76ba119b]::test_main_inner::{closure#0}
[INFO] [stdout]    6:     0x5e3771c587c2 - std[617be2ca0a6fd877]::panicking::panic_with_hook
[INFO] [stdout]    7:     0x5e3771c3c382 - std[617be2ca0a6fd877]::panicking::panic_handler::{closure#0}
[INFO] [stdout]    8:     0x5e3771c35099 - std[617be2ca0a6fd877]::sys::backtrace::__rust_end_short_backtrace::<std[617be2ca0a6fd877]::panicking::panic_handler::{closure#0}, !>
[INFO] [stdout]    9:     0x5e3771c3cf8d - __rustc[ea4f61d10b84890b]::rust_begin_unwind
[INFO] [stdout]   10:     0x5e3771c7466c - core[a373ad73a504971]::panicking::panic_fmt
[INFO] [stdout]   11:     0x5e3771c74442 - core[a373ad73a504971]::result::unwrap_failed
[INFO] [stdout]   12:     0x5e3771be7542 - <sed_conformance[d8eb1ed4773dbfec]::negated_double_regex_relative_range::{closure#0} as core[a373ad73a504971]::ops::function::FnOnce<()>>::call_once
[INFO] [stdout]   13:     0x5e3771be7ffb - test[aada8e7e76ba119b]::__rust_begin_short_backtrace::<core[a373ad73a504971]::result::Result<(), alloc[2e1b2a31b91974c5]::string::String>, fn() -> core[a373ad73a504971]::result::Result<(), alloc[2e1b2a31b91974c5]::string::String>>
[INFO] [stdout]   14:     0x5e3771bf51d5 - test[aada8e7e76ba119b]::run_test::{closure#0}
[INFO] [stdout]   15:     0x5e3771beeac4 - std[617be2ca0a6fd877]::sys::backtrace::__rust_begin_short_backtrace::<test[aada8e7e76ba119b]::run_test::{closure#1}, ()>
[INFO] [stdout]   16:     0x5e3771bf8262 - <std[617be2ca0a6fd877]::thread::lifecycle::spawn_unchecked<test[aada8e7e76ba119b]::run_test::{closure#1}, ()>::{closure#1} as core[a373ad73a504971]::ops::function::FnOnce<()>>::call_once::{shim:vtable#0}
[INFO] [stdout]   17:     0x5e3771c5f7cf - <std[617be2ca0a6fd877]::sys::thread::unix::Thread>::new::thread_start
[INFO] [stdout]   18:     0x71540c9efdfa - <unknown>
[INFO] [stdout]   19:     0x71540ca833d4 - clone
[INFO] [stdout]   20:                0x0 - <unknown>
[INFO] [stdout] 
[INFO] [stdout] ---- double_regex_relative_range stdout ----
[INFO] [stdout] 
[INFO] [stdout] thread 'double_regex_relative_range' (506) panicked at tests/sed_conformance.rs:54:1:
[INFO] [stdout] Failed to start toggle-comment: Os { code: 2, kind: NotFound, message: "No such file or directory" }
[INFO] [stdout] stack backtrace:
[INFO] [stdout]    0:     0x5e3771c5ff71 - <<std[617be2ca0a6fd877]::sys::backtrace::BacktraceLock>::print::DisplayBacktrace as core[a373ad73a504971]::fmt::Display>::fmt
[INFO] [stdout]    1:     0x5e3771c73f3a - core[a373ad73a504971]::fmt::write
[INFO] [stdout]    2:     0x5e3771c6418c - <alloc[2e1b2a31b91974c5]::vec::Vec<u8> as core[a373ad73a504971]::io::write::Write>::write_fmt
[INFO] [stdout]    3:     0x5e3771c3c2d6 - std[617be2ca0a6fd877]::panicking::default_hook::{closure#0}
[INFO] [stdout]    4:     0x5e3771c58609 - std[617be2ca0a6fd877]::panicking::default_hook
[INFO] [stdout]    5:     0x5e3771bf4bb0 - test[aada8e7e76ba119b]::test_main_inner::{closure#0}
[INFO] [stdout]    6:     0x5e3771c587c2 - std[617be2ca0a6fd877]::panicking::panic_with_hook
[INFO] [stdout]    7:     0x5e3771c3c382 - std[617be2ca0a6fd877]::panicking::panic_handler::{closure#0}
[INFO] [stdout]    8:     0x5e3771c35099 - std[617be2ca0a6fd877]::sys::backtrace::__rust_end_short_backtrace::<std[617be2ca0a6fd877]::panicking::panic_handler::{closure#0}, !>
[INFO] [stdout]    9:     0x5e3771c3cf8d - __rustc[ea4f61d10b84890b]::rust_begin_unwind
[INFO] [stdout]   10:     0x5e3771c7466c - core[a373ad73a504971]::panicking::panic_fmt
[INFO] [stdout]   11:     0x5e3771c74442 - core[a373ad73a504971]::result::unwrap_failed
[INFO] [stdout]   12:     0x5e3771be4902 - <sed_conformance[d8eb1ed4773dbfec]::double_regex_relative_range::{closure#0} as core[a373ad73a504971]::ops::function::FnOnce<()>>::call_once
[INFO] [stdout]   13:     0x5e3771be7ffb - test[aada8e7e76ba119b]::__rust_begin_short_backtrace::<core[a373ad73a504971]::result::Result<(), alloc[2e1b2a31b91974c5]::string::String>, fn() -> core[a373ad73a504971]::result::Result<(), alloc[2e1b2a31b91974c5]::string::String>>
[INFO] [stdout]   14:     0x5e3771bf51d5 - test[aada8e7e76ba119b]::run_test::{closure#0}
[INFO] [stdout]   15:     0x5e3771beeac4 - std[617be2ca0a6fd877]::sys::backtrace::__rust_begin_short_backtrace::<test[aada8e7e76ba119b]::run_test::{closure#1}, ()>
[INFO] [stdout]   16:     0x5e3771bf8262 - <std[617be2ca0a6fd877]::thread::lifecycle::spawn_unchecked<test[aada8e7e76ba119b]::run_test::{closure#1}, ()>::{closure#1} as core[a373ad73a504971]::ops::function::FnOnce<()>>::call_once::{shim:vtable#0}
[INFO] [stdout]   17:     0x5e3771c5f7cf - <std[617be2ca0a6fd877]::sys::thread::unix::Thread>::new::thread_start
[INFO] [stdout]   18:     0x71540c9efdfa - <unknown>
[INFO] [stdout]   19:     0x71540ca833d4 - clone
[INFO] [stdout]   20:                0x0 - <unknown>
[INFO] [stdout] 
[INFO] [stdout] ---- negated_regex_absolute_range stdout ----
[INFO] [stdout] 
[INFO] [stdout] thread 'negated_regex_absolute_range' (514) panicked at tests/sed_conformance.rs:68:1:
[INFO] [stdout] Failed to start toggle-comment: Os { code: 2, kind: NotFound, message: "No such file or directory" }
[INFO] [stdout] stack backtrace:
[INFO] [stdout]    0:     0x5e3771c5ff71 - <<std[617be2ca0a6fd877]::sys::backtrace::BacktraceLock>::print::DisplayBacktrace as core[a373ad73a504971]::fmt::Display>::fmt
[INFO] [stdout]    1:     0x5e3771c73f3a - core[a373ad73a504971]::fmt::write
[INFO] [stdout]    2:     0x5e3771c6418c - <alloc[2e1b2a31b91974c5]::vec::Vec<u8> as core[a373ad73a504971]::io::write::Write>::write_fmt
[INFO] [stdout]    3:     0x5e3771c3c2d6 - std[617be2ca0a6fd877]::panicking::default_hook::{closure#0}
[INFO] [stdout]    4:     0x5e3771c58609 - std[617be2ca0a6fd877]::panicking::default_hook
[INFO] [stdout]    5:     0x5e3771bf4bb0 - test[aada8e7e76ba119b]::test_main_inner::{closure#0}
[INFO] [stdout]    6:     0x5e3771c587c2 - std[617be2ca0a6fd877]::panicking::panic_with_hook
[INFO] [stdout]    7:     0x5e3771c3c382 - std[617be2ca0a6fd877]::panicking::panic_handler::{closure#0}
[INFO] [stdout]    8:     0x5e3771c35099 - std[617be2ca0a6fd877]::sys::backtrace::__rust_end_short_backtrace::<std[617be2ca0a6fd877]::panicking::panic_handler::{closure#0}, !>
[INFO] [stdout]    9:     0x5e3771c3cf8d - __rustc[ea4f61d10b84890b]::rust_begin_unwind
[INFO] [stdout]   10:     0x5e3771c7466c - core[a373ad73a504971]::panicking::panic_fmt
[INFO] [stdout]   11:     0x5e3771c74442 - core[a373ad73a504971]::result::unwrap_failed
[INFO] [stdout]   12:     0x5e3771be5057 - <sed_conformance[d8eb1ed4773dbfec]::negated_regex_absolute_range::{closure#0} as core[a373ad73a504971]::ops::function::FnOnce<()>>::call_once
[INFO] [stdout]   13:     0x5e3771be7ffb - test[aada8e7e76ba119b]::__rust_begin_short_backtrace::<core[a373ad73a504971]::result::Result<(), alloc[2e1b2a31b91974c5]::string::String>, fn() -> core[a373ad73a504971]::result::Result<(), alloc[2e1b2a31b91974c5]::string::String>>
[INFO] [stdout]   14:     0x5e3771bf51d5 - test[aada8e7e76ba119b]::run_test::{closure#0}
[INFO] [stdout]   15:     0x5e3771beeac4 - std[617be2ca0a6fd877]::sys::backtrace::__rust_begin_short_backtrace::<test[aada8e7e76ba119b]::run_test::{closure#1}, ()>
[INFO] [stdout]   16:     0x5e3771bf8262 - <std[617be2ca0a6fd877]::thread::lifecycle::spawn_unchecked<test[aada8e7e76ba119b]::run_test::{closure#1}, ()>::{closure#1} as core[a373ad73a504971]::ops::function::FnOnce<()>>::call_once::{shim:vtable#0}
[INFO] [stdout]   17:     0x5e3771c5f7cf - <std[617be2ca0a6fd877]::sys::thread::unix::Thread>::new::thread_start
[INFO] [stdout]   18:     0x71540c9efdfa - <unknown>
[INFO] [stdout]   19:     0x71540ca833d4 - clone
[INFO] [stdout]   20:                0x0 - <unknown>
[INFO] [stdout] 
[INFO] [stdout] ---- negated_regex_relative_from_first_match stdout ----
[INFO] [stdout] 
[INFO] [stdout] thread 'negated_regex_relative_from_first_match' (516) panicked at tests/sed_conformance.rs:69:1:
[INFO] [stdout] Failed to start toggle-comment: Os { code: 2, kind: NotFound, message: "No such file or directory" }
[INFO] [stdout] stack backtrace:
[INFO] [stdout]    0:     0x5e3771c5ff71 - <<std[617be2ca0a6fd877]::sys::backtrace::BacktraceLock>::print::DisplayBacktrace as core[a373ad73a504971]::fmt::Display>::fmt
[INFO] [stdout]    1:     0x5e3771c73f3a - core[a373ad73a504971]::fmt::write
[INFO] [stdout]    2:     0x5e3771c6418c - <alloc[2e1b2a31b91974c5]::vec::Vec<u8> as core[a373ad73a504971]::io::write::Write>::write_fmt
[INFO] [stdout]    3:     0x5e3771c3c2d6 - std[617be2ca0a6fd877]::panicking::default_hook::{closure#0}
[INFO] [stdout]    4:     0x5e3771c58609 - std[617be2ca0a6fd877]::panicking::default_hook
[INFO] [stdout]    5:     0x5e3771bf4bb0 - test[aada8e7e76ba119b]::test_main_inner::{closure#0}
[INFO] [stdout]    6:     0x5e3771c587c2 - std[617be2ca0a6fd877]::panicking::panic_with_hook
[INFO] [stdout]    7:     0x5e3771c3c382 - std[617be2ca0a6fd877]::panicking::panic_handler::{closure#0}
[INFO] [stdout]    8:     0x5e3771c35099 - std[617be2ca0a6fd877]::sys::backtrace::__rust_end_short_backtrace::<std[617be2ca0a6fd877]::panicking::panic_handler::{closure#0}, !>
[INFO] [stdout]    9:     0x5e3771c3cf8d - __rustc[ea4f61d10b84890b]::rust_begin_unwind
[INFO] [stdout]   10:     0x5e3771c7466c - core[a373ad73a504971]::panicking::panic_fmt
[INFO] [stdout]   11:     0x5e3771c74442 - core[a373ad73a504971]::result::unwrap_failed
[INFO] [stdout]   12:     0x5e3771be7c91 - <sed_conformance[d8eb1ed4773dbfec]::negated_regex_relative_from_first_match::{closure#0} as core[a373ad73a504971]::ops::function::FnOnce<()>>::call_once
[INFO] [stdout]   13:     0x5e3771be7ffb - test[aada8e7e76ba119b]::__rust_begin_short_backtrace::<core[a373ad73a504971]::result::Result<(), alloc[2e1b2a31b91974c5]::string::String>, fn() -> core[a373ad73a504971]::result::Result<(), alloc[2e1b2a31b91974c5]::string::String>>
[INFO] [stdout]   14:     0x5e3771bf51d5 - test[aada8e7e76ba119b]::run_test::{closure#0}
[INFO] [stdout]   15:     0x5e3771beeac4 - std[617be2ca0a6fd877]::sys::backtrace::__rust_begin_short_backtrace::<test[aada8e7e76ba119b]::run_test::{closure#1}, ()>
[INFO] [stdout]   16:     0x5e3771bf8262 - <std[617be2ca0a6fd877]::thread::lifecycle::spawn_unchecked<test[aada8e7e76ba119b]::run_test::{closure#1}, ()>::{closure#1} as core[a373ad73a504971]::ops::function::FnOnce<()>>::call_once::{shim:vtable#0}
[INFO] [stdout]   17:     0x5e3771c5f7cf - <std[617be2ca0a6fd877]::sys::thread::unix::Thread>::new::thread_start
[INFO] [stdout]   18:     0x71540c9efdfa - <unknown>
[INFO] [stdout]   19:     0x71540ca833d4 - clone
[INFO] [stdout]   20:                0x0 - <unknown>
[INFO] [stdout] 
[INFO] [stdout] ---- negated_simple_regex stdout ----
[INFO] [stdout] 
[INFO] [stdout] thread 'negated_simple_regex' (520) panicked at tests/sed_conformance.rs:63:1:
[INFO] [stdout] Failed to start toggle-comment: Os { code: 2, kind: NotFound, message: "No such file or directory" }
[INFO] [stdout] stack backtrace:
[INFO] [stdout]    0:     0x5e3771c5ff71 - <<std[617be2ca0a6fd877]::sys::backtrace::BacktraceLock>::print::DisplayBacktrace as core[a373ad73a504971]::fmt::Display>::fmt
[INFO] [stdout]    1:     0x5e3771c73f3a - core[a373ad73a504971]::fmt::write
[INFO] [stdout]    2:     0x5e3771c6418c - <alloc[2e1b2a31b91974c5]::vec::Vec<u8> as core[a373ad73a504971]::io::write::Write>::write_fmt
[INFO] [stdout]    3:     0x5e3771c3c2d6 - std[617be2ca0a6fd877]::panicking::default_hook::{closure#0}
[INFO] [stdout]    4:     0x5e3771c58609 - std[617be2ca0a6fd877]::panicking::default_hook
[INFO] [stdout]    5:     0x5e3771bf4bb0 - test[aada8e7e76ba119b]::test_main_inner::{closure#0}
[INFO] [stdout]    6:     0x5e3771c587c2 - std[617be2ca0a6fd877]::panicking::panic_with_hook
[INFO] [stdout]    7:     0x5e3771c3c382 - std[617be2ca0a6fd877]::panicking::panic_handler::{closure#0}
[INFO] [stdout]    8:     0x5e3771c35099 - std[617be2ca0a6fd877]::sys::backtrace::__rust_end_short_backtrace::<std[617be2ca0a6fd877]::panicking::panic_handler::{closure#0}, !>
[INFO] [stdout]    9:     0x5e3771c3cf8d - __rustc[ea4f61d10b84890b]::rust_begin_unwind
[INFO] [stdout]   10:     0x5e3771c7466c - core[a373ad73a504971]::panicking::panic_fmt
[INFO] [stdout]   11:     0x5e3771c74442 - core[a373ad73a504971]::result::unwrap_failed
[INFO] [stdout]   12:     0x5e3771bdff52 - <sed_conformance[d8eb1ed4773dbfec]::negated_simple_regex::{closure#0} as core[a373ad73a504971]::ops::function::FnOnce<()>>::call_once
[INFO] [stdout]   13:     0x5e3771be7ffb - test[aada8e7e76ba119b]::__rust_begin_short_backtrace::<core[a373ad73a504971]::result::Result<(), alloc[2e1b2a31b91974c5]::string::String>, fn() -> core[a373ad73a504971]::result::Result<(), alloc[2e1b2a31b91974c5]::string::String>>
[INFO] [stdout]   14:     0x5e3771bf51d5 - test[aada8e7e76ba119b]::run_test::{closure#0}
[INFO] [stdout]   15:     0x5e3771beeac4 - std[617be2ca0a6fd877]::sys::backtrace::__rust_begin_short_backtrace::<test[aada8e7e76ba119b]::run_test::{closure#1}, ()>
[INFO] [stdout]   16:     0x5e3771bf8262 - <std[617be2ca0a6fd877]::thread::lifecycle::spawn_unchecked<test[aada8e7e76ba119b]::run_test::{closure#1}, ()>::{closure#1} as core[a373ad73a504971]::ops::function::FnOnce<()>>::call_once::{shim:vtable#0}
[INFO] [stdout]   17:     0x5e3771c5f7cf - <std[617be2ca0a6fd877]::sys::thread::unix::Thread>::new::thread_start
[INFO] [stdout]   18:     0x71540c9efdfa - <unknown>
[INFO] [stdout]   19:     0x71540ca833d4 - clone
[INFO] [stdout]   20:                0x0 - <unknown>
[INFO] [stdout] 
[INFO] [stdout] ---- negated_simple_range stdout ----
[INFO] [stdout] 
[INFO] [stdout] thread 'negated_simple_range' (519) panicked at tests/sed_conformance.rs:62:1:
[INFO] [stdout] Failed to start toggle-comment: Os { code: 2, kind: NotFound, message: "No such file or directory" }
[INFO] [stdout] stack backtrace:
[INFO] [stdout]    0:     0x5e3771c5ff71 - <<std[617be2ca0a6fd877]::sys::backtrace::BacktraceLock>::print::DisplayBacktrace as core[a373ad73a504971]::fmt::Display>::fmt
[INFO] [stdout]    1:     0x5e3771c73f3a - core[a373ad73a504971]::fmt::write
[INFO] [stdout]    2:     0x5e3771c6418c - <alloc[2e1b2a31b91974c5]::vec::Vec<u8> as core[a373ad73a504971]::io::write::Write>::write_fmt
[INFO] [stdout]    3:     0x5e3771c3c2d6 - std[617be2ca0a6fd877]::panicking::default_hook::{closure#0}
[INFO] [stdout]    4:     0x5e3771c58609 - std[617be2ca0a6fd877]::panicking::default_hook
[INFO] [stdout]    5:     0x5e3771bf4bb0 - test[aada8e7e76ba119b]::test_main_inner::{closure#0}
[INFO] [stdout]    6:     0x5e3771c587c2 - std[617be2ca0a6fd877]::panicking::panic_with_hook
[INFO] [stdout]    7:     0x5e3771c3c382 - std[617be2ca0a6fd877]::panicking::panic_handler::{closure#0}
[INFO] [stdout]    8:     0x5e3771c35099 - std[617be2ca0a6fd877]::sys::backtrace::__rust_end_short_backtrace::<std[617be2ca0a6fd877]::panicking::panic_handler::{closure#0}, !>
[INFO] [stdout]    9:     0x5e3771c3cf8d - __rustc[ea4f61d10b84890b]::rust_begin_unwind
[INFO] [stdout]   10:     0x5e3771c7466c - core[a373ad73a504971]::panicking::panic_fmt
[INFO] [stdout]   11:     0x5e3771c74442 - core[a373ad73a504971]::result::unwrap_failed
[INFO] [stdout]   12:     0x5e3771bdf7eb - <sed_conformance[d8eb1ed4773dbfec]::negated_simple_range::{closure#0} as core[a373ad73a504971]::ops::function::FnOnce<()>>::call_once
[INFO] [stdout]   13:     0x5e3771be7ffb - test[aada8e7e76ba119b]::__rust_begin_short_backtrace::<core[a373ad73a504971]::result::Result<(), alloc[2e1b2a31b91974c5]::string::String>, fn() -> core[a373ad73a504971]::result::Result<(), alloc[2e1b2a31b91974c5]::string::String>>
[INFO] [stdout]   14:     0x5e3771bf51d5 - test[aada8e7e76ba119b]::run_test::{closure#0}
[INFO] [stdout]   15:     0x5e3771beeac4 - std[617be2ca0a6fd877]::sys::backtrace::__rust_begin_short_backtrace::<test[aada8e7e76ba119b]::run_test::{closure#1}, ()>
[INFO] [stdout]   16:     0x5e3771bf8262 - <std[617be2ca0a6fd877]::thread::lifecycle::spawn_unchecked<test[aada8e7e76ba119b]::run_test::{closure#1}, ()>::{closure#1} as core[a373ad73a504971]::ops::function::FnOnce<()>>::call_once::{shim:vtable#0}
[INFO] [stdout]   17:     0x5e3771c5f7cf - <std[617be2ca0a6fd877]::sys::thread::unix::Thread>::new::thread_start
[INFO] [stdout]   18:     0x71540c9efdfa - <unknown>
[INFO] [stdout]   19:     0x71540ca833d4 - clone
[INFO] [stdout]   20:                0x0 - <unknown>
[INFO] [stdout] 
[INFO] [stdout] ---- regex_range stdout ----
[INFO] [stdout] 
[INFO] [stdout] thread 'regex_range' (537) panicked at tests/sed_conformance.rs:52:1:
[INFO] [stdout] Failed to start toggle-comment: Os { code: 2, kind: NotFound, message: "No such file or directory" }
[INFO] [stdout] stack backtrace:
[INFO] [stdout]    0:     0x5e3771c5ff71 - <<std[617be2ca0a6fd877]::sys::backtrace::BacktraceLock>::print::DisplayBacktrace as core[a373ad73a504971]::fmt::Display>::fmt
[INFO] [stdout]    1:     0x5e3771c73f3a - core[a373ad73a504971]::fmt::write
[INFO] [stdout]    2:     0x5e3771c6418c - <alloc[2e1b2a31b91974c5]::vec::Vec<u8> as core[a373ad73a504971]::io::write::Write>::write_fmt
[INFO] [stdout]    3:     0x5e3771c3c2d6 - std[617be2ca0a6fd877]::panicking::default_hook::{closure#0}
[INFO] [stdout]    4:     0x5e3771c58609 - std[617be2ca0a6fd877]::panicking::default_hook
[INFO] [stdout]    5:     0x5e3771bf4bb0 - test[aada8e7e76ba119b]::test_main_inner::{closure#0}
[INFO] [stdout]    6:     0x5e3771c587c2 - std[617be2ca0a6fd877]::panicking::panic_with_hook
[INFO] [stdout]    7:     0x5e3771c3c382 - std[617be2ca0a6fd877]::panicking::panic_handler::{closure#0}
[INFO] [stdout]    8:     0x5e3771c35099 - std[617be2ca0a6fd877]::sys::backtrace::__rust_end_short_backtrace::<std[617be2ca0a6fd877]::panicking::panic_handler::{closure#0}, !>
[INFO] [stdout]    9:     0x5e3771c3cf8d - __rustc[ea4f61d10b84890b]::rust_begin_unwind
[INFO] [stdout]   10:     0x5e3771c7466c - core[a373ad73a504971]::panicking::panic_fmt
[INFO] [stdout]   11:     0x5e3771c74442 - core[a373ad73a504971]::result::unwrap_failed
[INFO] [stdout]   12:     0x5e3771bd885c - <sed_conformance[d8eb1ed4773dbfec]::regex_range::{closure#0} as core[a373ad73a504971]::ops::function::FnOnce<()>>::call_once
[INFO] [stdout]   13:     0x5e3771be7ffb - test[aada8e7e76ba119b]::__rust_begin_short_backtrace::<core[a373ad73a504971]::result::Result<(), alloc[2e1b2a31b91974c5]::string::String>, fn() -> core[a373ad73a504971]::result::Result<(), alloc[2e1b2a31b91974c5]::string::String>>
[INFO] [stdout]   14:     0x5e3771bf51d5 - test[aada8e7e76ba119b]::run_test::{closure#0}
[INFO] [stdout]   15:     0x5e3771beeac4 - std[617be2ca0a6fd877]::sys::backtrace::__rust_begin_short_backtrace::<test[aada8e7e76ba119b]::run_test::{closure#1}, ()>
[INFO] [stdout]   16:     0x5e3771bf8262 - <std[617be2ca0a6fd877]::thread::lifecycle::spawn_unchecked<test[aada8e7e76ba119b]::run_test::{closure#1}, ()>::{closure#1} as core[a373ad73a504971]::ops::function::FnOnce<()>>::call_once::{shim:vtable#0}
[INFO] [stdout]   17:     0x5e3771c5f7cf - <std[617be2ca0a6fd877]::sys::thread::unix::Thread>::new::thread_start
[INFO] [stdout]   18:     0x71540c9efdfa - <unknown>
[INFO] [stdout]   19:     0x71540ca833d4 - clone
[INFO] [stdout]   20:                0x0 - <unknown>
[INFO] [stdout] 
[INFO] [stdout] ---- regex_relative_from_first_match stdout ----
[INFO] [stdout] 
[INFO] [stdout] thread 'regex_relative_from_first_match' (538) panicked at tests/sed_conformance.rs:56:1:
[INFO] [stdout] Failed to start toggle-comment: Os { code: 2, kind: NotFound, message: "No such file or directory" }
[INFO] [stdout] stack backtrace:
[INFO] [stdout]    0:     0x5e3771c5ff71 - <<std[617be2ca0a6fd877]::sys::backtrace::BacktraceLock>::print::DisplayBacktrace as core[a373ad73a504971]::fmt::Display>::fmt
[INFO] [stdout]    1:     0x5e3771c73f3a - core[a373ad73a504971]::fmt::write
[INFO] [stdout]    2:     0x5e3771c6418c - <alloc[2e1b2a31b91974c5]::vec::Vec<u8> as core[a373ad73a504971]::io::write::Write>::write_fmt
[INFO] [stdout]    3:     0x5e3771c3c2d6 - std[617be2ca0a6fd877]::panicking::default_hook::{closure#0}
[INFO] [stdout]    4:     0x5e3771c58609 - std[617be2ca0a6fd877]::panicking::default_hook
[INFO] [stdout]    5:     0x5e3771bf4bb0 - test[aada8e7e76ba119b]::test_main_inner::{closure#0}
[INFO] [stdout]    6:     0x5e3771c587c2 - std[617be2ca0a6fd877]::panicking::panic_with_hook
[INFO] [stdout]    7:     0x5e3771c3c382 - std[617be2ca0a6fd877]::panicking::panic_handler::{closure#0}
[INFO] [stdout]    8:     0x5e3771c35099 - std[617be2ca0a6fd877]::sys::backtrace::__rust_end_short_backtrace::<std[617be2ca0a6fd877]::panicking::panic_handler::{closure#0}, !>
[INFO] [stdout]    9:     0x5e3771c3cf8d - __rustc[ea4f61d10b84890b]::rust_begin_unwind
[INFO] [stdout]   10:     0x5e3771c7466c - core[a373ad73a504971]::panicking::panic_fmt
[INFO] [stdout]   11:     0x5e3771c74442 - core[a373ad73a504971]::result::unwrap_failed
[INFO] [stdout]   12:     0x5e3771be6682 - <sed_conformance[d8eb1ed4773dbfec]::regex_relative_from_first_match::{closure#0} as core[a373ad73a504971]::ops::function::FnOnce<()>>::call_once
[INFO] [stdout]   13:     0x5e3771be7ffb - test[aada8e7e76ba119b]::__rust_begin_short_backtrace::<core[a373ad73a504971]::result::Result<(), alloc[2e1b2a31b91974c5]::string::String>, fn() -> core[a373ad73a504971]::result::Result<(), alloc[2e1b2a31b91974c5]::string::String>>
[INFO] [stdout]   14:     0x5e3771bf51d5 - test[aada8e7e76ba119b]::run_test::{closure#0}
[INFO] [stdout]   15:     0x5e3771beeac4 - std[617be2ca0a6fd877]::sys::backtrace::__rust_begin_short_backtrace::<test[aada8e7e76ba119b]::run_test::{closure#1}, ()>
[INFO] [stdout]   16:     0x5e3771bf8262 - <std[617be2ca0a6fd877]::thread::lifecycle::spawn_unchecked<test[aada8e7e76ba119b]::run_test::{closure#1}, ()>::{closure#1} as core[a373ad73a504971]::ops::function::FnOnce<()>>::call_once::{shim:vtable#0}
[INFO] [stdout]   17:     0x5e3771c5f7cf - <std[617be2ca0a6fd877]::sys::thread::unix::Thread>::new::thread_start
[INFO] [stdout]   18:     0x71540c9efdfa - <unknown>
[INFO] [stdout]   19:     0x71540ca833d4 - clone
[INFO] [stdout]   20:                0x0 - <unknown>
[INFO] [stdout] 
[INFO] [stdout] ---- negated_empty_pattern stdout ----
[INFO] [stdout] 
[INFO] [stdout] thread 'negated_empty_pattern' (511) panicked at tests/sed_conformance.rs:74:1:
[INFO] [stdout] Failed to start toggle-comment: Os { code: 2, kind: NotFound, message: "No such file or directory" }
[INFO] [stdout] stack backtrace:
[INFO] [stdout]    0:     0x5e3771c5ff71 - <<std[617be2ca0a6fd877]::sys::backtrace::BacktraceLock>::print::DisplayBacktrace as core[a373ad73a504971]::fmt::Display>::fmt
[INFO] [stdout]    1:     0x5e3771c73f3a - core[a373ad73a504971]::fmt::write
[INFO] [stdout]    2:     0x5e3771c6418c - <alloc[2e1b2a31b91974c5]::vec::Vec<u8> as core[a373ad73a504971]::io::write::Write>::write_fmt
[INFO] [stdout]    3:     0x5e3771c3c2d6 - std[617be2ca0a6fd877]::panicking::default_hook::{closure#0}
[INFO] [stdout]    4:     0x5e3771c58609 - std[617be2ca0a6fd877]::panicking::default_hook
[INFO] [stdout]    5:     0x5e3771bf4bb0 - test[aada8e7e76ba119b]::test_main_inner::{closure#0}
[INFO] [stdout]    6:     0x5e3771c587c2 - std[617be2ca0a6fd877]::panicking::panic_with_hook
[INFO] [stdout]    7:     0x5e3771c3c382 - std[617be2ca0a6fd877]::panicking::panic_handler::{closure#0}
[INFO] [stdout]    8:     0x5e3771c35099 - std[617be2ca0a6fd877]::sys::backtrace::__rust_end_short_backtrace::<std[617be2ca0a6fd877]::panicking::panic_handler::{closure#0}, !>
[INFO] [stdout]    9:     0x5e3771c3cf8d - __rustc[ea4f61d10b84890b]::rust_begin_unwind
[INFO] [stdout]   10:     0x5e3771c7466c - core[a373ad73a504971]::panicking::panic_fmt
[INFO] [stdout]   11:     0x5e3771c74442 - core[a373ad73a504971]::result::unwrap_failed
[INFO] [stdout]   12:     0x5e3771be1cc4 - <sed_conformance[d8eb1ed4773dbfec]::negated_empty_pattern::{closure#0} as core[a373ad73a504971]::ops::function::FnOnce<()>>::call_once
[INFO] [stdout]   13:     0x5e3771be7ffb - test[aada8e7e76ba119b]::__rust_begin_short_backtrace::<core[a373ad73a504971]::result::Result<(), alloc[2e1b2a31b91974c5]::string::String>, fn() -> core[a373ad73a504971]::result::Result<(), alloc[2e1b2a31b91974c5]::string::String>>
[INFO] [stdout]   14:     0x5e3771bf51d5 - test[aada8e7e76ba119b]::run_test::{closure#0}
[INFO] [stdout]   15:     0x5e3771beeac4 - std[617be2ca0a6fd877]::sys::backtrace::__rust_begin_short_backtrace::<test[aada8e7e76ba119b]::run_test::{closure#1}, ()>
[INFO] [stdout]   16:     0x5e3771bf8262 - <std[617be2ca0a6fd877]::thread::lifecycle::spawn_unchecked<test[aada8e7e76ba119b]::run_test::{closure#1}, ()>::{closure#1} as core[a373ad73a504971]::ops::function::FnOnce<()>>::call_once::{shim:vtable#0}
[INFO] [stdout]   17:     0x5e3771c5f7cf - <std[617be2ca0a6fd877]::sys::thread::unix::Thread>::new::thread_start
[INFO] [stdout]   18:     0x71540c9efdfa - <unknown>
[INFO] [stdout]   19:     0x71540ca833d4 - clone
[INFO] [stdout]   20:                0x0 - <unknown>
[INFO] [stdout] 
[INFO] [stdout] ---- simple_range stdout ----
[INFO] [stdout] 
[INFO] [stdout] thread 'simple_range' (544) panicked at tests/sed_conformance.rs:49:1:
[INFO] [stdout] Failed to start toggle-comment: Os { code: 2, kind: NotFound, message: "No such file or directory" }
[INFO] [stdout] stack backtrace:
[INFO] [stdout]    0:     0x5e3771c5ff71 - <<std[617be2ca0a6fd877]::sys::backtrace::BacktraceLock>::print::DisplayBacktrace as core[a373ad73a504971]::fmt::Display>::fmt
[INFO] [stdout]    1:     0x5e3771c73f3a - core[a373ad73a504971]::fmt::write
[INFO] [stdout]    2:     0x5e3771c6418c - <alloc[2e1b2a31b91974c5]::vec::Vec<u8> as core[a373ad73a504971]::io::write::Write>::write_fmt
[INFO] [stdout]    3:     0x5e3771c3c2d6 - std[617be2ca0a6fd877]::panicking::default_hook::{closure#0}
[INFO] [stdout]    4:     0x5e3771c58609 - std[617be2ca0a6fd877]::panicking::default_hook
[INFO] [stdout]    5:     0x5e3771bf4bb0 - test[aada8e7e76ba119b]::test_main_inner::{closure#0}
[INFO] [stdout]    6:     0x5e3771c587c2 - std[617be2ca0a6fd877]::panicking::panic_with_hook
[INFO] [stdout]    7:     0x5e3771c3c382 - std[617be2ca0a6fd877]::panicking::panic_handler::{closure#0}
[INFO] [stdout]    8:     0x5e3771c35099 - std[617be2ca0a6fd877]::sys::backtrace::__rust_end_short_backtrace::<std[617be2ca0a6fd877]::panicking::panic_handler::{closure#0}, !>
[INFO] [stdout]    9:     0x5e3771c3cf8d - __rustc[ea4f61d10b84890b]::rust_begin_unwind
[INFO] [stdout]   10:     0x5e3771c7466c - core[a373ad73a504971]::panicking::panic_fmt
[INFO] [stdout]   11:     0x5e3771c74442 - core[a373ad73a504971]::result::unwrap_failed
[INFO] [stdout]   12:     0x5e3771bd9e7a - <sed_conformance[d8eb1ed4773dbfec]::simple_range::{closure#0} as core[a373ad73a504971]::ops::function::FnOnce<()>>::call_once
[INFO] [stdout]   13:     0x5e3771be7ffb - test[aada8e7e76ba119b]::__rust_begin_short_backtrace::<core[a373ad73a504971]::result::Result<(), alloc[2e1b2a31b91974c5]::string::String>, fn() -> core[a373ad73a504971]::result::Result<(), alloc[2e1b2a31b91974c5]::string::String>>
[INFO] [stdout]   14:     0x5e3771bf51d5 - test[aada8e7e76ba119b]::run_test::{closure#0}
[INFO] [stdout]   15:     0x5e3771beeac4 - std[617be2ca0a6fd877]::sys::backtrace::__rust_begin_short_backtrace::<test[aada8e7e76ba119b]::run_test::{closure#1}, ()>
[INFO] [stdout]   16:     0x5e3771bf8262 - <std[617be2ca0a6fd877]::thread::lifecycle::spawn_unchecked<test[aada8e7e76ba119b]::run_test::{closure#1}, ()>::{closure#1} as core[a373ad73a504971]::ops::function::FnOnce<()>>::call_once::{shim:vtable#0}
[INFO] [stdout]   17:     0x5e3771c5f7cf - <std[617be2ca0a6fd877]::sys::thread::unix::Thread>::new::thread_start
[INFO] [stdout]   18:     0x71540c9efdfa - <unknown>
[INFO] [stdout]   19:     0x71540ca833d4 - clone
[INFO] [stdout]   20:                0x0 - <unknown>
[INFO] [stdout] 
[INFO] [stdout] ---- matched_first_address stdout ----
[INFO] [stdout] 
[INFO] [stdout] thread 'matched_first_address' (508) panicked at tests/sed_conformance.rs:58:1:
[INFO] [stdout] Failed to start toggle-comment: Os { code: 2, kind: NotFound, message: "No such file or directory" }
[INFO] [stdout] stack backtrace:
[INFO] [stdout]    0:     0x5e3771c5ff71 - <<std[617be2ca0a6fd877]::sys::backtrace::BacktraceLock>::print::DisplayBacktrace as core[a373ad73a504971]::fmt::Display>::fmt
[INFO] [stdout]    1:     0x5e3771c73f3a - core[a373ad73a504971]::fmt::write
[INFO] [stdout]    2:     0x5e3771c6418c - <alloc[2e1b2a31b91974c5]::vec::Vec<u8> as core[a373ad73a504971]::io::write::Write>::write_fmt
[INFO] [stdout]    3:     0x5e3771c3c2d6 - std[617be2ca0a6fd877]::panicking::default_hook::{closure#0}
[INFO] [stdout]    4:     0x5e3771c58609 - std[617be2ca0a6fd877]::panicking::default_hook
[INFO] [stdout]    5:     0x5e3771bf4bb0 - test[aada8e7e76ba119b]::test_main_inner::{closure#0}
[INFO] [stdout]    6:     0x5e3771c587c2 - std[617be2ca0a6fd877]::panicking::panic_with_hook
[INFO] [stdout]    7:     0x5e3771c3c382 - std[617be2ca0a6fd877]::panicking::panic_handler::{closure#0}
[INFO] [stdout]    8:     0x5e3771c35099 - std[617be2ca0a6fd877]::sys::backtrace::__rust_end_short_backtrace::<std[617be2ca0a6fd877]::panicking::panic_handler::{closure#0}, !>
[INFO] [stdout]    9:     0x5e3771c3cf8d - __rustc[ea4f61d10b84890b]::rust_begin_unwind
[INFO] [stdout]   10:     0x5e3771c7466c - core[a373ad73a504971]::panicking::panic_fmt
[INFO] [stdout]   11:     0x5e3771c74442 - core[a373ad73a504971]::result::unwrap_failed
[INFO] [stdout]   12:     0x5e3771be1565 - <sed_conformance[d8eb1ed4773dbfec]::matched_first_address::{closure#0} as core[a373ad73a504971]::ops::function::FnOnce<()>>::call_once
[INFO] [stdout]   13:     0x5e3771be7ffb - test[aada8e7e76ba119b]::__rust_begin_short_backtrace::<core[a373ad73a504971]::result::Result<(), alloc[2e1b2a31b91974c5]::string::String>, fn() -> core[a373ad73a504971]::result::Result<(), alloc[2e1b2a31b91974c5]::string::String>>
[INFO] [stdout]   14:     0x5e3771bf51d5 - test[aada8e7e76ba119b]::run_test::{closure#0}
[INFO] [stdout]   15:     0x5e3771beeac4 - std[617be2ca0a6fd877]::sys::backtrace::__rust_begin_short_backtrace::<test[aada8e7e76ba119b]::run_test::{closure#1}, ()>
[INFO] [stdout]   16:     0x5e3771bf8262 - <std[617be2ca0a6fd877]::thread::lifecycle::spawn_unchecked<test[aada8e7e76ba119b]::run_test::{closure#1}, ()>::{closure#1} as core[a373ad73a504971]::ops::function::FnOnce<()>>::call_once::{shim:vtable#0}
[INFO] [stdout]   17:     0x5e3771c5f7cf - <std[617be2ca0a6fd877]::sys::thread::unix::Thread>::new::thread_start
[INFO] [stdout]   18:     0x71540c9efdfa - <unknown>
[INFO] [stdout]   19:     0x71540ca833d4 - clone
[INFO] [stdout]   20:                0x0 - <unknown>
[INFO] [stdout] 
[INFO] [stdout] ---- negated_single_line stdout ----
[INFO] [stdout] 
[INFO] [stdout] thread 'negated_single_line' (521) panicked at tests/sed_conformance.rs:60:1:
[INFO] [stdout] Failed to start toggle-comment: Os { code: 2, kind: NotFound, message: "No such file or directory" }
[INFO] [stdout] stack backtrace:
[INFO] [stdout]    0:     0x5e3771c5ff71 - <<std[617be2ca0a6fd877]::sys::backtrace::BacktraceLock>::print::DisplayBacktrace as core[a373ad73a504971]::fmt::Display>::fmt
[INFO] [stdout]    1:     0x5e3771c73f3a - core[a373ad73a504971]::fmt::write
[INFO] [stdout]    2:     0x5e3771c6418c - <alloc[2e1b2a31b91974c5]::vec::Vec<u8> as core[a373ad73a504971]::io::write::Write>::write_fmt
[INFO] [stdout]    3:     0x5e3771c3c2d6 - std[617be2ca0a6fd877]::panicking::default_hook::{closure#0}
[INFO] [stdout]    4:     0x5e3771c58609 - std[617be2ca0a6fd877]::panicking::default_hook
[INFO] [stdout]    5:     0x5e3771bf4bb0 - test[aada8e7e76ba119b]::test_main_inner::{closure#0}
[INFO] [stdout]    6:     0x5e3771c587c2 - std[617be2ca0a6fd877]::panicking::panic_with_hook
[INFO] [stdout]    7:     0x5e3771c3c382 - std[617be2ca0a6fd877]::panicking::panic_handler::{closure#0}
[INFO] [stdout]    8:     0x5e3771c35099 - std[617be2ca0a6fd877]::sys::backtrace::__rust_end_short_backtrace::<std[617be2ca0a6fd877]::panicking::panic_handler::{closure#0}, !>
[INFO] [stdout]    9:     0x5e3771c3cf8d - __rustc[ea4f61d10b84890b]::rust_begin_unwind
[INFO] [stdout]   10:     0x5e3771c7466c - core[a373ad73a504971]::panicking::panic_fmt
[INFO] [stdout]   11:     0x5e3771c74442 - core[a373ad73a504971]::result::unwrap_failed
[INFO] [stdout]   12:     0x5e3771bde928 - <sed_conformance[d8eb1ed4773dbfec]::negated_single_line::{closure#0} as core[a373ad73a504971]::ops::function::FnOnce<()>>::call_once
[INFO] [stdout]   13:     0x5e3771be7ffb - test[aada8e7e76ba119b]::__rust_begin_short_backtrace::<core[a373ad73a504971]::result::Result<(), alloc[2e1b2a31b91974c5]::string::String>, fn() -> core[a373ad73a504971]::result::Result<(), alloc[2e1b2a31b91974c5]::string::String>>
[INFO] [stdout]   14:     0x5e3771bf51d5 - test[aada8e7e76ba119b]::run_test::{closure#0}
[INFO] [stdout]   15:     0x5e3771beeac4 - std[617be2ca0a6fd877]::sys::backtrace::__rust_begin_short_backtrace::<test[aada8e7e76ba119b]::run_test::{closure#1}, ()>
[INFO] [stdout]   16:     0x5e3771bf8262 - <std[617be2ca0a6fd877]::thread::lifecycle::spawn_unchecked<test[aada8e7e76ba119b]::run_test::{closure#1}, ()>::{closure#1} as core[a373ad73a504971]::ops::function::FnOnce<()>>::call_once::{shim:vtable#0}
[INFO] [stdout]   17:     0x5e3771c5f7cf - <std[617be2ca0a6fd877]::sys::thread::unix::Thread>::new::thread_start
[INFO] [stdout]   18:     0x71540c9efdfa - <unknown>
[INFO] [stdout]   19:     0x71540ca833d4 - clone
[INFO] [stdout]   20:                0x0 - <unknown>
[INFO] [stdout] 
[INFO] [stdout] ---- regex_absolute_range stdout ----
[INFO] [stdout] 
[INFO] [stdout] thread 'regex_absolute_range' (534) panicked at tests/sed_conformance.rs:55:1:
[INFO] [stdout] Failed to start toggle-comment: Os { code: 2, kind: NotFound, message: "No such file or directory" }
[INFO] [stdout] stack backtrace:
[INFO] [stdout]    0:     0x5e3771c5ff71 - <<std[617be2ca0a6fd877]::sys::backtrace::BacktraceLock>::print::DisplayBacktrace as core[a373ad73a504971]::fmt::Display>::fmt
[INFO] [stdout]    1:     0x5e3771c73f3a - core[a373ad73a504971]::fmt::write
[INFO] [stdout]    2:     0x5e3771c6418c - <alloc[2e1b2a31b91974c5]::vec::Vec<u8> as core[a373ad73a504971]::io::write::Write>::write_fmt
[INFO] [stdout]    3:     0x5e3771c3c2d6 - std[617be2ca0a6fd877]::panicking::default_hook::{closure#0}
[INFO] [stdout]    4:     0x5e3771c58609 - std[617be2ca0a6fd877]::panicking::default_hook
[INFO] [stdout]    5:     0x5e3771bf4bb0 - test[aada8e7e76ba119b]::test_main_inner::{closure#0}
[INFO] [stdout]    6:     0x5e3771c587c2 - std[617be2ca0a6fd877]::panicking::panic_with_hook
[INFO] [stdout]    7:     0x5e3771c3c382 - std[617be2ca0a6fd877]::panicking::panic_handler::{closure#0}
[INFO] [stdout]    8:     0x5e3771c35099 - std[617be2ca0a6fd877]::sys::backtrace::__rust_end_short_backtrace::<std[617be2ca0a6fd877]::panicking::panic_handler::{closure#0}, !>
[INFO] [stdout]    9:     0x5e3771c3cf8d - __rustc[ea4f61d10b84890b]::rust_begin_unwind
[INFO] [stdout]   10:     0x5e3771c7466c - core[a373ad73a504971]::panicking::panic_fmt
[INFO] [stdout]   11:     0x5e3771c74442 - core[a373ad73a504971]::result::unwrap_failed
[INFO] [stdout]   12:     0x5e3771be06a5 - <sed_conformance[d8eb1ed4773dbfec]::regex_absolute_range::{closure#0} as core[a373ad73a504971]::ops::function::FnOnce<()>>::call_once
[INFO] [stdout]   13:     0x5e3771be7ffb - test[aada8e7e76ba119b]::__rust_begin_short_backtrace::<core[a373ad73a504971]::result::Result<(), alloc[2e1b2a31b91974c5]::string::String>, fn() -> core[a373ad73a504971]::result::Result<(), alloc[2e1b2a31b91974c5]::string::String>>
[INFO] [stdout]   14:     0x5e3771bf51d5 - test[aada8e7e76ba119b]::run_test::{closure#0}
[INFO] [stdout]   15:     0x5e3771beeac4 - std[617be2ca0a6fd877]::sys::backtrace::__rust_begin_short_backtrace::<test[aada8e7e76ba119b]::run_test::{closure#1}, ()>
[INFO] [stdout]   16:     0x5e3771bf8262 - <std[617be2ca0a6fd877]::thread::lifecycle::spawn_unchecked<test[aada8e7e76ba119b]::run_test::{closure#1}, ()>::{closure#1} as core[a373ad73a504971]::ops::function::FnOnce<()>>::call_once::{shim:vtable#0}
[INFO] [stdout]   17:     0x5e3771c5f7cf - <std[617be2ca0a6fd877]::sys::thread::unix::Thread>::new::thread_start
[INFO] [stdout]   18:     0x71540c9efdfa - <unknown>
[INFO] [stdout]   19:     0x71540ca833d4 - clone
[INFO] [stdout]   20:                0x0 - <unknown>
[INFO] [stdout] 
[INFO] [stdout] ---- negated_relative_range stdout ----
[INFO] [stdout] 
[INFO] [stdout] thread 'negated_relative_range' (518) panicked at tests/sed_conformance.rs:64:1:
[INFO] [stdout] Failed to start toggle-comment: Os { code: 2, kind: NotFound, message: "No such file or directory" }
[INFO] [stdout] stack backtrace:
[INFO] [stdout]    0:     0x5e3771c5ff71 - <<std[617be2ca0a6fd877]::sys::backtrace::BacktraceLock>::print::DisplayBacktrace as core[a373ad73a504971]::fmt::Display>::fmt
[INFO] [stdout]    1:     0x5e3771c73f3a - core[a373ad73a504971]::fmt::write
[INFO] [stdout]    2:     0x5e3771c6418c - <alloc[2e1b2a31b91974c5]::vec::Vec<u8> as core[a373ad73a504971]::io::write::Write>::write_fmt
[INFO] [stdout]    3:     0x5e3771c3c2d6 - std[617be2ca0a6fd877]::panicking::default_hook::{closure#0}
[INFO] [stdout]    4:     0x5e3771c58609 - std[617be2ca0a6fd877]::panicking::default_hook
[INFO] [stdout]    5:     0x5e3771bf4bb0 - test[aada8e7e76ba119b]::test_main_inner::{closure#0}
[INFO] [stdout]    6:     0x5e3771c587c2 - std[617be2ca0a6fd877]::panicking::panic_with_hook
[INFO] [stdout]    7:     0x5e3771c3c382 - std[617be2ca0a6fd877]::panicking::panic_handler::{closure#0}
[INFO] [stdout]    8:     0x5e3771c35099 - std[617be2ca0a6fd877]::sys::backtrace::__rust_end_short_backtrace::<std[617be2ca0a6fd877]::panicking::panic_handler::{closure#0}, !>
[INFO] [stdout]    9:     0x5e3771c3cf8d - __rustc[ea4f61d10b84890b]::rust_begin_unwind
[INFO] [stdout]   10:     0x5e3771c7466c - core[a373ad73a504971]::panicking::panic_fmt
[INFO] [stdout]   11:     0x5e3771c74442 - core[a373ad73a504971]::result::unwrap_failed
[INFO] [stdout]   12:     0x5e3771be2b7b - <sed_conformance[d8eb1ed4773dbfec]::negated_relative_range::{closure#0} as core[a373ad73a504971]::ops::function::FnOnce<()>>::call_once
[INFO] [stdout]   13:     0x5e3771be7ffb - test[aada8e7e76ba119b]::__rust_begin_short_backtrace::<core[a373ad73a504971]::result::Result<(), alloc[2e1b2a31b91974c5]::string::String>, fn() -> core[a373ad73a504971]::result::Result<(), alloc[2e1b2a31b91974c5]::string::String>>
[INFO] [stdout]   14:     0x5e3771bf51d5 - test[aada8e7e76ba119b]::run_test::{closure#0}
[INFO] [stdout]   15:     0x5e3771beeac4 - std[617be2ca0a6fd877]::sys::backtrace::__rust_begin_short_backtrace::<test[aada8e7e76ba119b]::run_test::{closure#1}, ()>
[INFO] [stdout]   16:     0x5e3771bf8262 - <std[617be2ca0a6fd877]::thread::lifecycle::spawn_unchecked<test[aada8e7e76ba119b]::run_test::{closure#1}, ()>::{closure#1} as core[a373ad73a504971]::ops::function::FnOnce<()>>::call_once::{shim:vtable#0}
[INFO] [stdout]   17:     0x5e3771c5f7cf - <std[617be2ca0a6fd877]::sys::thread::unix::Thread>::new::thread_start
[INFO] [stdout]   18:     0x71540c9efdfa - <unknown>
[INFO] [stdout]   19:     0x71540ca833d4 - clone
[INFO] [stdout]   20:                0x0 - <unknown>
[INFO] [stdout] 
[INFO] [stdout] ---- single_line stdout ----
[INFO] [stdout] 
[INFO] [stdout] thread 'single_line' (550) panicked at tests/sed_conformance.rs:47:1:
[INFO] [stdout] Failed to start toggle-comment: Os { code: 2, kind: NotFound, message: "No such file or directory" }
[INFO] [stdout] stack backtrace:
[INFO] [stdout]    0:     0x5e3771c5ff71 - <<std[617be2ca0a6fd877]::sys::backtrace::BacktraceLock>::print::DisplayBacktrace as core[a373ad73a504971]::fmt::Display>::fmt
[INFO] [stdout]    1:     0x5e3771c73f3a - core[a373ad73a504971]::fmt::write
[INFO] [stdout]    2:     0x5e3771c6418c - <alloc[2e1b2a31b91974c5]::vec::Vec<u8> as core[a373ad73a504971]::io::write::Write>::write_fmt
[INFO] [stdout]    3:     0x5e3771c3c2d6 - std[617be2ca0a6fd877]::panicking::default_hook::{closure#0}
[INFO] [stdout]    4:     0x5e3771c58609 - std[617be2ca0a6fd877]::panicking::default_hook
[INFO] [stdout]    5:     0x5e3771bf4bb0 - test[aada8e7e76ba119b]::test_main_inner::{closure#0}
[INFO] [stdout]    6:     0x5e3771c587c2 - std[617be2ca0a6fd877]::panicking::panic_with_hook
[INFO] [stdout]    7:     0x5e3771c3c382 - std[617be2ca0a6fd877]::panicking::panic_handler::{closure#0}
[INFO] [stdout]    8:     0x5e3771c35099 - std[617be2ca0a6fd877]::sys::backtrace::__rust_end_short_backtrace::<std[617be2ca0a6fd877]::panicking::panic_handler::{closure#0}, !>
[INFO] [stdout]    9:     0x5e3771c3cf8d - __rustc[ea4f61d10b84890b]::rust_begin_unwind
[INFO] [stdout]   10:     0x5e3771c7466c - core[a373ad73a504971]::panicking::panic_fmt
[INFO] [stdout]   11:     0x5e3771c74442 - core[a373ad73a504971]::result::unwrap_failed
[INFO] [stdout]   12:     0x5e3771bd8fb4 - <sed_conformance[d8eb1ed4773dbfec]::single_line::{closure#0} as core[a373ad73a504971]::ops::function::FnOnce<()>>::call_once
[INFO] [stdout]   13:     0x5e3771be7ffb - test[aada8e7e76ba119b]::__rust_begin_short_backtrace::<core[a373ad73a504971]::result::Result<(), alloc[2e1b2a31b91974c5]::string::String>, fn() -> core[a373ad73a504971]::result::Result<(), alloc[2e1b2a31b91974c5]::string::String>>
[INFO] [stdout]   14:     0x5e3771bf51d5 - test[aada8e7e76ba119b]::run_test::{closure#0}
[INFO] [stdout]   15:     0x5e3771beeac4 - std[617be2ca0a6fd877]::sys::backtrace::__rust_begin_short_backtrace::<test[aada8e7e76ba119b]::run_test::{closure#1}, ()>
[INFO] [stdout]   16:     0x5e3771bf8262 - <std[617be2ca0a6fd877]::thread::lifecycle::spawn_unchecked<test[aada8e7e76ba119b]::run_test::{closure#1}, ()>::{closure#1} as core[a373ad73a504971]::ops::function::FnOnce<()>>::call_once::{shim:vtable#0}
[INFO] [stdout]   17:     0x5e3771c5f7cf - <std[617be2ca0a6fd877]::sys::thread::unix::Thread>::new::thread_start
[INFO] [stdout]   18:     0x71540c9efdfa - <unknown>
[INFO] [stdout]   19:     0x71540ca833d4 - clone
[INFO] [stdout]   20:                0x0 - <unknown>
[INFO] [stdout] 
[INFO] [stdout] ---- negated_nonmatched_first_address stdout ----
[INFO] [stdout] 
[INFO] [stdout] thread 'negated_nonmatched_first_address' (513) panicked at tests/sed_conformance.rs:70:1:
[INFO] [stdout] Failed to start toggle-comment: Os { code: 2, kind: NotFound, message: "No such file or directory" }
[INFO] [stdout] stack backtrace:
[INFO] [stdout]    0:     0x5e3771c5ff71 - <<std[617be2ca0a6fd877]::sys::backtrace::BacktraceLock>::print::DisplayBacktrace as core[a373ad73a504971]::fmt::Display>::fmt
[INFO] [stdout]    1:     0x5e3771c73f3a - core[a373ad73a504971]::fmt::write
[INFO] [stdout]    2:     0x5e3771c6418c - <alloc[2e1b2a31b91974c5]::vec::Vec<u8> as core[a373ad73a504971]::io::write::Write>::write_fmt
[INFO] [stdout]    3:     0x5e3771c3c2d6 - std[617be2ca0a6fd877]::panicking::default_hook::{closure#0}
[INFO] [stdout]    4:     0x5e3771c58609 - std[617be2ca0a6fd877]::panicking::default_hook
[INFO] [stdout]    5:     0x5e3771bf4bb0 - test[aada8e7e76ba119b]::test_main_inner::{closure#0}
[INFO] [stdout]    6:     0x5e3771c587c2 - std[617be2ca0a6fd877]::panicking::panic_with_hook
[INFO] [stdout]    7:     0x5e3771c3c382 - std[617be2ca0a6fd877]::panicking::panic_handler::{closure#0}
[INFO] [stdout]    8:     0x5e3771c35099 - std[617be2ca0a6fd877]::sys::backtrace::__rust_end_short_backtrace::<std[617be2ca0a6fd877]::panicking::panic_handler::{closure#0}, !>
[INFO] [stdout]    9:     0x5e3771c3cf8d - __rustc[ea4f61d10b84890b]::rust_begin_unwind
[INFO] [stdout]   10:     0x5e3771c7466c - core[a373ad73a504971]::panicking::panic_fmt
[INFO] [stdout]   11:     0x5e3771c74442 - core[a373ad73a504971]::result::unwrap_failed
[INFO] [stdout]   12:     0x5e3771be6dd7 - <sed_conformance[d8eb1ed4773dbfec]::negated_nonmatched_first_address::{closure#0} as core[a373ad73a504971]::ops::function::FnOnce<()>>::call_once
[INFO] [stdout]   13:     0x5e3771be7ffb - test[aada8e7e76ba119b]::__rust_begin_short_backtrace::<core[a373ad73a504971]::result::Result<(), alloc[2e1b2a31b91974c5]::string::String>, fn() -> core[a373ad73a504971]::result::Result<(), alloc[2e1b2a31b91974c5]::string::String>>
[INFO] [stdout]   14:     0x5e3771bf51d5 - test[aada8e7e76ba119b]::run_test::{closure#0}
[INFO] [stdout]   15:     0x5e3771beeac4 - std[617be2ca0a6fd877]::sys::backtrace::__rust_begin_short_backtrace::<test[aada8e7e76ba119b]::run_test::{closure#1}, ()>
[INFO] [stdout]   16:     0x5e3771bf8262 - <std[617be2ca0a6fd877]::thread::lifecycle::spawn_unchecked<test[aada8e7e76ba119b]::run_test::{closure#1}, ()>::{closure#1} as core[a373ad73a504971]::ops::function::FnOnce<()>>::call_once::{shim:vtable#0}
[INFO] [stdout]   17:     0x5e3771c5f7cf - <std[617be2ca0a6fd877]::sys::thread::unix::Thread>::new::thread_start
[INFO] [stdout]   18:     0x71540c9efdfa - <unknown>
[INFO] [stdout]   19:     0x71540ca833d4 - clone
[INFO] [stdout]   20:                0x0 - <unknown>
[INFO] [stdout] 
[INFO] [stdout] ---- smoke_test stdout ----
[INFO] [stdout] 
[INFO] [stdout] thread 'smoke_test' (557) panicked at tests/sed_conformance.rs:14:30:
[INFO] [stdout] Failed to spawn toggle-comment: Os { code: 2, kind: NotFound, message: "No such file or directory" }
[INFO] [stdout] stack backtrace:
[INFO] [stdout]    0:     0x5e3771c5ff71 - <<std[617be2ca0a6fd877]::sys::backtrace::BacktraceLock>::print::DisplayBacktrace as core[a373ad73a504971]::fmt::Display>::fmt
[INFO] [stdout]    1:     0x5e3771c73f3a - core[a373ad73a504971]::fmt::write
[INFO] [stdout]    2:     0x5e3771c6418c - <alloc[2e1b2a31b91974c5]::vec::Vec<u8> as core[a373ad73a504971]::io::write::Write>::write_fmt
[INFO] [stdout]    3:     0x5e3771c3c2d6 - std[617be2ca0a6fd877]::panicking::default_hook::{closure#0}
[INFO] [stdout]    4:     0x5e3771c58609 - std[617be2ca0a6fd877]::panicking::default_hook
[INFO] [stdout]    5:     0x5e3771bf4bb0 - test[aada8e7e76ba119b]::test_main_inner::{closure#0}
[INFO] [stdout]    6:     0x5e3771c587c2 - std[617be2ca0a6fd877]::panicking::panic_with_hook
[INFO] [stdout]    7:     0x5e3771c3c382 - std[617be2ca0a6fd877]::panicking::panic_handler::{closure#0}
[INFO] [stdout]    8:     0x5e3771c35099 - std[617be2ca0a6fd877]::sys::backtrace::__rust_end_short_backtrace::<std[617be2ca0a6fd877]::panicking::panic_handler::{closure#0}, !>
[INFO] [stdout]    9:     0x5e3771c3cf8d - __rustc[ea4f61d10b84890b]::rust_begin_unwind
[INFO] [stdout]   10:     0x5e3771c7466c - core[a373ad73a504971]::panicking::panic_fmt
[INFO] [stdout]   11:     0x5e3771c74442 - core[a373ad73a504971]::result::unwrap_failed
[INFO] [stdout]   12:     0x5e3771bd837b - <sed_conformance[d8eb1ed4773dbfec]::smoke_test::{closure#0} as core[a373ad73a504971]::ops::function::FnOnce<()>>::call_once
[INFO] [stdout]   13:     0x5e3771be7ffb - test[aada8e7e76ba119b]::__rust_begin_short_backtrace::<core[a373ad73a504971]::result::Result<(), alloc[2e1b2a31b91974c5]::string::String>, fn() -> core[a373ad73a504971]::result::Result<(), alloc[2e1b2a31b91974c5]::string::String>>
[INFO] [stdout]   14:     0x5e3771bf51d5 - test[aada8e7e76ba119b]::run_test::{closure#0}
[INFO] [stdout]   15:     0x5e3771beeac4 - std[617be2ca0a6fd877]::sys::backtrace::__rust_begin_short_backtrace::<test[aada8e7e76ba119b]::run_test::{closure#1}, ()>
[INFO] [stdout]   16:     0x5e3771bf8262 - <std[617be2ca0a6fd877]::thread::lifecycle::spawn_unchecked<test[aada8e7e76ba119b]::run_test::{closure#1}, ()>::{closure#1} as core[a373ad73a504971]::ops::function::FnOnce<()>>::call_once::{shim:vtable#0}
[INFO] [stdout]   17:     0x5e3771c5f7cf - <std[617be2ca0a6fd877]::sys::thread::unix::Thread>::new::thread_start
[INFO] [stdout]   18:     0x71540c9efdfa - <unknown>
[INFO] [stdout]   19:     0x71540ca833d4 - clone
[INFO] [stdout]   20:                0x0 - <unknown>
[INFO] [stdout] 
[INFO] [stdout] ---- negated_single_line_range stdout ----
[INFO] [stdout] 
[INFO] [stdout] thread 'negated_single_line_range' (522) panicked at tests/sed_conformance.rs:61:1:
[INFO] [stdout] Failed to start toggle-comment: Os { code: 2, kind: NotFound, message: "No such file or directory" }
[INFO] [stdout] stack backtrace:
[INFO] [stdout]    0:     0x5e3771c5ff71 - <<std[617be2ca0a6fd877]::sys::backtrace::BacktraceLock>::print::DisplayBacktrace as core[a373ad73a504971]::fmt::Display>::fmt
[INFO] [stdout]    1:     0x5e3771c73f3a - core[a373ad73a504971]::fmt::write
[INFO] [stdout]    2:     0x5e3771c6418c - <alloc[2e1b2a31b91974c5]::vec::Vec<u8> as core[a373ad73a504971]::io::write::Write>::write_fmt
[INFO] [stdout]    3:     0x5e3771c3c2d6 - std[617be2ca0a6fd877]::panicking::default_hook::{closure#0}
[INFO] [stdout]    4:     0x5e3771c58609 - std[617be2ca0a6fd877]::panicking::default_hook
[INFO] [stdout]    5:     0x5e3771bf4bb0 - test[aada8e7e76ba119b]::test_main_inner::{closure#0}
[INFO] [stdout]    6:     0x5e3771c587c2 - std[617be2ca0a6fd877]::panicking::panic_with_hook
[INFO] [stdout]    7:     0x5e3771c3c382 - std[617be2ca0a6fd877]::panicking::panic_handler::{closure#0}
[INFO] [stdout]    8:     0x5e3771c35099 - std[617be2ca0a6fd877]::sys::backtrace::__rust_end_short_backtrace::<std[617be2ca0a6fd877]::panicking::panic_handler::{closure#0}, !>
[INFO] [stdout]    9:     0x5e3771c3cf8d - __rustc[ea4f61d10b84890b]::rust_begin_unwind
[INFO] [stdout]   10:     0x5e3771c7466c - core[a373ad73a504971]::panicking::panic_fmt
[INFO] [stdout]   11:     0x5e3771c74442 - core[a373ad73a504971]::result::unwrap_failed
[INFO] [stdout]   12:     0x5e3771be419b - <sed_conformance[d8eb1ed4773dbfec]::negated_single_line_range::{closure#0} as core[a373ad73a504971]::ops::function::FnOnce<()>>::call_once
[INFO] [stdout]   13:     0x5e3771be7ffb - test[aada8e7e76ba119b]::__rust_begin_short_backtrace::<core[a373ad73a504971]::result::Result<(), alloc[2e1b2a31b91974c5]::string::String>, fn() -> core[a373ad73a504971]::result::Result<(), alloc[2e1b2a31b91974c5]::string::String>>
[INFO] [stdout]   14:     0x5e3771bf51d5 - test[aada8e7e76ba119b]::run_test::{closure#0}
[INFO] [stdout]   15:     0x5e3771beeac4 - std[617be2ca0a6fd877]::sys::backtrace::__rust_begin_short_backtrace::<test[aada8e7e76ba119b]::run_test::{closure#1}, ()>
[INFO] [stdout]   16:     0x5e3771bf8262 - <std[617be2ca0a6fd877]::thread::lifecycle::spawn_unchecked<test[aada8e7e76ba119b]::run_test::{closure#1}, ()>::{closure#1} as core[a373ad73a504971]::ops::function::FnOnce<()>>::call_once::{shim:vtable#0}
[INFO] [stdout]   17:     0x5e3771c5f7cf - <std[617be2ca0a6fd877]::sys::thread::unix::Thread>::new::thread_start
[INFO] [stdout]   18:     0x71540c9efdfa - <unknown>
[INFO] [stdout]   19:     0x71540ca833d4 - clone
[INFO] [stdout]   20:                0x0 - <unknown>
[INFO] [stdout] 
[INFO] [stdout] ---- simple_regex stdout ----
[INFO] [stdout] 
[INFO] [stdout] thread 'simple_regex' (548) panicked at tests/sed_conformance.rs:50:1:
[INFO] [stdout] Failed to start toggle-comment: Os { code: 2, kind: NotFound, message: "No such file or directory" }
[INFO] [stdout] stack backtrace:
[INFO] [stdout]    0:     0x5e3771c5ff71 - <<std[617be2ca0a6fd877]::sys::backtrace::BacktraceLock>::print::DisplayBacktrace as core[a373ad73a504971]::fmt::Display>::fmt
[INFO] [stdout]    1:     0x5e3771c73f3a - core[a373ad73a504971]::fmt::write
[INFO] [stdout]    2:     0x5e3771c6418c - <alloc[2e1b2a31b91974c5]::vec::Vec<u8> as core[a373ad73a504971]::io::write::Write>::write_fmt
[INFO] [stdout]    3:     0x5e3771c3c2d6 - std[617be2ca0a6fd877]::panicking::default_hook::{closure#0}
[INFO] [stdout]    4:     0x5e3771c58609 - std[617be2ca0a6fd877]::panicking::default_hook
[INFO] [stdout]    5:     0x5e3771bf4bb0 - test[aada8e7e76ba119b]::test_main_inner::{closure#0}
[INFO] [stdout]    6:     0x5e3771c587c2 - std[617be2ca0a6fd877]::panicking::panic_with_hook
[INFO] [stdout]    7:     0x5e3771c3c382 - std[617be2ca0a6fd877]::panicking::panic_handler::{closure#0}
[INFO] [stdout]    8:     0x5e3771c35099 - std[617be2ca0a6fd877]::sys::backtrace::__rust_end_short_backtrace::<std[617be2ca0a6fd877]::panicking::panic_handler::{closure#0}, !>
[INFO] [stdout]    9:     0x5e3771c3cf8d - __rustc[ea4f61d10b84890b]::rust_begin_unwind
[INFO] [stdout]   10:     0x5e3771c7466c - core[a373ad73a504971]::panicking::panic_fmt
[INFO] [stdout]   11:     0x5e3771c74442 - core[a373ad73a504971]::result::unwrap_failed
[INFO] [stdout]   12:     0x5e3771bda5db - <sed_conformance[d8eb1ed4773dbfec]::simple_regex::{closure#0} as core[a373ad73a504971]::ops::function::FnOnce<()>>::call_once
[INFO] [stdout]   13:     0x5e3771be7ffb - test[aada8e7e76ba119b]::__rust_begin_short_backtrace::<core[a373ad73a504971]::result::Result<(), alloc[2e1b2a31b91974c5]::string::String>, fn() -> core[a373ad73a504971]::result::Result<(), alloc[2e1b2a31b91974c5]::string::String>>
[INFO] [stdout]   14:     0x5e3771bf51d5 - test[aada8e7e76ba119b]::run_test::{closure#0}
[INFO] [stdout]   15:     0x5e3771beeac4 - std[617be2ca0a6fd877]::sys::backtrace::__rust_begin_short_backtrace::<test[aada8e7e76ba119b]::run_test::{closure#1}, ()>
[INFO] [stdout]   16:     0x5e3771bf8262 - <std[617be2ca0a6fd877]::thread::lifecycle::spawn_unchecked<test[aada8e7e76ba119b]::run_test::{closure#1}, ()>::{closure#1} as core[a373ad73a504971]::ops::function::FnOnce<()>>::call_once::{shim:vtable#0}
[INFO] [stdout]   17:     0x5e3771c5f7cf - <std[617be2ca0a6fd877]::sys::thread::unix::Thread>::new::thread_start
[INFO] [stdout]   18:     0x71540c9efdfa - <unknown>
[INFO] [stdout]   19:     0x71540ca833d4 - clone
[INFO] [stdout]   20:                0x0 - <unknown>
[INFO] [stdout] 
[INFO] [stdout] ---- negated_regex_relative_range stdout ----
[INFO] [stdout] 
[INFO] [stdout] thread 'negated_regex_relative_range' (517) panicked at tests/sed_conformance.rs:66:1:
[INFO] [stdout] Failed to start toggle-comment: Os { code: 2, kind: NotFound, message: "No such file or directory" }
[INFO] [stdout] stack backtrace:
[INFO] [stdout]    0:     0x5e3771c5ff71 - <<std[617be2ca0a6fd877]::sys::backtrace::BacktraceLock>::print::DisplayBacktrace as core[a373ad73a504971]::fmt::Display>::fmt
[INFO] [stdout]    1:     0x5e3771c73f3a - core[a373ad73a504971]::fmt::write
[INFO] [stdout]    2:     0x5e3771c6418c - <alloc[2e1b2a31b91974c5]::vec::Vec<u8> as core[a373ad73a504971]::io::write::Write>::write_fmt
[INFO] [stdout]    3:     0x5e3771c3c2d6 - std[617be2ca0a6fd877]::panicking::default_hook::{closure#0}
[INFO] [stdout]    4:     0x5e3771c58609 - std[617be2ca0a6fd877]::panicking::default_hook
[INFO] [stdout]    5:     0x5e3771bf4bb0 - test[aada8e7e76ba119b]::test_main_inner::{closure#0}
[INFO] [stdout]    6:     0x5e3771c587c2 - std[617be2ca0a6fd877]::panicking::panic_with_hook
[INFO] [stdout]    7:     0x5e3771c3c382 - std[617be2ca0a6fd877]::panicking::panic_handler::{closure#0}
[INFO] [stdout]    8:     0x5e3771c35099 - std[617be2ca0a6fd877]::sys::backtrace::__rust_end_short_backtrace::<std[617be2ca0a6fd877]::panicking::panic_handler::{closure#0}, !>
[INFO] [stdout]    9:     0x5e3771c3cf8d - __rustc[ea4f61d10b84890b]::rust_begin_unwind
[INFO] [stdout]   10:     0x5e3771c7466c - core[a373ad73a504971]::panicking::panic_fmt
[INFO] [stdout]   11:     0x5e3771c74442 - core[a373ad73a504971]::result::unwrap_failed
[INFO] [stdout]   12:     0x5e3771be57b8 - <sed_conformance[d8eb1ed4773dbfec]::negated_regex_relative_range::{closure#0} as core[a373ad73a504971]::ops::function::FnOnce<()>>::call_once
[INFO] [stdout]   13:     0x5e3771be7ffb - test[aada8e7e76ba119b]::__rust_begin_short_backtrace::<core[a373ad73a504971]::result::Result<(), alloc[2e1b2a31b91974c5]::string::String>, fn() -> core[a373ad73a504971]::result::Result<(), alloc[2e1b2a31b91974c5]::string::String>>
[INFO] [stdout]   14:     0x5e3771bf51d5 - test[aada8e7e76ba119b]::run_test::{closure#0}
[INFO] [stdout]   15:     0x5e3771beeac4 - std[617be2ca0a6fd877]::sys::backtrace::__rust_begin_short_backtrace::<test[aada8e7e76ba119b]::run_test::{closure#1}, ()>
[INFO] [stdout]   16:     0x5e3771bf8262 - <std[617be2ca0a6fd877]::thread::lifecycle::spawn_unchecked<test[aada8e7e76ba119b]::run_test::{closure#1}, ()>::{closure#1} as core[a373ad73a504971]::ops::function::FnOnce<()>>::call_once::{shim:vtable#0}
[INFO] [stdout]   17:     0x5e3771c5f7cf - <std[617be2ca0a6fd877]::sys::thread::unix::Thread>::new::thread_start
[INFO] [stdout]   18:     0x71540c9efdfa - <unknown>
[INFO] [stdout]   19:     0x71540ca833d4 - clone
[INFO] [stdout]   20:                0x0 - <unknown>
[INFO] [stdout] 
[INFO] [stdout] ---- empty_pattern stdout ----
[INFO] [stdout] 
[INFO] [stdout] thread 'empty_pattern' (507) panicked at tests/sed_conformance.rs:73:1:
[INFO] [stdout] Failed to start toggle-comment: Os { code: 2, kind: NotFound, message: "No such file or directory" }
[INFO] [stdout] stack backtrace:
[INFO] [stdout]    0:     0x5e3771c5ff71 - <<std[617be2ca0a6fd877]::sys::backtrace::BacktraceLock>::print::DisplayBacktrace as core[a373ad73a504971]::fmt::Display>::fmt
[INFO] [stdout]    1:     0x5e3771c73f3a - core[a373ad73a504971]::fmt::write
[INFO] [stdout]    2:     0x5e3771c6418c - <alloc[2e1b2a31b91974c5]::vec::Vec<u8> as core[a373ad73a504971]::io::write::Write>::write_fmt
[INFO] [stdout]    3:     0x5e3771c3c2d6 - std[617be2ca0a6fd877]::panicking::default_hook::{closure#0}
[INFO] [stdout]    4:     0x5e3771c58609 - std[617be2ca0a6fd877]::panicking::default_hook
[INFO] [stdout]    5:     0x5e3771bf4bb0 - test[aada8e7e76ba119b]::test_main_inner::{closure#0}
[INFO] [stdout]    6:     0x5e3771c587c2 - std[617be2ca0a6fd877]::panicking::panic_with_hook
[INFO] [stdout]    7:     0x5e3771c3c382 - std[617be2ca0a6fd877]::panicking::panic_handler::{closure#0}
[INFO] [stdout]    8:     0x5e3771c35099 - std[617be2ca0a6fd877]::sys::backtrace::__rust_end_short_backtrace::<std[617be2ca0a6fd877]::panicking::panic_handler::{closure#0}, !>
[INFO] [stdout]    9:     0x5e3771c3cf8d - __rustc[ea4f61d10b84890b]::rust_begin_unwind
[INFO] [stdout]   10:     0x5e3771c7466c - core[a373ad73a504971]::panicking::panic_fmt
[INFO] [stdout]   11:     0x5e3771c74442 - core[a373ad73a504971]::result::unwrap_failed
[INFO] [stdout]   12:     0x5e3771bdb48f - <sed_conformance[d8eb1ed4773dbfec]::empty_pattern::{closure#0} as core[a373ad73a504971]::ops::function::FnOnce<()>>::call_once
[INFO] [stdout]   13:     0x5e3771be7ffb - test[aada8e7e76ba119b]::__rust_begin_short_backtrace::<core[a373ad73a504971]::result::Result<(), alloc[2e1b2a31b91974c5]::string::String>, fn() -> core[a373ad73a504971]::result::Result<(), alloc[2e1b2a31b91974c5]::string::String>>
[INFO] [stdout]   14:     0x5e3771bf51d5 - test[aada8e7e76ba119b]::run_test::{closure#0}
[INFO] [stdout]   15:     0x5e3771beeac4 - std[617be2ca0a6fd877]::sys::backtrace::__rust_begin_short_backtrace::<test[aada8e7e76ba119b]::run_test::{closure#1}, ()>
[INFO] [stdout]   16:     0x5e3771bf8262 - <std[617be2ca0a6fd877]::thread::lifecycle::spawn_unchecked<test[aada8e7e76ba119b]::run_test::{closure#1}, ()>::{closure#1} as core[a373ad73a504971]::ops::function::FnOnce<()>>::call_once::{shim:vtable#0}
[INFO] [stdout]   17:     0x5e3771c5f7cf - <std[617be2ca0a6fd877]::sys::thread::unix::Thread>::new::thread_start
[INFO] [stdout]   18:     0x71540c9efdfa - <unknown>
[INFO] [stdout]   19:     0x71540ca833d4 - clone
[INFO] [stdout]   20:                0x0 - <unknown>
[INFO] [stdout] 
[INFO] [stdout] ---- negated_regex_range stdout ----
[INFO] [stdout] 
[INFO] [stdout] thread 'negated_regex_range' (515) panicked at tests/sed_conformance.rs:65:1:
[INFO] [stdout] Failed to start toggle-comment: Os { code: 2, kind: NotFound, message: "No such file or directory" }
[INFO] [stdout] stack backtrace:
[INFO] [stdout]    0:     0x5e3771c5ff71 - <<std[617be2ca0a6fd877]::sys::backtrace::BacktraceLock>::print::DisplayBacktrace as core[a373ad73a504971]::fmt::Display>::fmt
[INFO] [stdout]    1:     0x5e3771c73f3a - core[a373ad73a504971]::fmt::write
[INFO] [stdout]    2:     0x5e3771c6418c - <alloc[2e1b2a31b91974c5]::vec::Vec<u8> as core[a373ad73a504971]::io::write::Write>::write_fmt
[INFO] [stdout]    3:     0x5e3771c3c2d6 - std[617be2ca0a6fd877]::panicking::default_hook::{closure#0}
[INFO] [stdout]    4:     0x5e3771c58609 - std[617be2ca0a6fd877]::panicking::default_hook
[INFO] [stdout]    5:     0x5e3771bf4bb0 - test[aada8e7e76ba119b]::test_main_inner::{closure#0}
[INFO] [stdout]    6:     0x5e3771c587c2 - std[617be2ca0a6fd877]::panicking::panic_with_hook
[INFO] [stdout]    7:     0x5e3771c3c382 - std[617be2ca0a6fd877]::panicking::panic_handler::{closure#0}
[INFO] [stdout]    8:     0x5e3771c35099 - std[617be2ca0a6fd877]::sys::backtrace::__rust_end_short_backtrace::<std[617be2ca0a6fd877]::panicking::panic_handler::{closure#0}, !>
[INFO] [stdout]    9:     0x5e3771c3cf8d - __rustc[ea4f61d10b84890b]::rust_begin_unwind
[INFO] [stdout]   10:     0x5e3771c7466c - core[a373ad73a504971]::panicking::panic_fmt
[INFO] [stdout]   11:     0x5e3771c74442 - core[a373ad73a504971]::result::unwrap_failed
[INFO] [stdout]   12:     0x5e3771bde1cc - <sed_conformance[d8eb1ed4773dbfec]::negated_regex_range::{closure#0} as core[a373ad73a504971]::ops::function::FnOnce<()>>::call_once
[INFO] [stdout]   13:     0x5e3771be7ffb - test[aada8e7e76ba119b]::__rust_begin_short_backtrace::<core[a373ad73a504971]::result::Result<(), alloc[2e1b2a31b91974c5]::string::String>, fn() -> core[a373ad73a504971]::result::Result<(), alloc[2e1b2a31b91974c5]::string::String>>
[INFO] [stdout]   14:     0x5e3771bf51d5 - test[aada8e7e76ba119b]::run_test::{closure#0}
[INFO] [stdout]   15:     0x5e3771beeac4 - std[617be2ca0a6fd877]::sys::backtrace::__rust_begin_short_backtrace::<test[aada8e7e76ba119b]::run_test::{closure#1}, ()>
[INFO] [stdout]   16:     0x5e3771bf8262 - <std[617be2ca0a6fd877]::thread::lifecycle::spawn_unchecked<test[aada8e7e76ba119b]::run_test::{closure#1}, ()>::{closure#1} as core[a373ad73a504971]::ops::function::FnOnce<()>>::call_once::{shim:vtable#0}
[INFO] [stdout]   17:     0x5e3771c5f7cf - <std[617be2ca0a6fd877]::sys::thread::unix::Thread>::new::thread_start
[INFO] [stdout]   18:     0x71540c9efdfa - <unknown>
[INFO] [stdout]   19:     0x71540ca833d4 - clone
[INFO] [stdout]   20:                0x0 - <unknown>
[INFO] [stdout] 
[INFO] [stdout] ---- single_line_range stdout ----
[INFO] [stdout] 
[INFO] [stdout] thread 'single_line_range' (556) panicked at tests/sed_conformance.rs:48:1:
[INFO] [stderr] error: test failed, to rerun pass `--test sed_conformance`
[INFO] [stdout] Failed to start toggle-comment: Os { code: 2, kind: NotFound, message: "No such file or directory" }
[INFO] [stdout] stack backtrace:
[INFO] [stdout]    0:     0x5e3771c5ff71 - <<std[617be2ca0a6fd877]::sys::backtrace::BacktraceLock>::print::DisplayBacktrace as core[a373ad73a504971]::fmt::Display>::fmt
[INFO] [stdout]    1:     0x5e3771c73f3a - core[a373ad73a504971]::fmt::write
[INFO] [stdout]    2:     0x5e3771c6418c - <alloc[2e1b2a31b91974c5]::vec::Vec<u8> as core[a373ad73a504971]::io::write::Write>::write_fmt
[INFO] [stdout]    3:     0x5e3771c3c2d6 - std[617be2ca0a6fd877]::panicking::default_hook::{closure#0}
[INFO] [stdout]    4:     0x5e3771c58609 - std[617be2ca0a6fd877]::panicking::default_hook
[INFO] [stdout]    5:     0x5e3771bf4bb0 - test[aada8e7e76ba119b]::test_main_inner::{closure#0}
[INFO] [stdout]    6:     0x5e3771c587c2 - std[617be2ca0a6fd877]::panicking::panic_with_hook
[INFO] [stdout]    7:     0x5e3771c3c382 - std[617be2ca0a6fd877]::panicking::panic_handler::{closure#0}
[INFO] [stdout]    8:     0x5e3771c35099 - std[617be2ca0a6fd877]::sys::backtrace::__rust_end_short_backtrace::<std[617be2ca0a6fd877]::panicking::panic_handler::{closure#0}, !>
[INFO] [stdout]    9:     0x5e3771c3cf8d - __rustc[ea4f61d10b84890b]::rust_begin_unwind
[INFO] [stdout]   10:     0x5e3771c7466c - core[a373ad73a504971]::panicking::panic_fmt
[INFO] [stdout]   11:     0x5e3771c74442 - core[a373ad73a504971]::result::unwrap_failed
[INFO] [stdout]   12:     0x5e3771bdda6a - <sed_conformance[d8eb1ed4773dbfec]::single_line_range::{closure#0} as core[a373ad73a504971]::ops::function::FnOnce<()>>::call_once
[INFO] [stdout]   13:     0x5e3771be7ffb - test[aada8e7e76ba119b]::__rust_begin_short_backtrace::<core[a373ad73a504971]::result::Result<(), alloc[2e1b2a31b91974c5]::string::String>, fn() -> core[a373ad73a504971]::result::Result<(), alloc[2e1b2a31b91974c5]::string::String>>
[INFO] [stdout]   14:     0x5e3771bf51d5 - test[aada8e7e76ba119b]::run_test::{closure#0}
[INFO] [stdout]   15:     0x5e3771beeac4 - std[617be2ca0a6fd877]::sys::backtrace::__rust_begin_short_backtrace::<test[aada8e7e76ba119b]::run_test::{closure#1}, ()>
[INFO] [stdout]   16:     0x5e3771bf8262 - <std[617be2ca0a6fd877]::thread::lifecycle::spawn_unchecked<test[aada8e7e76ba119b]::run_test::{closure#1}, ()>::{closure#1} as core[a373ad73a504971]::ops::function::FnOnce<()>>::call_once::{shim:vtable#0}
[INFO] [stdout]   17:     0x5e3771c5f7cf - <std[617be2ca0a6fd877]::sys::thread::unix::Thread>::new::thread_start
[INFO] [stdout]   18:     0x71540c9efdfa - <unknown>
[INFO] [stdout]   19:     0x71540ca833d4 - clone
[INFO] [stdout]   20:                0x0 - <unknown>
[INFO] [stdout] 
[INFO] [stdout] ---- nonmatched_first_address stdout ----
[INFO] [stdout] 
[INFO] [stdout] thread 'nonmatched_first_address' (533) panicked at tests/sed_conformance.rs:57:1:
[INFO] [stdout] Failed to start toggle-comment: Os { code: 2, kind: NotFound, message: "No such file or directory" }
[INFO] [stdout] stack backtrace:
[INFO] [stdout]    0:     0x5e3771c5ff71 - <<std[617be2ca0a6fd877]::sys::backtrace::BacktraceLock>::print::DisplayBacktrace as core[a373ad73a504971]::fmt::Display>::fmt
[INFO] [stdout]    1:     0x5e3771c73f3a - core[a373ad73a504971]::fmt::write
[INFO] [stdout]    2:     0x5e3771c6418c - <alloc[2e1b2a31b91974c5]::vec::Vec<u8> as core[a373ad73a504971]::io::write::Write>::write_fmt
[INFO] [stdout]    3:     0x5e3771c3c2d6 - std[617be2ca0a6fd877]::panicking::default_hook::{closure#0}
[INFO] [stdout]    4:     0x5e3771c58609 - std[617be2ca0a6fd877]::panicking::default_hook
[INFO] [stdout]    5:     0x5e3771bf4bb0 - test[aada8e7e76ba119b]::test_main_inner::{closure#0}
[INFO] [stdout]    6:     0x5e3771c587c2 - std[617be2ca0a6fd877]::panicking::panic_with_hook
[INFO] [stdout]    7:     0x5e3771c3c382 - std[617be2ca0a6fd877]::panicking::panic_handler::{closure#0}
[INFO] [stdout]    8:     0x5e3771c35099 - std[617be2ca0a6fd877]::sys::backtrace::__rust_end_short_backtrace::<std[617be2ca0a6fd877]::panicking::panic_handler::{closure#0}, !>
[INFO] [stdout]    9:     0x5e3771c3cf8d - __rustc[ea4f61d10b84890b]::rust_begin_unwind
[INFO] [stdout]   10:     0x5e3771c7466c - core[a373ad73a504971]::panicking::panic_fmt
[INFO] [stdout]   11:     0x5e3771c74442 - core[a373ad73a504971]::result::unwrap_failed
[INFO] [stdout]   12:     0x5e3771be3a35 - <sed_conformance[d8eb1ed4773dbfec]::nonmatched_first_address::{closure#0} as core[a373ad73a504971]::ops::function::FnOnce<()>>::call_once
[INFO] [stdout]   13:     0x5e3771be7ffb - test[aada8e7e76ba119b]::__rust_begin_short_backtrace::<core[a373ad73a504971]::result::Result<(), alloc[2e1b2a31b91974c5]::string::String>, fn() -> core[a373ad73a504971]::result::Result<(), alloc[2e1b2a31b91974c5]::string::String>>
[INFO] [stdout]   14:     0x5e3771bf51d5 - test[aada8e7e76ba119b]::run_test::{closure#0}
[INFO] [stdout]   15:     0x5e3771beeac4 - std[617be2ca0a6fd877]::sys::backtrace::__rust_begin_short_backtrace::<test[aada8e7e76ba119b]::run_test::{closure#1}, ()>
[INFO] [stdout]   16:     0x5e3771bf8262 - <std[617be2ca0a6fd877]::thread::lifecycle::spawn_unchecked<test[aada8e7e76ba119b]::run_test::{closure#1}, ()>::{closure#1} as core[a373ad73a504971]::ops::function::FnOnce<()>>::call_once::{shim:vtable#0}
[INFO] [stdout]   17:     0x5e3771c5f7cf - <std[617be2ca0a6fd877]::sys::thread::unix::Thread>::new::thread_start
[INFO] [stdout]   18:     0x71540c9efdfa - <unknown>
[INFO] [stdout]   19:     0x71540ca833d4 - clone
[INFO] [stdout]   20:                0x0 - <unknown>
[INFO] [stdout] 
[INFO] [stdout] ---- relative_range stdout ----
[INFO] [stdout] 
[INFO] [stdout] thread 'relative_range' (540) panicked at tests/sed_conformance.rs:51:1:
[INFO] [stdout] Failed to start toggle-comment: Os { code: 2, kind: NotFound, message: "No such file or directory" }
[INFO] [stdout] stack backtrace:
[INFO] [stdout]    0:     0x5e3771c5ff71 - <<std[617be2ca0a6fd877]::sys::backtrace::BacktraceLock>::print::DisplayBacktrace as core[a373ad73a504971]::fmt::Display>::fmt
[INFO] [stdout]    1:     0x5e3771c73f3a - core[a373ad73a504971]::fmt::write
[INFO] [stdout]    2:     0x5e3771c6418c - <alloc[2e1b2a31b91974c5]::vec::Vec<u8> as core[a373ad73a504971]::io::write::Write>::write_fmt
[INFO] [stdout]    3:     0x5e3771c3c2d6 - std[617be2ca0a6fd877]::panicking::default_hook::{closure#0}
[INFO] [stdout]    4:     0x5e3771c58609 - std[617be2ca0a6fd877]::panicking::default_hook
[INFO] [stdout]    5:     0x5e3771bf4bb0 - test[aada8e7e76ba119b]::test_main_inner::{closure#0}
[INFO] [stdout]    6:     0x5e3771c587c2 - std[617be2ca0a6fd877]::panicking::panic_with_hook
[INFO] [stdout]    7:     0x5e3771c3c382 - std[617be2ca0a6fd877]::panicking::panic_handler::{closure#0}
[INFO] [stdout]    8:     0x5e3771c35099 - std[617be2ca0a6fd877]::sys::backtrace::__rust_end_short_backtrace::<std[617be2ca0a6fd877]::panicking::panic_handler::{closure#0}, !>
[INFO] [stdout]    9:     0x5e3771c3cf8d - __rustc[ea4f61d10b84890b]::rust_begin_unwind
[INFO] [stdout]   10:     0x5e3771c7466c - core[a373ad73a504971]::panicking::panic_fmt
[INFO] [stdout]   11:     0x5e3771c74442 - core[a373ad73a504971]::result::unwrap_failed
[INFO] [stdout]   12:     0x5e3771bdc34b - <sed_conformance[d8eb1ed4773dbfec]::relative_range::{closure#0} as core[a373ad73a504971]::ops::function::FnOnce<()>>::call_once
[INFO] [stdout]   13:     0x5e3771be7ffb - test[aada8e7e76ba119b]::__rust_begin_short_backtrace::<core[a373ad73a504971]::result::Result<(), alloc[2e1b2a31b91974c5]::string::String>, fn() -> core[a373ad73a504971]::result::Result<(), alloc[2e1b2a31b91974c5]::string::String>>
[INFO] [stdout]   14:     0x5e3771bf51d5 - test[aada8e7e76ba119b]::run_test::{closure#0}
[INFO] [stdout]   15:     0x5e3771beeac4 - std[617be2ca0a6fd877]::sys::backtrace::__rust_begin_short_backtrace::<test[aada8e7e76ba119b]::run_test::{closure#1}, ()>
[INFO] [stdout]   16:     0x5e3771bf8262 - <std[617be2ca0a6fd877]::thread::lifecycle::spawn_unchecked<test[aada8e7e76ba119b]::run_test::{closure#1}, ()>::{closure#1} as core[a373ad73a504971]::ops::function::FnOnce<()>>::call_once::{shim:vtable#0}
[INFO] [stdout]   17:     0x5e3771c5f7cf - <std[617be2ca0a6fd877]::sys::thread::unix::Thread>::new::thread_start
[INFO] [stdout]   18:     0x71540c9efdfa - <unknown>
[INFO] [stdout]   19:     0x71540ca833d4 - clone
[INFO] [stdout]   20:                0x0 - <unknown>
[INFO] [stdout] 
[INFO] [stdout] ---- regex_relative_range stdout ----
[INFO] [stdout] 
[INFO] [stdout] thread 'regex_relative_range' (539) panicked at tests/sed_conformance.rs:53:1:
[INFO] [stdout] Failed to start toggle-comment: Os { code: 2, kind: NotFound, message: "No such file or directory" }
[INFO] [stdout] stack backtrace:
[INFO] [stdout]    0:     0x5e3771c5ff71 - <<std[617be2ca0a6fd877]::sys::backtrace::BacktraceLock>::print::DisplayBacktrace as core[a373ad73a504971]::fmt::Display>::fmt
[INFO] [stdout]    1:     0x5e3771c73f3a - core[a373ad73a504971]::fmt::write
[INFO] [stdout]    2:     0x5e3771c6418c - <alloc[2e1b2a31b91974c5]::vec::Vec<u8> as core[a373ad73a504971]::io::write::Write>::write_fmt
[INFO] [stdout]    3:     0x5e3771c3c2d6 - std[617be2ca0a6fd877]::panicking::default_hook::{closure#0}
[INFO] [stdout]    4:     0x5e3771c58609 - std[617be2ca0a6fd877]::panicking::default_hook
[INFO] [stdout]    5:     0x5e3771bf4bb0 - test[aada8e7e76ba119b]::test_main_inner::{closure#0}
[INFO] [stdout]    6:     0x5e3771c587c2 - std[617be2ca0a6fd877]::panicking::panic_with_hook
[INFO] [stdout]    7:     0x5e3771c3c382 - std[617be2ca0a6fd877]::panicking::panic_handler::{closure#0}
[INFO] [stdout]    8:     0x5e3771c35099 - std[617be2ca0a6fd877]::sys::backtrace::__rust_end_short_backtrace::<std[617be2ca0a6fd877]::panicking::panic_handler::{closure#0}, !>
[INFO] [stdout]    9:     0x5e3771c3cf8d - __rustc[ea4f61d10b84890b]::rust_begin_unwind
[INFO] [stdout]   10:     0x5e3771c7466c - core[a373ad73a504971]::panicking::panic_fmt
[INFO] [stdout]   11:     0x5e3771c74442 - core[a373ad73a504971]::result::unwrap_failed
[INFO] [stdout]   12:     0x5e3771be0e07 - <sed_conformance[d8eb1ed4773dbfec]::regex_relative_range::{closure#0} as core[a373ad73a504971]::ops::function::FnOnce<()>>::call_once
[INFO] [stdout]   13:     0x5e3771be7ffb - test[aada8e7e76ba119b]::__rust_begin_short_backtrace::<core[a373ad73a504971]::result::Result<(), alloc[2e1b2a31b91974c5]::string::String>, fn() -> core[a373ad73a504971]::result::Result<(), alloc[2e1b2a31b91974c5]::string::String>>
[INFO] [stdout]   14:     0x5e3771bf51d5 - test[aada8e7e76ba119b]::run_test::{closure#0}
[INFO] [stdout]   15:     0x5e3771beeac4 - std[617be2ca0a6fd877]::sys::backtrace::__rust_begin_short_backtrace::<test[aada8e7e76ba119b]::run_test::{closure#1}, ()>
[INFO] [stdout]   16:     0x5e3771bf8262 - <std[617be2ca0a6fd877]::thread::lifecycle::spawn_unchecked<test[aada8e7e76ba119b]::run_test::{closure#1}, ()>::{closure#1} as core[a373ad73a504971]::ops::function::FnOnce<()>>::call_once::{shim:vtable#0}
[INFO] [stdout]   17:     0x5e3771c5f7cf - <std[617be2ca0a6fd877]::sys::thread::unix::Thread>::new::thread_start
[INFO] [stdout]   18:     0x71540c9efdfa - <unknown>
[INFO] [stdout]   19:     0x71540ca833d4 - clone
[INFO] [stdout]   20:                0x0 - <unknown>
[INFO] [stdout] 
[INFO] [stdout] ---- negated_matched_first_address stdout ----
[INFO] [stdout] 
[INFO] [stdout] thread 'negated_matched_first_address' (512) panicked at tests/sed_conformance.rs:71:1:
[INFO] [stdout] Failed to start toggle-comment: Os { code: 2, kind: NotFound, message: "No such file or directory" }
[INFO] [stdout] stack backtrace:
[INFO] [stdout]    0:     0x5e3771c5ff71 - <<std[617be2ca0a6fd877]::sys::backtrace::BacktraceLock>::print::DisplayBacktrace as core[a373ad73a504971]::fmt::Display>::fmt
[INFO] [stdout]    1:     0x5e3771c73f3a - core[a373ad73a504971]::fmt::write
[INFO] [stdout]    2:     0x5e3771c6418c - <alloc[2e1b2a31b91974c5]::vec::Vec<u8> as core[a373ad73a504971]::io::write::Write>::write_fmt
[INFO] [stdout]    3:     0x5e3771c3c2d6 - std[617be2ca0a6fd877]::panicking::default_hook::{closure#0}
[INFO] [stdout]    4:     0x5e3771c58609 - std[617be2ca0a6fd877]::panicking::default_hook
[INFO] [stdout]    5:     0x5e3771bf4bb0 - test[aada8e7e76ba119b]::test_main_inner::{closure#0}
[INFO] [stdout]    6:     0x5e3771c587c2 - std[617be2ca0a6fd877]::panicking::panic_with_hook
[INFO] [stdout]    7:     0x5e3771c3c382 - std[617be2ca0a6fd877]::panicking::panic_handler::{closure#0}
[INFO] [stdout]    8:     0x5e3771c35099 - std[617be2ca0a6fd877]::sys::backtrace::__rust_end_short_backtrace::<std[617be2ca0a6fd877]::panicking::panic_handler::{closure#0}, !>
[INFO] [stdout]    9:     0x5e3771c3cf8d - __rustc[ea4f61d10b84890b]::rust_begin_unwind
[INFO] [stdout]   10:     0x5e3771c7466c - core[a373ad73a504971]::panicking::panic_fmt
[INFO] [stdout]   11:     0x5e3771c74442 - core[a373ad73a504971]::result::unwrap_failed
[INFO] [stdout]   12:     0x5e3771be5f17 - <sed_conformance[d8eb1ed4773dbfec]::negated_matched_first_address::{closure#0} as core[a373ad73a504971]::ops::function::FnOnce<()>>::call_once
[INFO] [stdout]   13:     0x5e3771be7ffb - test[aada8e7e76ba119b]::__rust_begin_short_backtrace::<core[a373ad73a504971]::result::Result<(), alloc[2e1b2a31b91974c5]::string::String>, fn() -> core[a373ad73a504971]::result::Result<(), alloc[2e1b2a31b91974c5]::string::String>>
[INFO] [stdout]   14:     0x5e3771bf51d5 - test[aada8e7e76ba119b]::run_test::{closure#0}
[INFO] [stdout]   15:     0x5e3771beeac4 - std[617be2ca0a6fd877]::sys::backtrace::__rust_begin_short_backtrace::<test[aada8e7e76ba119b]::run_test::{closure#1}, ()>
[INFO] [stdout]   16:     0x5e3771bf8262 - <std[617be2ca0a6fd877]::thread::lifecycle::spawn_unchecked<test[aada8e7e76ba119b]::run_test::{closure#1}, ()>::{closure#1} as core[a373ad73a504971]::ops::function::FnOnce<()>>::call_once::{shim:vtable#0}
[INFO] [stdout]   17:     0x5e3771c5f7cf - <std[617be2ca0a6fd877]::sys::thread::unix::Thread>::new::thread_start
[INFO] [stdout]   18:     0x71540c9efdfa - <unknown>
[INFO] [stdout]   19:     0x71540ca833d4 - clone
[INFO] [stdout]   20:                0x0 - <unknown>
[INFO] [stdout] 
[INFO] [stdout] 
[INFO] [stdout] failures:
[INFO] [stdout]     double_regex_relative_range
[INFO] [stdout]     empty_pattern
[INFO] [stdout]     matched_first_address
[INFO] [stdout]     negated_double_regex_relative_range
[INFO] [stdout]     negated_empty_pattern
[INFO] [stdout]     negated_matched_first_address
[INFO] [stdout]     negated_nonmatched_first_address
[INFO] [stdout]     negated_regex_absolute_range
[INFO] [stdout]     negated_regex_range
[INFO] [stdout]     negated_regex_relative_from_first_match
[INFO] [stdout]     negated_regex_relative_range
[INFO] [stdout]     negated_relative_range
[INFO] [stdout]     negated_simple_range
[INFO] [stdout]     negated_simple_regex
[INFO] [stdout]     negated_single_line
[INFO] [stdout]     negated_single_line_range
[INFO] [stdout]     nonmatched_first_address
[INFO] [stdout]     regex_absolute_range
[INFO] [stdout]     regex_range
[INFO] [stdout]     regex_relative_from_first_match
[INFO] [stdout]     regex_relative_range
[INFO] [stdout]     relative_range
[INFO] [stdout]     simple_range
[INFO] [stdout]     simple_regex
[INFO] [stdout]     single_line
[INFO] [stdout]     single_line_range
[INFO] [stdout]     smoke_test
[INFO] [stdout] 
[INFO] [stdout] test result: FAILED. 1 passed; 27 failed; 8 ignored; 0 measured; 0 filtered out; finished in 0.02s
[INFO] [stdout] 
[INFO] running `Command { std: "docker" "inspect" "2e3d893ded105b2cd7553d399224e74b899335c4630b7104767835d327da440c", kill_on_drop: false }`
[INFO] running `Command { std: "docker" "rm" "-f" "2e3d893ded105b2cd7553d399224e74b899335c4630b7104767835d327da440c", kill_on_drop: false }`
[INFO] [stdout] 2e3d893ded105b2cd7553d399224e74b899335c4630b7104767835d327da440c
