[INFO] cloning repository https://github.com/mohi2006august/Hearsay
[INFO] running `Command { std: "git" "-c" "credential.helper=" "-c" "credential.helper=/workspace/cargo-home/bin/git-credential-null" "clone" "--bare" "https://github.com/mohi2006august/Hearsay" "/workspace/cache/git-repos/https%3A%2F%2Fgithub.com%2Fmohi2006august%2FHearsay", kill_on_drop: false }`
[INFO] [stderr] Cloning into bare repository '/workspace/cache/git-repos/https%3A%2F%2Fgithub.com%2Fmohi2006august%2FHearsay'...
[INFO] running `Command { std: "git" "rev-parse" "HEAD", kill_on_drop: false }`
[INFO] [stdout] dd1cecd358299f1220998dec934462019dc4b086
[INFO] testing mohi2006august/Hearsay against 1.100.0-beta.1+cargoflags=--release for beta-release-1.100-3
[INFO] running `Command { std: "git" "clone" "/workspace/cache/git-repos/https%3A%2F%2Fgithub.com%2Fmohi2006august%2FHearsay" "/workspace/builds/worker-6-tc2/source", kill_on_drop: false }`
[INFO] [stderr] Cloning into '/workspace/builds/worker-6-tc2/source'...
[INFO] [stderr] done.
[INFO] removed /workspace/builds/worker-6-tc2/source/rust-toolchain.toml
[INFO] started tweaking git repo https://github.com/mohi2006august/Hearsay
[INFO] finished tweaking git repo https://github.com/mohi2006august/Hearsay
[INFO] tweaked toml for git repo https://github.com/mohi2006august/Hearsay written to /workspace/builds/worker-6-tc2/source/Cargo.toml
[INFO] validating manifest of git repo https://github.com/mohi2006august/Hearsay on toolchain 1.100.0-beta.1
[INFO] running `Command { std: CARGO_HOME="/workspace/cargo-home" RUSTUP_HOME="/workspace/rustup-home" "/workspace/cargo-home/bin/cargo" "+1.100.0-beta.1" "metadata" "--manifest-path" "Cargo.toml" "--no-deps", kill_on_drop: false }`
[INFO] crate git repo https://github.com/mohi2006august/Hearsay already has a lockfile, it will not be regenerated
[INFO] running `Command { std: CARGO_HOME="/workspace/cargo-home" RUSTUP_HOME="/workspace/rustup-home" "/workspace/cargo-home/bin/cargo" "+1.100.0-beta.1" "fetch" "--manifest-path" "Cargo.toml", kill_on_drop: false }`
[INFO] [stderr] warning: unused field `repository` in `workspace.package`
[INFO] [stderr]   --> Cargo.toml:58:1
[INFO] [stderr]    |
[INFO] [stderr] 58 | repository = "https://example.invalid/hearsay"
[INFO] [stderr]    | ^^^^^^^^^^
[INFO] [stderr]    |
[INFO] [stderr]    = note: `cargo::unused_workspace_package_fields` is set to `warn` by default
[INFO] [stderr] help: consider removing the field `workspace.package.repository`
[INFO] [stderr] warning: workspace (manifest) generated 1 warning
[INFO] running `Command { std: "docker" "create" "-v" "/var/lib/crater-agent-workspace/builds/worker-6-tc2/source:/opt/rustwide/workdir:ro,Z" "-v" "/var/lib/crater-agent-workspace/builds/worker-6-tc2/target:/opt/rustwide/target:rw,Z" "-v" "/var/lib/crater-agent-workspace/cargo-home:/opt/rustwide/cargo-home:ro,Z" "-v" "/var/lib/crater-agent-workspace/rustup-home:/opt/rustwide/rustup-home:ro,Z" "-m" "1610612736" "--network" "none" "ghcr.io/rust-lang/crates-build-env/linux@sha256:77db811e55d90add9212f6832c23229e3de5f1c1f9905e8cb07319ea15df73ac" "sleep" "infinity", kill_on_drop: false }`
[INFO] [stdout] 8a9e50c1cfda8569eed515ec4118ad05f1789131f3ca60036db983421ef16113
[INFO] running `Command { std: "docker" "start" "8a9e50c1cfda8569eed515ec4118ad05f1789131f3ca60036db983421ef16113", kill_on_drop: false }`
[INFO] running `Command { std: "docker" "inspect" "8a9e50c1cfda8569eed515ec4118ad05f1789131f3ca60036db983421ef16113", kill_on_drop: false }`
[INFO] running `Command { std: "docker" "exec" "-e" "SOURCE_DIR=/opt/rustwide/workdir" "-e" "CARGO_HOME=/opt/rustwide/cargo-home" "-e" "RUSTUP_HOME=/opt/rustwide/rustup-home" "-e" "CARGO_TARGET_DIR=/opt/rustwide/target" "-w" "/opt/rustwide/workdir" "--user" "0:0" "8a9e50c1cfda8569eed515ec4118ad05f1789131f3ca60036db983421ef16113" "/opt/rustwide/cargo-home/bin/cargo" "+1.100.0-beta.1" "metadata" "--no-deps" "--format-version=1", kill_on_drop: false }`
[INFO] running `Command { std: "docker" "inspect" "8a9e50c1cfda8569eed515ec4118ad05f1789131f3ca60036db983421ef16113", kill_on_drop: false }`
[INFO] running `Command { std: "docker" "exec" "-e" "SOURCE_DIR=/opt/rustwide/workdir" "-e" "CARGO_HOME=/opt/rustwide/cargo-home" "-e" "RUSTUP_HOME=/opt/rustwide/rustup-home" "-e" "CARGO_TARGET_DIR=/opt/rustwide/target" "-e" "CARGO_INCREMENTAL=0" "-e" "RUST_BACKTRACE=full" "-e" "RUSTFLAGS=--cap-lints=warn" "-e" "RUSTDOCFLAGS=--cap-lints=warn" "-w" "/opt/rustwide/workdir" "--user" "0:0" "8a9e50c1cfda8569eed515ec4118ad05f1789131f3ca60036db983421ef16113" "/opt/rustwide/cargo-home/bin/cargo" "+1.100.0-beta.1" "build" "--frozen" "--message-format=json" "--release", kill_on_drop: false }`
[INFO] [stderr] warning: unused field `repository` in `workspace.package`
[INFO] [stderr]   --> Cargo.toml:58:1
[INFO] [stderr]    |
[INFO] [stderr] 58 | repository = "https://example.invalid/hearsay"
[INFO] [stderr]    | ^^^^^^^^^^
[INFO] [stderr]    |
[INFO] [stderr]    = note: `cargo::unused_workspace_package_fields` is set to `warn` by default
[INFO] [stderr] help: consider removing the field `workspace.package.repository`
[INFO] [stderr] warning: workspace (manifest) generated 1 warning
[INFO] [stderr]    Compiling proc-macro2 v1.0.107
[INFO] [stderr]    Compiling unicode-ident v1.0.26
[INFO] [stderr]    Compiling quote v1.0.47
[INFO] [stderr]    Compiling libc v0.2.189
[INFO] [stderr]    Compiling pin-project-lite v0.2.17
[INFO] [stderr]    Compiling itoa v1.0.18
[INFO] [stderr]    Compiling serde_core v1.0.229
[INFO] [stderr]    Compiling futures-core v0.3.34
[INFO] [stderr]    Compiling bytes v1.12.1
[INFO] [stderr]    Compiling once_cell v1.21.4
[INFO] [stderr]    Compiling log v0.4.34
[INFO] [stderr]    Compiling cfg-if v1.0.5
[INFO] [stderr]    Compiling serde v1.0.229
[INFO] [stderr]    Compiling getrandom v0.4.3
[INFO] [stderr]    Compiling httparse v1.10.1
[INFO] [stderr]    Compiling tower-service v0.3.3
[INFO] [stderr]    Compiling smallvec v1.16.1
[INFO] [stderr]    Compiling tower-layer v0.3.3
[INFO] [stderr]    Compiling zmij v1.0.23
[INFO] [stderr]    Compiling shlex v2.0.1
[INFO] [stderr]    Compiling thiserror v2.0.20
[INFO] [stderr]    Compiling tracing-core v0.1.36
[INFO] [stderr]    Compiling find-msvc-tools v0.1.13
[INFO] [stderr]    Compiling futures-channel v0.3.34
[INFO] [stderr]    Compiling futures-task v0.3.34
[INFO] [stderr]    Compiling atomic-waker v1.1.2
[INFO] [stderr]    Compiling percent-encoding v2.3.2
[INFO] [stderr]    Compiling slab v0.4.12
[INFO] [stderr]    Compiling httpdate v1.0.3
[INFO] [stderr]    Compiling sync_wrapper v1.0.2
[INFO] [stderr]    Compiling regex-syntax v0.8.11
[INFO] [stderr]    Compiling serde_json v1.0.151
[INFO] [stderr]    Compiling cc v1.4.7
[INFO] [stderr]    Compiling form_urlencoded v1.2.2
[INFO] [stderr]    Compiling futures-util v0.3.34
[INFO] [stderr]    Compiling mime v0.3.17
[INFO] [stderr]    Compiling ryu v1.0.23
[INFO] [stderr]    Compiling lazy_static v1.5.0
[INFO] [stderr]    Compiling memchr v2.8.3
[INFO] [stderr]    Compiling sharded-slab v0.1.7
[INFO] [stderr]    Compiling thread_local v1.1.10
[INFO] [stderr]    Compiling arrayvec v0.7.8
[INFO] [stderr]    Compiling nu-ansi-term v0.50.3
[INFO] [stderr]    Compiling matchit v0.8.4
[INFO] [stderr]    Compiling tracing-log v0.2.0
[INFO] [stderr]    Compiling cpufeatures v0.3.1
[INFO] [stderr]    Compiling bitflags v2.13.2
[INFO] [stderr]    Compiling constant_time_eq v0.4.2
[INFO] [stderr]    Compiling syn v3.0.6
[INFO] [stderr]    Compiling syn v2.0.119
[INFO] [stderr]    Compiling http v1.5.0
[INFO] [stderr]    Compiling blake3 v1.8.7
[INFO] [stderr]    Compiling errno v0.3.14
[INFO] [stderr]    Compiling mio v1.2.3
[INFO] [stderr]    Compiling socket2 v0.6.5
[INFO] [stderr]    Compiling signal-hook-registry v1.4.8
[INFO] [stderr]    Compiling regex-automata v0.4.18
[INFO] [stderr]    Compiling http-body v1.1.0
[INFO] [stderr]    Compiling http-body-util v0.1.5
[INFO] [stderr]    Compiling uuid v1.26.1
[INFO] [stderr]    Compiling serde_path_to_error v0.1.20
[INFO] [stderr]    Compiling tokio-macros v2.7.2
[INFO] [stderr]    Compiling serde_derive v1.0.229
[INFO] [stderr]    Compiling thiserror-impl v2.0.20
[INFO] [stderr]    Compiling tokio v1.53.1
[INFO] [stderr]    Compiling matchers v0.2.0
[INFO] [stderr]    Compiling tracing-attributes v0.1.31
[INFO] [stderr]    Compiling tracing v0.1.44
[INFO] [stderr]    Compiling axum-core v0.5.6
[INFO] [stderr]    Compiling tower-http v0.6.11
[INFO] [stderr]    Compiling tracing-subscriber v0.3.23
[INFO] [stderr]    Compiling hearsay-core v0.1.0 (/opt/rustwide/workdir/crates/hearsay-core)
[INFO] [stderr]    Compiling serde_urlencoded v0.7.1
[INFO] [stderr]    Compiling hearsay-policy v0.1.0 (/opt/rustwide/workdir/crates/hearsay-policy)
[INFO] [stderr]    Compiling hyper v1.11.1
[INFO] [stderr]    Compiling tower v0.5.3
[INFO] [stderr]    Compiling hyper-util v0.1.20
[INFO] [stderr]    Compiling axum v0.8.9
[INFO] [stderr]    Compiling hearsay-api v0.1.0 (/opt/rustwide/workdir/crates/hearsay-api)
[INFO] [stderr]     Finished `release` profile [optimized] target(s) in 38.55s
[INFO] running `Command { std: "docker" "inspect" "8a9e50c1cfda8569eed515ec4118ad05f1789131f3ca60036db983421ef16113", kill_on_drop: false }`
[INFO] running `Command { std: "docker" "exec" "-e" "SOURCE_DIR=/opt/rustwide/workdir" "-e" "CARGO_HOME=/opt/rustwide/cargo-home" "-e" "RUSTUP_HOME=/opt/rustwide/rustup-home" "-e" "CARGO_TARGET_DIR=/opt/rustwide/target" "-e" "CARGO_INCREMENTAL=0" "-e" "RUST_BACKTRACE=full" "-e" "RUSTFLAGS=--cap-lints=warn" "-e" "RUSTDOCFLAGS=--cap-lints=warn" "-w" "/opt/rustwide/workdir" "--user" "0:0" "8a9e50c1cfda8569eed515ec4118ad05f1789131f3ca60036db983421ef16113" "/opt/rustwide/cargo-home/bin/cargo" "+1.100.0-beta.1" "test" "--frozen" "--no-run" "--message-format=json" "--release", kill_on_drop: false }`
[INFO] [stderr] warning: unused field `repository` in `workspace.package`
[INFO] [stderr]   --> Cargo.toml:58:1
[INFO] [stderr]    |
[INFO] [stderr] 58 | repository = "https://example.invalid/hearsay"
[INFO] [stderr]    | ^^^^^^^^^^
[INFO] [stderr]    |
[INFO] [stderr]    = note: `cargo::unused_workspace_package_fields` is set to `warn` by default
[INFO] [stderr] help: consider removing the field `workspace.package.repository`
[INFO] [stderr] warning: workspace (manifest) generated 1 warning
[INFO] [stderr]    Compiling getrandom v0.3.4
[INFO] [stderr]    Compiling bitflags v2.13.2
[INFO] [stderr]    Compiling rustix v1.1.5
[INFO] [stderr]    Compiling regex-syntax v0.8.11
[INFO] [stderr]    Compiling zerocopy v0.8.57
[INFO] [stderr]    Compiling autocfg v1.5.1
[INFO] [stderr]    Compiling linux-raw-sys v0.12.1
[INFO] [stderr]    Compiling fastrand v2.5.0
[INFO] [stderr]    Compiling wait-timeout v0.2.1
[INFO] [stderr]    Compiling quick-error v1.2.3
[INFO] [stderr]    Compiling bit-vec v0.8.0
[INFO] [stderr]    Compiling fnv v1.0.7
[INFO] [stderr]    Compiling unarray v0.1.4
[INFO] [stderr]    Compiling target-tuple v1.0.2
[INFO] [stderr]    Compiling winnow v1.0.4
[INFO] [stderr]    Compiling toml_datetime v1.1.1+spec-1.1.0
[INFO] [stderr]    Compiling serde_spanned v1.1.1
[INFO] [stderr]    Compiling toml_writer v1.1.2+spec-1.1.0
[INFO] [stderr]    Compiling glob v0.3.4
[INFO] [stderr]    Compiling termcolor v1.4.1
[INFO] [stderr]    Compiling bit-set v0.8.0
[INFO] [stderr]    Compiling tower-http v0.6.11
[INFO] [stderr]    Compiling num-traits v0.2.19
[INFO] [stderr]    Compiling toml_parser v1.1.3+spec-1.1.0
[INFO] [stderr]    Compiling rand_core v0.9.5
[INFO] [stderr]    Compiling rand_xorshift v0.4.0
[INFO] [stderr]    Compiling rand v0.9.5
[INFO] [stderr]    Compiling toml v1.1.6+spec-1.1.0
[INFO] [stderr]    Compiling trybuild v1.0.121
[INFO] [stderr]    Compiling regex-automata v0.4.18
[INFO] [stderr]    Compiling tempfile v3.27.0
[INFO] [stderr]    Compiling rusty-fork v0.3.1
[INFO] [stderr]    Compiling matchers v0.2.0
[INFO] [stderr]    Compiling tracing-subscriber v0.3.23
[INFO] [stderr]    Compiling ppv-lite86 v0.2.21
[INFO] [stderr]    Compiling rand_chacha v0.9.0
[INFO] [stderr]    Compiling proptest v1.11.0
[INFO] [stderr]    Compiling hearsay-api v0.1.0 (/opt/rustwide/workdir/crates/hearsay-api)
[INFO] [stderr]    Compiling hearsay-policy v0.1.0 (/opt/rustwide/workdir/crates/hearsay-policy)
[INFO] [stderr]    Compiling hearsay-core v0.1.0 (/opt/rustwide/workdir/crates/hearsay-core)
[INFO] [stderr]     Finished `release` profile [optimized] target(s) in 28.98s
[INFO] running `Command { std: "docker" "inspect" "8a9e50c1cfda8569eed515ec4118ad05f1789131f3ca60036db983421ef16113", kill_on_drop: false }`
[INFO] running `Command { std: "docker" "exec" "-e" "SOURCE_DIR=/opt/rustwide/workdir" "-e" "CARGO_HOME=/opt/rustwide/cargo-home" "-e" "RUSTUP_HOME=/opt/rustwide/rustup-home" "-e" "CARGO_TARGET_DIR=/opt/rustwide/target" "-e" "CARGO_INCREMENTAL=0" "-e" "RUST_BACKTRACE=full" "-e" "RUSTFLAGS=--cap-lints=warn" "-e" "RUSTDOCFLAGS=--cap-lints=warn" "-w" "/opt/rustwide/workdir" "--user" "0:0" "8a9e50c1cfda8569eed515ec4118ad05f1789131f3ca60036db983421ef16113" "/opt/rustwide/cargo-home/bin/cargo" "+1.100.0-beta.1" "test" "--frozen" "--release", kill_on_drop: false }`
[INFO] [stderr] warning: unused field `repository` in `workspace.package`
[INFO] [stderr]   --> Cargo.toml:58:1
[INFO] [stderr]    |
[INFO] [stderr] 58 | repository = "https://example.invalid/hearsay"
[INFO] [stderr]    | ^^^^^^^^^^
[INFO] [stderr]    |
[INFO] [stderr]    = note: `cargo::unused_workspace_package_fields` is set to `warn` by default
[INFO] [stderr] help: consider removing the field `workspace.package.repository`
[INFO] [stderr] warning: workspace (manifest) generated 1 warning
[INFO] [stderr]     Finished `release` profile [optimized] target(s) in 0.12s
[INFO] [stderr]      Running unittests src/main.rs (/opt/rustwide/target/release/build/hearsay-api/c30ff3a496544fd6/out/hearsay_api-c30ff3a496544fd6)
[INFO] [stdout] 
[INFO] [stdout] running 6 tests
[INFO] [stdout] test normalize::tests::zero_width_characters_are_stripped ... ok
[INFO] [stdout] test normalize::tests::case_is_folded ... ok
[INFO] [stdout] test normalize::tests::bidi_overrides_are_stripped ... ok
[INFO] [stdout] test normalize::tests::homoglyphs_are_not_handled_and_this_test_documents_that ... ok
[INFO] [stdout] test normalize::tests::ocr_line_breaks_are_collapsed_so_multiword_terms_still_match ... ok
[INFO] [stdout] test normalize::tests::non_whitespace_control_characters_are_dropped_without_joining_words ... ok
[INFO] [stdout] 
[INFO] [stdout] test result: ok. 6 passed; 0 failed; 0 ignored; 0 measured; 0 filtered out; finished in 0.00s
[INFO] [stdout] 
[INFO] [stderr]      Running unittests src/lib.rs (/opt/rustwide/target/release/build/hearsay-core/84b69f5e202bfbf6/out/hearsay_core-84b69f5e202bfbf6)
[INFO] [stdout] 
[INFO] [stdout] running 20 tests
[INFO] [stdout] test provenance::tests::every_non_prompt_origin_is_data_bearing ... ok
[INFO] [stdout] test ids::tests::content_hash_serialises_as_a_json_string_not_a_byte_array ... ok
[INFO] [stdout] test decision::tests::outcomes_serialise_with_a_tag_the_log_can_filter_on ... ok
[INFO] [stdout] test decision::tests::only_redaction_rewrites_the_forwarded_input ... ok
[INFO] [stdout] test ids::tests::content_hash_round_trips_through_its_string_form ... ok
[INFO] [stdout] test provenance::tests::map_preserves_the_channel_and_the_origin ... ok
[INFO] [stdout] test provenance::tests::observed_content_lands_on_the_data_channel ... ok
[INFO] [stdout] test provenance::tests::the_user_prompt_cannot_be_mislabelled_as_observed_data ... ok
[INFO] [stdout] test provenance::tests::user_prompt_lands_on_the_instruction_channel ... ok
[INFO] [stdout] test region::tests::bbox_fraction_matches_the_hand_computed_share ... ok
[INFO] [stdout] test text::tests::a_collapsing_map_is_accepted_because_normalisation_merges_bytes ... ok
[INFO] [stdout] test region::tests::outcome_predicates_agree_with_their_variants ... ok
[INFO] [stdout] test text::tests::a_non_monotonic_map_is_rejected ... ok
[INFO] [stdout] test region::tests::bbox_fraction_is_none_for_a_zero_area_image ... ok
[INFO] [stdout] test text::tests::a_map_shorter_than_the_text_is_rejected ... ok
[INFO] [stdout] test text::tests::identity_maps_every_byte_to_itself ... ok
[INFO] [stdout] test provenance::tests::declassification_keeps_the_original_origin_for_the_audit_trail ... ok
[INFO] [stdout] test decision::tests::severity_ordering_is_allow_flag_redact_block ... ok
[INFO] [stdout] test ids::tests::content_hash_rejects_malformed_strings ... ok
[INFO] [stdout] test region::tests::bbox_area_does_not_overflow_at_the_documented_size_limit ... ok
[INFO] [stdout] 
[INFO] [stdout] test result: ok. 20 passed; 0 failed; 0 ignored; 0 measured; 0 filtered out; finished in 0.20s
[INFO] [stdout] 
[INFO] [stderr]      Running tests/compile_fail.rs (/opt/rustwide/target/release/build/hearsay-core/022936dc7e39c069/out/compile_fail-022936dc7e39c069)
[INFO] [stdout] 
[INFO] [stdout] running 1 test
[INFO] [stderr] warning: unused workspace dependency `axum`
[INFO] [stderr]   --> Cargo.toml:51:25
[INFO] [stderr]    |
[INFO] [stderr] 51 | [workspace.dependencies.axum]
[INFO] [stderr]    |                         ^^^^
[INFO] [stderr]    |
[INFO] [stderr]    = note: `cargo::unused_workspace_dependencies` is set to `warn` by default
[INFO] [stderr] help: consider removing the workspace dependency `axum`
[INFO] [stderr] warning: unused workspace dependency `blake3`
[INFO] [stderr]   --> Cargo.toml:55:25
[INFO] [stderr]    |
[INFO] [stderr] 55 | [workspace.dependencies.blake3]
[INFO] [stderr]    |                         ^^^^^^
[INFO] [stderr]    |
[INFO] [stderr] help: consider removing the workspace dependency `blake3`
[INFO] [stderr] warning: unused workspace dependency `serde_json`
[INFO] [stderr]   --> Cargo.toml:67:25
[INFO] [stderr]    |
[INFO] [stderr] 67 | [workspace.dependencies.serde_json]
[INFO] [stderr]    |                         ^^^^^^^^^^
[INFO] [stderr]    |
[INFO] [stderr] help: consider removing the workspace dependency `serde_json`
[INFO] [stderr] warning: unused workspace dependency `tokio`
[INFO] [stderr]   --> Cargo.toml:75:25
[INFO] [stderr]    |
[INFO] [stderr] 75 | [workspace.dependencies.tokio]
[INFO] [stderr]    |                         ^^^^^
[INFO] [stderr]    |
[INFO] [stderr] help: consider removing the workspace dependency `tokio`
[INFO] [stderr] warning: unused workspace dependency `tower-http`
[INFO] [stderr]   --> Cargo.toml:79:25
[INFO] [stderr]    |
[INFO] [stderr] 79 | [workspace.dependencies.tower-http]
[INFO] [stderr]    |                         ^^^^^^^^^^
[INFO] [stderr]    |
[INFO] [stderr] help: consider removing the workspace dependency `tower-http`
[INFO] [stderr] warning: unused workspace dependency `tracing`
[INFO] [stderr]   --> Cargo.toml:83:25
[INFO] [stderr]    |
[INFO] [stderr] 83 | [workspace.dependencies.tracing]
[INFO] [stderr]    |                         ^^^^^^^
[INFO] [stderr]    |
[INFO] [stderr] help: consider removing the workspace dependency `tracing`
[INFO] [stderr] warning: unused workspace dependency `tracing-subscriber`
[INFO] [stderr]   --> Cargo.toml:87:25
[INFO] [stderr]    |
[INFO] [stderr] 87 | [workspace.dependencies.tracing-subscriber]
[INFO] [stderr]    |                         ^^^^^^^^^^^^^^^^^^
[INFO] [stderr]    |
[INFO] [stderr] help: consider removing the workspace dependency `tracing-subscriber`
[INFO] [stderr] warning: workspace (manifest) generated 7 warnings
[INFO] [stderr]    Compiling libc v0.2.189
[INFO] [stderr]     Checking cfg-if v1.0.5
[INFO] [stderr]    Compiling proc-macro2 v1.0.107
[INFO] [stderr]    Compiling unicode-ident v1.0.26
[INFO] [stderr]    Compiling quote v1.0.47
[INFO] [stderr]    Compiling getrandom v0.4.3
[INFO] [stderr]    Compiling getrandom v0.3.4
[INFO] [stderr]    Compiling serde_core v1.0.229
[INFO] [stderr]    Compiling rustix v1.1.5
[INFO] [stderr]    Compiling zerocopy v0.8.57
[INFO] [stderr]    Compiling autocfg v1.5.1
[INFO] [stderr]     Checking bitflags v2.13.2
[INFO] [stderr]     Checking linux-raw-sys v0.12.1
[INFO] [stderr]     Checking fastrand v2.5.0
[INFO] [stderr]    Compiling serde v1.0.229
[INFO] [stderr]    Compiling zmij v1.0.23
[INFO] [stderr]    Compiling thiserror v2.0.20
[INFO] [stderr]     Checking once_cell v1.21.4
[INFO] [stderr]     Checking quick-error v1.2.3
[INFO] [stderr]    Compiling serde_json v1.0.151
[INFO] [stderr]     Checking bit-vec v0.8.0
[INFO] [stderr]     Checking fnv v1.0.7
[INFO] [stderr]     Checking regex-syntax v0.8.11
[INFO] [stderr]     Checking unarray v0.1.4
[INFO] [stderr]     Checking memchr v2.8.3
[INFO] [stderr]     Checking itoa v1.0.18
[INFO] [stderr]     Checking bit-set v0.8.0
[INFO] [stderr]    Compiling num-traits v0.2.19
[INFO] [stderr]    Compiling syn v3.0.6
[INFO] [stderr]     Checking wait-timeout v0.2.1
[INFO] [stderr]     Checking rand_core v0.9.5
[INFO] [stderr]     Checking rand v0.9.5
[INFO] [stderr]     Checking rand_xorshift v0.4.0
[INFO] [stderr]     Checking tempfile v3.27.0
[INFO] [stderr]     Checking rusty-fork v0.3.1
[INFO] [stderr]     Checking uuid v1.26.1
[INFO] [stderr]    Compiling thiserror-impl v2.0.20
[INFO] [stderr]    Compiling serde_derive v1.0.229
[INFO] [stderr]     Checking ppv-lite86 v0.2.21
[INFO] [stderr]     Checking rand_chacha v0.9.0
[INFO] [stderr]     Checking proptest v1.11.0
[INFO] [stderr]     Checking hearsay-core v0.1.0 (/opt/rustwide/workdir/crates/hearsay-core)
[INFO] [stderr]     Checking hearsay-core-tests v0.0.0 (/opt/rustwide/target/tests/trybuild/hearsay-core)
[INFO] [stderr]     Finished `dev` profile [unoptimized + debuginfo] target(s) in 10.56s
[INFO] [stderr] 
[INFO] [stderr] 
[INFO] [stderr] test tests/ui/channel_is_sealed.rs ... ok
[INFO] [stderr] test tests/ui/data_has_no_into_inner.rs ... ok
[INFO] [stdout] test the_provenance_boundary_cannot_be_bypassed ... FAILED
[INFO] [stderr] test tests/ui/data_is_not_an_instruction.rs ... ok
[INFO] [stdout] 
[INFO] [stderr] test tests/ui/declassification_cannot_be_forged.rs ... ok
[INFO] [stdout] failures:
[INFO] [stderr] test tests/ui/mint_requires_an_authority.rs ... mismatch
[INFO] [stdout] 
[INFO] [stderr] 
[INFO] [stdout] ---- the_provenance_boundary_cannot_be_bypassed stdout ----
[INFO] [stderr] EXPECTED:
[INFO] [stdout] 
[INFO] [stderr] ┈┈┈┈┈┈┈┈┈┈┈┈┈┈┈┈┈┈┈┈┈┈┈┈┈┈┈┈┈┈┈┈┈┈┈┈┈┈┈┈┈┈┈┈┈┈┈┈┈┈┈┈┈┈┈┈┈┈┈┈
[INFO] [stdout] thread 'the_provenance_boundary_cannot_be_bypassed' (2196) panicked at /opt/rustwide/cargo-home/registry/src/index.crates.io-1949cf8c6b5b557f/trybuild-1.0.121/src/run.rs:103:13:
[INFO] [stderr] error[E0277]: the trait bound `NotAnAuthority: ClearanceAuthority` is not satisfied
[INFO] [stdout] 1 of 5 tests failed
[INFO] [stderr]   --> tests/ui/mint_requires_an_authority.rs:15:9
[INFO] [stdout] stack backtrace:
[INFO] [stderr]    |
[INFO] [stdout]    0:     0x642728b90c16 - <<std[617be2ca0a6fd877]::sys::backtrace::BacktraceLock>::print::DisplayBacktrace as core[a373ad73a504971]::fmt::Display>::fmt
[INFO] [stderr] 14 |     let _witness = Declassification::mint(
[INFO] [stdout]    1:     0x642728b359ba - core[a373ad73a504971]::fmt::write
[INFO] [stderr]    |                    ---------------------- required by a bound introduced by this call
[INFO] [stdout]    2:     0x642728b965dc - <alloc[2e1b2a31b91974c5]::vec::Vec<u8> as core[a373ad73a504971]::io::write::Write>::write_fmt
[INFO] [stderr] 15 |         &NotAnAuthority,
[INFO] [stdout]    3:     0x642728b6afb2 - std[617be2ca0a6fd877]::panicking::default_hook::{closure#0}
[INFO] [stderr]    |         ^^^^^^^^^^^^^^^ unsatisfied trait bound
[INFO] [stdout]    4:     0x642728b884a1 - std[617be2ca0a6fd877]::panicking::default_hook
[INFO] [stderr]    |
[INFO] [stdout]    5:     0x642728b88682 - std[617be2ca0a6fd877]::panicking::panic_with_hook
[INFO] [stderr] help: the trait `ClearanceAuthority` is not implemented for `NotAnAuthority`
[INFO] [stdout]    6:     0x642728b6b062 - std[617be2ca0a6fd877]::panicking::panic_handler::{closure#0}
[INFO] [stderr]   --> tests/ui/mint_requires_an_authority.rs:11:1
[INFO] [stdout]    7:     0x642728b63a39 - std[617be2ca0a6fd877]::sys::backtrace::__rust_end_short_backtrace::<std[617be2ca0a6fd877]::panicking::panic_handler::{closure#0}, !>
[INFO] [stderr]    |
[INFO] [stdout]    8:     0x642728b6bc7d - __rustc[ea4f61d10b84890b]::rust_begin_unwind
[INFO] [stderr] 11 | struct NotAnAuthority;
[INFO] [stdout]    9:     0x642728b360ec - core[a373ad73a504971]::panicking::panic_fmt
[INFO] [stderr]    | ^^^^^^^^^^^^^^^^^^^^^
[INFO] [stdout]   10:     0x642728c36df3 - <trybuild[149b06d943c00439]::Runner>::run
[INFO] [stderr] note: required by a bound in `Declassification::mint`
[INFO] [stdout]   11:     0x642728b31f42 - compile_fail[30c3abac87f65b64]::the_provenance_boundary_cannot_be_bypassed
[INFO] [stderr]   --> src/clearance.rs
[INFO] [stdout]   12:     0x642728b32119 - <compile_fail[30c3abac87f65b64]::the_provenance_boundary_cannot_be_bypassed::{closure#0} as core[a373ad73a504971]::ops::function::FnOnce<()>>::call_once
[INFO] [stderr]    |
[INFO] [stdout]   13:     0x642728b9855b - test[aada8e7e76ba119b]::__rust_begin_short_backtrace::<core[a373ad73a504971]::result::Result<(), alloc[2e1b2a31b91974c5]::string::String>, fn() -> core[a373ad73a504971]::result::Result<(), alloc[2e1b2a31b91974c5]::string::String>>
[INFO] [stderr]    |     pub fn mint<A: ClearanceAuthority + ?Sized>(
[INFO] [stdout]   14:     0x642728ba6404 - test[aada8e7e76ba119b]::run_test::{closure#0}
[INFO] [stderr]    |                    ^^^^^^^^^^^^^^^^^^ required by this bound in `Declassification::mint`
[INFO] [stdout]   15:     0x642728b9fb34 - std[617be2ca0a6fd877]::sys::backtrace::__rust_begin_short_backtrace::<test[aada8e7e76ba119b]::run_test::{closure#1}, ()>
[INFO] [stderr] ┈┈┈┈┈┈┈┈┈┈┈┈┈┈┈┈┈┈┈┈┈┈┈┈┈┈┈┈┈┈┈┈┈┈┈┈┈┈┈┈┈┈┈┈┈┈┈┈┈┈┈┈┈┈┈┈┈┈┈┈
[INFO] [stdout]   16:     0x642728baa1c2 - <std[617be2ca0a6fd877]::thread::lifecycle::spawn_unchecked<test[aada8e7e76ba119b]::run_test::{closure#1}, ()>::{closure#1} as core[a373ad73a504971]::ops::function::FnOnce<()>>::call_once::{shim:vtable#0}
[INFO] [stderr] 
[INFO] [stdout]   17:     0x642728b8fa14 - <std[617be2ca0a6fd877]::sys::thread::unix::Thread>::new::thread_start
[INFO] [stderr] ACTUAL OUTPUT:
[INFO] [stdout]   18:     0x7002b3179dfa - <unknown>
[INFO] [stderr] ┈┈┈┈┈┈┈┈┈┈┈┈┈┈┈┈┈┈┈┈┈┈┈┈┈┈┈┈┈┈┈┈┈┈┈┈┈┈┈┈┈┈┈┈┈┈┈┈┈┈┈┈┈┈┈┈┈┈┈┈
[INFO] [stdout]   19:     0x7002b320d3d4 - clone
[INFO] [stderr] error[E0277]: the trait bound `NotAnAuthority: ClearanceAuthority` is not satisfied
[INFO] [stdout]   20:                0x0 - <unknown>
[INFO] [stderr]   --> tests/ui/mint_requires_an_authority.rs:15:9
[INFO] [stdout] 
[INFO] [stderr]    |
[INFO] [stdout] 
[INFO] [stderr] 14 |     let _witness = Declassification::mint(
[INFO] [stdout] failures:
[INFO] [stderr]    |                    ---------------------- required by a bound introduced by this call
[INFO] [stdout]     the_provenance_boundary_cannot_be_bypassed
[INFO] [stderr] 15 |         &NotAnAuthority,
[INFO] [stdout] 
[INFO] [stderr]    |         ^^^^^^^^^^^^^^^ unsatisfied trait bound
[INFO] [stdout] test result: FAILED. 0 passed; 1 failed; 0 ignored; 0 measured; 0 filtered out; finished in 20.30s
[INFO] [stderr]    |
[INFO] [stdout] 
[INFO] [stderr] help: the trait `ClearanceAuthority` is not implemented for `NotAnAuthority`
[INFO] [stderr]   --> tests/ui/mint_requires_an_authority.rs:11:1
[INFO] [stderr]    |
[INFO] [stderr] 11 | struct NotAnAuthority;
[INFO] [stderr]    | ^^^^^^^^^^^^^^^^^^^^^
[INFO] [stderr] note: required by a bound in `Declassification::mint`
[INFO] [stderr]   --> src/clearance.rs
[INFO] [stderr]    |
[INFO] [stderr]    | impl Declassification {
[INFO] [stderr] ...
[INFO] [stderr]    |     pub fn mint<A: ClearanceAuthority + ?Sized>(
[INFO] [stderr]    |                    ^^^^^^^^^^^^^^^^^^ required by this bound in `Declassification::mint`
[INFO] [stderr] ┈┈┈┈┈┈┈┈┈┈┈┈┈┈┈┈┈┈┈┈┈┈┈┈┈┈┈┈┈┈┈┈┈┈┈┈┈┈┈┈┈┈┈┈┈┈┈┈┈┈┈┈┈┈┈┈┈┈┈┈
[INFO] [stderr] note: If the actual output is the correct output you can bless it by rerunning
[INFO] [stderr]       your test with the environment variable TRYBUILD=overwrite
[INFO] [stderr] 
[INFO] [stderr] 
[INFO] [stderr] 
[INFO] [stderr] error: test failed, to rerun pass `-p hearsay-core --test compile_fail`
[INFO] running `Command { std: "docker" "inspect" "8a9e50c1cfda8569eed515ec4118ad05f1789131f3ca60036db983421ef16113", kill_on_drop: false }`
[INFO] running `Command { std: "docker" "rm" "-f" "8a9e50c1cfda8569eed515ec4118ad05f1789131f3ca60036db983421ef16113", kill_on_drop: false }`
[INFO] [stdout] 8a9e50c1cfda8569eed515ec4118ad05f1789131f3ca60036db983421ef16113
