[INFO] cloning repository https://github.com/mgijsberti/prompt-sanatizer
[INFO] running `Command { std: "git" "-c" "credential.helper=" "-c" "credential.helper=/workspace/cargo-home/bin/git-credential-null" "clone" "--bare" "https://github.com/mgijsberti/prompt-sanatizer" "/workspace/cache/git-repos/https%3A%2F%2Fgithub.com%2Fmgijsberti%2Fprompt-sanatizer", kill_on_drop: false }`
[INFO] [stderr] Cloning into bare repository '/workspace/cache/git-repos/https%3A%2F%2Fgithub.com%2Fmgijsberti%2Fprompt-sanatizer'...
[INFO] running `Command { std: "git" "rev-parse" "HEAD", kill_on_drop: false }`
[INFO] [stdout] 5f70306839484f74e74bda641948a6bda826d648
[INFO] testing mgijsberti/prompt-sanatizer against 1.100.0-beta.1+cargoflags=--release for beta-release-1.100-3
[INFO] running `Command { std: "git" "clone" "/workspace/cache/git-repos/https%3A%2F%2Fgithub.com%2Fmgijsberti%2Fprompt-sanatizer" "/workspace/builds/worker-0-tc2/source", kill_on_drop: false }`
[INFO] [stderr] Cloning into '/workspace/builds/worker-0-tc2/source'...
[INFO] [stderr] done.
[INFO] started tweaking git repo https://github.com/mgijsberti/prompt-sanatizer
[INFO] finished tweaking git repo https://github.com/mgijsberti/prompt-sanatizer
[INFO] tweaked toml for git repo https://github.com/mgijsberti/prompt-sanatizer written to /workspace/builds/worker-0-tc2/source/Cargo.toml
[INFO] validating manifest of git repo https://github.com/mgijsberti/prompt-sanatizer on toolchain 1.100.0-beta.1
[INFO] running `Command { std: CARGO_HOME="/workspace/cargo-home" RUSTUP_HOME="/workspace/rustup-home" "/workspace/cargo-home/bin/cargo" "+1.100.0-beta.1" "metadata" "--manifest-path" "Cargo.toml" "--no-deps", kill_on_drop: false }`
[INFO] crate git repo https://github.com/mgijsberti/prompt-sanatizer already has a lockfile, it will not be regenerated
[INFO] running `Command { std: CARGO_HOME="/workspace/cargo-home" RUSTUP_HOME="/workspace/rustup-home" "/workspace/cargo-home/bin/cargo" "+1.100.0-beta.1" "fetch" "--manifest-path" "Cargo.toml", kill_on_drop: false }`
[INFO] running `Command { std: "docker" "create" "-v" "/var/lib/crater-agent-workspace/builds/worker-0-tc2/source:/opt/rustwide/workdir:ro,Z" "-v" "/var/lib/crater-agent-workspace/builds/worker-0-tc2/target:/opt/rustwide/target:rw,Z" "-v" "/var/lib/crater-agent-workspace/cargo-home:/opt/rustwide/cargo-home:ro,Z" "-v" "/var/lib/crater-agent-workspace/rustup-home:/opt/rustwide/rustup-home:ro,Z" "-m" "1610612736" "--network" "none" "ghcr.io/rust-lang/crates-build-env/linux@sha256:77db811e55d90add9212f6832c23229e3de5f1c1f9905e8cb07319ea15df73ac" "sleep" "infinity", kill_on_drop: false }`
[INFO] [stdout] 69b6de88de3b6e94f32f36efe7b8e151573e79a1c4fb78304f78b635b37833e6
[INFO] running `Command { std: "docker" "start" "69b6de88de3b6e94f32f36efe7b8e151573e79a1c4fb78304f78b635b37833e6", kill_on_drop: false }`
[INFO] running `Command { std: "docker" "inspect" "69b6de88de3b6e94f32f36efe7b8e151573e79a1c4fb78304f78b635b37833e6", kill_on_drop: false }`
[INFO] running `Command { std: "docker" "exec" "-e" "SOURCE_DIR=/opt/rustwide/workdir" "-e" "CARGO_HOME=/opt/rustwide/cargo-home" "-e" "RUSTUP_HOME=/opt/rustwide/rustup-home" "-e" "CARGO_TARGET_DIR=/opt/rustwide/target" "-w" "/opt/rustwide/workdir" "--user" "0:0" "69b6de88de3b6e94f32f36efe7b8e151573e79a1c4fb78304f78b635b37833e6" "/opt/rustwide/cargo-home/bin/cargo" "+1.100.0-beta.1" "metadata" "--no-deps" "--format-version=1", kill_on_drop: false }`
[INFO] running `Command { std: "docker" "inspect" "69b6de88de3b6e94f32f36efe7b8e151573e79a1c4fb78304f78b635b37833e6", kill_on_drop: false }`
[INFO] running `Command { std: "docker" "exec" "-e" "SOURCE_DIR=/opt/rustwide/workdir" "-e" "CARGO_HOME=/opt/rustwide/cargo-home" "-e" "RUSTUP_HOME=/opt/rustwide/rustup-home" "-e" "CARGO_TARGET_DIR=/opt/rustwide/target" "-e" "CARGO_INCREMENTAL=0" "-e" "RUST_BACKTRACE=full" "-e" "RUSTFLAGS=--cap-lints=warn" "-e" "RUSTDOCFLAGS=--cap-lints=warn" "-w" "/opt/rustwide/workdir" "--user" "0:0" "69b6de88de3b6e94f32f36efe7b8e151573e79a1c4fb78304f78b635b37833e6" "/opt/rustwide/cargo-home/bin/cargo" "+1.100.0-beta.1" "build" "--frozen" "--message-format=json" "--release", kill_on_drop: false }`
[INFO] [stderr]    Compiling proc-macro2 v1.0.95
[INFO] [stderr]    Compiling libc v0.2.174
[INFO] [stderr]    Compiling unicode-ident v1.0.18
[INFO] [stderr]    Compiling autocfg v1.5.0
[INFO] [stderr]    Compiling parking_lot_core v0.9.11
[INFO] [stderr]    Compiling memchr v2.7.5
[INFO] [stderr]    Compiling cfg-if v1.0.1
[INFO] [stderr]    Compiling is_terminal_polyfill v1.70.1
[INFO] [stderr]    Compiling anstyle v1.0.11
[INFO] [stderr]    Compiling anstyle-query v1.1.3
[INFO] [stderr]    Compiling anyhow v1.0.98
[INFO] [stderr]    Compiling regex-syntax v0.8.5
[INFO] [stderr]    Compiling clap_lex v0.7.5
[INFO] [stderr]    Compiling anstream v0.6.19
[INFO] [stderr]    Compiling bytes v1.10.1
[INFO] [stderr]    Compiling lock_api v0.4.13
[INFO] [stderr]    Compiling aho-corasick v1.1.3
[INFO] [stderr]    Compiling quote v1.0.40
[INFO] [stderr]    Compiling signal-hook-registry v1.4.5
[INFO] [stderr]    Compiling syn v2.0.104
[INFO] [stderr]    Compiling parking_lot v0.12.4
[INFO] [stderr]    Compiling mio v1.0.4
[INFO] [stderr]    Compiling socket2 v0.5.10
[INFO] [stderr]    Compiling clap_builder v4.5.41
[INFO] [stderr]    Compiling regex-automata v0.4.9
[INFO] [stderr]    Compiling tokio-macros v2.5.0
[INFO] [stderr]    Compiling clap_derive v4.5.41
[INFO] [stderr]    Compiling tokio v1.46.1
[INFO] [stderr]    Compiling clap v4.5.41
[INFO] [stderr]    Compiling regex v1.11.1
[INFO] [stderr]    Compiling prompt-sanatizer v0.1.0 (/opt/rustwide/workdir)
[INFO] [stderr]     Finished `release` profile [optimized] target(s) in 1m 22s
[INFO] running `Command { std: "docker" "inspect" "69b6de88de3b6e94f32f36efe7b8e151573e79a1c4fb78304f78b635b37833e6", kill_on_drop: false }`
[INFO] running `Command { std: "docker" "exec" "-e" "SOURCE_DIR=/opt/rustwide/workdir" "-e" "CARGO_HOME=/opt/rustwide/cargo-home" "-e" "RUSTUP_HOME=/opt/rustwide/rustup-home" "-e" "CARGO_TARGET_DIR=/opt/rustwide/target" "-e" "CARGO_INCREMENTAL=0" "-e" "RUST_BACKTRACE=full" "-e" "RUSTFLAGS=--cap-lints=warn" "-e" "RUSTDOCFLAGS=--cap-lints=warn" "-w" "/opt/rustwide/workdir" "--user" "0:0" "69b6de88de3b6e94f32f36efe7b8e151573e79a1c4fb78304f78b635b37833e6" "/opt/rustwide/cargo-home/bin/cargo" "+1.100.0-beta.1" "test" "--frozen" "--no-run" "--message-format=json" "--release", kill_on_drop: false }`
[INFO] [stderr]    Compiling num-traits v0.2.19
[INFO] [stderr]    Compiling doc-comment v0.3.3
[INFO] [stderr]    Compiling regex-automata v0.4.9
[INFO] [stderr]    Compiling rustix v1.0.7
[INFO] [stderr]    Compiling predicates-core v1.0.9
[INFO] [stderr]    Compiling getrandom v0.3.3
[INFO] [stderr]    Compiling linux-raw-sys v0.9.4
[INFO] [stderr]    Compiling difflib v0.4.0
[INFO] [stderr]    Compiling bitflags v2.9.1
[INFO] [stderr]    Compiling assert_cmd v2.0.17
[INFO] [stderr]    Compiling termtree v0.5.1
[INFO] [stderr]    Compiling normalize-line-endings v0.3.0
[INFO] [stderr]    Compiling predicates-tree v1.0.12
[INFO] [stderr]    Compiling wait-timeout v0.2.1
[INFO] [stderr]    Compiling once_cell v1.21.3
[INFO] [stderr]    Compiling fastrand v2.3.0
[INFO] [stderr]    Compiling float-cmp v0.10.0
[INFO] [stderr]    Compiling tempfile v3.20.0
[INFO] [stderr]    Compiling regex v1.11.1
[INFO] [stderr]    Compiling bstr v1.12.0
[INFO] [stderr]    Compiling predicates v3.1.3
[INFO] [stderr]    Compiling prompt-sanatizer v0.1.0 (/opt/rustwide/workdir)
[INFO] [stderr]     Finished `release` profile [optimized] target(s) in 36.71s
[INFO] running `Command { std: "docker" "inspect" "69b6de88de3b6e94f32f36efe7b8e151573e79a1c4fb78304f78b635b37833e6", kill_on_drop: false }`
[INFO] running `Command { std: "docker" "exec" "-e" "SOURCE_DIR=/opt/rustwide/workdir" "-e" "CARGO_HOME=/opt/rustwide/cargo-home" "-e" "RUSTUP_HOME=/opt/rustwide/rustup-home" "-e" "CARGO_TARGET_DIR=/opt/rustwide/target" "-e" "CARGO_INCREMENTAL=0" "-e" "RUST_BACKTRACE=full" "-e" "RUSTFLAGS=--cap-lints=warn" "-e" "RUSTDOCFLAGS=--cap-lints=warn" "-w" "/opt/rustwide/workdir" "--user" "0:0" "69b6de88de3b6e94f32f36efe7b8e151573e79a1c4fb78304f78b635b37833e6" "/opt/rustwide/cargo-home/bin/cargo" "+1.100.0-beta.1" "test" "--frozen" "--release", kill_on_drop: false }`
[INFO] [stderr]     Finished `release` profile [optimized] target(s) in 0.11s
[INFO] [stderr]      Running unittests src/main.rs (/opt/rustwide/target/release/build/prompt-sanatizer/e95a5439a7d6529e/out/prompt_sanatizer-e95a5439a7d6529e)
[INFO] [stdout] 
[INFO] [stdout] running 31 tests
[INFO] [stdout] test sanitizer::tests::test_empty_input ... ok
[INFO] [stdout] test sanitizer::tests::test_case_insensitive_matching ... ok
[INFO] [stdout] test sanitizer::tests::test_context_escape_exit_simulation ... ok
[INFO] [stdout] test sanitizer::tests::test_code_execution_code_blocks ... ok
[INFO] [stdout] test sanitizer::tests::test_clean_input_unchanged ... ok
[INFO] [stdout] test sanitizer::tests::test_context_escape_break_character ... ok
[INFO] [stdout] test sanitizer::tests::test_indirect_injection_future_instructions ... ok
[INFO] [stdout] test sanitizer::tests::test_instruction_override_disregard ... ok
[INFO] [stdout] test sanitizer::tests::test_code_execution_execute_code ... ok
[INFO] [stdout] test sanitizer::tests::test_jailbreak_dan_mode ... ok
[INFO] [stdout] test sanitizer::tests::test_jailbreak_developer_mode ... ok
[INFO] [stdout] test sanitizer::tests::test_indirect_injection_when_you_see ... ok
[INFO] [stdout] test sanitizer::tests::test_instruction_override_instead ... ok
[INFO] [stdout] test sanitizer::tests::test_model_manipulation_max_tokens ... ok
[INFO] [stdout] test sanitizer::tests::test_system_prompt_injection_basic ... ok
[INFO] [stdout] test sanitizer::tests::test_prompt_leaking_show_prompt ... ok
[INFO] [stdout] test sanitizer::tests::test_role_manipulation_act_as ... ok
[INFO] [stdout] test sanitizer::tests::test_prompt_leaking_reveal_guidelines ... ok
[INFO] [stdout] test sanitizer::tests::test_partial_words_not_filtered ... ok
[INFO] [stdout] test sanitizer::tests::test_multiple_injections_in_single_input ... ok
[INFO] [stdout] test sanitizer::tests::test_model_manipulation_temperature ... ok
[INFO] [stdout] test sanitizer::tests::test_role_manipulation_pretend ... ok
[INFO] [stdout] test sanitizer::tests::test_whitespace_only_input ... ok
[INFO] [stdout] test sanitizer::tests::test_training_data_extraction_training_data ... ok
[INFO] [stdout] test tests::test_cli_output_exists_no_force ... FAILED
[INFO] [stdout] test tests::test_sanitize_file_basic ... ok
[INFO] [stdout] test sanitizer::tests::test_system_prompt_injection_ignore_previous ... ok
[INFO] [stdout] test tests::test_cli_nonexistent_input ... FAILED
[INFO] [stdout] test tests::test_cli_basic_usage ... FAILED
[INFO] [stdout] test tests::test_cli_malicious_input ... FAILED
[INFO] [stdout] test sanitizer::tests::test_training_data_extraction_memorized ... ok
[INFO] [stdout] 
[INFO] [stdout] failures:
[INFO] [stdout] 
[INFO] [stdout] ---- tests::test_cli_output_exists_no_force stdout ----
[INFO] [stdout] 
[INFO] [stdout] thread 'tests::test_cli_output_exists_no_force' (1246) panicked at src/main.rs:205:62:
[INFO] [stdout] called `Result::unwrap()` on an `Err` value: CargoError { cause: Some(NotFoundError { path: "/opt/rustwide/target/release/build/prompt-sanatizer/e95a5439a7d6529e/out/prompt-sanatizer" }) }
[INFO] [stdout] stack backtrace:
[INFO] [stdout]    0:     0x614fe6c6a9f1 - <<std[617be2ca0a6fd877]::sys::backtrace::BacktraceLock>::print::DisplayBacktrace as core[a373ad73a504971]::fmt::Display>::fmt
[INFO] [stdout]    1:     0x614fe6c8246a - core[a373ad73a504971]::fmt::write
[INFO] [stdout]    2:     0x614fe6c7058c - <alloc[2e1b2a31b91974c5]::vec::Vec<u8> as core[a373ad73a504971]::io::write::Write>::write_fmt
[INFO] [stdout]    3:     0x614fe6c456a6 - std[617be2ca0a6fd877]::panicking::default_hook::{closure#0}
[INFO] [stdout]    4:     0x614fe6c62ae9 - std[617be2ca0a6fd877]::panicking::default_hook
[INFO] [stdout]    5:     0x614fe6b09350 - test[aada8e7e76ba119b]::test_main_inner::{closure#0}
[INFO] [stdout]    6:     0x614fe6c62ca2 - std[617be2ca0a6fd877]::panicking::panic_with_hook
[INFO] [stdout]    7:     0x614fe6c45752 - std[617be2ca0a6fd877]::panicking::panic_handler::{closure#0}
[INFO] [stdout]    8:     0x614fe6c3dc99 - std[617be2ca0a6fd877]::sys::backtrace::__rust_end_short_backtrace::<std[617be2ca0a6fd877]::panicking::panic_handler::{closure#0}, !>
[INFO] [stdout]    9:     0x614fe6c4646d - __rustc[ea4f61d10b84890b]::rust_begin_unwind
[INFO] [stdout]   10:     0x614fe6c82c4c - core[a373ad73a504971]::panicking::panic_fmt
[INFO] [stdout]   11:     0x614fe6c82a22 - core[a373ad73a504971]::result::unwrap_failed
[INFO] [stdout]   12:     0x614fe6af1755 - <prompt_sanatizer[9cf8e73b27863924]::tests::test_cli_output_exists_no_force::{closure#0} as core[a373ad73a504971]::ops::function::FnOnce<()>>::call_once
[INFO] [stdout]   13:     0x614fe6afc79b - test[aada8e7e76ba119b]::__rust_begin_short_backtrace::<core[a373ad73a504971]::result::Result<(), alloc[2e1b2a31b91974c5]::string::String>, fn() -> core[a373ad73a504971]::result::Result<(), alloc[2e1b2a31b91974c5]::string::String>>
[INFO] [stdout]   14:     0x614fe6b09975 - test[aada8e7e76ba119b]::run_test::{closure#0}
[INFO] [stdout]   15:     0x614fe6b03264 - std[617be2ca0a6fd877]::sys::backtrace::__rust_begin_short_backtrace::<test[aada8e7e76ba119b]::run_test::{closure#1}, ()>
[INFO] [stdout]   16:     0x614fe6b0ca02 - <std[617be2ca0a6fd877]::thread::lifecycle::spawn_unchecked<test[aada8e7e76ba119b]::run_test::{closure#1}, ()>::{closure#1} as core[a373ad73a504971]::ops::function::FnOnce<()>>::call_once::{shim:vtable#0}
[INFO] [stdout]   17:     0x614fe6c69e6f - <std[617be2ca0a6fd877]::sys::thread::unix::Thread>::new::thread_start
[INFO] [stdout]   18:     0x7ad0fe1cbdfa - <unknown>
[INFO] [stdout]   19:     0x7ad0fe25f3d4 - clone
[INFO] [stdout]   20:                0x0 - <unknown>
[INFO] [stdout] 
[INFO] [stdout] ---- tests::test_cli_nonexistent_input stdout ----
[INFO] [stdout] 
[INFO] [stdout] thread 'tests::test_cli_nonexistent_input' (1245) panicked at src/main.rs:187:62:
[INFO] [stdout] called `Result::unwrap()` on an `Err` value: CargoError { cause: Some(NotFoundError { path: "/opt/rustwide/target/release/build/prompt-sanatizer/e95a5439a7d6529e/out/prompt-sanatizer" }) }
[INFO] [stdout] stack backtrace:
[INFO] [stdout]    0:     0x614fe6c6a9f1 - <<std[617be2ca0a6fd877]::sys::backtrace::BacktraceLock>::print::DisplayBacktrace as core[a373ad73a504971]::fmt::Display>::fmt
[INFO] [stdout]    1:     0x614fe6c8246a - core[a373ad73a504971]::fmt::write
[INFO] [stdout]    2:     0x614fe6c7058c - <alloc[2e1b2a31b91974c5]::vec::Vec<u8> as core[a373ad73a504971]::io::write::Write>::write_fmt
[INFO] [stdout]    3:     0x614fe6c456a6 - std[617be2ca0a6fd877]::panicking::default_hook::{closure#0}
[INFO] [stdout]    4:     0x614fe6c62ae9 - std[617be2ca0a6fd877]::panicking::default_hook
[INFO] [stdout]    5:     0x614fe6b09350 - test[aada8e7e76ba119b]::test_main_inner::{closure#0}
[INFO] [stdout]    6:     0x614fe6c62ca2 - std[617be2ca0a6fd877]::panicking::panic_with_hook
[INFO] [stdout]    7:     0x614fe6c45752 - std[617be2ca0a6fd877]::panicking::panic_handler::{closure#0}
[INFO] [stdout]    8:     0x614fe6c3dc99 - std[617be2ca0a6fd877]::sys::backtrace::__rust_end_short_backtrace::<std[617be2ca0a6fd877]::panicking::panic_handler::{closure#0}, !>
[INFO] [stdout]    9:     0x614fe6c4646d - __rustc[ea4f61d10b84890b]::rust_begin_unwind
[INFO] [stdout]   10:     0x614fe6c82c4c - core[a373ad73a504971]::panicking::panic_fmt
[INFO] [stdout]   11:     0x614fe6c82a22 - core[a373ad73a504971]::result::unwrap_failed
[INFO] [stdout]   12:     0x614fe6af123f - <prompt_sanatizer[9cf8e73b27863924]::tests::test_cli_nonexistent_input::{closure#0} as core[a373ad73a504971]::ops::function::FnOnce<()>>::call_once
[INFO] [stdout]   13:     0x614fe6afc79b - test[aada8e7e76ba119b]::__rust_begin_short_backtrace::<core[a373ad73a504971]::result::Result<(), alloc[2e1b2a31b91974c5]::string::String>, fn() -> core[a373ad73a504971]::result::Result<(), alloc[2e1b2a31b91974c5]::string::String>>
[INFO] [stdout]   14:     0x614fe6b09975 - test[aada8e7e76ba119b]::run_test::{closure#0}
[INFO] [stdout]   15:     0x614fe6b03264 - std[617be2ca0a6fd877]::sys::backtrace::__rust_begin_short_backtrace::<test[aada8e7e76ba119b]::run_test::{closure#1}, ()>
[INFO] [stdout]   16:     0x614fe6b0ca02 - <std[617be2ca0a6fd877]::thread::lifecycle::spawn_unchecked<test[aada8e7e76ba119b]::run_test::{closure#1}, ()>::{closure#1} as core[a373ad73a504971]::ops::function::FnOnce<()>>::call_once::{shim:vtable#0}
[INFO] [stdout]   17:     0x614fe6c69e6f - <std[617be2ca0a6fd877]::sys::thread::unix::Thread>::new::thread_start
[INFO] [stdout]   18:     0x7ad0fe1cbdfa - <unknown>
[INFO] [stdout]   19:     0x7ad0fe25f3d4 - clone
[INFO] [stdout]   20:                0x0 - <unknown>
[INFO] [stdout] 
[INFO] [stdout] ---- tests::test_cli_basic_usage stdout ----
[INFO] [stdout] 
[INFO] [stdout] thread 'tests::test_cli_basic_usage' (1243) panicked at src/main.rs:146:62:
[INFO] [stdout] called `Result::unwrap()` on an `Err` value: CargoError { cause: Some(NotFoundError { path: "/opt/rustwide/target/release/build/prompt-sanatizer/e95a5439a7d6529e/out/prompt-sanatizer" }) }
[INFO] [stdout] stack backtrace:
[INFO] [stdout]    0:     0x614fe6c6a9f1 - <<std[617be2ca0a6fd877]::sys::backtrace::BacktraceLock>::print::DisplayBacktrace as core[a373ad73a504971]::fmt::Display>::fmt
[INFO] [stdout]    1:     0x614fe6c8246a - core[a373ad73a504971]::fmt::write
[INFO] [stdout]    2:     0x614fe6c7058c - <alloc[2e1b2a31b91974c5]::vec::Vec<u8> as core[a373ad73a504971]::io::write::Write>::write_fmt
[INFO] [stdout]    3:     0x614fe6c456a6 - std[617be2ca0a6fd877]::panicking::default_hook::{closure#0}
[INFO] [stdout]    4:     0x614fe6c62ae9 - std[617be2ca0a6fd877]::panicking::default_hook
[INFO] [stdout]    5:     0x614fe6b09350 - test[aada8e7e76ba119b]::test_main_inner::{closure#0}
[INFO] [stdout]    6:     0x614fe6c62ca2 - std[617be2ca0a6fd877]::panicking::panic_with_hook
[INFO] [stdout]    7:     0x614fe6c45752 - std[617be2ca0a6fd877]::panicking::panic_handler::{closure#0}
[INFO] [stdout]    8:     0x614fe6c3dc99 - std[617be2ca0a6fd877]::sys::backtrace::__rust_end_short_backtrace::<std[617be2ca0a6fd877]::panicking::panic_handler::{closure#0}, !>
[INFO] [stdout]    9:     0x614fe6c4646d - __rustc[ea4f61d10b84890b]::rust_begin_unwind
[INFO] [stdout]   10:     0x614fe6c82c4c - core[a373ad73a504971]::panicking::panic_fmt
[INFO] [stdout]   11:     0x614fe6c82a22 - core[a373ad73a504971]::result::unwrap_failed
[INFO] [stdout]   12:     0x614fe6af041f - <prompt_sanatizer[9cf8e73b27863924]::tests::test_cli_basic_usage::{closure#0} as core[a373ad73a504971]::ops::function::FnOnce<()>>::call_once
[INFO] [stdout]   13:     0x614fe6afc79b - test[aada8e7e76ba119b]::__rust_begin_short_backtrace::<core[a373ad73a504971]::result::Result<(), alloc[2e1b2a31b91974c5]::string::String>, fn() -> core[a373ad73a504971]::result::Result<(), alloc[2e1b2a31b91974c5]::string::String>>
[INFO] [stdout]   14:     0x614fe6b09975 - test[aada8e7e76ba119b]::run_test::{closure#0}
[INFO] [stdout]   15:     0x614fe6b03264 - std[617be2ca0a6fd877]::sys::backtrace::__rust_begin_short_backtrace::<test[aada8e7e76ba119b]::run_test::{closure#1}, ()>
[INFO] [stdout]   16:     0x614fe6b0ca02 - <std[617be2ca0a6fd877]::thread::lifecycle::spawn_unchecked<test[aada8e7e76ba119b]::run_test::{closure#1}, ()>::{closure#1} as core[a373ad73a504971]::ops::function::FnOnce<()>>::call_once::{shim:vtable#0}
[INFO] [stdout]   17:     0x614fe6c69e6f - <std[617be2ca0a6fd877]::sys::thread::unix::Thread>::new::thread_start
[INFO] [stdout]   18:     0x7ad0fe1cbdfa - <unknown>
[INFO] [stdout]   19:     0x7ad0fe25f3d4 - clone
[INFO] [stdout]   20:                0x0 - <unknown>
[INFO] [stdout] 
[INFO] [stdout] ---- tests::test_cli_malicious_input stdout ----
[INFO] [stdout] 
[INFO] [stdout] thread 'tests::test_cli_malicious_input' (1244) panicked at src/main.rs:169:62:
[INFO] [stdout] called `Result::unwrap()` on an `Err` value: CargoError { cause: Some(NotFoundError { path: "/opt/rustwide/target/release/build/prompt-sanatizer/e95a5439a7d6529e/out/prompt-sanatizer" }) }
[INFO] [stdout] stack backtrace:
[INFO] [stdout]    0:     0x614fe6c6a9f1 - <<std[617be2ca0a6fd877]::sys::backtrace::BacktraceLock>::print::DisplayBacktrace as core[a373ad73a504971]::fmt::Display>::fmt
[INFO] [stdout]    1:     0x614fe6c8246a - core[a373ad73a504971]::fmt::write
[INFO] [stdout]    2:     0x614fe6c7058c - <alloc[2e1b2a31b91974c5]::vec::Vec<u8> as core[a373ad73a504971]::io::write::Write>::write_fmt
[INFO] [stdout]    3:     0x614fe6c456a6 - std[617be2ca0a6fd877]::panicking::default_hook::{closure#0}
[INFO] [stdout]    4:     0x614fe6c62ae9 - std[617be2ca0a6fd877]::panicking::default_hook
[INFO] [stdout]    5:     0x614fe6b09350 - test[aada8e7e76ba119b]::test_main_inner::{closure#0}
[INFO] [stdout]    6:     0x614fe6c62ca2 - std[617be2ca0a6fd877]::panicking::panic_with_hook
[INFO] [stdout]    7:     0x614fe6c45752 - std[617be2ca0a6fd877]::panicking::panic_handler::{closure#0}
[INFO] [stdout]    8:     0x614fe6c3dc99 - std[617be2ca0a6fd877]::sys::backtrace::__rust_end_short_backtrace::<std[617be2ca0a6fd877]::panicking::panic_handler::{closure#0}, !>
[INFO] [stdout]    9:     0x614fe6c4646d - __rustc[ea4f61d10b84890b]::rust_begin_unwind
[INFO] [stdout]   10:     0x614fe6c82c4c - core[a373ad73a504971]::panicking::panic_fmt
[INFO] [stdout]   11:     0x614fe6c82a22 - core[a373ad73a504971]::result::unwrap_failed
[INFO] [stdout]   12:     0x614fe6af0b48 - <prompt_sanatizer[9cf8e73b27863924]::tests::test_cli_malicious_input::{closure#0} as core[a373ad73a504971]::ops::function::FnOnce<()>>::call_once
[INFO] [stdout]   13:     0x614fe6afc79b - test[aada8e7e76ba119b]::__rust_begin_short_backtrace::<core[a373ad73a504971]::result::Result<(), alloc[2e1b2a31b91974c5]::string::String>, fn() -> core[a373ad73a504971]::result::Result<(), alloc[2e1b2a31b91974c5]::string::String>>
[INFO] [stdout]   14:     0x614fe6b09975 - test[aada8e7e76ba119b]::run_test::{closure#0}
[INFO] [stdout]   15:     0x614fe6b03264 - std[617be2ca0a6fd877]::sys::backtrace::__rust_begin_short_backtrace::<test[aada8e7e76ba119b]::run_test::{closure#1}, ()>
[INFO] [stdout]   16:     0x614fe6b0ca02 - <std[617be2ca0a6fd877]::thread::lifecycle::spawn_unchecked<test[aada8e7e76ba119b]::run_test::{closure#1}, ()>::{closure#1} as core[a373ad73a504971]::ops::function::FnOnce<()>>::call_once::{shim:vtable#0}
[INFO] [stdout]   17:     0x614fe6c69e6f - <std[617be2ca0a6fd877]::sys::thread::unix::Thread>::new::thread_start
[INFO] [stdout]   18:     0x7ad0fe1cbdfa - <unknown>
[INFO] [stdout]   19:     0x7ad0fe25f3d4 - clone
[INFO] [stdout]   20:                0x0 - <unknown>
[INFO] [stdout] 
[INFO] [stdout] 
[INFO] [stdout] failures:
[INFO] [stdout]     tests::test_cli_basic_usage
[INFO] [stdout]     tests::test_cli_malicious_input
[INFO] [stdout]     tests::test_cli_nonexistent_input
[INFO] [stdout]     tests::test_cli_output_exists_no_force
[INFO] [stdout] 
[INFO] [stdout] test result: FAILED. 27 passed; 4 failed; 0 ignored; 0 measured; 0 filtered out; finished in 0.26s
[INFO] [stdout] 
[INFO] [stderr] error: test failed, to rerun pass `--bin prompt-sanatizer`
[INFO] running `Command { std: "docker" "inspect" "69b6de88de3b6e94f32f36efe7b8e151573e79a1c4fb78304f78b635b37833e6", kill_on_drop: false }`
[INFO] running `Command { std: "docker" "rm" "-f" "69b6de88de3b6e94f32f36efe7b8e151573e79a1c4fb78304f78b635b37833e6", kill_on_drop: false }`
[INFO] [stdout] 69b6de88de3b6e94f32f36efe7b8e151573e79a1c4fb78304f78b635b37833e6
