[INFO] cloning repository https://github.com/mayneyao/sqlite-fs-meta
[INFO] running `Command { std: "git" "-c" "credential.helper=" "-c" "credential.helper=/workspace/cargo-home/bin/git-credential-null" "clone" "--bare" "https://github.com/mayneyao/sqlite-fs-meta" "/workspace/cache/git-repos/https%3A%2F%2Fgithub.com%2Fmayneyao%2Fsqlite-fs-meta", kill_on_drop: false }`
[INFO] [stderr] Cloning into bare repository '/workspace/cache/git-repos/https%3A%2F%2Fgithub.com%2Fmayneyao%2Fsqlite-fs-meta'...
[INFO] running `Command { std: "git" "rev-parse" "HEAD", kill_on_drop: false }`
[INFO] [stdout] 3f55badd12a1b30ad03cb4fd71fe746f0c9970f5
[INFO] testing mayneyao/sqlite-fs-meta against 1.100.0-beta.1+cargoflags=--release for beta-release-1.100-3
[INFO] running `Command { std: "git" "clone" "/workspace/cache/git-repos/https%3A%2F%2Fgithub.com%2Fmayneyao%2Fsqlite-fs-meta" "/workspace/builds/worker-7-tc2/source", kill_on_drop: false }`
[INFO] [stderr] Cloning into '/workspace/builds/worker-7-tc2/source'...
[INFO] [stderr] done.
[INFO] started tweaking git repo https://github.com/mayneyao/sqlite-fs-meta
[INFO] finished tweaking git repo https://github.com/mayneyao/sqlite-fs-meta
[INFO] tweaked toml for git repo https://github.com/mayneyao/sqlite-fs-meta written to /workspace/builds/worker-7-tc2/source/Cargo.toml
[INFO] validating manifest of git repo https://github.com/mayneyao/sqlite-fs-meta on toolchain 1.100.0-beta.1
[INFO] running `Command { std: CARGO_HOME="/workspace/cargo-home" RUSTUP_HOME="/workspace/rustup-home" "/workspace/cargo-home/bin/cargo" "+1.100.0-beta.1" "metadata" "--manifest-path" "Cargo.toml" "--no-deps", kill_on_drop: false }`
[INFO] crate git repo https://github.com/mayneyao/sqlite-fs-meta already has a lockfile, it will not be regenerated
[INFO] running `Command { std: CARGO_HOME="/workspace/cargo-home" RUSTUP_HOME="/workspace/rustup-home" "/workspace/cargo-home/bin/cargo" "+1.100.0-beta.1" "fetch" "--manifest-path" "Cargo.toml", kill_on_drop: false }`
[INFO] running `Command { std: "docker" "create" "-v" "/var/lib/crater-agent-workspace/builds/worker-7-tc2/source:/opt/rustwide/workdir:ro,Z" "-v" "/var/lib/crater-agent-workspace/builds/worker-7-tc2/target:/opt/rustwide/target:rw,Z" "-v" "/var/lib/crater-agent-workspace/cargo-home:/opt/rustwide/cargo-home:ro,Z" "-v" "/var/lib/crater-agent-workspace/rustup-home:/opt/rustwide/rustup-home:ro,Z" "-m" "1610612736" "--network" "none" "ghcr.io/rust-lang/crates-build-env/linux@sha256:77db811e55d90add9212f6832c23229e3de5f1c1f9905e8cb07319ea15df73ac" "sleep" "infinity", kill_on_drop: false }`
[INFO] [stdout] 20940d766a69cdaa176811b3cf9b5ef622a67bb687d9114541d21a2d68db8dc5
[INFO] running `Command { std: "docker" "start" "20940d766a69cdaa176811b3cf9b5ef622a67bb687d9114541d21a2d68db8dc5", kill_on_drop: false }`
[INFO] running `Command { std: "docker" "inspect" "20940d766a69cdaa176811b3cf9b5ef622a67bb687d9114541d21a2d68db8dc5", kill_on_drop: false }`
[INFO] running `Command { std: "docker" "exec" "-e" "SOURCE_DIR=/opt/rustwide/workdir" "-e" "CARGO_HOME=/opt/rustwide/cargo-home" "-e" "RUSTUP_HOME=/opt/rustwide/rustup-home" "-e" "CARGO_TARGET_DIR=/opt/rustwide/target" "-w" "/opt/rustwide/workdir" "--user" "0:0" "20940d766a69cdaa176811b3cf9b5ef622a67bb687d9114541d21a2d68db8dc5" "/opt/rustwide/cargo-home/bin/cargo" "+1.100.0-beta.1" "metadata" "--no-deps" "--format-version=1", kill_on_drop: false }`
[INFO] running `Command { std: "docker" "inspect" "20940d766a69cdaa176811b3cf9b5ef622a67bb687d9114541d21a2d68db8dc5", kill_on_drop: false }`
[INFO] running `Command { std: "docker" "exec" "-e" "SOURCE_DIR=/opt/rustwide/workdir" "-e" "CARGO_HOME=/opt/rustwide/cargo-home" "-e" "RUSTUP_HOME=/opt/rustwide/rustup-home" "-e" "CARGO_TARGET_DIR=/opt/rustwide/target" "-e" "CARGO_INCREMENTAL=0" "-e" "RUST_BACKTRACE=full" "-e" "RUSTFLAGS=--cap-lints=warn" "-e" "RUSTDOCFLAGS=--cap-lints=warn" "-w" "/opt/rustwide/workdir" "--user" "0:0" "20940d766a69cdaa176811b3cf9b5ef622a67bb687d9114541d21a2d68db8dc5" "/opt/rustwide/cargo-home/bin/cargo" "+1.100.0-beta.1" "build" "--frozen" "--message-format=json" "--release", kill_on_drop: false }`
[INFO] [stderr]    Compiling proc-macro2 v1.0.107
[INFO] [stderr]    Compiling quote v1.0.47
[INFO] [stderr]    Compiling unicode-ident v1.0.26
[INFO] [stderr]    Compiling autocfg v1.5.1
[INFO] [stderr]    Compiling memchr v2.8.3
[INFO] [stderr]    Compiling libc v0.2.189
[INFO] [stderr]    Compiling glob v0.3.4
[INFO] [stderr]    Compiling rustix v0.38.44
[INFO] [stderr]    Compiling regex-syntax v0.8.11
[INFO] [stderr]    Compiling cfg-if v1.0.5
[INFO] [stderr]    Compiling termcolor v1.4.1
[INFO] [stderr]    Compiling linux-raw-sys v0.4.15
[INFO] [stderr]    Compiling bitflags v2.13.2
[INFO] [stderr]    Compiling os_str_bytes v6.6.1
[INFO] [stderr]    Compiling log v0.4.34
[INFO] [stderr]    Compiling bindgen v0.60.1
[INFO] [stderr]    Compiling libloading v0.8.9
[INFO] [stderr]    Compiling home v0.5.12
[INFO] [stderr]    Compiling either v1.18.0
[INFO] [stderr]    Compiling humantime v2.4.0
[INFO] [stderr]    Compiling strsim v0.10.0
[INFO] [stderr]    Compiling textwrap v0.16.4
[INFO] [stderr]    Compiling bitflags v1.3.2
[INFO] [stderr]    Compiling lazycell v1.3.0
[INFO] [stderr]    Compiling lazy_static v1.5.0
[INFO] [stderr]    Compiling serde_core v1.0.229
[INFO] [stderr]    Compiling rustc-hash v1.1.0
[INFO] [stderr]    Compiling peeking_take_while v0.1.2
[INFO] [stderr]    Compiling typenum v1.20.1
[INFO] [stderr]    Compiling clang-sys v1.9.1
[INFO] [stderr]    Compiling find-msvc-tools v0.1.13
[INFO] [stderr]    Compiling clap_lex v0.2.4
[INFO] [stderr]    Compiling shlex v2.0.1
[INFO] [stderr]    Compiling indexmap v1.9.3
[INFO] [stderr]    Compiling zmij v1.0.23
[INFO] [stderr]    Compiling syn v1.0.109
[INFO] [stderr]    Compiling num-traits v0.2.19
[INFO] [stderr]    Compiling rustix v1.1.5
[INFO] [stderr]    Compiling serde_json v1.0.151
[INFO] [stderr]    Compiling cc v1.4.7
[INFO] [stderr]    Compiling serde v1.0.229
[INFO] [stderr]    Compiling linux-raw-sys v0.12.1
[INFO] [stderr]    Compiling thiserror v2.0.21
[INFO] [stderr]    Compiling aho-corasick v1.1.5
[INFO] [stderr]    Compiling nom v7.1.3
[INFO] [stderr]    Compiling syn v3.0.6
[INFO] [stderr]    Compiling itoa v1.0.18
[INFO] [stderr]    Compiling atty v0.2.14
[INFO] [stderr]    Compiling clap v3.2.25
[INFO] [stderr]    Compiling generic-array v0.14.7
[INFO] [stderr]    Compiling chrono v0.4.45
[INFO] [stderr]    Compiling crypto-common v0.1.7
[INFO] [stderr]    Compiling block-buffer v0.10.4
[INFO] [stderr]    Compiling digest v0.10.7
[INFO] [stderr]    Compiling sha2 v0.10.9
[INFO] [stderr]    Compiling serde_derive v1.0.229
[INFO] [stderr]    Compiling thiserror-impl v2.0.21
[INFO] [stderr]    Compiling regex-automata v0.4.18
[INFO] [stderr]    Compiling cexpr v0.6.0
[INFO] [stderr]    Compiling which v4.4.2
[INFO] [stderr]    Compiling xattr v1.6.1
[INFO] [stderr]    Compiling regex v1.13.1
[INFO] [stderr]    Compiling sqlite-loadable-macros v0.0.3
[INFO] [stderr]    Compiling env_logger v0.9.3
[INFO] [stderr]    Compiling sqlite3ext-sys v0.0.1
[INFO] [stderr]    Compiling sqlite-loadable v0.0.6-alpha.6
[INFO] [stderr]    Compiling sqlite-fs-meta v0.4.0 (/opt/rustwide/workdir)
[INFO] [stderr] warning: unused dependency `thiserror`
[INFO] [stderr]  --> Cargo.toml:5:1
[INFO] [stderr]   |
[INFO] [stderr] 5 | thiserror = "2.0"
[INFO] [stderr]   | ^^^^^^^^^^^^^^^^^
[INFO] [stderr]   |
[INFO] [stderr]   = note: `cargo::unused_dependencies` is set to `warn` by default
[INFO] [stderr] help: consider removing the dependency on `thiserror`
[INFO] [stderr] warning: `sqlite-fs-meta` (manifest) generated 1 warning
[INFO] [stderr]     Finished `release` profile [optimized] target(s) in 1m 26s
[INFO] running `Command { std: "docker" "inspect" "20940d766a69cdaa176811b3cf9b5ef622a67bb687d9114541d21a2d68db8dc5", kill_on_drop: false }`
[INFO] running `Command { std: "docker" "exec" "-e" "SOURCE_DIR=/opt/rustwide/workdir" "-e" "CARGO_HOME=/opt/rustwide/cargo-home" "-e" "RUSTUP_HOME=/opt/rustwide/rustup-home" "-e" "CARGO_TARGET_DIR=/opt/rustwide/target" "-e" "CARGO_INCREMENTAL=0" "-e" "RUST_BACKTRACE=full" "-e" "RUSTFLAGS=--cap-lints=warn" "-e" "RUSTDOCFLAGS=--cap-lints=warn" "-w" "/opt/rustwide/workdir" "--user" "0:0" "20940d766a69cdaa176811b3cf9b5ef622a67bb687d9114541d21a2d68db8dc5" "/opt/rustwide/cargo-home/bin/cargo" "+1.100.0-beta.1" "test" "--frozen" "--no-run" "--message-format=json" "--release", kill_on_drop: false }`
[INFO] [stderr]    Compiling rustix v1.1.5
[INFO] [stderr]    Compiling getrandom v0.4.3
[INFO] [stderr]    Compiling fastrand v2.5.0
[INFO] [stderr]    Compiling once_cell v1.21.4
[INFO] [stderr]    Compiling xattr v1.6.1
[INFO] [stderr]    Compiling tempfile v3.27.0
[INFO] [stderr]    Compiling sqlite-fs-meta v0.4.0 (/opt/rustwide/workdir)
[INFO] [stderr] warning: unused dependency `thiserror`
[INFO] [stderr]  --> Cargo.toml:5:1
[INFO] [stderr]   |
[INFO] [stderr] 5 | thiserror = "2.0"
[INFO] [stderr]   | ^^^^^^^^^^^^^^^^^
[INFO] [stderr]   |
[INFO] [stderr]   = note: `cargo::unused_dependencies` is set to `warn` by default
[INFO] [stderr] help: consider removing the dependency on `thiserror`
[INFO] [stderr] warning: `sqlite-fs-meta` (manifest) generated 1 warning
[INFO] [stderr]     Finished `release` profile [optimized] target(s) in 10.18s
[INFO] running `Command { std: "docker" "inspect" "20940d766a69cdaa176811b3cf9b5ef622a67bb687d9114541d21a2d68db8dc5", kill_on_drop: false }`
[INFO] running `Command { std: "docker" "exec" "-e" "SOURCE_DIR=/opt/rustwide/workdir" "-e" "CARGO_HOME=/opt/rustwide/cargo-home" "-e" "RUSTUP_HOME=/opt/rustwide/rustup-home" "-e" "CARGO_TARGET_DIR=/opt/rustwide/target" "-e" "CARGO_INCREMENTAL=0" "-e" "RUST_BACKTRACE=full" "-e" "RUSTFLAGS=--cap-lints=warn" "-e" "RUSTDOCFLAGS=--cap-lints=warn" "-w" "/opt/rustwide/workdir" "--user" "0:0" "20940d766a69cdaa176811b3cf9b5ef622a67bb687d9114541d21a2d68db8dc5" "/opt/rustwide/cargo-home/bin/cargo" "+1.100.0-beta.1" "test" "--frozen" "--release", kill_on_drop: false }`
[INFO] [stderr] warning: unused dependency `thiserror`
[INFO] [stderr]  --> Cargo.toml:5:1
[INFO] [stderr]   |
[INFO] [stderr] 5 | thiserror = "2.0"
[INFO] [stderr]   | ^^^^^^^^^^^^^^^^^
[INFO] [stderr]   |
[INFO] [stderr]   = note: `cargo::unused_dependencies` is set to `warn` by default
[INFO] [stderr] help: consider removing the dependency on `thiserror`
[INFO] [stderr] warning: `sqlite-fs-meta` (manifest) generated 1 warning
[INFO] [stderr]     Finished `release` profile [optimized] target(s) in 0.09s
[INFO] [stderr]      Running unittests src/lib.rs (/opt/rustwide/target/release/build/sqlite-fs-meta/ffd6fe39ec400c71/out/fs_meta-ffd6fe39ec400c71)
[INFO] [stdout] 
[INFO] [stdout] running 17 tests
[INFO] [stdout] test fs_scanner::tests::directory_symlinks_are_not_scanned_or_looked_up ... ok
[INFO] [stdout] test schema::tests::json_fields_separate_sql_names_from_storage_keys ... ok
[INFO] [stdout] test schema::tests::decodes_sql_quotes_without_trimming_path_characters ... ok
[INFO] [stdout] test vtab::tests::test_format_file_entry_canonical_json ... ok
[INFO] [stdout] test property_api::tests::directories_accept_writes_but_file_hardlinks_and_symlinks_do_not ... ok
[INFO] [stdout] test vtab::tests::test_uuid_v7_format ... ok
[INFO] [stdout] test meta::tests::metadata_operations_reject_directory_symlinks ... ok
[INFO] [stdout] test vtab::tests::test_encode_uri_path_unicode_and_spaces ... ok
[INFO] [stdout] test property_api::tests::directory_properties_preserve_values_and_remove_keys ... ok
[INFO] [stdout] test fs_scanner::tests::directories_and_files_have_consistent_scan_and_lookup_stats ... ok
[INFO] [stdout] test fs_scanner::tests::ignored_directories_and_their_descendants_are_not_scanned ... ok
[INFO] [stdout] test property_api::tests::refuses_corrupt_envelopes_without_replacing_them ... ok
[INFO] [stdout] test meta::tests::directory_envelopes_restore_and_clear_without_changing_contents ... ok
[INFO] [stdout] test fs_scanner::tests::creation_time_is_independent_of_mtime_and_metadata_edits ... ok
[INFO] [stdout] test meta::tests::metadata_operations_never_recreate_missing_files ... ok
[INFO] [stdout] test meta::tests::envelopes_restore_exact_bytes_and_absence ... ok
[INFO] [stdout] test vtab::tests::rollback_continues_after_one_unrecoverable_path ... ok
[INFO] [stdout] 
[INFO] [stdout] test result: ok. 17 passed; 0 failed; 0 ignored; 0 measured; 0 filtered out; finished in 0.17s
[INFO] [stdout] 
[INFO] [stderr]      Running tests/sqlite_cli_test.rs (/opt/rustwide/target/release/build/sqlite-fs-meta/c543d12ed90c591c/out/sqlite_cli_test-c543d12ed90c591c)
[INFO] [stdout] 
[INFO] [stdout] running 7 tests
[INFO] [stderr]    Compiling proc-macro2 v1.0.107
[INFO] [stderr]    Compiling quote v1.0.47
[INFO] [stderr]    Compiling unicode-ident v1.0.26
[INFO] [stderr]    Compiling autocfg v1.5.1
[INFO] [stderr]    Compiling memchr v2.8.3
[INFO] [stderr]    Compiling libc v0.2.189
[INFO] [stderr]    Compiling glob v0.3.4
[INFO] [stderr]    Compiling bitflags v2.13.2
[INFO] [stderr]    Compiling regex-syntax v0.8.11
[INFO] [stderr]    Compiling rustix v0.38.44
[INFO] [stderr]    Compiling cfg-if v1.0.5
[INFO] [stderr]    Compiling linux-raw-sys v0.4.15
[INFO] [stderr]    Compiling hashbrown v0.12.3
[INFO] [stderr]    Compiling minimal-lexical v0.2.1
[INFO] [stderr]    Compiling termcolor v1.4.1
[INFO] [stderr]    Compiling version_check v0.9.5
[INFO] [stderr]    Compiling os_str_bytes v6.6.1
[INFO] [stderr]    Compiling libloading v0.8.9
[INFO] [stderr]    Compiling home v0.5.12
[INFO] [stderr]    Compiling bindgen v0.60.1
[INFO] [stderr]    Compiling bitflags v1.3.2
[INFO] [stderr]    Compiling strsim v0.10.0
[INFO] [stderr]    Compiling clap_lex v0.2.4
[INFO] [stderr]    Compiling textwrap v0.16.4
[INFO] [stderr]    Compiling either v1.18.0
[INFO] [stderr]    Compiling log v0.4.34
[INFO] [stderr]    Compiling generic-array v0.14.7
[INFO] [stderr]    Compiling humantime v2.4.0
[INFO] [stderr]    Compiling clang-sys v1.9.1
[INFO] [stderr]    Compiling typenum v1.20.1
[INFO] [stderr]    Compiling indexmap v1.9.3
[INFO] [stderr]    Compiling lazycell v1.3.0
[INFO] [stderr]    Compiling peeking_take_while v0.1.2
[INFO] [stderr]    Compiling aho-corasick v1.1.5
[INFO] [stderr]    Compiling nom v7.1.3
[INFO] [stderr]    Compiling lazy_static v1.5.0
[INFO] [stderr]    Compiling shlex v1.3.0
[INFO] [stderr]    Compiling serde_core v1.0.229
[INFO] [stderr]    Compiling shlex v2.0.1
[INFO] [stderr]    Compiling rustc-hash v1.1.0
[INFO] [stderr]    Compiling find-msvc-tools v0.1.13
[INFO] [stderr]    Compiling zmij v1.0.23
[INFO] [stderr]    Compiling syn v1.0.109
[INFO] [stderr]    Compiling num-traits v0.2.19
[INFO] [stderr]    Compiling cc v1.4.7
[INFO] [stderr]    Compiling serde_json v1.0.151
[INFO] [stderr]    Compiling serde v1.0.229
[INFO] [stderr]    Compiling rustix v1.1.5
[INFO] [stderr]    Compiling thiserror v2.0.21
[INFO] [stderr]    Compiling linux-raw-sys v0.12.1
[INFO] [stderr]    Compiling itoa v1.0.18
[INFO] [stderr]    Compiling syn v3.0.6
[INFO] [stderr]    Compiling cpufeatures v0.2.17
[INFO] [stderr]    Compiling same-file v1.0.6
[INFO] [stderr]    Compiling iana-time-zone v0.1.65
[INFO] [stderr]    Compiling walkdir v2.5.0
[INFO] [stderr]    Compiling atty v0.2.14
[INFO] [stderr]    Compiling clap v3.2.25
[INFO] [stderr]    Compiling regex-automata v0.4.18
[INFO] [stderr]    Compiling block-buffer v0.10.4
[INFO] [stderr]    Compiling crypto-common v0.1.7
[INFO] [stderr]    Compiling chrono v0.4.45
[INFO] [stderr]    Compiling digest v0.10.7
[INFO] [stderr]    Compiling sha2 v0.10.9
[INFO] [stderr]    Compiling cexpr v0.6.0
[INFO] [stderr]    Compiling which v4.4.2
[INFO] [stderr]    Compiling serde_derive v1.0.229
[INFO] [stderr]    Compiling thiserror-impl v2.0.21
[INFO] [stderr]    Compiling xattr v1.6.1
[INFO] [stderr]    Compiling sqlite-loadable-macros v0.0.3
[INFO] [stderr]    Compiling regex v1.13.1
[INFO] [stderr]    Compiling env_logger v0.9.3
[INFO] [stderr]    Compiling sqlite3ext-sys v0.0.1
[INFO] [stderr]    Compiling sqlite-loadable v0.0.6-alpha.6
[INFO] [stderr]    Compiling sqlite-fs-meta v0.4.0 (/opt/rustwide/workdir)
[INFO] [stderr] warning: unused dependency `thiserror`
[INFO] [stderr]  --> Cargo.toml:5:1
[INFO] [stderr]   |
[INFO] [stderr] 5 | thiserror = "2.0"
[INFO] [stderr]   | ^^^^^^^^^^^^^^^^^
[INFO] [stderr]   |
[INFO] [stderr]   = note: `cargo::unused_dependencies` is set to `warn` by default
[INFO] [stderr] help: consider removing the dependency on `thiserror`
[INFO] [stderr] warning: `sqlite-fs-meta` (manifest) generated 1 warning
[INFO] [stderr]     Finished `dev` profile [unoptimized + debuginfo] target(s) in 40.42s
[INFO] [stdout] test relative_roots_follow_database_moves_and_decode_quoted_paths ... FAILED
[INFO] [stderr] warning: unused dependency `thiserror`
[INFO] [stderr]  --> Cargo.toml:5:1
[INFO] [stderr]   |
[INFO] [stderr] 5 | thiserror = "2.0"
[INFO] [stderr]   | ^^^^^^^^^^^^^^^^^
[INFO] [stderr]   |
[INFO] [stderr]   = note: `cargo::unused_dependencies` is set to `warn` by default
[INFO] [stderr] help: consider removing the dependency on `thiserror`
[INFO] [stderr] warning: `sqlite-fs-meta` (manifest) generated 1 warning
[INFO] [stderr]     Finished `dev` profile [unoptimized + debuginfo] target(s) in 0.10s
[INFO] [stdout] test physical_deletion_removes_only_empty_directories ... FAILED
[INFO] [stderr] warning: unused dependency `thiserror`
[INFO] [stderr]  --> Cargo.toml:5:1
[INFO] [stderr]   |
[INFO] [stderr] 5 | thiserror = "2.0"
[INFO] [stderr]   | ^^^^^^^^^^^^^^^^^
[INFO] [stderr]   |
[INFO] [stderr]   = note: `cargo::unused_dependencies` is set to `warn` by default
[INFO] [stderr] help: consider removing the dependency on `thiserror`
[INFO] [stderr] warning: `sqlite-fs-meta` (manifest) generated 1 warning
[INFO] [stderr]     Finished `dev` profile [unoptimized + debuginfo] target(s) in 0.10s
[INFO] [stdout] test test_sqlite_fs_meta_e2e ... FAILED
[INFO] [stderr] warning: unused dependency `thiserror`
[INFO] [stderr]  --> Cargo.toml:5:1
[INFO] [stderr]   |
[INFO] [stderr] 5 | thiserror = "2.0"
[INFO] [stderr]   | ^^^^^^^^^^^^^^^^^
[INFO] [stderr]   |
[INFO] [stderr]   = note: `cargo::unused_dependencies` is set to `warn` by default
[INFO] [stderr] help: consider removing the dependency on `thiserror`
[INFO] [stderr] warning: `sqlite-fs-meta` (manifest) generated 1 warning
[INFO] [stderr]     Finished `dev` profile [unoptimized + debuginfo] target(s) in 0.09s
[INFO] [stdout] test directories_are_queryable_and_metadata_changes_roll_back ... FAILED
[INFO] [stderr] warning: unused dependency `thiserror`
[INFO] [stderr]  --> Cargo.toml:5:1
[INFO] [stderr]   |
[INFO] [stderr] 5 | thiserror = "2.0"
[INFO] [stderr]   | ^^^^^^^^^^^^^^^^^
[INFO] [stderr]   |
[INFO] [stderr]   = note: `cargo::unused_dependencies` is set to `warn` by default
[INFO] [stderr] help: consider removing the dependency on `thiserror`
[INFO] [stderr] warning: `sqlite-fs-meta` (manifest) generated 1 warning
[INFO] [stderr]     Finished `dev` profile [unoptimized + debuginfo] target(s) in 0.08s
[INFO] [stdout] test directory_links_are_not_scanned_or_used_for_properties ... FAILED
[INFO] [stderr] warning: unused dependency `thiserror`
[INFO] [stderr]  --> Cargo.toml:5:1
[INFO] [stderr]   |
[INFO] [stderr] 5 | thiserror = "2.0"
[INFO] [stderr]   | ^^^^^^^^^^^^^^^^^
[INFO] [stderr]   |
[INFO] [stderr]   = note: `cargo::unused_dependencies` is set to `warn` by default
[INFO] [stderr] help: consider removing the dependency on `thiserror`
[INFO] [stderr] warning: `sqlite-fs-meta` (manifest) generated 1 warning
[INFO] [stderr]     Finished `dev` profile [unoptimized + debuginfo] target(s) in 0.10s
[INFO] [stdout] test namespace_properties_preserve_json_and_interoperate_with_virtual_tables ... FAILED
[INFO] [stderr] warning: unused dependency `thiserror`
[INFO] [stderr]  --> Cargo.toml:5:1
[INFO] [stderr]   |
[INFO] [stderr] 5 | thiserror = "2.0"
[INFO] [stderr]   | ^^^^^^^^^^^^^^^^^
[INFO] [stderr]   |
[INFO] [stderr]   = note: `cargo::unused_dependencies` is set to `warn` by default
[INFO] [stderr] help: consider removing the dependency on `thiserror`
[INFO] [stderr] warning: `sqlite-fs-meta` (manifest) generated 1 warning
[INFO] [stderr]     Finished `dev` profile [unoptimized + debuginfo] target(s) in 0.10s
[INFO] [stdout] test namespace_properties_support_directories_and_the_scan_root ... FAILED
[INFO] [stdout] 
[INFO] [stdout] failures:
[INFO] [stdout] 
[INFO] [stdout] ---- relative_roots_follow_database_moves_and_decode_quoted_paths stdout ----
[INFO] [stdout] 
[INFO] [stdout] thread 'relative_roots_follow_database_moves_and_decode_quoted_paths' (2014) panicked at tests/sqlite_cli_test.rs:27:9:
[INFO] [stdout] Missing extension: /opt/rustwide/target/release/build/sqlite-fs-meta/c543d12ed90c591c/libfs_meta.so
[INFO] [stdout] stack backtrace:
[INFO] [stdout]    0:     0x55d6ac0ff181 - <<std[617be2ca0a6fd877]::sys::backtrace::BacktraceLock>::print::DisplayBacktrace as core[a373ad73a504971]::fmt::Display>::fmt
[INFO] [stdout]    1:     0x55d6ac1134aa - core[a373ad73a504971]::fmt::write
[INFO] [stdout]    2:     0x55d6ac10368c - <alloc[2e1b2a31b91974c5]::vec::Vec<u8> as core[a373ad73a504971]::io::write::Write>::write_fmt
[INFO] [stdout]    3:     0x55d6ac0d9146 - std[617be2ca0a6fd877]::panicking::default_hook::{closure#0}
[INFO] [stdout]    4:     0x55d6ac0f68f9 - std[617be2ca0a6fd877]::panicking::default_hook
[INFO] [stdout]    5:     0x55d6ac08fac0 - test[aada8e7e76ba119b]::test_main_inner::{closure#0}
[INFO] [stdout]    6:     0x55d6ac0f6ab2 - std[617be2ca0a6fd877]::panicking::panic_with_hook
[INFO] [stdout]    7:     0x55d6ac0d91f2 - std[617be2ca0a6fd877]::panicking::panic_handler::{closure#0}
[INFO] [stdout]    8:     0x55d6ac0d1b99 - std[617be2ca0a6fd877]::sys::backtrace::__rust_end_short_backtrace::<std[617be2ca0a6fd877]::panicking::panic_handler::{closure#0}, !>
[INFO] [stdout]    9:     0x55d6ac0d9fdd - __rustc[ea4f61d10b84890b]::rust_begin_unwind
[INFO] [stdout]   10:     0x55d6ac113bdc - core[a373ad73a504971]::panicking::panic_fmt
[INFO] [stdout]   11:     0x55d6ac082263 - <std[617be2ca0a6fd877]::sync::once::Once>::call_once_force::<<std[617be2ca0a6fd877]::sync::once_lock::OnceLock<std[617be2ca0a6fd877]::path::PathBuf>>::initialize<<std[617be2ca0a6fd877]::sync::once_lock::OnceLock<std[617be2ca0a6fd877]::path::PathBuf>>::get_or_init<sqlite_cli_test[9ea6b5505efe967b]::extension_library::{closure#0}>::{closure#0}, !>::{closure#0}>::{closure#0}
[INFO] [stdout]   12:     0x55d6ac0def99 - <std[617be2ca0a6fd877]::sys::sync::once::futex::Once>::call
[INFO] [stdout]   13:     0x55d6ac081997 - <std[617be2ca0a6fd877]::sync::once_lock::OnceLock<std[617be2ca0a6fd877]::path::PathBuf>>::initialize::<<std[617be2ca0a6fd877]::sync::once_lock::OnceLock<std[617be2ca0a6fd877]::path::PathBuf>>::get_or_init<sqlite_cli_test[9ea6b5505efe967b]::extension_library::{closure#0}>::{closure#0}, !>
[INFO] [stdout]   14:     0x55d6ac07c2e8 - sqlite_cli_test[9ea6b5505efe967b]::run_sqlite_output
[INFO] [stdout]   15:     0x55d6ac07bcfa - sqlite_cli_test[9ea6b5505efe967b]::run_sqlite
[INFO] [stdout]   16:     0x55d6ac08075d - <sqlite_cli_test[9ea6b5505efe967b]::relative_roots_follow_database_moves_and_decode_quoted_paths::{closure#0} as core[a373ad73a504971]::ops::function::FnOnce<()>>::call_once
[INFO] [stdout]   17:     0x55d6ac082f0b - test[aada8e7e76ba119b]::__rust_begin_short_backtrace::<core[a373ad73a504971]::result::Result<(), alloc[2e1b2a31b91974c5]::string::String>, fn() -> core[a373ad73a504971]::result::Result<(), alloc[2e1b2a31b91974c5]::string::String>>
[INFO] [stdout]   18:     0x55d6ac0900e5 - test[aada8e7e76ba119b]::run_test::{closure#0}
[INFO] [stdout]   19:     0x55d6ac0899d4 - std[617be2ca0a6fd877]::sys::backtrace::__rust_begin_short_backtrace::<test[aada8e7e76ba119b]::run_test::{closure#1}, ()>
[INFO] [stdout]   20:     0x55d6ac093172 - <std[617be2ca0a6fd877]::thread::lifecycle::spawn_unchecked<test[aada8e7e76ba119b]::run_test::{closure#1}, ()>::{closure#1} as core[a373ad73a504971]::ops::function::FnOnce<()>>::call_once::{shim:vtable#0}
[INFO] [stdout]   21:     0x55d6ac0fe49f - <std[617be2ca0a6fd877]::sys::thread::unix::Thread>::new::thread_start
[INFO] [stdout]   22:     0x7b7ab4a0cdfa - <unknown>
[INFO] [stdout]   23:     0x7b7ab4aa03d4 - clone
[INFO] [stdout]   24:                0x0 - <unknown>
[INFO] [stdout] 
[INFO] [stdout] ---- physical_deletion_removes_only_empty_directories stdout ----
[INFO] [stdout] 
[INFO] [stdout] thread 'physical_deletion_removes_only_empty_directories' (2013) panicked at tests/sqlite_cli_test.rs:27:9:
[INFO] [stdout] Missing extension: /opt/rustwide/target/release/build/sqlite-fs-meta/c543d12ed90c591c/libfs_meta.so
[INFO] [stdout] stack backtrace:
[INFO] [stdout]    0:     0x55d6ac0ff181 - <<std[617be2ca0a6fd877]::sys::backtrace::BacktraceLock>::print::DisplayBacktrace as core[a373ad73a504971]::fmt::Display>::fmt
[INFO] [stdout]    1:     0x55d6ac1134aa - core[a373ad73a504971]::fmt::write
[INFO] [stdout]    2:     0x55d6ac10368c - <alloc[2e1b2a31b91974c5]::vec::Vec<u8> as core[a373ad73a504971]::io::write::Write>::write_fmt
[INFO] [stdout]    3:     0x55d6ac0d9146 - std[617be2ca0a6fd877]::panicking::default_hook::{closure#0}
[INFO] [stdout]    4:     0x55d6ac0f68f9 - std[617be2ca0a6fd877]::panicking::default_hook
[INFO] [stdout]    5:     0x55d6ac08fac0 - test[aada8e7e76ba119b]::test_main_inner::{closure#0}
[INFO] [stdout]    6:     0x55d6ac0f6ab2 - std[617be2ca0a6fd877]::panicking::panic_with_hook
[INFO] [stdout]    7:     0x55d6ac0d91f2 - std[617be2ca0a6fd877]::panicking::panic_handler::{closure#0}
[INFO] [stdout]    8:     0x55d6ac0d1b99 - std[617be2ca0a6fd877]::sys::backtrace::__rust_end_short_backtrace::<std[617be2ca0a6fd877]::panicking::panic_handler::{closure#0}, !>
[INFO] [stdout]    9:     0x55d6ac0d9fdd - __rustc[ea4f61d10b84890b]::rust_begin_unwind
[INFO] [stdout]   10:     0x55d6ac113bdc - core[a373ad73a504971]::panicking::panic_fmt
[INFO] [stdout]   11:     0x55d6ac082263 - <std[617be2ca0a6fd877]::sync::once::Once>::call_once_force::<<std[617be2ca0a6fd877]::sync::once_lock::OnceLock<std[617be2ca0a6fd877]::path::PathBuf>>::initialize<<std[617be2ca0a6fd877]::sync::once_lock::OnceLock<std[617be2ca0a6fd877]::path::PathBuf>>::get_or_init<sqlite_cli_test[9ea6b5505efe967b]::extension_library::{closure#0}>::{closure#0}, !>::{closure#0}>::{closure#0}
[INFO] [stdout]   12:     0x55d6ac0def99 - <std[617be2ca0a6fd877]::sys::sync::once::futex::Once>::call
[INFO] [stdout]   13:     0x55d6ac081997 - <std[617be2ca0a6fd877]::sync::once_lock::OnceLock<std[617be2ca0a6fd877]::path::PathBuf>>::initialize::<<std[617be2ca0a6fd877]::sync::once_lock::OnceLock<std[617be2ca0a6fd877]::path::PathBuf>>::get_or_init<sqlite_cli_test[9ea6b5505efe967b]::extension_library::{closure#0}>::{closure#0}, !>
[INFO] [stdout]   14:     0x55d6ac07c2e8 - sqlite_cli_test[9ea6b5505efe967b]::run_sqlite_output
[INFO] [stdout]   15:     0x55d6ac07bcfa - sqlite_cli_test[9ea6b5505efe967b]::run_sqlite
[INFO] [stdout]   16:     0x55d6ac07d7cd - <sqlite_cli_test[9ea6b5505efe967b]::physical_deletion_removes_only_empty_directories::{closure#0} as core[a373ad73a504971]::ops::function::FnOnce<()>>::call_once
[INFO] [stdout]   17:     0x55d6ac082f0b - test[aada8e7e76ba119b]::__rust_begin_short_backtrace::<core[a373ad73a504971]::result::Result<(), alloc[2e1b2a31b91974c5]::string::String>, fn() -> core[a373ad73a504971]::result::Result<(), alloc[2e1b2a31b91974c5]::string::String>>
[INFO] [stdout]   18:     0x55d6ac0900e5 - test[aada8e7e76ba119b]::run_test::{closure#0}
[INFO] [stdout]   19:     0x55d6ac0899d4 - std[617be2ca0a6fd877]::sys::backtrace::__rust_begin_short_backtrace::<test[aada8e7e76ba119b]::run_test::{closure#1}, ()>
[INFO] [stdout]   20:     0x55d6ac093172 - <std[617be2ca0a6fd877]::thread::lifecycle::spawn_unchecked<test[aada8e7e76ba119b]::run_test::{closure#1}, ()>::{closure#1} as core[a373ad73a504971]::ops::function::FnOnce<()>>::call_once::{shim:vtable#0}
[INFO] [stdout]   21:     0x55d6ac0fe49f - <std[617be2ca0a6fd877]::sys::thread::unix::Thread>::new::thread_start
[INFO] [stdout]   22:     0x7b7ab4a0cdfa - <unknown>
[INFO] [stdout]   23:     0x7b7ab4aa03d4 - clone
[INFO] [stdout]   24:                0x0 - <unknown>
[INFO] [stdout] 
[INFO] [stdout] ---- test_sqlite_fs_meta_e2e stdout ----
[INFO] [stdout] 
[INFO] [stdout] thread 'test_sqlite_fs_meta_e2e' (2015) panicked at tests/sqlite_cli_test.rs:27:9:
[INFO] [stdout] Missing extension: /opt/rustwide/target/release/build/sqlite-fs-meta/c543d12ed90c591c/libfs_meta.so
[INFO] [stdout] stack backtrace:
[INFO] [stdout]    0:     0x55d6ac0ff181 - <<std[617be2ca0a6fd877]::sys::backtrace::BacktraceLock>::print::DisplayBacktrace as core[a373ad73a504971]::fmt::Display>::fmt
[INFO] [stdout]    1:     0x55d6ac1134aa - core[a373ad73a504971]::fmt::write
[INFO] [stdout]    2:     0x55d6ac10368c - <alloc[2e1b2a31b91974c5]::vec::Vec<u8> as core[a373ad73a504971]::io::write::Write>::write_fmt
[INFO] [stdout]    3:     0x55d6ac0d9146 - std[617be2ca0a6fd877]::panicking::default_hook::{closure#0}
[INFO] [stdout]    4:     0x55d6ac0f68f9 - std[617be2ca0a6fd877]::panicking::default_hook
[INFO] [stdout]    5:     0x55d6ac08fac0 - test[aada8e7e76ba119b]::test_main_inner::{closure#0}
[INFO] [stdout]    6:     0x55d6ac0f6ab2 - std[617be2ca0a6fd877]::panicking::panic_with_hook
[INFO] [stdout]    7:     0x55d6ac0d91f2 - std[617be2ca0a6fd877]::panicking::panic_handler::{closure#0}
[INFO] [stdout]    8:     0x55d6ac0d1b99 - std[617be2ca0a6fd877]::sys::backtrace::__rust_end_short_backtrace::<std[617be2ca0a6fd877]::panicking::panic_handler::{closure#0}, !>
[INFO] [stdout]    9:     0x55d6ac0d9fdd - __rustc[ea4f61d10b84890b]::rust_begin_unwind
[INFO] [stdout]   10:     0x55d6ac113bdc - core[a373ad73a504971]::panicking::panic_fmt
[INFO] [stdout]   11:     0x55d6ac082263 - <std[617be2ca0a6fd877]::sync::once::Once>::call_once_force::<<std[617be2ca0a6fd877]::sync::once_lock::OnceLock<std[617be2ca0a6fd877]::path::PathBuf>>::initialize<<std[617be2ca0a6fd877]::sync::once_lock::OnceLock<std[617be2ca0a6fd877]::path::PathBuf>>::get_or_init<sqlite_cli_test[9ea6b5505efe967b]::extension_library::{closure#0}>::{closure#0}, !>::{closure#0}>::{closure#0}
[INFO] [stdout]   12:     0x55d6ac0def99 - <std[617be2ca0a6fd877]::sys::sync::once::futex::Once>::call
[INFO] [stdout]   13:     0x55d6ac081997 - <std[617be2ca0a6fd877]::sync::once_lock::OnceLock<std[617be2ca0a6fd877]::path::PathBuf>>::initialize::<<std[617be2ca0a6fd877]::sync::once_lock::OnceLock<std[617be2ca0a6fd877]::path::PathBuf>>::get_or_init<sqlite_cli_test[9ea6b5505efe967b]::extension_library::{closure#0}>::{closure#0}, !>
[INFO] [stdout]   14:     0x55d6ac07c2e8 - sqlite_cli_test[9ea6b5505efe967b]::run_sqlite_output
[INFO] [stdout]   15:     0x55d6ac07bcfa - sqlite_cli_test[9ea6b5505efe967b]::run_sqlite
[INFO] [stdout]   16:     0x55d6ac07d047 - <sqlite_cli_test[9ea6b5505efe967b]::test_sqlite_fs_meta_e2e::{closure#0} as core[a373ad73a504971]::ops::function::FnOnce<()>>::call_once
[INFO] [stdout]   17:     0x55d6ac082f0b - test[aada8e7e76ba119b]::__rust_begin_short_backtrace::<core[a373ad73a504971]::result::Result<(), alloc[2e1b2a31b91974c5]::string::String>, fn() -> core[a373ad73a504971]::result::Result<(), alloc[2e1b2a31b91974c5]::string::String>>
[INFO] [stdout]   18:     0x55d6ac0900e5 - test[aada8e7e76ba119b]::run_test::{closure#0}
[INFO] [stdout]   19:     0x55d6ac0899d4 - std[617be2ca0a6fd877]::sys::backtrace::__rust_begin_short_backtrace::<test[aada8e7e76ba119b]::run_test::{closure#1}, ()>
[INFO] [stdout]   20:     0x55d6ac093172 - <std[617be2ca0a6fd877]::thread::lifecycle::spawn_unchecked<test[aada8e7e76ba119b]::run_test::{closure#1}, ()>::{closure#1} as core[a373ad73a504971]::ops::function::FnOnce<()>>::call_once::{shim:vtable#0}
[INFO] [stdout]   21:     0x55d6ac0fe49f - <std[617be2ca0a6fd877]::sys::thread::unix::Thread>::new::thread_start
[INFO] [stdout]   22:     0x7b7ab4a0cdfa - <unknown>
[INFO] [stdout]   23:     0x7b7ab4aa03d4 - clone
[INFO] [stdout]   24:                0x0 - <unknown>
[INFO] [stdout] 
[INFO] [stdout] ---- directories_are_queryable_and_metadata_changes_roll_back stdout ----
[INFO] [stdout] 
[INFO] [stdout] thread 'directories_are_queryable_and_metadata_changes_roll_back' (2009) panicked at tests/sqlite_cli_test.rs:27:9:
[INFO] [stdout] Missing extension: /opt/rustwide/target/release/build/sqlite-fs-meta/c543d12ed90c591c/libfs_meta.so
[INFO] [stdout] stack backtrace:
[INFO] [stdout]    0:     0x55d6ac0ff181 - <<std[617be2ca0a6fd877]::sys::backtrace::BacktraceLock>::print::DisplayBacktrace as core[a373ad73a504971]::fmt::Display>::fmt
[INFO] [stdout]    1:     0x55d6ac1134aa - core[a373ad73a504971]::fmt::write
[INFO] [stdout]    2:     0x55d6ac10368c - <alloc[2e1b2a31b91974c5]::vec::Vec<u8> as core[a373ad73a504971]::io::write::Write>::write_fmt
[INFO] [stdout]    3:     0x55d6ac0d9146 - std[617be2ca0a6fd877]::panicking::default_hook::{closure#0}
[INFO] [stdout]    4:     0x55d6ac0f68f9 - std[617be2ca0a6fd877]::panicking::default_hook
[INFO] [stdout]    5:     0x55d6ac08fac0 - test[aada8e7e76ba119b]::test_main_inner::{closure#0}
[INFO] [stdout]    6:     0x55d6ac0f6ab2 - std[617be2ca0a6fd877]::panicking::panic_with_hook
[INFO] [stdout]    7:     0x55d6ac0d91f2 - std[617be2ca0a6fd877]::panicking::panic_handler::{closure#0}
[INFO] [stdout]    8:     0x55d6ac0d1b99 - std[617be2ca0a6fd877]::sys::backtrace::__rust_end_short_backtrace::<std[617be2ca0a6fd877]::panicking::panic_handler::{closure#0}, !>
[INFO] [stdout]    9:     0x55d6ac0d9fdd - __rustc[ea4f61d10b84890b]::rust_begin_unwind
[INFO] [stdout]   10:     0x55d6ac113bdc - core[a373ad73a504971]::panicking::panic_fmt
[INFO] [stdout]   11:     0x55d6ac082263 - <std[617be2ca0a6fd877]::sync::once::Once>::call_once_force::<<std[617be2ca0a6fd877]::sync::once_lock::OnceLock<std[617be2ca0a6fd877]::path::PathBuf>>::initialize<<std[617be2ca0a6fd877]::sync::once_lock::OnceLock<std[617be2ca0a6fd877]::path::PathBuf>>::get_or_init<sqlite_cli_test[9ea6b5505efe967b]::extension_library::{closure#0}>::{closure#0}, !>::{closure#0}>::{closure#0}
[INFO] [stdout]   12:     0x55d6ac0def99 - <std[617be2ca0a6fd877]::sys::sync::once::futex::Once>::call
[INFO] [stdout]   13:     0x55d6ac081997 - <std[617be2ca0a6fd877]::sync::once_lock::OnceLock<std[617be2ca0a6fd877]::path::PathBuf>>::initialize::<<std[617be2ca0a6fd877]::sync::once_lock::OnceLock<std[617be2ca0a6fd877]::path::PathBuf>>::get_or_init<sqlite_cli_test[9ea6b5505efe967b]::extension_library::{closure#0}>::{closure#0}, !>
[INFO] [stdout]   14:     0x55d6ac07c2e8 - sqlite_cli_test[9ea6b5505efe967b]::run_sqlite_output
[INFO] [stdout]   15:     0x55d6ac07bcfa - sqlite_cli_test[9ea6b5505efe967b]::run_sqlite
[INFO] [stdout]   16:     0x55d6ac07f4da - <sqlite_cli_test[9ea6b5505efe967b]::directories_are_queryable_and_metadata_changes_roll_back::{closure#0} as core[a373ad73a504971]::ops::function::FnOnce<()>>::call_once
[INFO] [stdout]   17:     0x55d6ac082f0b - test[aada8e7e76ba119b]::__rust_begin_short_backtrace::<core[a373ad73a504971]::result::Result<(), alloc[2e1b2a31b91974c5]::string::String>, fn() -> core[a373ad73a504971]::result::Result<(), alloc[2e1b2a31b91974c5]::string::String>>
[INFO] [stdout]   18:     0x55d6ac0900e5 - test[aada8e7e76ba119b]::run_test::{closure#0}
[INFO] [stdout]   19:     0x55d6ac0899d4 - std[617be2ca0a6fd877]::sys::backtrace::__rust_begin_short_backtrace::<test[aada8e7e76ba119b]::run_test::{closure#1}, ()>
[INFO] [stdout]   20:     0x55d6ac093172 - <std[617be2ca0a6fd877]::thread::lifecycle::spawn_unchecked<test[aada8e7e76ba119b]::run_test::{closure#1}, ()>::{closure#1} as core[a373ad73a504971]::ops::function::FnOnce<()>>::call_once::{shim:vtable#0}
[INFO] [stdout]   21:     0x55d6ac0fe49f - <std[617be2ca0a6fd877]::sys::thread::unix::Thread>::new::thread_start
[INFO] [stdout]   22:     0x7b7ab4a0cdfa - <unknown>
[INFO] [stdout]   23:     0x7b7ab4aa03d4 - clone
[INFO] [stdout]   24:                0x0 - <unknown>
[INFO] [stdout] 
[INFO] [stdout] ---- directory_links_are_not_scanned_or_used_for_properties stdout ----
[INFO] [stdout] 
[INFO] [stdout] thread 'directory_links_are_not_scanned_or_used_for_properties' (2010) panicked at tests/sqlite_cli_test.rs:27:9:
[INFO] [stdout] Missing extension: /opt/rustwide/target/release/build/sqlite-fs-meta/c543d12ed90c591c/libfs_meta.so
[INFO] [stdout] stack backtrace:
[INFO] [stdout]    0:     0x55d6ac0ff181 - <<std[617be2ca0a6fd877]::sys::backtrace::BacktraceLock>::print::DisplayBacktrace as core[a373ad73a504971]::fmt::Display>::fmt
[INFO] [stdout]    1:     0x55d6ac1134aa - core[a373ad73a504971]::fmt::write
[INFO] [stdout]    2:     0x55d6ac10368c - <alloc[2e1b2a31b91974c5]::vec::Vec<u8> as core[a373ad73a504971]::io::write::Write>::write_fmt
[INFO] [stdout]    3:     0x55d6ac0d9146 - std[617be2ca0a6fd877]::panicking::default_hook::{closure#0}
[INFO] [stdout]    4:     0x55d6ac0f68f9 - std[617be2ca0a6fd877]::panicking::default_hook
[INFO] [stdout]    5:     0x55d6ac08fac0 - test[aada8e7e76ba119b]::test_main_inner::{closure#0}
[INFO] [stdout]    6:     0x55d6ac0f6ab2 - std[617be2ca0a6fd877]::panicking::panic_with_hook
[INFO] [stdout]    7:     0x55d6ac0d91f2 - std[617be2ca0a6fd877]::panicking::panic_handler::{closure#0}
[INFO] [stdout]    8:     0x55d6ac0d1b99 - std[617be2ca0a6fd877]::sys::backtrace::__rust_end_short_backtrace::<std[617be2ca0a6fd877]::panicking::panic_handler::{closure#0}, !>
[INFO] [stdout]    9:     0x55d6ac0d9fdd - __rustc[ea4f61d10b84890b]::rust_begin_unwind
[INFO] [stdout]   10:     0x55d6ac113bdc - core[a373ad73a504971]::panicking::panic_fmt
[INFO] [stdout]   11:     0x55d6ac082263 - <std[617be2ca0a6fd877]::sync::once::Once>::call_once_force::<<std[617be2ca0a6fd877]::sync::once_lock::OnceLock<std[617be2ca0a6fd877]::path::PathBuf>>::initialize<<std[617be2ca0a6fd877]::sync::once_lock::OnceLock<std[617be2ca0a6fd877]::path::PathBuf>>::get_or_init<sqlite_cli_test[9ea6b5505efe967b]::extension_library::{closure#0}>::{closure#0}, !>::{closure#0}>::{closure#0}
[INFO] [stdout]   12:     0x55d6ac0def99 - <std[617be2ca0a6fd877]::sys::sync::once::futex::Once>::call
[INFO] [stdout]   13:     0x55d6ac081997 - <std[617be2ca0a6fd877]::sync::once_lock::OnceLock<std[617be2ca0a6fd877]::path::PathBuf>>::initialize::<<std[617be2ca0a6fd877]::sync::once_lock::OnceLock<std[617be2ca0a6fd877]::path::PathBuf>>::get_or_init<sqlite_cli_test[9ea6b5505efe967b]::extension_library::{closure#0}>::{closure#0}, !>
[INFO] [stdout]   14:     0x55d6ac07c2e8 - sqlite_cli_test[9ea6b5505efe967b]::run_sqlite_output
[INFO] [stdout]   15:     0x55d6ac07bcfa - sqlite_cli_test[9ea6b5505efe967b]::run_sqlite
[INFO] [stdout]   16:     0x55d6ac07e565 - <sqlite_cli_test[9ea6b5505efe967b]::directory_links_are_not_scanned_or_used_for_properties::{closure#0} as core[a373ad73a504971]::ops::function::FnOnce<()>>::call_once
[INFO] [stdout]   17:     0x55d6ac082f0b - test[aada8e7e76ba119b]::__rust_begin_short_backtrace::<core[a373ad73a504971]::result::Result<(), alloc[2e1b2a31b91974c5]::string::String>, fn() -> core[a373ad73a504971]::result::Result<(), alloc[2e1b2a31b91974c5]::string::String>>
[INFO] [stdout]   18:     0x55d6ac0900e5 - test[aada8e7e76ba119b]::run_test::{closure#0}
[INFO] [stdout]   19:     0x55d6ac0899d4 - std[617be2ca0a6fd877]::sys::backtrace::__rust_begin_short_backtrace::<test[aada8e7e76ba119b]::run_test::{closure#1}, ()>
[INFO] [stdout]   20:     0x55d6ac093172 - <std[617be2ca0a6fd877]::thread::lifecycle::spawn_unchecked<test[aada8e7e76ba119b]::run_test::{closure#1}, ()>::{closure#1} as core[a373ad73a504971]::ops::function::FnOnce<()>>::call_once::{shim:vtable#0}
[INFO] [stdout]   21:     0x55d6ac0fe49f - <std[617be2ca0a6fd877]::sys::thread::unix::Thread>::new::thread_start
[INFO] [stdout]   22:     0x7b7ab4a0cdfa - <unknown>
[INFO] [stdout]   23:     0x7b7ab4aa03d4 - clone
[INFO] [stdout]   24:                0x0 - <unknown>
[INFO] [stdout] 
[INFO] [stdout] ---- namespace_properties_preserve_json_and_interoperate_with_virtual_tables stdout ----
[INFO] [stdout] 
[INFO] [stdout] thread 'namespace_properties_preserve_json_and_interoperate_with_virtual_tables' (2011) panicked at tests/sqlite_cli_test.rs:27:9:
[INFO] [stdout] Missing extension: /opt/rustwide/target/release/build/sqlite-fs-meta/c543d12ed90c591c/libfs_meta.so
[INFO] [stderr] error: test failed, to rerun pass `--test sqlite_cli_test`
[INFO] [stdout] stack backtrace:
[INFO] [stdout]    0:     0x55d6ac0ff181 - <<std[617be2ca0a6fd877]::sys::backtrace::BacktraceLock>::print::DisplayBacktrace as core[a373ad73a504971]::fmt::Display>::fmt
[INFO] [stdout]    1:     0x55d6ac1134aa - core[a373ad73a504971]::fmt::write
[INFO] [stdout]    2:     0x55d6ac10368c - <alloc[2e1b2a31b91974c5]::vec::Vec<u8> as core[a373ad73a504971]::io::write::Write>::write_fmt
[INFO] [stdout]    3:     0x55d6ac0d9146 - std[617be2ca0a6fd877]::panicking::default_hook::{closure#0}
[INFO] [stdout]    4:     0x55d6ac0f68f9 - std[617be2ca0a6fd877]::panicking::default_hook
[INFO] [stdout]    5:     0x55d6ac08fac0 - test[aada8e7e76ba119b]::test_main_inner::{closure#0}
[INFO] [stdout]    6:     0x55d6ac0f6ab2 - std[617be2ca0a6fd877]::panicking::panic_with_hook
[INFO] [stdout]    7:     0x55d6ac0d91f2 - std[617be2ca0a6fd877]::panicking::panic_handler::{closure#0}
[INFO] [stdout]    8:     0x55d6ac0d1b99 - std[617be2ca0a6fd877]::sys::backtrace::__rust_end_short_backtrace::<std[617be2ca0a6fd877]::panicking::panic_handler::{closure#0}, !>
[INFO] [stdout]    9:     0x55d6ac0d9fdd - __rustc[ea4f61d10b84890b]::rust_begin_unwind
[INFO] [stdout]   10:     0x55d6ac113bdc - core[a373ad73a504971]::panicking::panic_fmt
[INFO] [stdout]   11:     0x55d6ac082263 - <std[617be2ca0a6fd877]::sync::once::Once>::call_once_force::<<std[617be2ca0a6fd877]::sync::once_lock::OnceLock<std[617be2ca0a6fd877]::path::PathBuf>>::initialize<<std[617be2ca0a6fd877]::sync::once_lock::OnceLock<std[617be2ca0a6fd877]::path::PathBuf>>::get_or_init<sqlite_cli_test[9ea6b5505efe967b]::extension_library::{closure#0}>::{closure#0}, !>::{closure#0}>::{closure#0}
[INFO] [stdout]   12:     0x55d6ac0def99 - <std[617be2ca0a6fd877]::sys::sync::once::futex::Once>::call
[INFO] [stdout]   13:     0x55d6ac081997 - <std[617be2ca0a6fd877]::sync::once_lock::OnceLock<std[617be2ca0a6fd877]::path::PathBuf>>::initialize::<<std[617be2ca0a6fd877]::sync::once_lock::OnceLock<std[617be2ca0a6fd877]::path::PathBuf>>::get_or_init<sqlite_cli_test[9ea6b5505efe967b]::extension_library::{closure#0}>::{closure#0}, !>
[INFO] [stdout]   14:     0x55d6ac07c2e8 - sqlite_cli_test[9ea6b5505efe967b]::run_sqlite_output
[INFO] [stdout]   15:     0x55d6ac07bcfa - sqlite_cli_test[9ea6b5505efe967b]::run_sqlite
[INFO] [stdout]   16:     0x55d6ac081241 - <sqlite_cli_test[9ea6b5505efe967b]::namespace_properties_preserve_json_and_interoperate_with_virtual_tables::{closure#0} as core[a373ad73a504971]::ops::function::FnOnce<()>>::call_once
[INFO] [stdout]   17:     0x55d6ac082f0b - test[aada8e7e76ba119b]::__rust_begin_short_backtrace::<core[a373ad73a504971]::result::Result<(), alloc[2e1b2a31b91974c5]::string::String>, fn() -> core[a373ad73a504971]::result::Result<(), alloc[2e1b2a31b91974c5]::string::String>>
[INFO] [stdout]   18:     0x55d6ac0900e5 - test[aada8e7e76ba119b]::run_test::{closure#0}
[INFO] [stdout]   19:     0x55d6ac0899d4 - std[617be2ca0a6fd877]::sys::backtrace::__rust_begin_short_backtrace::<test[aada8e7e76ba119b]::run_test::{closure#1}, ()>
[INFO] [stdout]   20:     0x55d6ac093172 - <std[617be2ca0a6fd877]::thread::lifecycle::spawn_unchecked<test[aada8e7e76ba119b]::run_test::{closure#1}, ()>::{closure#1} as core[a373ad73a504971]::ops::function::FnOnce<()>>::call_once::{shim:vtable#0}
[INFO] [stdout]   21:     0x55d6ac0fe49f - <std[617be2ca0a6fd877]::sys::thread::unix::Thread>::new::thread_start
[INFO] [stdout]   22:     0x7b7ab4a0cdfa - <unknown>
[INFO] [stdout]   23:     0x7b7ab4aa03d4 - clone
[INFO] [stdout]   24:                0x0 - <unknown>
[INFO] [stdout] 
[INFO] [stdout] ---- namespace_properties_support_directories_and_the_scan_root stdout ----
[INFO] [stdout] 
[INFO] [stdout] thread 'namespace_properties_support_directories_and_the_scan_root' (2012) panicked at tests/sqlite_cli_test.rs:27:9:
[INFO] [stdout] Missing extension: /opt/rustwide/target/release/build/sqlite-fs-meta/c543d12ed90c591c/libfs_meta.so
[INFO] [stdout] stack backtrace:
[INFO] [stdout]    0:     0x55d6ac0ff181 - <<std[617be2ca0a6fd877]::sys::backtrace::BacktraceLock>::print::DisplayBacktrace as core[a373ad73a504971]::fmt::Display>::fmt
[INFO] [stdout]    1:     0x55d6ac1134aa - core[a373ad73a504971]::fmt::write
[INFO] [stdout]    2:     0x55d6ac10368c - <alloc[2e1b2a31b91974c5]::vec::Vec<u8> as core[a373ad73a504971]::io::write::Write>::write_fmt
[INFO] [stdout]    3:     0x55d6ac0d9146 - std[617be2ca0a6fd877]::panicking::default_hook::{closure#0}
[INFO] [stdout]    4:     0x55d6ac0f68f9 - std[617be2ca0a6fd877]::panicking::default_hook
[INFO] [stdout]    5:     0x55d6ac08fac0 - test[aada8e7e76ba119b]::test_main_inner::{closure#0}
[INFO] [stdout]    6:     0x55d6ac0f6ab2 - std[617be2ca0a6fd877]::panicking::panic_with_hook
[INFO] [stdout]    7:     0x55d6ac0d91f2 - std[617be2ca0a6fd877]::panicking::panic_handler::{closure#0}
[INFO] [stdout]    8:     0x55d6ac0d1b99 - std[617be2ca0a6fd877]::sys::backtrace::__rust_end_short_backtrace::<std[617be2ca0a6fd877]::panicking::panic_handler::{closure#0}, !>
[INFO] [stdout]    9:     0x55d6ac0d9fdd - __rustc[ea4f61d10b84890b]::rust_begin_unwind
[INFO] [stdout]   10:     0x55d6ac113bdc - core[a373ad73a504971]::panicking::panic_fmt
[INFO] [stdout]   11:     0x55d6ac082263 - <std[617be2ca0a6fd877]::sync::once::Once>::call_once_force::<<std[617be2ca0a6fd877]::sync::once_lock::OnceLock<std[617be2ca0a6fd877]::path::PathBuf>>::initialize<<std[617be2ca0a6fd877]::sync::once_lock::OnceLock<std[617be2ca0a6fd877]::path::PathBuf>>::get_or_init<sqlite_cli_test[9ea6b5505efe967b]::extension_library::{closure#0}>::{closure#0}, !>::{closure#0}>::{closure#0}
[INFO] [stdout]   12:     0x55d6ac0def99 - <std[617be2ca0a6fd877]::sys::sync::once::futex::Once>::call
[INFO] [stdout]   13:     0x55d6ac081997 - <std[617be2ca0a6fd877]::sync::once_lock::OnceLock<std[617be2ca0a6fd877]::path::PathBuf>>::initialize::<<std[617be2ca0a6fd877]::sync::once_lock::OnceLock<std[617be2ca0a6fd877]::path::PathBuf>>::get_or_init<sqlite_cli_test[9ea6b5505efe967b]::extension_library::{closure#0}>::{closure#0}, !>
[INFO] [stdout]   14:     0x55d6ac07c2e8 - sqlite_cli_test[9ea6b5505efe967b]::run_sqlite_output
[INFO] [stdout]   15:     0x55d6ac07bcfa - sqlite_cli_test[9ea6b5505efe967b]::run_sqlite
[INFO] [stdout]   16:     0x55d6ac08005c - <sqlite_cli_test[9ea6b5505efe967b]::namespace_properties_support_directories_and_the_scan_root::{closure#0} as core[a373ad73a504971]::ops::function::FnOnce<()>>::call_once
[INFO] [stdout]   17:     0x55d6ac082f0b - test[aada8e7e76ba119b]::__rust_begin_short_backtrace::<core[a373ad73a504971]::result::Result<(), alloc[2e1b2a31b91974c5]::string::String>, fn() -> core[a373ad73a504971]::result::Result<(), alloc[2e1b2a31b91974c5]::string::String>>
[INFO] [stdout]   18:     0x55d6ac0900e5 - test[aada8e7e76ba119b]::run_test::{closure#0}
[INFO] [stdout]   19:     0x55d6ac0899d4 - std[617be2ca0a6fd877]::sys::backtrace::__rust_begin_short_backtrace::<test[aada8e7e76ba119b]::run_test::{closure#1}, ()>
[INFO] [stdout]   20:     0x55d6ac093172 - <std[617be2ca0a6fd877]::thread::lifecycle::spawn_unchecked<test[aada8e7e76ba119b]::run_test::{closure#1}, ()>::{closure#1} as core[a373ad73a504971]::ops::function::FnOnce<()>>::call_once::{shim:vtable#0}
[INFO] [stdout]   21:     0x55d6ac0fe49f - <std[617be2ca0a6fd877]::sys::thread::unix::Thread>::new::thread_start
[INFO] [stdout]   22:     0x7b7ab4a0cdfa - <unknown>
[INFO] [stdout]   23:     0x7b7ab4aa03d4 - clone
[INFO] [stdout]   24:                0x0 - <unknown>
[INFO] [stdout] 
[INFO] [stdout] 
[INFO] [stdout] failures:
[INFO] [stdout]     directories_are_queryable_and_metadata_changes_roll_back
[INFO] [stdout]     directory_links_are_not_scanned_or_used_for_properties
[INFO] [stdout]     namespace_properties_preserve_json_and_interoperate_with_virtual_tables
[INFO] [stdout]     namespace_properties_support_directories_and_the_scan_root
[INFO] [stdout]     physical_deletion_removes_only_empty_directories
[INFO] [stdout]     relative_roots_follow_database_moves_and_decode_quoted_paths
[INFO] [stdout]     test_sqlite_fs_meta_e2e
[INFO] [stdout] 
[INFO] [stdout] test result: FAILED. 0 passed; 7 failed; 0 ignored; 0 measured; 0 filtered out; finished in 41.17s
[INFO] [stdout] 
[INFO] running `Command { std: "docker" "inspect" "20940d766a69cdaa176811b3cf9b5ef622a67bb687d9114541d21a2d68db8dc5", kill_on_drop: false }`
[INFO] running `Command { std: "docker" "rm" "-f" "20940d766a69cdaa176811b3cf9b5ef622a67bb687d9114541d21a2d68db8dc5", kill_on_drop: false }`
[INFO] [stdout] 20940d766a69cdaa176811b3cf9b5ef622a67bb687d9114541d21a2d68db8dc5
