[INFO] cloning repository https://github.com/matdexir/catsay
[INFO] running `Command { std: "git" "-c" "credential.helper=" "-c" "credential.helper=/workspace/cargo-home/bin/git-credential-null" "clone" "--bare" "https://github.com/matdexir/catsay" "/workspace/cache/git-repos/https%3A%2F%2Fgithub.com%2Fmatdexir%2Fcatsay", kill_on_drop: false }`
[INFO] [stderr] Cloning into bare repository '/workspace/cache/git-repos/https%3A%2F%2Fgithub.com%2Fmatdexir%2Fcatsay'...
[INFO] running `Command { std: "git" "rev-parse" "HEAD", kill_on_drop: false }`
[INFO] [stdout] 424b9f6ccd3780abaf1511415be947239c5a1ba0
[INFO] testing matdexir/catsay against 1.100.0-beta.1+cargoflags=--release for beta-release-1.100-3
[INFO] running `Command { std: "git" "clone" "/workspace/cache/git-repos/https%3A%2F%2Fgithub.com%2Fmatdexir%2Fcatsay" "/workspace/builds/worker-1-tc2/source", kill_on_drop: false }`
[INFO] [stderr] Cloning into '/workspace/builds/worker-1-tc2/source'...
[INFO] [stderr] done.
[INFO] started tweaking git repo https://github.com/matdexir/catsay
[INFO] finished tweaking git repo https://github.com/matdexir/catsay
[INFO] tweaked toml for git repo https://github.com/matdexir/catsay written to /workspace/builds/worker-1-tc2/source/Cargo.toml
[INFO] validating manifest of git repo https://github.com/matdexir/catsay on toolchain 1.100.0-beta.1
[INFO] running `Command { std: CARGO_HOME="/workspace/cargo-home" RUSTUP_HOME="/workspace/rustup-home" "/workspace/cargo-home/bin/cargo" "+1.100.0-beta.1" "metadata" "--manifest-path" "Cargo.toml" "--no-deps", kill_on_drop: false }`
[INFO] crate git repo https://github.com/matdexir/catsay already has a lockfile, it will not be regenerated
[INFO] running `Command { std: CARGO_HOME="/workspace/cargo-home" RUSTUP_HOME="/workspace/rustup-home" "/workspace/cargo-home/bin/cargo" "+1.100.0-beta.1" "fetch" "--manifest-path" "Cargo.toml", kill_on_drop: false }`
[INFO] running `Command { std: "docker" "create" "-v" "/var/lib/crater-agent-workspace/builds/worker-1-tc2/source:/opt/rustwide/workdir:ro,Z" "-v" "/var/lib/crater-agent-workspace/builds/worker-1-tc2/target:/opt/rustwide/target:rw,Z" "-v" "/var/lib/crater-agent-workspace/cargo-home:/opt/rustwide/cargo-home:ro,Z" "-v" "/var/lib/crater-agent-workspace/rustup-home:/opt/rustwide/rustup-home:ro,Z" "-m" "1610612736" "--network" "none" "ghcr.io/rust-lang/crates-build-env/linux@sha256:77db811e55d90add9212f6832c23229e3de5f1c1f9905e8cb07319ea15df73ac" "sleep" "infinity", kill_on_drop: false }`
[INFO] [stdout] 8bcfa86bac5898864d635f457f992efcc161d0e346fffc80bd4147f5f2cbf081
[INFO] running `Command { std: "docker" "start" "8bcfa86bac5898864d635f457f992efcc161d0e346fffc80bd4147f5f2cbf081", kill_on_drop: false }`
[INFO] running `Command { std: "docker" "inspect" "8bcfa86bac5898864d635f457f992efcc161d0e346fffc80bd4147f5f2cbf081", kill_on_drop: false }`
[INFO] running `Command { std: "docker" "exec" "-e" "SOURCE_DIR=/opt/rustwide/workdir" "-e" "CARGO_HOME=/opt/rustwide/cargo-home" "-e" "RUSTUP_HOME=/opt/rustwide/rustup-home" "-e" "CARGO_TARGET_DIR=/opt/rustwide/target" "-w" "/opt/rustwide/workdir" "--user" "0:0" "8bcfa86bac5898864d635f457f992efcc161d0e346fffc80bd4147f5f2cbf081" "/opt/rustwide/cargo-home/bin/cargo" "+1.100.0-beta.1" "metadata" "--no-deps" "--format-version=1", kill_on_drop: false }`
[INFO] running `Command { std: "docker" "inspect" "8bcfa86bac5898864d635f457f992efcc161d0e346fffc80bd4147f5f2cbf081", kill_on_drop: false }`
[INFO] running `Command { std: "docker" "exec" "-e" "SOURCE_DIR=/opt/rustwide/workdir" "-e" "CARGO_HOME=/opt/rustwide/cargo-home" "-e" "RUSTUP_HOME=/opt/rustwide/rustup-home" "-e" "CARGO_TARGET_DIR=/opt/rustwide/target" "-e" "CARGO_INCREMENTAL=0" "-e" "RUST_BACKTRACE=full" "-e" "RUSTFLAGS=--cap-lints=warn" "-e" "RUSTDOCFLAGS=--cap-lints=warn" "-w" "/opt/rustwide/workdir" "--user" "0:0" "8bcfa86bac5898864d635f457f992efcc161d0e346fffc80bd4147f5f2cbf081" "/opt/rustwide/cargo-home/bin/cargo" "+1.100.0-beta.1" "build" "--frozen" "--message-format=json" "--release", kill_on_drop: false }`
[INFO] [stderr]    Compiling proc-macro2 v1.0.28
[INFO] [stderr]    Compiling autocfg v1.0.1
[INFO] [stderr]    Compiling unicode-xid v0.2.2
[INFO] [stderr]    Compiling syn v1.0.74
[INFO] [stderr]    Compiling memchr v2.4.0
[INFO] [stderr]    Compiling libc v0.2.98
[INFO] [stderr]    Compiling serde_derive v1.0.126
[INFO] [stderr]    Compiling proc-macro2 v0.4.30
[INFO] [stderr]    Compiling unicode-xid v0.1.0
[INFO] [stderr]    Compiling serde v1.0.126
[INFO] [stderr]    Compiling ryu v1.0.5
[INFO] [stderr]    Compiling num-traits v0.2.14
[INFO] [stderr]    Compiling miniz_oxide v0.4.4
[INFO] [stderr]    Compiling serde_json v1.0.64
[INFO] [stderr]    Compiling syn v0.15.44
[INFO] [stderr]    Compiling log v0.4.14
[INFO] [stderr]    Compiling cc v1.0.69
[INFO] [stderr]    Compiling bitflags v1.2.1
[INFO] [stderr]    Compiling quote v1.0.9
[INFO] [stderr]    Compiling aho-corasick v0.7.18
[INFO] [stderr]    Compiling quote v0.6.13
[INFO] [stderr]    Compiling atty v0.2.14
[INFO] [stderr]    Compiling failure_derive v0.1.8
[INFO] [stderr]    Compiling gimli v0.25.0
[INFO] [stderr]    Compiling unicode-segmentation v1.8.0
[INFO] [stderr]    Compiling regex-syntax v0.6.25
[INFO] [stderr]    Compiling unicode-width v0.1.8
[INFO] [stderr]    Compiling itoa v0.4.7
[INFO] [stderr]    Compiling escargot v0.4.0
[INFO] [stderr]    Compiling predicates-core v1.0.2
[INFO] [stderr]    Compiling backtrace v0.3.61
[INFO] [stderr]    Compiling float-cmp v0.8.0
[INFO] [stderr]    Compiling textwrap v0.11.0
[INFO] [stderr]    Compiling heck v0.3.3
[INFO] [stderr]    Compiling object v0.26.0
[INFO] [stderr]    Compiling ansi_term v0.11.0
[INFO] [stderr]    Compiling rustc-demangle v0.1.20
[INFO] [stderr]    Compiling synstructure v0.12.5
[INFO] [stderr]    Compiling regex v1.5.4
[INFO] [stderr]    Compiling addr2line v0.16.0
[INFO] [stderr]    Compiling strsim v0.8.0
[INFO] [stderr]    Compiling difference v2.0.0
[INFO] [stderr]    Compiling normalize-line-endings v0.3.0
[INFO] [stderr]    Compiling vec_map v0.8.2
[INFO] [stderr]    Compiling treeline v0.1.0
[INFO] [stderr]    Compiling predicates-tree v1.0.2
[INFO] [stderr]    Compiling clap v2.33.3
[INFO] [stderr]    Compiling structopt-derive v0.2.18
[INFO] [stderr]    Compiling colored v1.9.3
[INFO] [stderr]    Compiling predicates v1.0.8
[INFO] [stderr]    Compiling failure v0.1.8
[INFO] [stderr]    Compiling structopt v0.2.18
[INFO] [stderr]    Compiling assert_cmd v0.11.1
[INFO] [stderr]    Compiling catsay v0.1.0 (/opt/rustwide/workdir)
[INFO] [stderr] warning: unused dependency `assert_cmd`
[INFO] [stderr]  --> Cargo.toml:2:1
[INFO] [stderr]   |
[INFO] [stderr] 2 | assert_cmd = "0.11.1"
[INFO] [stderr]   | ^^^^^^^^^^^^^^^^^^^^^
[INFO] [stderr]   |
[INFO] [stderr]   = note: `cargo::unused_dependencies` is set to `warn` by default
[INFO] [stderr] help: consider removing the dependency on `assert_cmd`
[INFO] [stderr] warning: `catsay` (manifest) generated 1 warning
[INFO] [stderr]     Finished `release` profile [optimized] target(s) in 1m 14s
[INFO] running `Command { std: "docker" "inspect" "8bcfa86bac5898864d635f457f992efcc161d0e346fffc80bd4147f5f2cbf081", kill_on_drop: false }`
[INFO] running `Command { std: "docker" "exec" "-e" "SOURCE_DIR=/opt/rustwide/workdir" "-e" "CARGO_HOME=/opt/rustwide/cargo-home" "-e" "RUSTUP_HOME=/opt/rustwide/rustup-home" "-e" "CARGO_TARGET_DIR=/opt/rustwide/target" "-e" "CARGO_INCREMENTAL=0" "-e" "RUST_BACKTRACE=full" "-e" "RUSTFLAGS=--cap-lints=warn" "-e" "RUSTDOCFLAGS=--cap-lints=warn" "-w" "/opt/rustwide/workdir" "--user" "0:0" "8bcfa86bac5898864d635f457f992efcc161d0e346fffc80bd4147f5f2cbf081" "/opt/rustwide/cargo-home/bin/cargo" "+1.100.0-beta.1" "test" "--frozen" "--no-run" "--message-format=json" "--release", kill_on_drop: false }`
[INFO] [stderr]    Compiling catsay v0.1.0 (/opt/rustwide/workdir)
[INFO] [stderr]     Finished `release` profile [optimized] target(s) in 0.83s
[INFO] running `Command { std: "docker" "inspect" "8bcfa86bac5898864d635f457f992efcc161d0e346fffc80bd4147f5f2cbf081", kill_on_drop: false }`
[INFO] running `Command { std: "docker" "exec" "-e" "SOURCE_DIR=/opt/rustwide/workdir" "-e" "CARGO_HOME=/opt/rustwide/cargo-home" "-e" "RUSTUP_HOME=/opt/rustwide/rustup-home" "-e" "CARGO_TARGET_DIR=/opt/rustwide/target" "-e" "CARGO_INCREMENTAL=0" "-e" "RUST_BACKTRACE=full" "-e" "RUSTFLAGS=--cap-lints=warn" "-e" "RUSTDOCFLAGS=--cap-lints=warn" "-w" "/opt/rustwide/workdir" "--user" "0:0" "8bcfa86bac5898864d635f457f992efcc161d0e346fffc80bd4147f5f2cbf081" "/opt/rustwide/cargo-home/bin/cargo" "+1.100.0-beta.1" "test" "--frozen" "--release", kill_on_drop: false }`
[INFO] [stderr]     Finished `release` profile [optimized] target(s) in 0.11s
[INFO] [stderr]      Running unittests src/main.rs (/opt/rustwide/target/release/build/catsay/c8bf7469db4b70a3/out/catsay-c8bf7469db4b70a3)
[INFO] [stderr]      Running tests/intergration_test.rs (/opt/rustwide/target/release/build/catsay/1311b41e897aa238/out/intergration_test-1311b41e897aa238)
[INFO] [stdout] 
[INFO] [stdout] running 0 tests
[INFO] [stdout] 
[INFO] [stdout] test result: ok. 0 passed; 0 failed; 0 ignored; 0 measured; 0 filtered out; finished in 0.00s
[INFO] [stdout] 
[INFO] [stdout] 
[INFO] [stdout] running 2 tests
[INFO] [stdout] test run_with_defaults ... FAILED
[INFO] [stderr] error: test failed, to rerun pass `--test intergration_test`
[INFO] [stdout] test fail_on_non_existing_file ... FAILED
[INFO] [stdout] 
[INFO] [stdout] failures:
[INFO] [stdout] 
[INFO] [stdout] ---- run_with_defaults stdout ----
[INFO] [stdout] 
[INFO] [stdout] thread 'run_with_defaults' (1291) panicked at tests/intergration_test.rs:9:10:
[INFO] [stdout] binary exists: CargoError { cause: Some(NotFoundError { path: "/opt/rustwide/target/release/build/catsay/1311b41e897aa238/out/catsay" }) }
[INFO] [stdout] stack backtrace:
[INFO] [stdout]    0:     0x654d8a10a001 - <<std[617be2ca0a6fd877]::sys::backtrace::BacktraceLock>::print::DisplayBacktrace as core[a373ad73a504971]::fmt::Display>::fmt
[INFO] [stdout]    1:     0x654d8a11f49a - core[a373ad73a504971]::fmt::write
[INFO] [stdout]    2:     0x654d8a10f4cc - <alloc[2e1b2a31b91974c5]::vec::Vec<u8> as core[a373ad73a504971]::io::write::Write>::write_fmt
[INFO] [stdout]    3:     0x654d8a0e5ed6 - std[617be2ca0a6fd877]::panicking::default_hook::{closure#0}
[INFO] [stdout]    4:     0x654d8a102619 - std[617be2ca0a6fd877]::panicking::default_hook
[INFO] [stdout]    5:     0x654d8a09a710 - test[aada8e7e76ba119b]::test_main_inner::{closure#0}
[INFO] [stdout]    6:     0x654d8a1027d2 - std[617be2ca0a6fd877]::panicking::panic_with_hook
[INFO] [stdout]    7:     0x654d8a0e5f82 - std[617be2ca0a6fd877]::panicking::panic_handler::{closure#0}
[INFO] [stdout]    8:     0x654d8a0dec99 - std[617be2ca0a6fd877]::sys::backtrace::__rust_end_short_backtrace::<std[617be2ca0a6fd877]::panicking::panic_handler::{closure#0}, !>
[INFO] [stdout]    9:     0x654d8a0e6b8d - __rustc[ea4f61d10b84890b]::rust_begin_unwind
[INFO] [stdout]   10:     0x654d8a11fbcc - core[a373ad73a504971]::panicking::panic_fmt
[INFO] [stdout]   11:     0x654d8a11f9a2 - core[a373ad73a504971]::result::unwrap_failed
[INFO] [stdout]   12:     0x654d8a08d8b6 - <intergration_test[b05158eb33351687]::run_with_defaults::{closure#0} as core[a373ad73a504971]::ops::function::FnOnce<()>>::call_once
[INFO] [stdout]   13:     0x654d8a08db5b - test[aada8e7e76ba119b]::__rust_begin_short_backtrace::<core[a373ad73a504971]::result::Result<(), alloc[2e1b2a31b91974c5]::string::String>, fn() -> core[a373ad73a504971]::result::Result<(), alloc[2e1b2a31b91974c5]::string::String>>
[INFO] [stdout]   14:     0x654d8a09ad35 - test[aada8e7e76ba119b]::run_test::{closure#0}
[INFO] [stdout]   15:     0x654d8a094624 - std[617be2ca0a6fd877]::sys::backtrace::__rust_begin_short_backtrace::<test[aada8e7e76ba119b]::run_test::{closure#1}, ()>
[INFO] [stdout]   16:     0x654d8a09ddc2 - <std[617be2ca0a6fd877]::thread::lifecycle::spawn_unchecked<test[aada8e7e76ba119b]::run_test::{closure#1}, ()>::{closure#1} as core[a373ad73a504971]::ops::function::FnOnce<()>>::call_once::{shim:vtable#0}
[INFO] [stdout]   17:     0x654d8a1097df - <std[617be2ca0a6fd877]::sys::thread::unix::Thread>::new::thread_start
[INFO] [stdout]   18:     0x7276741eadfa - <unknown>
[INFO] [stdout]   19:     0x72767427e3d4 - clone
[INFO] [stdout]   20:                0x0 - <unknown>
[INFO] [stdout] 
[INFO] [stdout] ---- fail_on_non_existing_file stdout ----
[INFO] [stdout] 
[INFO] [stdout] thread 'fail_on_non_existing_file' (1290) panicked at tests/intergration_test.rs:21:10:
[INFO] [stdout] binary exists: CargoError { cause: Some(NotFoundError { path: "/opt/rustwide/target/release/build/catsay/1311b41e897aa238/out/catsay" }) }
[INFO] [stdout] stack backtrace:
[INFO] [stdout]    0:     0x654d8a10a001 - <<std[617be2ca0a6fd877]::sys::backtrace::BacktraceLock>::print::DisplayBacktrace as core[a373ad73a504971]::fmt::Display>::fmt
[INFO] [stdout]    1:     0x654d8a11f49a - core[a373ad73a504971]::fmt::write
[INFO] [stdout]    2:     0x654d8a10f4cc - <alloc[2e1b2a31b91974c5]::vec::Vec<u8> as core[a373ad73a504971]::io::write::Write>::write_fmt
[INFO] [stdout]    3:     0x654d8a0e5ed6 - std[617be2ca0a6fd877]::panicking::default_hook::{closure#0}
[INFO] [stdout]    4:     0x654d8a102619 - std[617be2ca0a6fd877]::panicking::default_hook
[INFO] [stdout]    5:     0x654d8a09a710 - test[aada8e7e76ba119b]::test_main_inner::{closure#0}
[INFO] [stdout]    6:     0x654d8a1027d2 - std[617be2ca0a6fd877]::panicking::panic_with_hook
[INFO] [stdout]    7:     0x654d8a0e5f82 - std[617be2ca0a6fd877]::panicking::panic_handler::{closure#0}
[INFO] [stdout]    8:     0x654d8a0dec99 - std[617be2ca0a6fd877]::sys::backtrace::__rust_end_short_backtrace::<std[617be2ca0a6fd877]::panicking::panic_handler::{closure#0}, !>
[INFO] [stdout]    9:     0x654d8a0e6b8d - __rustc[ea4f61d10b84890b]::rust_begin_unwind
[INFO] [stdout]   10:     0x654d8a11fbcc - core[a373ad73a504971]::panicking::panic_fmt
[INFO] [stdout]   11:     0x654d8a11f9a2 - core[a373ad73a504971]::result::unwrap_failed
[INFO] [stdout]   12:     0x654d8a08da52 - <intergration_test[b05158eb33351687]::fail_on_non_existing_file::{closure#0} as core[a373ad73a504971]::ops::function::FnOnce<()>>::call_once
[INFO] [stdout]   13:     0x654d8a08db5b - test[aada8e7e76ba119b]::__rust_begin_short_backtrace::<core[a373ad73a504971]::result::Result<(), alloc[2e1b2a31b91974c5]::string::String>, fn() -> core[a373ad73a504971]::result::Result<(), alloc[2e1b2a31b91974c5]::string::String>>
[INFO] [stdout]   14:     0x654d8a09ad35 - test[aada8e7e76ba119b]::run_test::{closure#0}
[INFO] [stdout]   15:     0x654d8a094624 - std[617be2ca0a6fd877]::sys::backtrace::__rust_begin_short_backtrace::<test[aada8e7e76ba119b]::run_test::{closure#1}, ()>
[INFO] [stdout]   16:     0x654d8a09ddc2 - <std[617be2ca0a6fd877]::thread::lifecycle::spawn_unchecked<test[aada8e7e76ba119b]::run_test::{closure#1}, ()>::{closure#1} as core[a373ad73a504971]::ops::function::FnOnce<()>>::call_once::{shim:vtable#0}
[INFO] [stdout]   17:     0x654d8a1097df - <std[617be2ca0a6fd877]::sys::thread::unix::Thread>::new::thread_start
[INFO] [stdout]   18:     0x7276741eadfa - <unknown>
[INFO] [stdout]   19:     0x72767427e3d4 - clone
[INFO] [stdout]   20:                0x0 - <unknown>
[INFO] [stdout] 
[INFO] [stdout] 
[INFO] [stdout] failures:
[INFO] [stdout]     fail_on_non_existing_file
[INFO] [stdout]     run_with_defaults
[INFO] [stdout] 
[INFO] [stdout] test result: FAILED. 0 passed; 2 failed; 0 ignored; 0 measured; 0 filtered out; finished in 0.00s
[INFO] [stdout] 
[INFO] running `Command { std: "docker" "inspect" "8bcfa86bac5898864d635f457f992efcc161d0e346fffc80bd4147f5f2cbf081", kill_on_drop: false }`
[INFO] running `Command { std: "docker" "rm" "-f" "8bcfa86bac5898864d635f457f992efcc161d0e346fffc80bd4147f5f2cbf081", kill_on_drop: false }`
[INFO] [stdout] 8bcfa86bac5898864d635f457f992efcc161d0e346fffc80bd4147f5f2cbf081
