[INFO] cloning repository https://github.com/madmax983/jules-rs
[INFO] running `Command { std: "git" "-c" "credential.helper=" "-c" "credential.helper=/workspace/cargo-home/bin/git-credential-null" "clone" "--bare" "https://github.com/madmax983/jules-rs" "/workspace/cache/git-repos/https%3A%2F%2Fgithub.com%2Fmadmax983%2Fjules-rs", kill_on_drop: false }`
[INFO] [stderr] Cloning into bare repository '/workspace/cache/git-repos/https%3A%2F%2Fgithub.com%2Fmadmax983%2Fjules-rs'...
[INFO] running `Command { std: "git" "rev-parse" "HEAD", kill_on_drop: false }`
[INFO] [stdout] 85cfce9f380e68e36aec284d3ce697faff6364b2
[INFO] testing madmax983/jules-rs against 1.100.0-beta.1+cargoflags=--release for beta-release-1.100-3
[INFO] running `Command { std: "git" "clone" "/workspace/cache/git-repos/https%3A%2F%2Fgithub.com%2Fmadmax983%2Fjules-rs" "/workspace/builds/worker-4-tc2/source", kill_on_drop: false }`
[INFO] [stderr] Cloning into '/workspace/builds/worker-4-tc2/source'...
[INFO] [stderr] done.
[INFO] started tweaking git repo https://github.com/madmax983/jules-rs
[INFO] finished tweaking git repo https://github.com/madmax983/jules-rs
[INFO] tweaked toml for git repo https://github.com/madmax983/jules-rs written to /workspace/builds/worker-4-tc2/source/Cargo.toml
[INFO] validating manifest of git repo https://github.com/madmax983/jules-rs on toolchain 1.100.0-beta.1
[INFO] running `Command { std: CARGO_HOME="/workspace/cargo-home" RUSTUP_HOME="/workspace/rustup-home" "/workspace/cargo-home/bin/cargo" "+1.100.0-beta.1" "metadata" "--manifest-path" "Cargo.toml" "--no-deps", kill_on_drop: false }`
[INFO] crate git repo https://github.com/madmax983/jules-rs already has a lockfile, it will not be regenerated
[INFO] running `Command { std: CARGO_HOME="/workspace/cargo-home" RUSTUP_HOME="/workspace/rustup-home" "/workspace/cargo-home/bin/cargo" "+1.100.0-beta.1" "fetch" "--manifest-path" "Cargo.toml", kill_on_drop: false }`
[INFO] running `Command { std: "docker" "create" "-v" "/var/lib/crater-agent-workspace/builds/worker-4-tc2/source:/opt/rustwide/workdir:ro,Z" "-v" "/var/lib/crater-agent-workspace/builds/worker-4-tc2/target:/opt/rustwide/target:rw,Z" "-v" "/var/lib/crater-agent-workspace/cargo-home:/opt/rustwide/cargo-home:ro,Z" "-v" "/var/lib/crater-agent-workspace/rustup-home:/opt/rustwide/rustup-home:ro,Z" "-m" "1610612736" "--network" "none" "ghcr.io/rust-lang/crates-build-env/linux@sha256:77db811e55d90add9212f6832c23229e3de5f1c1f9905e8cb07319ea15df73ac" "sleep" "infinity", kill_on_drop: false }`
[INFO] [stdout] 3472a789942078a816ef02f760272b5298243bbcd87162ccf323c105580949c6
[INFO] running `Command { std: "docker" "start" "3472a789942078a816ef02f760272b5298243bbcd87162ccf323c105580949c6", kill_on_drop: false }`
[INFO] running `Command { std: "docker" "inspect" "3472a789942078a816ef02f760272b5298243bbcd87162ccf323c105580949c6", kill_on_drop: false }`
[INFO] running `Command { std: "docker" "exec" "-e" "SOURCE_DIR=/opt/rustwide/workdir" "-e" "CARGO_HOME=/opt/rustwide/cargo-home" "-e" "RUSTUP_HOME=/opt/rustwide/rustup-home" "-e" "CARGO_TARGET_DIR=/opt/rustwide/target" "-w" "/opt/rustwide/workdir" "--user" "0:0" "3472a789942078a816ef02f760272b5298243bbcd87162ccf323c105580949c6" "/opt/rustwide/cargo-home/bin/cargo" "+1.100.0-beta.1" "metadata" "--no-deps" "--format-version=1", kill_on_drop: false }`
[INFO] running `Command { std: "docker" "inspect" "3472a789942078a816ef02f760272b5298243bbcd87162ccf323c105580949c6", kill_on_drop: false }`
[INFO] running `Command { std: "docker" "exec" "-e" "SOURCE_DIR=/opt/rustwide/workdir" "-e" "CARGO_HOME=/opt/rustwide/cargo-home" "-e" "RUSTUP_HOME=/opt/rustwide/rustup-home" "-e" "CARGO_TARGET_DIR=/opt/rustwide/target" "-e" "CARGO_INCREMENTAL=0" "-e" "RUST_BACKTRACE=full" "-e" "RUSTFLAGS=--cap-lints=warn" "-e" "RUSTDOCFLAGS=--cap-lints=warn" "-w" "/opt/rustwide/workdir" "--user" "0:0" "3472a789942078a816ef02f760272b5298243bbcd87162ccf323c105580949c6" "/opt/rustwide/cargo-home/bin/cargo" "+1.100.0-beta.1" "build" "--frozen" "--message-format=json" "--release", kill_on_drop: false }`
[INFO] [stderr]    Compiling libc v0.2.186
[INFO] [stderr]    Compiling slab v0.4.12
[INFO] [stderr]    Compiling syn v2.0.116
[INFO] [stderr]    Compiling tracing v0.1.44
[INFO] [stderr]    Compiling thiserror v2.0.18
[INFO] [stderr]    Compiling bitflags v2.11.0
[INFO] [stderr]    Compiling http-body-util v0.1.3
[INFO] [stderr]    Compiling futures-util v0.3.32
[INFO] [stderr]    Compiling errno v0.3.14
[INFO] [stderr]    Compiling socket2 v0.6.2
[INFO] [stderr]    Compiling mio v1.1.1
[INFO] [stderr]    Compiling getrandom v0.2.17
[INFO] [stderr]    Compiling fs2 v0.4.3
[INFO] [stderr]    Compiling signal-hook-registry v1.4.8
[INFO] [stderr]    Compiling ring v0.17.14
[INFO] [stderr]    Compiling rustls-webpki v0.103.9
[INFO] [stderr]    Compiling rustls v0.23.36
[INFO] [stderr]    Compiling synstructure v0.13.2
[INFO] [stderr]    Compiling zerovec-derive v0.11.2
[INFO] [stderr]    Compiling displaydoc v0.2.5
[INFO] [stderr]    Compiling tokio-macros v2.6.0
[INFO] [stderr]    Compiling serde_derive v1.0.228
[INFO] [stderr]    Compiling thiserror-impl v2.0.18
[INFO] [stderr]    Compiling zerofrom-derive v0.1.6
[INFO] [stderr]    Compiling yoke-derive v0.8.1
[INFO] [stderr]    Compiling tokio v1.49.0
[INFO] [stderr]    Compiling zerofrom v0.1.6
[INFO] [stderr]    Compiling yoke v0.8.1
[INFO] [stderr]    Compiling zerotrie v0.2.3
[INFO] [stderr]    Compiling zerovec v0.11.5
[INFO] [stderr]    Compiling tinystr v0.8.2
[INFO] [stderr]    Compiling potential_utf v0.1.4
[INFO] [stderr]    Compiling icu_collections v2.1.1
[INFO] [stderr]    Compiling icu_locale_core v2.1.1
[INFO] [stderr]    Compiling serde v1.0.228
[INFO] [stderr]    Compiling icu_provider v2.1.1
[INFO] [stderr]    Compiling serde_urlencoded v0.7.1
[INFO] [stderr]    Compiling icu_properties v2.1.2
[INFO] [stderr]    Compiling icu_normalizer v2.1.1
[INFO] [stderr]    Compiling idna_adapter v1.2.1
[INFO] [stderr]    Compiling idna v1.1.0
[INFO] [stderr]    Compiling url v2.5.8
[INFO] [stderr]    Compiling hyper v1.8.1
[INFO] [stderr]    Compiling tokio-rustls v0.26.4
[INFO] [stderr]    Compiling tower v0.5.3
[INFO] [stderr]    Compiling tower-http v0.6.8
[INFO] [stderr]    Compiling hyper-util v0.1.20
[INFO] [stderr]    Compiling hyper-rustls v0.27.7
[INFO] [stderr]    Compiling reqwest v0.12.28
[INFO] [stderr]    Compiling jules-rs v0.1.0 (/opt/rustwide/workdir)
[INFO] [stdout] warning: variable does not need to be mutable
[INFO] [stdout]     --> src/bin/director.rs:1052:9
[INFO] [stdout]      |
[INFO] [stdout] 1052 |     let mut msg = String::from(
[INFO] [stdout]      |         ----^^^
[INFO] [stdout]      |         |
[INFO] [stdout]      |         help: remove this `mut`
[INFO] [stdout]      |
[INFO] [stdout]      = note: `#[warn(unused_mut)]` (part of `#[warn(unused)]`) on by default
[INFO] [stdout] 
[INFO] [stdout] 
[INFO] [stderr]     Finished `release` profile [optimized] target(s) in 51.78s
[INFO] running `Command { std: "docker" "inspect" "3472a789942078a816ef02f760272b5298243bbcd87162ccf323c105580949c6", kill_on_drop: false }`
[INFO] running `Command { std: "docker" "exec" "-e" "SOURCE_DIR=/opt/rustwide/workdir" "-e" "CARGO_HOME=/opt/rustwide/cargo-home" "-e" "RUSTUP_HOME=/opt/rustwide/rustup-home" "-e" "CARGO_TARGET_DIR=/opt/rustwide/target" "-e" "CARGO_INCREMENTAL=0" "-e" "RUST_BACKTRACE=full" "-e" "RUSTFLAGS=--cap-lints=warn" "-e" "RUSTDOCFLAGS=--cap-lints=warn" "-w" "/opt/rustwide/workdir" "--user" "0:0" "3472a789942078a816ef02f760272b5298243bbcd87162ccf323c105580949c6" "/opt/rustwide/cargo-home/bin/cargo" "+1.100.0-beta.1" "test" "--frozen" "--no-run" "--message-format=json" "--release", kill_on_drop: false }`
[INFO] [stderr]    Compiling memchr v2.8.0
[INFO] [stderr]    Compiling futures-task v0.3.32
[INFO] [stderr]    Compiling futures-channel v0.3.32
[INFO] [stderr]    Compiling futures-io v0.3.32
[INFO] [stderr]    Compiling futures-macro v0.3.32
[INFO] [stderr]    Compiling tokio-util v0.7.18
[INFO] [stderr]    Compiling num_cpus v1.17.0
[INFO] [stderr]    Compiling deadpool-runtime v0.1.4
[INFO] [stderr]    Compiling lazy_static v1.5.0
[INFO] [stderr]    Compiling deadpool v0.12.3
[INFO] [stderr]    Compiling h2 v0.4.13
[INFO] [stderr]    Compiling futures-util v0.3.32
[INFO] [stderr]    Compiling serde_json v1.0.149
[INFO] [stderr]    Compiling aho-corasick v1.1.4
[INFO] [stderr]    Compiling assert-json-diff v2.0.2
[INFO] [stderr]    Compiling regex-automata v0.4.14
[INFO] [stderr]    Compiling hyper v1.8.1
[INFO] [stderr]    Compiling regex v1.12.3
[INFO] [stderr]    Compiling tower v0.5.3
[INFO] [stderr]    Compiling futures-executor v0.3.32
[INFO] [stderr]    Compiling futures v0.3.32
[INFO] [stderr]    Compiling tower-http v0.6.8
[INFO] [stderr]    Compiling hyper-util v0.1.20
[INFO] [stderr]    Compiling hyper-rustls v0.27.7
[INFO] [stderr]    Compiling wiremock v0.6.5
[INFO] [stderr]    Compiling reqwest v0.12.28
[INFO] [stderr]    Compiling jules-rs v0.1.0 (/opt/rustwide/workdir)
[INFO] [stdout] warning: variable does not need to be mutable
[INFO] [stdout]     --> src/bin/director.rs:1052:9
[INFO] [stdout]      |
[INFO] [stdout] 1052 |     let mut msg = String::from(
[INFO] [stdout]      |         ----^^^
[INFO] [stdout]      |         |
[INFO] [stdout]      |         help: remove this `mut`
[INFO] [stdout]      |
[INFO] [stdout]      = note: `#[warn(unused_mut)]` (part of `#[warn(unused)]`) on by default
[INFO] [stdout] 
[INFO] [stdout] 
[INFO] [stdout] warning: variable does not need to be mutable
[INFO] [stdout]     --> src/bin/director.rs:1052:9
[INFO] [stdout]      |
[INFO] [stdout] 1052 |     let mut msg = String::from(
[INFO] [stdout]      |         ----^^^
[INFO] [stdout]      |         |
[INFO] [stdout]      |         help: remove this `mut`
[INFO] [stdout]      |
[INFO] [stdout]      = note: `#[warn(unused_mut)]` (part of `#[warn(unused)]`) on by default
[INFO] [stdout] 
[INFO] [stdout] 
[INFO] [stderr]     Finished `release` profile [optimized] target(s) in 55.05s
[INFO] running `Command { std: "docker" "inspect" "3472a789942078a816ef02f760272b5298243bbcd87162ccf323c105580949c6", kill_on_drop: false }`
[INFO] running `Command { std: "docker" "exec" "-e" "SOURCE_DIR=/opt/rustwide/workdir" "-e" "CARGO_HOME=/opt/rustwide/cargo-home" "-e" "RUSTUP_HOME=/opt/rustwide/rustup-home" "-e" "CARGO_TARGET_DIR=/opt/rustwide/target" "-e" "CARGO_INCREMENTAL=0" "-e" "RUST_BACKTRACE=full" "-e" "RUSTFLAGS=--cap-lints=warn" "-e" "RUSTDOCFLAGS=--cap-lints=warn" "-w" "/opt/rustwide/workdir" "--user" "0:0" "3472a789942078a816ef02f760272b5298243bbcd87162ccf323c105580949c6" "/opt/rustwide/cargo-home/bin/cargo" "+1.100.0-beta.1" "test" "--frozen" "--release", kill_on_drop: false }`
[INFO] [stderr] warning: variable does not need to be mutable
[INFO] [stderr]     --> src/bin/director.rs:1052:9
[INFO] [stderr]      |
[INFO] [stderr] 1052 |     let mut msg = String::from(
[INFO] [stderr]      |         ----^^^
[INFO] [stderr]      |         |
[INFO] [stderr]      |         help: remove this `mut`
[INFO] [stderr]      |
[INFO] [stderr]      = note: `#[warn(unused_mut)]` (part of `#[warn(unused)]`) on by default
[INFO] [stderr] 
[INFO] [stderr] warning: `jules-rs` (bin "director" test) generated 1 warning (run `cargo fix --bin "director" -p jules-rs --tests` to apply 1 suggestion)
[INFO] [stderr] warning: `jules-rs` (bin "director") generated 1 warning (1 duplicate)
[INFO] [stderr]     Finished `release` profile [optimized] target(s) in 0.20s
[INFO] [stderr]      Running unittests src/lib.rs (/opt/rustwide/target/release/build/jules-rs/2f8ef23aea783881/out/jules_rs-2f8ef23aea783881)
[INFO] [stdout] 
[INFO] [stdout] running 0 tests
[INFO] [stdout] 
[INFO] [stdout] test result: ok. 0 passed; 0 failed; 0 ignored; 0 measured; 0 filtered out; finished in 0.00s
[INFO] [stdout] 
[INFO] [stderr]      Running unittests src/bin/director.rs (/opt/rustwide/target/release/build/jules-rs/802553012b7aecdd/out/director-802553012b7aecdd)
[INFO] [stdout] 
[INFO] [stdout] running 8 tests
[INFO] [stdout] test tests::next_poll_delay_resets_when_progress_is_made ... ok
[INFO] [stdout] test tests::next_poll_delay_grows_with_cap ... ok
[INFO] [stdout] test tests::build_seed_tasks_creates_multiple_pending_tasks ... ok
[INFO] [stdout] test tests::choose_feedback_action_prefers_automation_until_limit ... ok
[INFO] [stdout] test tests::derive_github_repo_context_errors_when_no_branches_exist ... ok
[INFO] [stdout] test tests::derive_github_repo_context_prefers_default_branch ... ok
[INFO] [stdout] test tests::normalize_source_name_adds_prefix ... ok
[INFO] [stdout] test tests::parse_cli_accepts_run_without_goal_when_state_exists ... ok
[INFO] [stdout] 
[INFO] [stderr]      Running unittests src/main.rs (/opt/rustwide/target/release/build/jules-rs/df866a362790ed51/out/jules_rs-df866a362790ed51)
[INFO] [stdout] test result: ok. 8 passed; 0 failed; 0 ignored; 0 measured; 0 filtered out; finished in 0.00s
[INFO] [stdout] 
[INFO] [stdout] 
[INFO] [stdout] running 0 tests
[INFO] [stdout] 
[INFO] [stdout] test result: ok. 0 passed; 0 failed; 0 ignored; 0 measured; 0 filtered out; finished in 0.00s
[INFO] [stdout] 
[INFO] [stderr]      Running tests/auditor_test.rs (/opt/rustwide/target/release/build/jules-rs/46cf44fa5c3a0058/out/auditor_test-46cf44fa5c3a0058)
[INFO] [stdout] 
[INFO] [stdout] running 0 tests
[INFO] [stdout] 
[INFO] [stdout] test result: ok. 0 passed; 0 failed; 0 ignored; 0 measured; 0 filtered out; finished in 0.00s
[INFO] [stdout] 
[INFO] [stderr]      Running tests/client_contract.rs (/opt/rustwide/target/release/build/jules-rs/79de566d05516824/out/client_contract-79de566d05516824)
[INFO] [stdout] 
[INFO] [stdout] running 15 tests
[INFO] [stdout] test invalid_page_size_is_rejected_before_request ... ok
[INFO] [stdout] test create_session_does_not_retry_on_retryable_status_codes ... ok
[INFO] [stdout] test delete_completed_sessions_deletes_only_completed_across_pages ... ok
[INFO] [stdout] test delete_stale_queued_sessions_deletes_only_stale_queued_across_pages ... ok
[INFO] [stdout] test delete_completed_sessions_rejects_duplicate_next_page_token ... ok
[INFO] [stdout] test debug_output_redacts_api_key_for_builder_and_client ... ok
[INFO] [stdout] test create_session_serializes_request_and_parses_response ... ok
[INFO] [stdout] test send_message_accepts_empty_success_response ... ok
[INFO] [stdout] test delete_completed_sessions_returns_empty_when_no_completed ... ok
[INFO] [stdout] test delete_stale_queued_sessions_returns_empty_when_none_stale ... ok
[INFO] [stdout] test get_source_accepts_nested_github_resource_names ... ok
[INFO] [stdout] test non_success_responses_are_mapped_to_api_errors ... ok
[INFO] [stdout] test list_sources_includes_query_params_and_parses_response ... ok
[INFO] [stdout] test retry_policy_retries_transient_status_codes ... ok
[INFO] [stdout] test timeout_policy_enforces_deadline ... ok
[INFO] [stdout] 
[INFO] [stdout] test result: ok. 15 passed; 0 failed; 0 ignored; 0 measured; 0 filtered out; finished in 0.05s
[INFO] [stdout] 
[INFO] [stderr]      Running tests/director_contract.rs (/opt/rustwide/target/release/build/jules-rs/dcaad5d2fe1420a7/out/director_contract-dcaad5d2fe1420a7)
[INFO] [stdout] 
[INFO] [stdout] running 7 tests
[INFO] [stdout] test tick_updates_running_task_to_completed ... FAILED
[INFO] [stdout] test lock_coordination_prevents_concurrent_runs ... FAILED
[INFO] [stdout] test usage_error_returns_exit_code_10 ... FAILED
[INFO] [stdout] test tick_creates_session_for_pending_task ... FAILED
[INFO] [stdout] test init_command_succeeds_and_outputs_json ... FAILED
[INFO] [stdout] test usage_error_returns_json_when_requested ... FAILED
[INFO] [stdout] test tick_handles_api_errors_gracefully ... FAILED
[INFO] [stdout] 
[INFO] [stdout] failures:
[INFO] [stdout] 
[INFO] [stdout] ---- tick_updates_running_task_to_completed stdout ----
[INFO] [stdout] 
[INFO] [stdout] thread 'tick_updates_running_task_to_completed' (2255) panicked at tests/director_contract.rs:191:10:
[INFO] [stdout] init failed: Os { code: 2, kind: NotFound, message: "No such file or directory" }
[INFO] [stdout] stack backtrace:
[INFO] [stdout]    0:     0x642494bd9ef1 - <<std[617be2ca0a6fd877]::sys::backtrace::BacktraceLock>::print::DisplayBacktrace as core[a373ad73a504971]::fmt::Display>::fmt
[INFO] [stdout]    1:     0x642494bf05ca - core[a373ad73a504971]::fmt::write
[INFO] [stdout]    2:     0x642494bde90c - <alloc[2e1b2a31b91974c5]::vec::Vec<u8> as core[a373ad73a504971]::io::write::Write>::write_fmt
[INFO] [stdout]    3:     0x642494bb3e96 - std[617be2ca0a6fd877]::panicking::default_hook::{closure#0}
[INFO] [stdout]    4:     0x642494bd1699 - std[617be2ca0a6fd877]::panicking::default_hook
[INFO] [stdout]    5:     0x642494aca7a0 - test[aada8e7e76ba119b]::test_main_inner::{closure#0}
[INFO] [stdout]    6:     0x642494bd19c2 - std[617be2ca0a6fd877]::panicking::panic_with_hook
[INFO] [stdout]    7:     0x642494bb3f42 - std[617be2ca0a6fd877]::panicking::panic_handler::{closure#0}
[INFO] [stdout]    8:     0x642494bac939 - std[617be2ca0a6fd877]::sys::backtrace::__rust_end_short_backtrace::<std[617be2ca0a6fd877]::panicking::panic_handler::{closure#0}, !>
[INFO] [stdout]    9:     0x642494bb4d3d - __rustc[ea4f61d10b84890b]::rust_begin_unwind
[INFO] [stdout]   10:     0x642494bf0d2c - core[a373ad73a504971]::panicking::panic_fmt
[INFO] [stdout]   11:     0x642494bf0b02 - core[a373ad73a504971]::result::unwrap_failed
[INFO] [stdout]   12:     0x642494a605a5 - director_contract[c4b0f5f17f5362e6]::tick_updates_running_task_to_completed::{closure#0}
[INFO] [stdout]   13:     0x642494a6e6b3 - <tokio[f57c62eea940ba52]::runtime::scheduler::current_thread::Context>::enter::<core[a373ad73a504971]::task::poll::Poll<()>, <tokio[f57c62eea940ba52]::runtime::scheduler::current_thread::CoreGuard>::block_on<core[a373ad73a504971]::pin::Pin<&mut core[a373ad73a504971]::pin::Pin<&mut dyn core[a373ad73a504971]::future::future::Future<Output = ()>>>>::{closure#0}::{closure#0}>
[INFO] [stdout]   14:     0x642494a9410c - <tokio[f57c62eea940ba52]::runtime::context::scoped::Scoped<tokio[f57c62eea940ba52]::runtime::scheduler::Context>>::set::<<tokio[f57c62eea940ba52]::runtime::scheduler::current_thread::CoreGuard>::enter<<tokio[f57c62eea940ba52]::runtime::scheduler::current_thread::CoreGuard>::block_on<core[a373ad73a504971]::pin::Pin<&mut core[a373ad73a504971]::pin::Pin<&mut dyn core[a373ad73a504971]::future::future::Future<Output = ()>>>>::{closure#0}, core[a373ad73a504971]::option::Option<()>>::{closure#0}, (alloc[2e1b2a31b91974c5]::boxed::Box<tokio[f57c62eea940ba52]::runtime::scheduler::current_thread::Core>, core[a373ad73a504971]::option::Option<()>)>
[INFO] [stdout]   15:     0x642494a6e2dc - <tokio[f57c62eea940ba52]::runtime::runtime::Runtime>::block_on::<core[a373ad73a504971]::pin::Pin<&mut dyn core[a373ad73a504971]::future::future::Future<Output = ()>>>
[INFO] [stdout]   16:     0x642494a6590e - <director_contract[c4b0f5f17f5362e6]::tick_updates_running_task_to_completed::{closure#0} as core[a373ad73a504971]::ops::function::FnOnce<()>>::call_once
[INFO] [stdout]   17:     0x642494abdbeb - test[aada8e7e76ba119b]::__rust_begin_short_backtrace::<core[a373ad73a504971]::result::Result<(), alloc[2e1b2a31b91974c5]::string::String>, fn() -> core[a373ad73a504971]::result::Result<(), alloc[2e1b2a31b91974c5]::string::String>>
[INFO] [stdout]   18:     0x642494acadc5 - test[aada8e7e76ba119b]::run_test::{closure#0}
[INFO] [stdout]   19:     0x642494ac46b4 - std[617be2ca0a6fd877]::sys::backtrace::__rust_begin_short_backtrace::<test[aada8e7e76ba119b]::run_test::{closure#1}, ()>
[INFO] [stdout]   20:     0x642494acde52 - <std[617be2ca0a6fd877]::thread::lifecycle::spawn_unchecked<test[aada8e7e76ba119b]::run_test::{closure#1}, ()>::{closure#1} as core[a373ad73a504971]::ops::function::FnOnce<()>>::call_once::{shim:vtable#0}
[INFO] [stdout]   21:     0x642494bd8c0f - <std[617be2ca0a6fd877]::sys::thread::unix::Thread>::new::thread_start
[INFO] [stdout]   22:     0x787e55884dfa - <unknown>
[INFO] [stdout]   23:     0x787e559183d4 - clone
[INFO] [stdout]   24:                0x0 - <unknown>
[INFO] [stdout] 
[INFO] [stdout] ---- lock_coordination_prevents_concurrent_runs stdout ----
[INFO] [stdout] 
[INFO] [stdout] thread 'lock_coordination_prevents_concurrent_runs' (2252) panicked at tests/director_contract.rs:97:10:
[INFO] [stdout] failed to execute director: Os { code: 2, kind: NotFound, message: "No such file or directory" }
[INFO] [stdout] stack backtrace:
[INFO] [stdout]    0:     0x642494bd9ef1 - <<std[617be2ca0a6fd877]::sys::backtrace::BacktraceLock>::print::DisplayBacktrace as core[a373ad73a504971]::fmt::Display>::fmt
[INFO] [stdout]    1:     0x642494bf05ca - core[a373ad73a504971]::fmt::write
[INFO] [stdout]    2:     0x642494bde90c - <alloc[2e1b2a31b91974c5]::vec::Vec<u8> as core[a373ad73a504971]::io::write::Write>::write_fmt
[INFO] [stdout]    3:     0x642494bb3e96 - std[617be2ca0a6fd877]::panicking::default_hook::{closure#0}
[INFO] [stdout]    4:     0x642494bd1699 - std[617be2ca0a6fd877]::panicking::default_hook
[INFO] [stdout]    5:     0x642494aca7a0 - test[aada8e7e76ba119b]::test_main_inner::{closure#0}
[INFO] [stdout]    6:     0x642494bd19c2 - std[617be2ca0a6fd877]::panicking::panic_with_hook
[INFO] [stdout]    7:     0x642494bb3f42 - std[617be2ca0a6fd877]::panicking::panic_handler::{closure#0}
[INFO] [stdout]    8:     0x642494bac939 - std[617be2ca0a6fd877]::sys::backtrace::__rust_end_short_backtrace::<std[617be2ca0a6fd877]::panicking::panic_handler::{closure#0}, !>
[INFO] [stdout]    9:     0x642494bb4d3d - __rustc[ea4f61d10b84890b]::rust_begin_unwind
[INFO] [stdout]   10:     0x642494bf0d2c - core[a373ad73a504971]::panicking::panic_fmt
[INFO] [stdout]   11:     0x642494bf0b02 - core[a373ad73a504971]::result::unwrap_failed
[INFO] [stdout]   12:     0x642494a6627a - <director_contract[c4b0f5f17f5362e6]::lock_coordination_prevents_concurrent_runs::{closure#0} as core[a373ad73a504971]::ops::function::FnOnce<()>>::call_once
[INFO] [stdout]   13:     0x642494abdbeb - test[aada8e7e76ba119b]::__rust_begin_short_backtrace::<core[a373ad73a504971]::result::Result<(), alloc[2e1b2a31b91974c5]::string::String>, fn() -> core[a373ad73a504971]::result::Result<(), alloc[2e1b2a31b91974c5]::string::String>>
[INFO] [stdout]   14:     0x642494acadc5 - test[aada8e7e76ba119b]::run_test::{closure#0}
[INFO] [stdout]   15:     0x642494ac46b4 - std[617be2ca0a6fd877]::sys::backtrace::__rust_begin_short_backtrace::<test[aada8e7e76ba119b]::run_test::{closure#1}, ()>
[INFO] [stdout]   16:     0x642494acde52 - <std[617be2ca0a6fd877]::thread::lifecycle::spawn_unchecked<test[aada8e7e76ba119b]::run_test::{closure#1}, ()>::{closure#1} as core[a373ad73a504971]::ops::function::FnOnce<()>>::call_once::{shim:vtable#0}
[INFO] [stdout]   17:     0x642494bd8c0f - <std[617be2ca0a6fd877]::sys::thread::unix::Thread>::new::thread_start
[INFO] [stdout]   18:     0x787e55884dfa - <unknown>
[INFO] [stdout]   19:     0x787e559183d4 - clone
[INFO] [stdout]   20:                0x0 - <unknown>
[INFO] [stdout] 
[INFO] [stdout] ---- usage_error_returns_exit_code_10 stdout ----
[INFO] [stdout] 
[INFO] [stdout] thread 'usage_error_returns_exit_code_10' (2256) panicked at tests/director_contract.rs:37:10:
[INFO] [stdout] failed to execute process: Os { code: 2, kind: NotFound, message: "No such file or directory" }
[INFO] [stdout] stack backtrace:
[INFO] [stdout]    0:     0x642494bd9ef1 - <<std[617be2ca0a6fd877]::sys::backtrace::BacktraceLock>::print::DisplayBacktrace as core[a373ad73a504971]::fmt::Display>::fmt
[INFO] [stdout]    1:     0x642494bf05ca - core[a373ad73a504971]::fmt::write
[INFO] [stdout]    2:     0x642494bde90c - <alloc[2e1b2a31b91974c5]::vec::Vec<u8> as core[a373ad73a504971]::io::write::Write>::write_fmt
[INFO] [stdout]    3:     0x642494bb3e96 - std[617be2ca0a6fd877]::panicking::default_hook::{closure#0}
[INFO] [stdout]    4:     0x642494bd1699 - std[617be2ca0a6fd877]::panicking::default_hook
[INFO] [stdout]    5:     0x642494aca7a0 - test[aada8e7e76ba119b]::test_main_inner::{closure#0}
[INFO] [stdout]    6:     0x642494bd19c2 - std[617be2ca0a6fd877]::panicking::panic_with_hook
[INFO] [stdout]    7:     0x642494bb3f42 - std[617be2ca0a6fd877]::panicking::panic_handler::{closure#0}
[INFO] [stdout]    8:     0x642494bac939 - std[617be2ca0a6fd877]::sys::backtrace::__rust_end_short_backtrace::<std[617be2ca0a6fd877]::panicking::panic_handler::{closure#0}, !>
[INFO] [stdout]    9:     0x642494bb4d3d - __rustc[ea4f61d10b84890b]::rust_begin_unwind
[INFO] [stdout]   10:     0x642494bf0d2c - core[a373ad73a504971]::panicking::panic_fmt
[INFO] [stdout]   11:     0x642494bf0b02 - core[a373ad73a504971]::result::unwrap_failed
[INFO] [stdout]   12:     0x642494a64efd - <director_contract[c4b0f5f17f5362e6]::usage_error_returns_exit_code_10::{closure#0} as core[a373ad73a504971]::ops::function::FnOnce<()>>::call_once
[INFO] [stdout]   13:     0x642494abdbeb - test[aada8e7e76ba119b]::__rust_begin_short_backtrace::<core[a373ad73a504971]::result::Result<(), alloc[2e1b2a31b91974c5]::string::String>, fn() -> core[a373ad73a504971]::result::Result<(), alloc[2e1b2a31b91974c5]::string::String>>
[INFO] [stdout]   14:     0x642494acadc5 - test[aada8e7e76ba119b]::run_test::{closure#0}
[INFO] [stdout]   15:     0x642494ac46b4 - std[617be2ca0a6fd877]::sys::backtrace::__rust_begin_short_backtrace::<test[aada8e7e76ba119b]::run_test::{closure#1}, ()>
[INFO] [stdout]   16:     0x642494acde52 - <std[617be2ca0a6fd877]::thread::lifecycle::spawn_unchecked<test[aada8e7e76ba119b]::run_test::{closure#1}, ()>::{closure#1} as core[a373ad73a504971]::ops::function::FnOnce<()>>::call_once::{shim:vtable#0}
[INFO] [stdout]   17:     0x642494bd8c0f - <std[617be2ca0a6fd877]::sys::thread::unix::Thread>::new::thread_start
[INFO] [stdout]   18:     0x787e55884dfa - <unknown>
[INFO] [stdout]   19:     0x787e559183d4 - clone
[INFO] [stdout]   20:                0x0 - <unknown>
[INFO] [stdout] 
[INFO] [stdout] ---- tick_creates_session_for_pending_task stdout ----
[INFO] [stdout] 
[INFO] [stdout] thread 'tick_creates_session_for_pending_task' (2253) panicked at tests/director_contract.rs:145:10:
[INFO] [stdout] init failed: Os { code: 2, kind: NotFound, message: "No such file or directory" }
[INFO] [stdout] stack backtrace:
[INFO] [stdout]    0:     0x642494bd9ef1 - <<std[617be2ca0a6fd877]::sys::backtrace::BacktraceLock>::print::DisplayBacktrace as core[a373ad73a504971]::fmt::Display>::fmt
[INFO] [stdout]    1:     0x642494bf05ca - core[a373ad73a504971]::fmt::write
[INFO] [stdout]    2:     0x642494bde90c - <alloc[2e1b2a31b91974c5]::vec::Vec<u8> as core[a373ad73a504971]::io::write::Write>::write_fmt
[INFO] [stdout]    3:     0x642494bb3e96 - std[617be2ca0a6fd877]::panicking::default_hook::{closure#0}
[INFO] [stdout]    4:     0x642494bd1699 - std[617be2ca0a6fd877]::panicking::default_hook
[INFO] [stdout]    5:     0x642494aca7a0 - test[aada8e7e76ba119b]::test_main_inner::{closure#0}
[INFO] [stdout]    6:     0x642494bd19c2 - std[617be2ca0a6fd877]::panicking::panic_with_hook
[INFO] [stdout]    7:     0x642494bb3f42 - std[617be2ca0a6fd877]::panicking::panic_handler::{closure#0}
[INFO] [stdout]    8:     0x642494bac939 - std[617be2ca0a6fd877]::sys::backtrace::__rust_end_short_backtrace::<std[617be2ca0a6fd877]::panicking::panic_handler::{closure#0}, !>
[INFO] [stdout]    9:     0x642494bb4d3d - __rustc[ea4f61d10b84890b]::rust_begin_unwind
[INFO] [stdout]   10:     0x642494bf0d2c - core[a373ad73a504971]::panicking::panic_fmt
[INFO] [stdout]   11:     0x642494bf0b02 - core[a373ad73a504971]::result::unwrap_failed
[INFO] [stdout]   12:     0x642494a5e7bf - director_contract[c4b0f5f17f5362e6]::tick_creates_session_for_pending_task::{closure#0}
[INFO] [stdout]   13:     0x642494a6e6b3 - <tokio[f57c62eea940ba52]::runtime::scheduler::current_thread::Context>::enter::<core[a373ad73a504971]::task::poll::Poll<()>, <tokio[f57c62eea940ba52]::runtime::scheduler::current_thread::CoreGuard>::block_on<core[a373ad73a504971]::pin::Pin<&mut core[a373ad73a504971]::pin::Pin<&mut dyn core[a373ad73a504971]::future::future::Future<Output = ()>>>>::{closure#0}::{closure#0}>
[INFO] [stdout]   14:     0x642494a9410c - <tokio[f57c62eea940ba52]::runtime::context::scoped::Scoped<tokio[f57c62eea940ba52]::runtime::scheduler::Context>>::set::<<tokio[f57c62eea940ba52]::runtime::scheduler::current_thread::CoreGuard>::enter<<tokio[f57c62eea940ba52]::runtime::scheduler::current_thread::CoreGuard>::block_on<core[a373ad73a504971]::pin::Pin<&mut core[a373ad73a504971]::pin::Pin<&mut dyn core[a373ad73a504971]::future::future::Future<Output = ()>>>>::{closure#0}, core[a373ad73a504971]::option::Option<()>>::{closure#0}, (alloc[2e1b2a31b91974c5]::boxed::Box<tokio[f57c62eea940ba52]::runtime::scheduler::current_thread::Core>, core[a373ad73a504971]::option::Option<()>)>
[INFO] [stdout]   15:     0x642494a6e2dc - <tokio[f57c62eea940ba52]::runtime::runtime::Runtime>::block_on::<core[a373ad73a504971]::pin::Pin<&mut dyn core[a373ad73a504971]::future::future::Future<Output = ()>>>
[INFO] [stdout]   16:     0x642494a6518e - <director_contract[c4b0f5f17f5362e6]::tick_creates_session_for_pending_task::{closure#0} as core[a373ad73a504971]::ops::function::FnOnce<()>>::call_once
[INFO] [stdout]   17:     0x642494abdbeb - test[aada8e7e76ba119b]::__rust_begin_short_backtrace::<core[a373ad73a504971]::result::Result<(), alloc[2e1b2a31b91974c5]::string::String>, fn() -> core[a373ad73a504971]::result::Result<(), alloc[2e1b2a31b91974c5]::string::String>>
[INFO] [stdout]   18:     0x642494acadc5 - test[aada8e7e76ba119b]::run_test::{closure#0}
[INFO] [stdout]   19:     0x642494ac46b4 - std[617be2ca0a6fd877]::sys::backtrace::__rust_begin_short_backtrace::<test[aada8e7e76ba119b]::run_test::{closure#1}, ()>
[INFO] [stdout]   20:     0x642494acde52 - <std[617be2ca0a6fd877]::thread::lifecycle::spawn_unchecked<test[aada8e7e76ba119b]::run_test::{closure#1}, ()>::{closure#1} as core[a373ad73a504971]::ops::function::FnOnce<()>>::call_once::{shim:vtable#0}
[INFO] [stdout]   21:     0x642494bd8c0f - <std[617be2ca0a6fd877]::sys::thread::unix::Thread>::new::thread_start
[INFO] [stdout]   22:     0x787e55884dfa - <unknown>
[INFO] [stdout]   23:     0x787e559183d4 - clone
[INFO] [stdout]   24:                0x0 - <unknown>
[INFO] [stdout] 
[INFO] [stdout] ---- init_command_succeeds_and_outputs_json stdout ----
[INFO] [stdout] 
[INFO] [stdout] thread 'init_command_succeeds_and_outputs_json' (2251) panicked at tests/director_contract.rs:69:10:
[INFO] [stdout] failed to execute process: Os { code: 2, kind: NotFound, message: "No such file or directory" }
[INFO] [stdout] stack backtrace:
[INFO] [stdout]    0:     0x642494bd9ef1 - <<std[617be2ca0a6fd877]::sys::backtrace::BacktraceLock>::print::DisplayBacktrace as core[a373ad73a504971]::fmt::Display>::fmt
[INFO] [stdout]    1:     0x642494bf05ca - core[a373ad73a504971]::fmt::write
[INFO] [stdout]    2:     0x642494bde90c - <alloc[2e1b2a31b91974c5]::vec::Vec<u8> as core[a373ad73a504971]::io::write::Write>::write_fmt
[INFO] [stdout]    3:     0x642494bb3e96 - std[617be2ca0a6fd877]::panicking::default_hook::{closure#0}
[INFO] [stdout]    4:     0x642494bd1699 - std[617be2ca0a6fd877]::panicking::default_hook
[INFO] [stdout]    5:     0x642494aca7a0 - test[aada8e7e76ba119b]::test_main_inner::{closure#0}
[INFO] [stdout]    6:     0x642494bd19c2 - std[617be2ca0a6fd877]::panicking::panic_with_hook
[INFO] [stdout]    7:     0x642494bb3f42 - std[617be2ca0a6fd877]::panicking::panic_handler::{closure#0}
[INFO] [stdout]    8:     0x642494bac939 - std[617be2ca0a6fd877]::sys::backtrace::__rust_end_short_backtrace::<std[617be2ca0a6fd877]::panicking::panic_handler::{closure#0}, !>
[INFO] [stdout]    9:     0x642494bb4d3d - __rustc[ea4f61d10b84890b]::rust_begin_unwind
[INFO] [stdout]   10:     0x642494bf0d2c - core[a373ad73a504971]::panicking::panic_fmt
[INFO] [stdout]   11:     0x642494bf0b02 - core[a373ad73a504971]::result::unwrap_failed
[INFO] [stdout]   12:     0x642494a6563b - <director_contract[c4b0f5f17f5362e6]::init_command_succeeds_and_outputs_json::{closure#0} as core[a373ad73a504971]::ops::function::FnOnce<()>>::call_once
[INFO] [stdout]   13:     0x642494abdbeb - test[aada8e7e76ba119b]::__rust_begin_short_backtrace::<core[a373ad73a504971]::result::Result<(), alloc[2e1b2a31b91974c5]::string::String>, fn() -> core[a373ad73a504971]::result::Result<(), alloc[2e1b2a31b91974c5]::string::String>>
[INFO] [stdout]   14:     0x642494acadc5 - test[aada8e7e76ba119b]::run_test::{closure#0}
[INFO] [stdout]   15:     0x642494ac46b4 - std[617be2ca0a6fd877]::sys::backtrace::__rust_begin_short_backtrace::<test[aada8e7e76ba119b]::run_test::{closure#1}, ()>
[INFO] [stdout]   16:     0x642494acde52 - <std[617be2ca0a6fd877]::thread::lifecycle::spawn_unchecked<test[aada8e7e76ba119b]::run_test::{closure#1}, ()>::{closure#1} as core[a373ad73a504971]::ops::function::FnOnce<()>>::call_once::{shim:vtable#0}
[INFO] [stdout]   17:     0x642494bd8c0f - <std[617be2ca0a6fd877]::sys::thread::unix::Thread>::new::thread_start
[INFO] [stdout]   18:     0x787e55884dfa - <unknown>
[INFO] [stdout]   19:     0x787e559183d4 - clone
[INFO] [stdout]   20:                0x0 - <unknown>
[INFO] [stdout] 
[INFO] [stdout] ---- usage_error_returns_json_when_requested stdout ----
[INFO] [stdout] 
[INFO] [stdout] thread 'usage_error_returns_json_when_requested' (2257) panicked at tests/director_contract.rs:48:10:
[INFO] [stdout] failed to execute process: Os { code: 2, kind: NotFound, message: "No such file or directory" }
[INFO] [stdout] stack backtrace:
[INFO] [stdout]    0:     0x642494bd9ef1 - <<std[617be2ca0a6fd877]::sys::backtrace::BacktraceLock>::print::DisplayBacktrace as core[a373ad73a504971]::fmt::Display>::fmt
[INFO] [stdout]    1:     0x642494bf05ca - core[a373ad73a504971]::fmt::write
[INFO] [stdout]    2:     0x642494bde90c - <alloc[2e1b2a31b91974c5]::vec::Vec<u8> as core[a373ad73a504971]::io::write::Write>::write_fmt
[INFO] [stdout]    3:     0x642494bb3e96 - std[617be2ca0a6fd877]::panicking::default_hook::{closure#0}
[INFO] [stdout]    4:     0x642494bd1699 - std[617be2ca0a6fd877]::panicking::default_hook
[INFO] [stdout]    5:     0x642494aca7a0 - test[aada8e7e76ba119b]::test_main_inner::{closure#0}
[INFO] [stdout]    6:     0x642494bd19c2 - std[617be2ca0a6fd877]::panicking::panic_with_hook
[INFO] [stdout]    7:     0x642494bb3f42 - std[617be2ca0a6fd877]::panicking::panic_handler::{closure#0}
[INFO] [stdout]    8:     0x642494bac939 - std[617be2ca0a6fd877]::sys::backtrace::__rust_end_short_backtrace::<std[617be2ca0a6fd877]::panicking::panic_handler::{closure#0}, !>
[INFO] [stdout]    9:     0x642494bb4d3d - __rustc[ea4f61d10b84890b]::rust_begin_unwind
[INFO] [stdout]   10:     0x642494bf0d2c - core[a373ad73a504971]::panicking::panic_fmt
[INFO] [stdout]   11:     0x642494bf0b02 - core[a373ad73a504971]::result::unwrap_failed
[INFO] [stdout]   12:     0x642494a65ce5 - <director_contract[c4b0f5f17f5362e6]::usage_error_returns_json_when_requested::{closure#0} as core[a373ad73a504971]::ops::function::FnOnce<()>>::call_once
[INFO] [stdout]   13:     0x642494abdbeb - test[aada8e7e76ba119b]::__rust_begin_short_backtrace::<core[a373ad73a504971]::result::Result<(), alloc[2e1b2a31b91974c5]::string::String>, fn() -> core[a373ad73a504971]::result::Result<(), alloc[2e1b2a31b91974c5]::string::String>>
[INFO] [stdout]   14:     0x642494acadc5 - test[aada8e7e76ba119b]::run_test::{closure#0}
[INFO] [stdout]   15:     0x642494ac46b4 - std[617be2ca0a6fd877]::sys::backtrace::__rust_begin_short_backtrace::<test[aada8e7e76ba119b]::run_test::{closure#1}, ()>
[INFO] [stdout]   16:     0x642494acde52 - <std[617be2ca0a6fd877]::thread::lifecycle::spawn_unchecked<test[aada8e7e76ba119b]::run_test::{closure#1}, ()>::{closure#1} as core[a373ad73a504971]::ops::function::FnOnce<()>>::call_once::{shim:vtable#0}
[INFO] [stdout]   17:     0x642494bd8c0f - <std[617be2ca0a6fd877]::sys::thread::unix::Thread>::new::thread_start
[INFO] [stdout]   18:     0x787e55884dfa - <unknown>
[INFO] [stdout]   19:     0x787e559183d4 - clone
[INFO] [stdout]   20:                0x0 - <unknown>
[INFO] [stdout] 
[INFO] [stdout] ---- tick_handles_api_errors_gracefully stdout ----
[INFO] [stdout] 
[INFO] [stdout] thread 'tick_handles_api_errors_gracefully' (2254) panicked at tests/director_contract.rs:286:10:
[INFO] [stdout] init failed: Os { code: 2, kind: NotFound, message: "No such file or directory" }
[INFO] [stdout] stack backtrace:
[INFO] [stdout]    0:     0x642494bd9ef1 - <<std[617be2ca0a6fd877]::sys::backtrace::BacktraceLock>::print::DisplayBacktrace as core[a373ad73a504971]::fmt::Display>::fmt
[INFO] [stdout]    1:     0x642494bf05ca - core[a373ad73a504971]::fmt::write
[INFO] [stdout]    2:     0x642494bde90c - <alloc[2e1b2a31b91974c5]::vec::Vec<u8> as core[a373ad73a504971]::io::write::Write>::write_fmt
[INFO] [stdout]    3:     0x642494bb3e96 - std[617be2ca0a6fd877]::panicking::default_hook::{closure#0}
[INFO] [stdout]    4:     0x642494bd1699 - std[617be2ca0a6fd877]::panicking::default_hook
[INFO] [stdout]    5:     0x642494aca7a0 - test[aada8e7e76ba119b]::test_main_inner::{closure#0}
[INFO] [stdout]    6:     0x642494bd19c2 - std[617be2ca0a6fd877]::panicking::panic_with_hook
[INFO] [stdout]    7:     0x642494bb3f42 - std[617be2ca0a6fd877]::panicking::panic_handler::{closure#0}
[INFO] [stdout]    8:     0x642494bac939 - std[617be2ca0a6fd877]::sys::backtrace::__rust_end_short_backtrace::<std[617be2ca0a6fd877]::panicking::panic_handler::{closure#0}, !>
[INFO] [stdout]    9:     0x642494bb4d3d - __rustc[ea4f61d10b84890b]::rust_begin_unwind
[INFO] [stdout]   10:     0x642494bf0d2c - core[a373ad73a504971]::panicking::panic_fmt
[INFO] [stdout]   11:     0x642494bf0b02 - core[a373ad73a504971]::result::unwrap_failed
[INFO] [stdout]   12:     0x642494a5ce27 - director_contract[c4b0f5f17f5362e6]::tick_handles_api_errors_gracefully::{closure#0}
[INFO] [stdout]   13:     0x642494a6e6b3 - <tokio[f57c62eea940ba52]::runtime::scheduler::current_thread::Context>::enter::<core[a373ad73a504971]::task::poll::Poll<()>, <tokio[f57c62eea940ba52]::runtime::scheduler::current_thread::CoreGuard>::block_on<core[a373ad73a504971]::pin::Pin<&mut core[a373ad73a504971]::pin::Pin<&mut dyn core[a373ad73a504971]::future::future::Future<Output = ()>>>>::{closure#0}::{closure#0}>
[INFO] [stdout]   14:     0x642494a9410c - <tokio[f57c62eea940ba52]::runtime::context::scoped::Scoped<tokio[f57c62eea940ba52]::runtime::scheduler::Context>>::set::<<tokio[f57c62eea940ba52]::runtime::scheduler::current_thread::CoreGuard>::enter<<tokio[f57c62eea940ba52]::runtime::scheduler::current_thread::CoreGuard>::block_on<core[a373ad73a504971]::pin::Pin<&mut core[a373ad73a504971]::pin::Pin<&mut dyn core[a373ad73a504971]::future::future::Future<Output = ()>>>>::{closure#0}, core[a373ad73a504971]::option::Option<()>>::{closure#0}, (alloc[2e1b2a31b91974c5]::boxed::Box<tokio[f57c62eea940ba52]::runtime::scheduler::current_thread::Core>, core[a373ad73a504971]::option::Option<()>)>
[INFO] [stdout]   15:     0x642494a6e2dc - <tokio[f57c62eea940ba52]::runtime::runtime::Runtime>::block_on::<core[a373ad73a504971]::pin::Pin<&mut dyn core[a373ad73a504971]::future::future::Future<Output = ()>>>
[INFO] [stdout]   16:     0x642494a6502e - <director_contract[c4b0f5f17f5362e6]::tick_handles_api_errors_gracefully::{closure#0} as core[a373ad73a504971]::ops::function::FnOnce<()>>::call_once
[INFO] [stdout]   17:     0x642494abdbeb - test[aada8e7e76ba119b]::__rust_begin_short_backtrace::<core[a373ad73a504971]::result::Result<(), alloc[2e1b2a31b91974c5]::string::String>, fn() -> core[a373ad73a504971]::result::Result<(), alloc[2e1b2a31b91974c5]::string::String>>
[INFO] [stdout]   18:     0x642494acadc5 - test[aada8e7e76ba119b]::run_test::{closure#0}
[INFO] [stdout]   19:     0x642494ac46b4 - std[617be2ca0a6fd877]::sys::backtrace::__rust_begin_short_backtrace::<test[aada8e7e76ba119b]::run_test::{closure#1}, ()>
[INFO] [stdout]   20:     0x642494acde52 - <std[617be2ca0a6fd877]::thread::lifecycle::spawn_unchecked<test[aada8e7e76ba119b]::run_test::{closure#1}, ()>::{closure#1} as core[a373ad73a504971]::ops::function::FnOnce<()>>::call_once::{shim:vtable#0}
[INFO] [stdout]   21:     0x642494bd8c0f - <std[617be2ca0a6fd877]::sys::thread::unix::Thread>::new::thread_start
[INFO] [stdout]   22:     0x787e55884dfa - <unknown>
[INFO] [stdout]   23:     0x787e559183d4 - clone
[INFO] [stdout]   24:                0x0 - <unknown>
[INFO] [stdout] 
[INFO] [stdout] 
[INFO] [stdout] failures:
[INFO] [stdout]     init_command_succeeds_and_outputs_json
[INFO] [stdout]     lock_coordination_prevents_concurrent_runs
[INFO] [stdout]     tick_creates_session_for_pending_task
[INFO] [stdout]     tick_handles_api_errors_gracefully
[INFO] [stdout]     tick_updates_running_task_to_completed
[INFO] [stdout]     usage_error_returns_exit_code_10
[INFO] [stdout]     usage_error_returns_json_when_requested
[INFO] [stdout] 
[INFO] [stdout] test result: FAILED. 0 passed; 7 failed; 0 ignored; 0 measured; 0 filtered out; finished in 0.01s
[INFO] [stdout] 
[INFO] [stderr] error: test failed, to rerun pass `--test director_contract`
[INFO] running `Command { std: "docker" "inspect" "3472a789942078a816ef02f760272b5298243bbcd87162ccf323c105580949c6", kill_on_drop: false }`
[INFO] running `Command { std: "docker" "rm" "-f" "3472a789942078a816ef02f760272b5298243bbcd87162ccf323c105580949c6", kill_on_drop: false }`
[INFO] [stdout] 3472a789942078a816ef02f760272b5298243bbcd87162ccf323c105580949c6
