[INFO] cloning repository https://github.com/luminescencedev/usemirae
[INFO] running `Command { std: "git" "-c" "credential.helper=" "-c" "credential.helper=/workspace/cargo-home/bin/git-credential-null" "clone" "--bare" "https://github.com/luminescencedev/usemirae" "/workspace/cache/git-repos/https%3A%2F%2Fgithub.com%2Fluminescencedev%2Fusemirae", kill_on_drop: false }`
[INFO] [stderr] Cloning into bare repository '/workspace/cache/git-repos/https%3A%2F%2Fgithub.com%2Fluminescencedev%2Fusemirae'...
[INFO] running `Command { std: "git" "rev-parse" "HEAD", kill_on_drop: false }`
[INFO] [stdout] 47844e17dd41d0e6b0f81596a9594a85808517a4
[INFO] testing luminescencedev/usemirae against 1.100.0-beta.1+cargoflags=--release for beta-release-1.100-3
[INFO] running `Command { std: "git" "clone" "/workspace/cache/git-repos/https%3A%2F%2Fgithub.com%2Fluminescencedev%2Fusemirae" "/workspace/builds/worker-3-tc2/source", kill_on_drop: false }`
[INFO] [stderr] Cloning into '/workspace/builds/worker-3-tc2/source'...
[INFO] [stderr] done.
[INFO] removed /workspace/builds/worker-3-tc2/source/.cargo/config.toml
[INFO] removed /workspace/builds/worker-3-tc2/source/rust-toolchain.toml
[INFO] started tweaking git repo https://github.com/luminescencedev/usemirae
[INFO] finished tweaking git repo https://github.com/luminescencedev/usemirae
[INFO] tweaked toml for git repo https://github.com/luminescencedev/usemirae written to /workspace/builds/worker-3-tc2/source/Cargo.toml
[INFO] validating manifest of git repo https://github.com/luminescencedev/usemirae on toolchain 1.100.0-beta.1
[INFO] running `Command { std: CARGO_HOME="/workspace/cargo-home" RUSTUP_HOME="/workspace/rustup-home" "/workspace/cargo-home/bin/cargo" "+1.100.0-beta.1" "metadata" "--manifest-path" "Cargo.toml" "--no-deps", kill_on_drop: false }`
[INFO] crate git repo https://github.com/luminescencedev/usemirae already has a lockfile, it will not be regenerated
[INFO] running `Command { std: CARGO_HOME="/workspace/cargo-home" RUSTUP_HOME="/workspace/rustup-home" "/workspace/cargo-home/bin/cargo" "+1.100.0-beta.1" "fetch" "--manifest-path" "Cargo.toml", kill_on_drop: false }`
[INFO] [stderr]     Blocking waiting for file lock on package cache
[INFO] [stderr]     Blocking waiting for file lock on package cache
[ERROR] error running command: no output for 300 seconds
[INFO] testing luminescencedev/usemirae against 1.100.0-beta.1+cargoflags=--release for beta-release-1.100-3
[INFO] running `Command { std: "git" "clone" "/workspace/cache/git-repos/https%3A%2F%2Fgithub.com%2Fluminescencedev%2Fusemirae" "/workspace/builds/worker-3-tc2/source", kill_on_drop: false }`
[INFO] [stderr] Cloning into '/workspace/builds/worker-3-tc2/source'...
[INFO] [stderr] done.
[INFO] removed /workspace/builds/worker-3-tc2/source/.cargo/config.toml
[INFO] removed /workspace/builds/worker-3-tc2/source/rust-toolchain.toml
[INFO] started tweaking git repo https://github.com/luminescencedev/usemirae
[INFO] finished tweaking git repo https://github.com/luminescencedev/usemirae
[INFO] tweaked toml for git repo https://github.com/luminescencedev/usemirae written to /workspace/builds/worker-3-tc2/source/Cargo.toml
[INFO] validating manifest of git repo https://github.com/luminescencedev/usemirae on toolchain 1.100.0-beta.1
[INFO] running `Command { std: CARGO_HOME="/workspace/cargo-home" RUSTUP_HOME="/workspace/rustup-home" "/workspace/cargo-home/bin/cargo" "+1.100.0-beta.1" "metadata" "--manifest-path" "Cargo.toml" "--no-deps", kill_on_drop: false }`
[INFO] crate git repo https://github.com/luminescencedev/usemirae already has a lockfile, it will not be regenerated
[INFO] running `Command { std: CARGO_HOME="/workspace/cargo-home" RUSTUP_HOME="/workspace/rustup-home" "/workspace/cargo-home/bin/cargo" "+1.100.0-beta.1" "fetch" "--manifest-path" "Cargo.toml", kill_on_drop: false }`
[INFO] [stderr]     Blocking waiting for file lock on package cache
[INFO] [stderr]     Blocking waiting for file lock on package cache
[INFO] running `Command { std: "docker" "create" "-v" "/var/lib/crater-agent-workspace/builds/worker-3-tc2/source:/opt/rustwide/workdir:ro,Z" "-v" "/var/lib/crater-agent-workspace/builds/worker-3-tc2/target:/opt/rustwide/target:rw,Z" "-v" "/var/lib/crater-agent-workspace/cargo-home:/opt/rustwide/cargo-home:ro,Z" "-v" "/var/lib/crater-agent-workspace/rustup-home:/opt/rustwide/rustup-home:ro,Z" "-m" "1610612736" "--network" "none" "ghcr.io/rust-lang/crates-build-env/linux@sha256:77db811e55d90add9212f6832c23229e3de5f1c1f9905e8cb07319ea15df73ac" "sleep" "infinity", kill_on_drop: false }`
[INFO] [stdout] c5e62f066e44539f5919b5316c45c3e50ce34868a71c2c9bd221c736cd9846c5
[INFO] running `Command { std: "docker" "start" "c5e62f066e44539f5919b5316c45c3e50ce34868a71c2c9bd221c736cd9846c5", kill_on_drop: false }`
[INFO] running `Command { std: "docker" "inspect" "c5e62f066e44539f5919b5316c45c3e50ce34868a71c2c9bd221c736cd9846c5", kill_on_drop: false }`
[INFO] running `Command { std: "docker" "exec" "-e" "SOURCE_DIR=/opt/rustwide/workdir" "-e" "CARGO_HOME=/opt/rustwide/cargo-home" "-e" "RUSTUP_HOME=/opt/rustwide/rustup-home" "-e" "CARGO_TARGET_DIR=/opt/rustwide/target" "-w" "/opt/rustwide/workdir" "--user" "0:0" "c5e62f066e44539f5919b5316c45c3e50ce34868a71c2c9bd221c736cd9846c5" "/opt/rustwide/cargo-home/bin/cargo" "+1.100.0-beta.1" "metadata" "--no-deps" "--format-version=1", kill_on_drop: false }`
[INFO] running `Command { std: "docker" "inspect" "c5e62f066e44539f5919b5316c45c3e50ce34868a71c2c9bd221c736cd9846c5", kill_on_drop: false }`
[INFO] running `Command { std: "docker" "exec" "-e" "SOURCE_DIR=/opt/rustwide/workdir" "-e" "CARGO_HOME=/opt/rustwide/cargo-home" "-e" "RUSTUP_HOME=/opt/rustwide/rustup-home" "-e" "CARGO_TARGET_DIR=/opt/rustwide/target" "-e" "CARGO_INCREMENTAL=0" "-e" "RUST_BACKTRACE=full" "-e" "RUSTFLAGS=--cap-lints=warn" "-e" "RUSTDOCFLAGS=--cap-lints=warn" "-w" "/opt/rustwide/workdir" "--user" "0:0" "c5e62f066e44539f5919b5316c45c3e50ce34868a71c2c9bd221c736cd9846c5" "/opt/rustwide/cargo-home/bin/cargo" "+1.100.0-beta.1" "build" "--frozen" "--message-format=json" "--release", kill_on_drop: false }`
[INFO] [stderr]    Compiling serde_core v1.0.229
[INFO] [stderr]    Compiling serde v1.0.229
[INFO] [stderr]    Compiling hashbrown v0.17.1
[INFO] [stderr]    Compiling proc-macro2 v1.0.107
[INFO] [stderr]    Compiling winnow v0.5.40
[INFO] [stderr]    Compiling pkg-config v0.3.33
[INFO] [stderr]    Compiling quote v1.0.47
[INFO] [stderr]    Compiling target-lexicon v0.12.16
[INFO] [stderr]    Compiling smallvec v1.15.2
[INFO] [stderr]    Compiling version-compare v0.2.1
[INFO] [stderr]    Compiling libc v0.2.189
[INFO] [stderr]    Compiling memchr v2.8.3
[INFO] [stderr]    Compiling proc-macro-error-attr v1.0.4
[INFO] [stderr]    Compiling syn v1.0.109
[INFO] [stderr]    Compiling proc-macro-error v1.0.4
[INFO] [stderr]    Compiling futures-core v0.3.33
[INFO] [stderr]    Compiling slab v0.4.12
[INFO] [stderr]    Compiling futures-task v0.3.33
[INFO] [stderr]    Compiling pin-project-lite v0.2.17
[INFO] [stderr]    Compiling futures-channel v0.3.33
[INFO] [stderr]    Compiling bitflags v2.13.1
[INFO] [stderr]    Compiling stable_deref_trait v1.2.1
[INFO] [stderr]    Compiling gio v0.18.4
[INFO] [stderr]    Compiling futures-io v0.3.33
[INFO] [stderr]    Compiling itoa v1.0.18
[INFO] [stderr]    Compiling litemap v0.8.2
[INFO] [stderr]    Compiling writeable v0.6.3
[INFO] [stderr]    Compiling zmij v1.0.23
[INFO] [stderr]    Compiling getrandom v0.4.3
[INFO] [stderr]    Compiling semver v1.0.28
[INFO] [stderr]    Compiling autocfg v1.5.1
[INFO] [stderr]    Compiling serde_json v1.0.151
[INFO] [stderr]    Compiling cfg-expr v0.15.8
[INFO] [stderr]    Compiling icu_normalizer_data v2.2.0
[INFO] [stderr]    Compiling icu_properties_data v2.2.0
[INFO] [stderr]    Compiling typenum v1.20.1
[INFO] [stderr]    Compiling once_cell v1.21.4
[INFO] [stderr]    Compiling x11 v2.21.0
[INFO] [stderr]    Compiling indexmap v2.14.0
[INFO] [stderr]    Compiling rustc_version v0.4.1
[INFO] [stderr]    Compiling gtk v0.18.2
[INFO] [stderr]    Compiling mirae-errors v0.0.0 (/opt/rustwide/workdir/crates/foundation/errors)
[INFO] [stderr]    Compiling percent-encoding v2.3.2
[INFO] [stderr]    Compiling memoffset v0.9.1
[INFO] [stderr]    Compiling syn v2.0.119
[INFO] [stderr]    Compiling syn v3.0.3
[INFO] [stderr]    Compiling mirae-observability v0.0.0 (/opt/rustwide/workdir/crates/foundation/observability)
[INFO] [stderr]    Compiling parking_lot_core v0.9.12
[INFO] [stderr]    Compiling field-offset v0.3.6
[INFO] [stderr]    Compiling num-conv v0.2.2
[INFO] [stderr]    Compiling time-core v0.1.9
[INFO] [stderr]    Compiling crossbeam-utils v0.8.22
[INFO] [stderr]    Compiling x11-dl v2.21.0
[INFO] [stderr]    Compiling cookie v0.18.1
[INFO] [stderr]    Compiling time-macros v0.2.32
[INFO] [stderr]    Compiling option-ext v0.2.0
[INFO] [stderr]    Compiling deranged v0.5.8
[INFO] [stderr]    Compiling thiserror v2.0.19
[INFO] [stderr]    Compiling lock_api v0.4.14
[INFO] [stderr]    Compiling dirs-sys v0.5.0
[INFO] [stderr]    Compiling form_urlencoded v1.2.2
[INFO] [stderr]    Compiling dpi v0.1.2
[INFO] [stderr]    Compiling generic-array v0.14.7
[INFO] [stderr]    Compiling bytes v1.12.1
[INFO] [stderr]    Compiling raw-window-handle v0.6.2
[INFO] [stderr]    Compiling wry v0.55.1
[INFO] [stderr]    Compiling crossbeam-channel v0.5.16
[INFO] [stderr]    Compiling parking_lot v0.12.5
[INFO] [stderr]    Compiling dirs v6.0.0
[INFO] [stderr]    Compiling log v0.4.33
[INFO] [stderr]    Compiling mirae-platform v0.0.0 (/opt/rustwide/workdir/crates/platform/platform)
[INFO] [stderr]    Compiling mirae-shaders v0.0.0 (/opt/rustwide/workdir/crates/rendering/shaders)
[INFO] [stderr]    Compiling mirae-platform-macos v0.0.0 (/opt/rustwide/workdir/crates/platform/platform-macos)
[INFO] [stderr]    Compiling mirae-frame-compiler v0.0.0 (/opt/rustwide/workdir/crates/rendering/frame-compiler)
[INFO] [stderr]    Compiling mirae-render-graph v0.0.0 (/opt/rustwide/workdir/crates/rendering/render-graph)
[INFO] [stderr]    Compiling mirae-encoder v0.0.0 (/opt/rustwide/workdir/crates/media/encoder)
[INFO] [stderr]    Compiling mirae-media-ffmpeg v0.0.0 (/opt/rustwide/workdir/crates/media/media-ffmpeg)
[INFO] [stderr]    Compiling mirae-scene v0.0.0 (/opt/rustwide/workdir/crates/rendering/scene)
[INFO] [stderr]    Compiling mirae-audio v0.0.0 (/opt/rustwide/workdir/crates/media/audio)
[INFO] [stderr]    Compiling xtask v0.0.0 (/opt/rustwide/workdir/tools/xtask)
[INFO] [stderr]    Compiling mirae-extension-host-runtime v0.0.0 (/opt/rustwide/workdir/crates/sdk/extension-host-runtime)
[INFO] [stderr]    Compiling mirae-platform-windows v0.0.0 (/opt/rustwide/workdir/crates/platform/platform-windows)
[INFO] [stderr]    Compiling mirae-renderer v0.0.0 (/opt/rustwide/workdir/crates/rendering/renderer)
[INFO] [stderr]    Compiling mirae-media-types v0.0.0 (/opt/rustwide/workdir/crates/media/media-types)
[INFO] [stderr]    Compiling mirae-extension-brokers v0.0.0 (/opt/rustwide/workdir/crates/sdk/extension-brokers)
[INFO] [stderr]    Compiling mirae-sdk-protocol v0.0.0 (/opt/rustwide/workdir/crates/sdk/sdk-protocol)
[INFO] [stderr]    Compiling mirae-platform-linux v0.0.0 (/opt/rustwide/workdir/crates/platform/platform-linux)
[INFO] [stderr]    Compiling mirae-extension-manager v0.0.0 (/opt/rustwide/workdir/crates/sdk/extension-manager)
[INFO] [stderr]    Compiling mirae-renderer-wgpu v0.0.0 (/opt/rustwide/workdir/crates/rendering/renderer-wgpu)
[INFO] [stderr]    Compiling mirae-source-runtime v0.0.0 (/opt/rustwide/workdir/crates/media/source-runtime)
[INFO] [stderr]    Compiling mirae-output v0.0.0 (/opt/rustwide/workdir/crates/media/output)
[INFO] [stderr]    Compiling mirae-extension-host v0.0.0 (/opt/rustwide/workdir/apps/extension-host)
[INFO] [stderr]    Compiling http v1.5.0
[INFO] [stderr]    Compiling block-buffer v0.10.4
[INFO] [stderr]    Compiling crypto-common v0.1.7
[INFO] [stderr]    Compiling time v0.3.54
[INFO] [stderr]    Compiling digest v0.10.7
[INFO] [stderr]    Compiling displaydoc v0.2.7
[INFO] [stderr]    Compiling serde_derive v1.0.229
[INFO] [stderr]    Compiling thiserror-impl v2.0.19
[INFO] [stderr]    Compiling sha2 v0.10.9
[INFO] [stderr]    Compiling uuid v1.24.0
[INFO] [stderr]    Compiling toml_datetime v0.6.3
[INFO] [stderr]    Compiling serde_spanned v0.6.9
[INFO] [stderr]    Compiling toml_edit v0.19.15
[INFO] [stderr]    Compiling toml_edit v0.20.2
[INFO] [stderr]    Compiling synstructure v0.13.2
[INFO] [stderr]    Compiling futures-macro v0.3.33
[INFO] [stderr]    Compiling zerofrom-derive v0.1.7
[INFO] [stderr]    Compiling thiserror-impl v1.0.69
[INFO] [stderr]    Compiling yoke-derive v0.8.2
[INFO] [stderr]    Compiling zerovec-derive v0.11.3
[INFO] [stderr]    Compiling dlopen2_derive v0.4.3
[INFO] [stderr]    Compiling proc-macro-crate v1.3.1
[INFO] [stderr]    Compiling dlopen2 v0.8.2
[INFO] [stderr]    Compiling toml v0.8.2
[INFO] [stderr]    Compiling proc-macro-crate v2.0.2
[INFO] [stderr]    Compiling futures-util v0.3.33
[INFO] [stderr]    Compiling zerofrom v0.1.8
[INFO] [stderr]    Compiling thiserror v1.0.69
[INFO] [stderr]    Compiling system-deps v6.2.2
[INFO] [stderr]    Compiling yoke v0.8.3
[INFO] [stderr]    Compiling mirae-contracts v0.0.0 (/opt/rustwide/workdir/crates/foundation/contracts)
[INFO] [stderr]    Compiling mirae-types v0.0.0 (/opt/rustwide/workdir/crates/foundation/types)
[INFO] [stderr]    Compiling gtk3-macros v0.18.2
[INFO] [stderr]    Compiling mirae-commands v0.0.0 (/opt/rustwide/workdir/crates/domain/commands)
[INFO] [stderr]    Compiling mirae-domain v0.0.0 (/opt/rustwide/workdir/crates/domain/domain)
[INFO] [stderr]    Compiling zerovec v0.11.6
[INFO] [stderr]    Compiling zerotrie v0.2.4
[INFO] [stderr]    Compiling glib-macros v0.18.5
[INFO] [stderr]    Compiling mirae-state v0.0.0 (/opt/rustwide/workdir/crates/domain/state)
[INFO] [stderr]    Compiling glib-sys v0.18.1
[INFO] [stderr]    Compiling gobject-sys v0.18.0
[INFO] [stderr]    Compiling gio-sys v0.18.1
[INFO] [stderr]    Compiling gdk-sys v0.18.2
[INFO] [stderr]    Compiling gdk-pixbuf-sys v0.18.0
[INFO] [stderr]    Compiling pango-sys v0.18.0
[INFO] [stderr]    Compiling cairo-sys-rs v0.18.2
[INFO] [stderr]    Compiling atk-sys v0.18.2
[INFO] [stderr]    Compiling gtk-sys v0.18.2
[INFO] [stderr]    Compiling javascriptcore-rs-sys v1.1.1
[INFO] [stderr]    Compiling soup3-sys v0.5.0
[INFO] [stderr]    Compiling webkit2gtk-sys v2.0.2
[INFO] [stderr]    Compiling gdkx11-sys v0.18.2
[INFO] [stderr]    Compiling mirae-runtime v0.0.0 (/opt/rustwide/workdir/crates/runtime/runtime)
[INFO] [stderr]    Compiling mirae-project v0.0.0 (/opt/rustwide/workdir/crates/project/project)
[INFO] [stderr]    Compiling mirae-test-support v0.0.0 (/opt/rustwide/workdir/crates/test-support/test-support)
[INFO] [stderr]    Compiling tinystr v0.8.3
[INFO] [stderr]    Compiling potential_utf v0.1.5
[INFO] [stderr]    Compiling icu_collections v2.2.0
[INFO] [stderr]    Compiling mirae-integration-tests v0.0.0 (/opt/rustwide/workdir/tests/integration)
[INFO] [stderr]    Compiling icu_locale_core v2.2.0
[INFO] [stderr]    Compiling mirae-engine v0.0.0 (/opt/rustwide/workdir/apps/engine)
[INFO] [stderr]    Compiling futures-executor v0.3.33
[INFO] [stderr]    Compiling icu_provider v2.2.0
[INFO] [stderr]    Compiling icu_normalizer v2.2.0
[INFO] [stderr]    Compiling icu_properties v2.2.0
[INFO] [stderr]    Compiling glib v0.18.5
[INFO] [stderr]    Compiling gdkwayland-sys v0.18.2
[INFO] [stderr]    Compiling idna_adapter v1.2.2
[INFO] [stderr]    Compiling idna v1.1.0
[INFO] [stderr]    Compiling url v2.5.8
[INFO] [stderr]    Compiling cairo-rs v0.18.5
[INFO] [stderr]    Compiling atk v0.18.2
[INFO] [stderr]    Compiling javascriptcore-rs v1.1.2
[INFO] [stderr]    Compiling gdk-pixbuf v0.18.5
[INFO] [stderr]    Compiling pango v0.18.3
[INFO] [stderr]    Compiling soup3 v0.5.0
[INFO] [stderr]    Compiling gdk v0.18.2
[INFO] [stderr]    Compiling gdkx11 v0.18.2
[INFO] [stderr]    Compiling webkit2gtk v2.0.2
[INFO] [stderr]    Compiling tao v0.35.3
[INFO] [stderr]    Compiling mirae-shell v0.0.0 (/opt/rustwide/workdir/apps/desktop-shell)
[INFO] [stderr] warning: unused dependency `mirae-test-support`
[INFO] [stderr]   --> tests/integration/Cargo.toml:17:1
[INFO] [stderr]    |
[INFO] [stderr] 17 | mirae-test-support = { path = "../../crates/test-support/test-support" }
[INFO] [stderr]    | ^^^^^^^^^^^^^^^^^^^^^^^^^^^^^^^^^^^^^^^^^^^^^^^^^^^^^^^^^^^^^^^^^^^^^^^^
[INFO] [stderr]    |
[INFO] [stderr]    = note: `cargo::unused_dependencies` is set to `warn` by default
[INFO] [stderr] help: consider removing the dependency on `mirae-test-support`
[INFO] [stderr] warning: `mirae-integration-tests` (manifest) generated 1 warning
[INFO] [stderr] warning: unused dependency `serde_json`
[INFO] [stderr]   --> crates/runtime/runtime/Cargo.toml:18:1
[INFO] [stderr]    |
[INFO] [stderr] 18 | serde_json = { workspace = true }
[INFO] [stderr]    | ^^^^^^^^^^^^^^^^^^^^^^^^^^^^^^^^^
[INFO] [stderr]    |
[INFO] [stderr]    = note: `cargo::unused_dependencies` is set to `warn` by default
[INFO] [stderr] help: consider removing the dependency on `serde_json`
[INFO] [stderr] warning: `mirae-runtime` (manifest) generated 1 warning
[INFO] [stderr]     Finished `release` profile [optimized] target(s) in 1m 35s
[INFO] running `Command { std: "docker" "inspect" "c5e62f066e44539f5919b5316c45c3e50ce34868a71c2c9bd221c736cd9846c5", kill_on_drop: false }`
[INFO] running `Command { std: "docker" "exec" "-e" "SOURCE_DIR=/opt/rustwide/workdir" "-e" "CARGO_HOME=/opt/rustwide/cargo-home" "-e" "RUSTUP_HOME=/opt/rustwide/rustup-home" "-e" "CARGO_TARGET_DIR=/opt/rustwide/target" "-e" "CARGO_INCREMENTAL=0" "-e" "RUST_BACKTRACE=full" "-e" "RUSTFLAGS=--cap-lints=warn" "-e" "RUSTDOCFLAGS=--cap-lints=warn" "-w" "/opt/rustwide/workdir" "--user" "0:0" "c5e62f066e44539f5919b5316c45c3e50ce34868a71c2c9bd221c736cd9846c5" "/opt/rustwide/cargo-home/bin/cargo" "+1.100.0-beta.1" "test" "--frozen" "--no-run" "--message-format=json" "--release", kill_on_drop: false }`
[INFO] [stderr]    Compiling mirae-integration-tests v0.0.0 (/opt/rustwide/workdir/tests/integration)
[INFO] [stderr]    Compiling mirae-project v0.0.0 (/opt/rustwide/workdir/crates/project/project)
[INFO] [stderr]    Compiling mirae-test-support v0.0.0 (/opt/rustwide/workdir/crates/test-support/test-support)
[INFO] [stderr]    Compiling mirae-engine v0.0.0 (/opt/rustwide/workdir/apps/engine)
[INFO] [stderr]    Compiling mirae-state v0.0.0 (/opt/rustwide/workdir/crates/domain/state)
[INFO] [stderr]    Compiling mirae-shell v0.0.0 (/opt/rustwide/workdir/apps/desktop-shell)
[INFO] [stderr]    Compiling mirae-runtime v0.0.0 (/opt/rustwide/workdir/crates/runtime/runtime)
[INFO] [stderr]    Compiling mirae-commands v0.0.0 (/opt/rustwide/workdir/crates/domain/commands)
[INFO] [stderr]    Compiling mirae-contracts v0.0.0 (/opt/rustwide/workdir/crates/foundation/contracts)
[INFO] [stderr]    Compiling mirae-domain v0.0.0 (/opt/rustwide/workdir/crates/domain/domain)
[INFO] [stderr]    Compiling mirae-types v0.0.0 (/opt/rustwide/workdir/crates/foundation/types)
[INFO] [stderr]    Compiling mirae-observability v0.0.0 (/opt/rustwide/workdir/crates/foundation/observability)
[INFO] [stderr]    Compiling mirae-shaders v0.0.0 (/opt/rustwide/workdir/crates/rendering/shaders)
[INFO] [stderr]    Compiling mirae-errors v0.0.0 (/opt/rustwide/workdir/crates/foundation/errors)
[INFO] [stderr]    Compiling mirae-source-runtime v0.0.0 (/opt/rustwide/workdir/crates/media/source-runtime)
[INFO] [stderr]    Compiling mirae-platform v0.0.0 (/opt/rustwide/workdir/crates/platform/platform)
[INFO] [stderr]    Compiling mirae-extension-host-runtime v0.0.0 (/opt/rustwide/workdir/crates/sdk/extension-host-runtime)
[INFO] [stderr]    Compiling mirae-frame-compiler v0.0.0 (/opt/rustwide/workdir/crates/rendering/frame-compiler)
[INFO] [stderr]    Compiling mirae-render-graph v0.0.0 (/opt/rustwide/workdir/crates/rendering/render-graph)
[INFO] [stderr]    Compiling mirae-platform-linux v0.0.0 (/opt/rustwide/workdir/crates/platform/platform-linux)
[INFO] [stderr]    Compiling xtask v0.0.0 (/opt/rustwide/workdir/tools/xtask)
[INFO] [stderr]    Compiling mirae-platform-macos v0.0.0 (/opt/rustwide/workdir/crates/platform/platform-macos)
[INFO] [stderr]    Compiling mirae-encoder v0.0.0 (/opt/rustwide/workdir/crates/media/encoder)
[INFO] [stderr]    Compiling mirae-scene v0.0.0 (/opt/rustwide/workdir/crates/rendering/scene)
[INFO] [stderr]    Compiling mirae-extension-brokers v0.0.0 (/opt/rustwide/workdir/crates/sdk/extension-brokers)
[INFO] [stderr]    Compiling mirae-renderer v0.0.0 (/opt/rustwide/workdir/crates/rendering/renderer)
[INFO] [stderr]    Compiling mirae-extension-host v0.0.0 (/opt/rustwide/workdir/apps/extension-host)
[INFO] [stderr]    Compiling mirae-renderer-wgpu v0.0.0 (/opt/rustwide/workdir/crates/rendering/renderer-wgpu)
[INFO] [stderr]    Compiling mirae-media-ffmpeg v0.0.0 (/opt/rustwide/workdir/crates/media/media-ffmpeg)
[INFO] [stderr]    Compiling mirae-platform-windows v0.0.0 (/opt/rustwide/workdir/crates/platform/platform-windows)
[INFO] [stderr]    Compiling mirae-audio v0.0.0 (/opt/rustwide/workdir/crates/media/audio)
[INFO] [stderr]    Compiling mirae-sdk-protocol v0.0.0 (/opt/rustwide/workdir/crates/sdk/sdk-protocol)
[INFO] [stderr]    Compiling mirae-media-types v0.0.0 (/opt/rustwide/workdir/crates/media/media-types)
[INFO] [stderr]    Compiling mirae-output v0.0.0 (/opt/rustwide/workdir/crates/media/output)
[INFO] [stderr]    Compiling mirae-extension-manager v0.0.0 (/opt/rustwide/workdir/crates/sdk/extension-manager)
[INFO] [stderr] warning: unused dependency `mirae-test-support`
[INFO] [stderr]   --> tests/integration/Cargo.toml:17:1
[INFO] [stderr]    |
[INFO] [stderr] 17 | mirae-test-support = { path = "../../crates/test-support/test-support" }
[INFO] [stderr]    | ^^^^^^^^^^^^^^^^^^^^^^^^^^^^^^^^^^^^^^^^^^^^^^^^^^^^^^^^^^^^^^^^^^^^^^^^
[INFO] [stderr]    |
[INFO] [stderr]    = note: `cargo::unused_dependencies` is set to `warn` by default
[INFO] [stderr] help: consider removing the dependency on `mirae-test-support`
[INFO] [stderr] help: to still use for development builds, move to `dev-dependencies`
[INFO] [stderr] warning: `mirae-integration-tests` (manifest) generated 1 warning
[INFO] [stderr] warning: unused dependency `serde_json`
[INFO] [stderr]   --> crates/runtime/runtime/Cargo.toml:18:1
[INFO] [stderr]    |
[INFO] [stderr] 18 | serde_json = { workspace = true }
[INFO] [stderr]    | ^^^^^^^^^^^^^^^^^^^^^^^^^^^^^^^^^
[INFO] [stderr]    |
[INFO] [stderr]    = note: `cargo::unused_dependencies` is set to `warn` by default
[INFO] [stderr] help: consider removing the dependency on `serde_json`
[INFO] [stderr] help: to still use for development builds, move to `dev-dependencies`
[INFO] [stderr] warning: `mirae-runtime` (manifest) generated 1 warning
[INFO] [stderr]     Finished `release` profile [optimized] target(s) in 3.57s
[INFO] running `Command { std: "docker" "inspect" "c5e62f066e44539f5919b5316c45c3e50ce34868a71c2c9bd221c736cd9846c5", kill_on_drop: false }`
[INFO] running `Command { std: "docker" "exec" "-e" "SOURCE_DIR=/opt/rustwide/workdir" "-e" "CARGO_HOME=/opt/rustwide/cargo-home" "-e" "RUSTUP_HOME=/opt/rustwide/rustup-home" "-e" "CARGO_TARGET_DIR=/opt/rustwide/target" "-e" "CARGO_INCREMENTAL=0" "-e" "RUST_BACKTRACE=full" "-e" "RUSTFLAGS=--cap-lints=warn" "-e" "RUSTDOCFLAGS=--cap-lints=warn" "-w" "/opt/rustwide/workdir" "--user" "0:0" "c5e62f066e44539f5919b5316c45c3e50ce34868a71c2c9bd221c736cd9846c5" "/opt/rustwide/cargo-home/bin/cargo" "+1.100.0-beta.1" "test" "--frozen" "--release", kill_on_drop: false }`
[INFO] [stderr] warning: unused dependency `mirae-test-support`
[INFO] [stderr]   --> tests/integration/Cargo.toml:17:1
[INFO] [stderr]    |
[INFO] [stderr] 17 | mirae-test-support = { path = "../../crates/test-support/test-support" }
[INFO] [stderr]    | ^^^^^^^^^^^^^^^^^^^^^^^^^^^^^^^^^^^^^^^^^^^^^^^^^^^^^^^^^^^^^^^^^^^^^^^^
[INFO] [stderr]    |
[INFO] [stderr]    = note: `cargo::unused_dependencies` is set to `warn` by default
[INFO] [stderr] help: consider removing the dependency on `mirae-test-support`
[INFO] [stderr] help: to still use for development builds, move to `dev-dependencies`
[INFO] [stderr] warning: `mirae-integration-tests` (manifest) generated 1 warning
[INFO] [stderr] warning: unused dependency `serde_json`
[INFO] [stderr]   --> crates/runtime/runtime/Cargo.toml:18:1
[INFO] [stderr]    |
[INFO] [stderr] 18 | serde_json = { workspace = true }
[INFO] [stderr]    | ^^^^^^^^^^^^^^^^^^^^^^^^^^^^^^^^^
[INFO] [stderr]    |
[INFO] [stderr]    = note: `cargo::unused_dependencies` is set to `warn` by default
[INFO] [stderr] help: consider removing the dependency on `serde_json`
[INFO] [stderr] help: to still use for development builds, move to `dev-dependencies`
[INFO] [stderr] warning: `mirae-runtime` (manifest) generated 1 warning
[INFO] [stderr]     Finished `release` profile [optimized] target(s) in 0.14s
[INFO] [stderr]      Running unittests src/lib.rs (/opt/rustwide/target/release/build/mirae-audio/c080f74424e608e6/out/mirae_audio-c080f74424e608e6)
[INFO] [stdout] 
[INFO] [stdout] running 0 tests
[INFO] [stdout] 
[INFO] [stdout] test result: ok. 0 passed; 0 failed; 0 ignored; 0 measured; 0 filtered out; finished in 0.00s
[INFO] [stdout] 
[INFO] [stderr]      Running unittests src/lib.rs (/opt/rustwide/target/release/build/mirae-commands/c22a255ece0476b8/out/mirae_commands-c22a255ece0476b8)
[INFO] [stdout] 
[INFO] [stdout] running 16 tests
[INFO] [stdout] test tests::a_command_addressed_to_another_session_is_refused ... ok
[INFO] [stdout] test tests::a_client_timestamp_is_carried_but_never_consulted ... ok
[INFO] [stdout] test tests::a_conflict_acknowledgement_carries_the_current_generation ... ok
[INFO] [stdout] test tests::a_matching_expected_generation_passes ... ok
[INFO] [stdout] test tests::a_command_is_refused_in_a_phase_that_does_not_allow_it ... ok
[INFO] [stdout] test tests::a_payload_that_fails_its_own_validation_is_refused ... ok
[INFO] [stdout] test tests::a_stale_expected_generation_is_a_conflict_rather_than_a_rejection ... ok
[INFO] [stdout] test tests::a_well_formed_command_passes_every_stateless_stage ... ok
[INFO] [stdout] test tests::an_acknowledgement_names_the_generation_it_committed ... ok
[INFO] [stdout] test tests::an_actor_without_the_capability_is_refused ... ok
[INFO] [stdout] test tests::an_empty_session_is_refused_as_a_malformed_envelope ... ok
[INFO] [stdout] test tests::an_idempotency_key_is_bounded_and_printable ... ok
[INFO] [stdout] test tests::commands_are_registered_by_type_and_registered_twice_is_reported ... ok
[INFO] [stdout] test tests::every_error_category_has_a_stable_identifier_and_no_user_text ... ok
[INFO] [stdout] test tests::permission_is_checked_before_the_generation ... ok
[INFO] [stdout] test tests::the_session_is_checked_before_the_payload ... ok
[INFO] [stdout] 
[INFO] [stdout] test result: ok. 16 passed; 0 failed; 0 ignored; 0 measured; 0 filtered out; finished in 0.00s
[INFO] [stdout] 
[INFO] [stderr]      Running unittests src/lib.rs (/opt/rustwide/target/release/build/mirae-contracts/9ef4c160ae3fdda3/out/mirae_contracts-9ef4c160ae3fdda3)
[INFO] [stdout] 
[INFO] [stdout] running 0 tests
[INFO] [stdout] 
[INFO] [stdout] test result: ok. 0 passed; 0 failed; 0 ignored; 0 measured; 0 filtered out; finished in 0.00s
[INFO] [stdout] 
[INFO] [stderr]      Running tests/handshake_contracts.rs (/opt/rustwide/target/release/build/mirae-contracts/75789f229b8a104b/out/handshake_contracts-75789f229b8a104b)
[INFO] [stdout] 
[INFO] [stdout] running 6 tests
[INFO] [stdout] test contract_ids_are_sorted_and_unique ... ok
[INFO] [stdout] test every_readiness_state_has_a_stable_wire_value ... ok
[INFO] [stdout] test protocol_version_can_be_constructed_from_its_constants ... ok
[INFO] [stdout] test protocol_version_constants_match_the_schema ... ok
[INFO] [stdout] test readiness_carries_an_optional_detail ... ok
[INFO] [stdout] test string_bounds_are_exposed_for_bounded_decoding ... ok
[INFO] [stdout] 
[INFO] [stdout] test result: ok. 6 passed; 0 failed; 0 ignored; 0 measured; 0 filtered out; finished in 0.00s
[INFO] [stdout] 
[INFO] [stderr]      Running tests/project_envelope.rs (/opt/rustwide/target/release/build/mirae-contracts/2af3237d01cc658d/out/project_envelope-2af3237d01cc658d)
[INFO] [stdout] 
[INFO] [stdout] running 8 tests
[INFO] [stdout] test a_missing_required_field_is_refused ... ok
[INFO] [stdout] test a_non_integral_schema_version_is_refused ... ok
[INFO] [stdout] test a_populated_project_round_trips_unchanged ... ok
[INFO] [stdout] test an_empty_project_round_trips_unchanged ... ok
[INFO] [stdout] test an_unknown_enumeration_value_is_refused ... ok
[INFO] [stdout] test an_unknown_field_is_refused_rather_than_ignored ... ok
[INFO] [stdout] test the_envelope_can_be_read_before_the_body_is_understood ... ok
[INFO] [stdout] test the_wire_names_are_the_schema_names ... ok
[INFO] [stdout] 
[INFO] [stdout] test result: ok. 8 passed; 0 failed; 0 ignored; 0 measured; 0 filtered out; finished in 0.00s
[INFO] [stdout] 
[INFO] [stderr]      Running unittests src/lib.rs (/opt/rustwide/target/release/build/mirae-domain/4ed863b76fc35a1f/out/mirae_domain-4ed863b76fc35a1f)
[INFO] [stdout] 
[INFO] [stdout] running 3 tests
[INFO] [stdout] test entity::tests::a_name_is_bounded_and_refuses_control_characters ... ok
[INFO] [stdout] test entity::tests::the_bound_counts_characters_rather_than_bytes ... ok
[INFO] [stdout] test entity::tests::a_rejected_name_is_not_echoed_by_its_error ... ok
[INFO] [stdout] 
[INFO] [stdout] test result: ok. 3 passed; 0 failed; 0 ignored; 0 measured; 0 filtered out; finished in 0.00s
[INFO] [stdout] 
[INFO] [stderr]      Running unittests src/lib.rs (/opt/rustwide/target/release/build/mirae-encoder/e4613421a94b4c79/out/mirae_encoder-e4613421a94b4c79)
[INFO] [stdout] 
[INFO] [stdout] running 0 tests
[INFO] [stdout] 
[INFO] [stdout] test result: ok. 0 passed; 0 failed; 0 ignored; 0 measured; 0 filtered out; finished in 0.00s
[INFO] [stdout] 
[INFO] [stderr]      Running unittests src/main.rs (/opt/rustwide/target/release/build/mirae-engine/77d9007dd0f4b348/out/mirae_engine-77d9007dd0f4b348)
[INFO] [stdout] 
[INFO] [stdout] running 0 tests
[INFO] [stdout] 
[INFO] [stdout] test result: ok. 0 passed; 0 failed; 0 ignored; 0 measured; 0 filtered out; finished in 0.00s
[INFO] [stdout] 
[INFO] [stderr]      Running tests/crash_restart.rs (/opt/rustwide/target/release/build/mirae-engine/b29d6206a53f0356/out/crash_restart-b29d6206a53f0356)
[INFO] [stdout] 
[INFO] [stdout] running 4 tests
[INFO] [stdout] test the_shell_launches_a_real_engine ... ok
[INFO] [stdout] test the_shell_reports_no_engine_state_while_disconnected ... ok
[INFO] [stdout] test a_killed_engine_is_detected_and_restarted ... ok
[INFO] [stdout] test a_crash_loop_stops_at_the_restart_budget ... ok
[INFO] [stdout] 
[INFO] [stdout] test result: ok. 4 passed; 0 failed; 0 ignored; 0 measured; 0 filtered out; finished in 0.90s
[INFO] [stdout] 
[INFO] [stderr]      Running unittests src/lib.rs (/opt/rustwide/target/release/build/mirae-errors/71f6c1b224699a7f/out/mirae_errors-71f6c1b224699a7f)
[INFO] [stdout] 
[INFO] [stdout] running 42 tests
[INFO] [stdout] test code::tests::accepts_the_documented_examples ... ok
[INFO] [stdout] test code::tests::displays_as_the_bare_code ... ok
[INFO] [stdout] test code::tests::rejects_malformed_codes ... ok
[INFO] [stdout] test context::tests::a_repeated_key_takes_the_most_specific_value ... ok
[INFO] [stdout] test code::tests::rejects_a_code_longer_than_the_bound ... ok
[INFO] [stdout] test context::tests::drops_entries_past_the_bound_and_reports_the_count ... ok
[INFO] [stdout] test code::tests::can_be_validated_at_compile_time ... ok
[INFO] [stdout] test context::tests::formats_as_key_value_pairs ... ok
[INFO] [stdout] test context::tests::records_ids_generations_and_labels ... ok
[INFO] [stdout] test context::tests::is_bounded_and_counts_what_it_dropped ... ok
[INFO] [stdout] test redaction::tests::keeps_relative_paths_and_file_roles ... ok
[INFO] [stdout] test context::tests::redacts_and_truncates_text_values ... ok
[INFO] [stdout] test redaction::tests::leaves_text_without_paths_untouched ... ok
[INFO] [stdout] test redaction::tests::normalizes_whitespace_to_one_line ... ok
[INFO] [stdout] test redaction::tests::redacts_a_path_inside_a_sentence_and_keeps_punctuation ... ok
[INFO] [stdout] test redaction::tests::redacts_every_path_in_a_message ... ok
[INFO] [stdout] test redaction::tests::redacts_posix_home_paths ... ok
[INFO] [stdout] test redaction::tests::redacts_windows_user_paths ... ok
[INFO] [stdout] test redaction::tests::survives_multi_byte_characters ... ok
[INFO] [stdout] test redaction::tests::truncates_on_character_boundaries ... ok
[INFO] [stdout] test redaction::tests::truncation_is_never_longer_than_requested ... ok
[INFO] [stdout] test taxonomy::tests::a_defect_is_never_automatically_retried ... ok
[INFO] [stdout] test taxonomy::tests::cancellation_is_informational_and_not_a_failure ... ok
[INFO] [stdout] test taxonomy::tests::correlation_ids_round_trip_and_format_as_hex ... ok
[INFO] [stdout] test taxonomy::tests::defects_and_corruption_are_critical ... ok
[INFO] [stdout] test taxonomy::tests::every_category_has_a_defined_default_pair ... ok
[INFO] [stdout] test taxonomy::tests::permission_and_capability_need_someone_else_to_act ... ok
[INFO] [stdout] test taxonomy::tests::severity_orders_by_impact ... ok
[INFO] [stdout] test taxonomy::tests::subsystem_and_hint_identifiers_are_stable_and_unique ... ok
[INFO] [stdout] test taxonomy::tests::every_category_has_distinct_stable_identifiers ... ok
[INFO] [stdout] test taxonomy::tests::unknown_retryability_never_starts_a_retry_loop ... ok
[INFO] [stdout] test taxonomy::tests::transient_conditions_retry_and_permanent_ones_do_not ... ok
[INFO] [stdout] test tests::an_error_without_a_source_is_its_own_root_cause ... ok
[INFO] [stdout] test tests::cancellation_is_not_reported_as_a_failure ... ok
[INFO] [stdout] test tests::carries_bounded_context ... ok
[INFO] [stdout] test tests::diagnostic_line_is_complete_and_safe ... ok
[INFO] [stdout] test tests::correlation_defaults_to_none ... ok
[INFO] [stdout] test tests::display_shows_only_the_safe_message ... ok
[INFO] [stdout] test tests::overrides_apply_only_to_what_was_set ... ok
[INFO] [stdout] test tests::preserves_the_root_cause_through_the_chain ... ok
[INFO] [stdout] test tests::redacts_and_bounds_the_safe_message ... ok
[INFO] [stdout] test tests::takes_severity_and_retryability_from_the_category ... ok
[INFO] [stdout] 
[INFO] [stdout] test result: ok. 42 passed; 0 failed; 0 ignored; 0 measured; 0 filtered out; finished in 0.00s
[INFO] [stdout] 
[INFO] [stderr]      Running unittests src/lib.rs (/opt/rustwide/target/release/build/mirae-extension-brokers/37ac6c2312ad9788/out/mirae_extension_brokers-37ac6c2312ad9788)
[INFO] [stdout] 
[INFO] [stdout] running 0 tests
[INFO] [stdout] 
[INFO] [stdout] test result: ok. 0 passed; 0 failed; 0 ignored; 0 measured; 0 filtered out; finished in 0.00s
[INFO] [stdout] 
[INFO] [stderr]      Running unittests src/main.rs (/opt/rustwide/target/release/build/mirae-extension-host/28961b02af03f975/out/mirae_extension_host-28961b02af03f975)
[INFO] [stdout] 
[INFO] [stdout] running 0 tests
[INFO] [stdout] 
[INFO] [stdout] test result: ok. 0 passed; 0 failed; 0 ignored; 0 measured; 0 filtered out; finished in 0.00s
[INFO] [stdout] 
[INFO] [stderr]      Running unittests src/lib.rs (/opt/rustwide/target/release/build/mirae-extension-host-runtime/73b0cc4fd829fe18/out/mirae_extension_host_runtime-73b0cc4fd829fe18)
[INFO] [stdout] 
[INFO] [stdout] running 0 tests
[INFO] [stdout] 
[INFO] [stdout] test result: ok. 0 passed; 0 failed; 0 ignored; 0 measured; 0 filtered out; finished in 0.00s
[INFO] [stdout] 
[INFO] [stderr]      Running unittests src/lib.rs (/opt/rustwide/target/release/build/mirae-extension-manager/2c15a8ed0306c937/out/mirae_extension_manager-2c15a8ed0306c937)
[INFO] [stdout] 
[INFO] [stdout] running 0 tests
[INFO] [stdout] 
[INFO] [stdout] test result: ok. 0 passed; 0 failed; 0 ignored; 0 measured; 0 filtered out; finished in 0.00s
[INFO] [stdout] 
[INFO] [stderr]      Running unittests src/lib.rs (/opt/rustwide/target/release/build/mirae-frame-compiler/0428f605c835b350/out/mirae_frame_compiler-0428f605c835b350)
[INFO] [stdout] 
[INFO] [stdout] running 0 tests
[INFO] [stdout] 
[INFO] [stdout] test result: ok. 0 passed; 0 failed; 0 ignored; 0 measured; 0 filtered out; finished in 0.00s
[INFO] [stdout] 
[INFO] [stderr]      Running unittests src/lib.rs (/opt/rustwide/target/release/build/mirae-integration-tests/d96decaee0984245/out/mirae_integration_tests-d96decaee0984245)
[INFO] [stdout] 
[INFO] [stdout] running 0 tests
[INFO] [stdout] 
[INFO] [stdout] test result: ok. 0 passed; 0 failed; 0 ignored; 0 measured; 0 filtered out; finished in 0.00s
[INFO] [stdout] 
[INFO] [stderr]      Running tests/engine_lifecycle.rs (/opt/rustwide/target/release/build/mirae-integration-tests/ac41b1f06a9f6f12/out/engine_lifecycle-ac41b1f06a9f6f12)
[INFO] [stdout] 
[INFO] [stdout] running 4 tests
[INFO] [stdout] test a_wrong_credential_is_refused_by_the_real_engine ... FAILED
[INFO] [stdout] test each_engine_run_is_a_new_session ... FAILED
[INFO] [stdout] test the_harness_leaves_no_process_behind_when_a_test_fails ... FAILED
[INFO] [stdout] test an_engine_accepts_an_authenticated_client_and_stops_cleanly ... FAILED
[INFO] [stdout] 
[INFO] [stdout] failures:
[INFO] [stdout] 
[INFO] [stdout] ---- a_wrong_credential_is_refused_by_the_real_engine stdout ----
[INFO] [stdout] 
[INFO] [stdout] thread 'a_wrong_credential_is_refused_by_the_real_engine' (5188) panicked at tests/integration/tests/engine_lifecycle.rs:50:53:
[INFO] [stdout] the engine should launch: EngineNotFound("no mirae-engine beside /opt/rustwide/target/release/build/mirae-integration-tests/ac41b1f06a9f6f12/out/engine_lifecycle-ac41b1f06a9f6f12")
[INFO] [stdout] stack backtrace:
[INFO] [stdout]    0:     0x5f1479a0d841 - <<std[617be2ca0a6fd877]::sys::backtrace::BacktraceLock>::print::DisplayBacktrace as core[a373ad73a504971]::fmt::Display>::fmt
[INFO] [stdout]    1:     0x5f1479a21fba - core[a373ad73a504971]::fmt::write
[INFO] [stdout]    2:     0x5f1479a11aec - <alloc[2e1b2a31b91974c5]::vec::Vec<u8> as core[a373ad73a504971]::io::write::Write>::write_fmt
[INFO] [stdout]    3:     0x5f14799e94d6 - std[617be2ca0a6fd877]::panicking::default_hook::{closure#0}
[INFO] [stdout]    4:     0x5f1479a05e19 - std[617be2ca0a6fd877]::panicking::default_hook
[INFO] [stdout]    5:     0x5f1479995e70 - test[aada8e7e76ba119b]::test_main_inner::{closure#0}
[INFO] [stdout]    6:     0x5f1479a05fd2 - std[617be2ca0a6fd877]::panicking::panic_with_hook
[INFO] [stdout]    7:     0x5f14799e9582 - std[617be2ca0a6fd877]::panicking::panic_handler::{closure#0}
[INFO] [stdout]    8:     0x5f14799e2299 - std[617be2ca0a6fd877]::sys::backtrace::__rust_end_short_backtrace::<std[617be2ca0a6fd877]::panicking::panic_handler::{closure#0}, !>
[INFO] [stdout]    9:     0x5f14799ea18d - __rustc[ea4f61d10b84890b]::rust_begin_unwind
[INFO] [stdout]   10:     0x5f1479a226ec - core[a373ad73a504971]::panicking::panic_fmt
[INFO] [stdout]   11:     0x5f1479a224c2 - core[a373ad73a504971]::result::unwrap_failed
[INFO] [stdout]   12:     0x5f1479988b1c - <engine_lifecycle[2bad7565b569e123]::a_wrong_credential_is_refused_by_the_real_engine::{closure#0} as core[a373ad73a504971]::ops::function::FnOnce<()>>::call_once
[INFO] [stdout]   13:     0x5f14799892bb - test[aada8e7e76ba119b]::__rust_begin_short_backtrace::<core[a373ad73a504971]::result::Result<(), alloc[2e1b2a31b91974c5]::string::String>, fn() -> core[a373ad73a504971]::result::Result<(), alloc[2e1b2a31b91974c5]::string::String>>
[INFO] [stdout]   14:     0x5f1479996495 - test[aada8e7e76ba119b]::run_test::{closure#0}
[INFO] [stdout]   15:     0x5f147998fd84 - std[617be2ca0a6fd877]::sys::backtrace::__rust_begin_short_backtrace::<test[aada8e7e76ba119b]::run_test::{closure#1}, ()>
[INFO] [stdout]   16:     0x5f1479999522 - <std[617be2ca0a6fd877]::thread::lifecycle::spawn_unchecked<test[aada8e7e76ba119b]::run_test::{closure#1}, ()>::{closure#1} as core[a373ad73a504971]::ops::function::FnOnce<()>>::call_once::{shim:vtable#0}
[INFO] [stdout]   17:     0x5f1479a0d09f - <std[617be2ca0a6fd877]::sys::thread::unix::Thread>::new::thread_start
[INFO] [stdout]   18:     0x75465d4ffdfa - <unknown>
[INFO] [stdout]   19:     0x75465d5933d4 - clone
[INFO] [stdout]   20:                0x0 - <unknown>
[INFO] [stdout] 
[INFO] [stdout] ---- each_engine_run_is_a_new_session stdout ----
[INFO] [stdout] 
[INFO] [stdout] thread 'each_engine_run_is_a_new_session' (5190) panicked at tests/integration/tests/engine_lifecycle.rs:72:51:
[INFO] [stdout] the engine should launch: EngineNotFound("no mirae-engine beside /opt/rustwide/target/release/build/mirae-integration-tests/ac41b1f06a9f6f12/out/engine_lifecycle-ac41b1f06a9f6f12")
[INFO] [stdout] stack backtrace:
[INFO] [stdout]    0:     0x5f1479a0d841 - <<std[617be2ca0a6fd877]::sys::backtrace::BacktraceLock>::print::DisplayBacktrace as core[a373ad73a504971]::fmt::Display>::fmt
[INFO] [stdout]    1:     0x5f1479a21fba - core[a373ad73a504971]::fmt::write
[INFO] [stdout]    2:     0x5f1479a11aec - <alloc[2e1b2a31b91974c5]::vec::Vec<u8> as core[a373ad73a504971]::io::write::Write>::write_fmt
[INFO] [stdout]    3:     0x5f14799e94d6 - std[617be2ca0a6fd877]::panicking::default_hook::{closure#0}
[INFO] [stdout]    4:     0x5f1479a05e19 - std[617be2ca0a6fd877]::panicking::default_hook
[INFO] [stdout]    5:     0x5f1479995e70 - test[aada8e7e76ba119b]::test_main_inner::{closure#0}
[INFO] [stdout]    6:     0x5f1479a05fd2 - std[617be2ca0a6fd877]::panicking::panic_with_hook
[INFO] [stdout]    7:     0x5f14799e9582 - std[617be2ca0a6fd877]::panicking::panic_handler::{closure#0}
[INFO] [stdout]    8:     0x5f14799e2299 - std[617be2ca0a6fd877]::sys::backtrace::__rust_end_short_backtrace::<std[617be2ca0a6fd877]::panicking::panic_handler::{closure#0}, !>
[INFO] [stdout]    9:     0x5f14799ea18d - __rustc[ea4f61d10b84890b]::rust_begin_unwind
[INFO] [stdout]   10:     0x5f1479a226ec - core[a373ad73a504971]::panicking::panic_fmt
[INFO] [stdout]   11:     0x5f1479a224c2 - core[a373ad73a504971]::result::unwrap_failed
[INFO] [stdout]   12:     0x5f14799886b8 - <engine_lifecycle[2bad7565b569e123]::each_engine_run_is_a_new_session::{closure#0} as core[a373ad73a504971]::ops::function::FnOnce<()>>::call_once
[INFO] [stdout]   13:     0x5f14799892bb - test[aada8e7e76ba119b]::__rust_begin_short_backtrace::<core[a373ad73a504971]::result::Result<(), alloc[2e1b2a31b91974c5]::string::String>, fn() -> core[a373ad73a504971]::result::Result<(), alloc[2e1b2a31b91974c5]::string::String>>
[INFO] [stdout]   14:     0x5f1479996495 - test[aada8e7e76ba119b]::run_test::{closure#0}
[INFO] [stdout]   15:     0x5f147998fd84 - std[617be2ca0a6fd877]::sys::backtrace::__rust_begin_short_backtrace::<test[aada8e7e76ba119b]::run_test::{closure#1}, ()>
[INFO] [stdout]   16:     0x5f1479999522 - <std[617be2ca0a6fd877]::thread::lifecycle::spawn_unchecked<test[aada8e7e76ba119b]::run_test::{closure#1}, ()>::{closure#1} as core[a373ad73a504971]::ops::function::FnOnce<()>>::call_once::{shim:vtable#0}
[INFO] [stdout]   17:     0x5f1479a0d09f - <std[617be2ca0a6fd877]::sys::thread::unix::Thread>::new::thread_start
[INFO] [stdout]   18:     0x75465d4ffdfa - <unknown>
[INFO] [stdout]   19:     0x75465d5933d4 - clone
[INFO] [stdout]   20:                0x0 - <unknown>
[INFO] [stdout] 
[INFO] [stdout] ---- the_harness_leaves_no_process_behind_when_a_test_fails stdout ----
[INFO] [stdout] 
[INFO] [stdout] thread 'the_harness_leaves_no_process_behind_when_a_test_fails' (5191) panicked at tests/integration/tests/engine_lifecycle.rs:91:53:
[INFO] [stdout] the engine should launch: EngineNotFound("no mirae-engine beside /opt/rustwide/target/release/build/mirae-integration-tests/ac41b1f06a9f6f12/out/engine_lifecycle-ac41b1f06a9f6f12")
[INFO] [stdout] stack backtrace:
[INFO] [stdout]    0:     0x5f1479a0d841 - <<std[617be2ca0a6fd877]::sys::backtrace::BacktraceLock>::print::DisplayBacktrace as core[a373ad73a504971]::fmt::Display>::fmt
[INFO] [stdout]    1:     0x5f1479a21fba - core[a373ad73a504971]::fmt::write
[INFO] [stdout]    2:     0x5f1479a11aec - <alloc[2e1b2a31b91974c5]::vec::Vec<u8> as core[a373ad73a504971]::io::write::Write>::write_fmt
[INFO] [stdout]    3:     0x5f14799e94d6 - std[617be2ca0a6fd877]::panicking::default_hook::{closure#0}
[INFO] [stdout]    4:     0x5f1479a05e19 - std[617be2ca0a6fd877]::panicking::default_hook
[INFO] [stdout]    5:     0x5f1479995e70 - test[aada8e7e76ba119b]::test_main_inner::{closure#0}
[INFO] [stdout]    6:     0x5f1479a05fd2 - std[617be2ca0a6fd877]::panicking::panic_with_hook
[INFO] [stdout]    7:     0x5f14799e9582 - std[617be2ca0a6fd877]::panicking::panic_handler::{closure#0}
[INFO] [stdout]    8:     0x5f14799e2299 - std[617be2ca0a6fd877]::sys::backtrace::__rust_end_short_backtrace::<std[617be2ca0a6fd877]::panicking::panic_handler::{closure#0}, !>
[INFO] [stdout]    9:     0x5f14799ea18d - __rustc[ea4f61d10b84890b]::rust_begin_unwind
[INFO] [stdout]   10:     0x5f1479a226ec - core[a373ad73a504971]::panicking::panic_fmt
[INFO] [stdout]   11:     0x5f1479a224c2 - core[a373ad73a504971]::result::unwrap_failed
[INFO] [stdout]   12:     0x5f1479988df6 - <engine_lifecycle[2bad7565b569e123]::the_harness_leaves_no_process_behind_when_a_test_fails::{closure#0} as core[a373ad73a504971]::ops::function::FnOnce<()>>::call_once
[INFO] [stdout]   13:     0x5f14799892bb - test[aada8e7e76ba119b]::__rust_begin_short_backtrace::<core[a373ad73a504971]::result::Result<(), alloc[2e1b2a31b91974c5]::string::String>, fn() -> core[a373ad73a504971]::result::Result<(), alloc[2e1b2a31b91974c5]::string::String>>
[INFO] [stdout]   14:     0x5f1479996495 - test[aada8e7e76ba119b]::run_test::{closure#0}
[INFO] [stdout]   15:     0x5f147998fd84 - std[617be2ca0a6fd877]::sys::backtrace::__rust_begin_short_backtrace::<test[aada8e7e76ba119b]::run_test::{closure#1}, ()>
[INFO] [stdout]   16:     0x5f1479999522 - <std[617be2ca0a6fd877]::thread::lifecycle::spawn_unchecked<test[aada8e7e76ba119b]::run_test::{closure#1}, ()>::{closure#1} as core[a373ad73a504971]::ops::function::FnOnce<()>>::call_once::{shim:vtable#0}
[INFO] [stdout]   17:     0x5f1479a0d09f - <std[617be2ca0a6fd877]::sys::thread::unix::Thread>::new::thread_start
[INFO] [stdout]   18:     0x75465d4ffdfa - <unknown>
[INFO] [stdout]   19:     0x75465d5933d4 - clone
[INFO] [stdout]   20:                0x0 - <unknown>
[INFO] [stdout] 
[INFO] [stdout] ---- an_engine_accepts_an_authenticated_client_and_stops_cleanly stdout ----
[INFO] [stdout] 
[INFO] [stdout] thread 'an_engine_accepts_an_authenticated_client_and_stops_cleanly' (5189) panicked at tests/integration/tests/engine_lifecycle.rs:23:53:
[INFO] [stdout] the engine should launch: EngineNotFound("no mirae-engine beside /opt/rustwide/target/release/build/mirae-integration-tests/ac41b1f06a9f6f12/out/engine_lifecycle-ac41b1f06a9f6f12")
[INFO] [stderr] error: test failed, to rerun pass `-p mirae-integration-tests --test engine_lifecycle`
[INFO] [stdout] stack backtrace:
[INFO] [stdout]    0:     0x5f1479a0d841 - <<std[617be2ca0a6fd877]::sys::backtrace::BacktraceLock>::print::DisplayBacktrace as core[a373ad73a504971]::fmt::Display>::fmt
[INFO] [stdout]    1:     0x5f1479a21fba - core[a373ad73a504971]::fmt::write
[INFO] [stdout]    2:     0x5f1479a11aec - <alloc[2e1b2a31b91974c5]::vec::Vec<u8> as core[a373ad73a504971]::io::write::Write>::write_fmt
[INFO] [stdout]    3:     0x5f14799e94d6 - std[617be2ca0a6fd877]::panicking::default_hook::{closure#0}
[INFO] [stdout]    4:     0x5f1479a05e19 - std[617be2ca0a6fd877]::panicking::default_hook
[INFO] [stdout]    5:     0x5f1479995e70 - test[aada8e7e76ba119b]::test_main_inner::{closure#0}
[INFO] [stdout]    6:     0x5f1479a05fd2 - std[617be2ca0a6fd877]::panicking::panic_with_hook
[INFO] [stdout]    7:     0x5f14799e9582 - std[617be2ca0a6fd877]::panicking::panic_handler::{closure#0}
[INFO] [stdout]    8:     0x5f14799e2299 - std[617be2ca0a6fd877]::sys::backtrace::__rust_end_short_backtrace::<std[617be2ca0a6fd877]::panicking::panic_handler::{closure#0}, !>
[INFO] [stdout]    9:     0x5f14799ea18d - __rustc[ea4f61d10b84890b]::rust_begin_unwind
[INFO] [stdout]   10:     0x5f1479a226ec - core[a373ad73a504971]::panicking::panic_fmt
[INFO] [stdout]   11:     0x5f1479a224c2 - core[a373ad73a504971]::result::unwrap_failed
[INFO] [stdout]   12:     0x5f14799890ec - <engine_lifecycle[2bad7565b569e123]::an_engine_accepts_an_authenticated_client_and_stops_cleanly::{closure#0} as core[a373ad73a504971]::ops::function::FnOnce<()>>::call_once
[INFO] [stdout]   13:     0x5f14799892bb - test[aada8e7e76ba119b]::__rust_begin_short_backtrace::<core[a373ad73a504971]::result::Result<(), alloc[2e1b2a31b91974c5]::string::String>, fn() -> core[a373ad73a504971]::result::Result<(), alloc[2e1b2a31b91974c5]::string::String>>
[INFO] [stdout]   14:     0x5f1479996495 - test[aada8e7e76ba119b]::run_test::{closure#0}
[INFO] [stdout]   15:     0x5f147998fd84 - std[617be2ca0a6fd877]::sys::backtrace::__rust_begin_short_backtrace::<test[aada8e7e76ba119b]::run_test::{closure#1}, ()>
[INFO] [stdout]   16:     0x5f1479999522 - <std[617be2ca0a6fd877]::thread::lifecycle::spawn_unchecked<test[aada8e7e76ba119b]::run_test::{closure#1}, ()>::{closure#1} as core[a373ad73a504971]::ops::function::FnOnce<()>>::call_once::{shim:vtable#0}
[INFO] [stdout]   17:     0x5f1479a0d09f - <std[617be2ca0a6fd877]::sys::thread::unix::Thread>::new::thread_start
[INFO] [stdout]   18:     0x75465d4ffdfa - <unknown>
[INFO] [stdout]   19:     0x75465d5933d4 - clone
[INFO] [stdout]   20:                0x0 - <unknown>
[INFO] [stdout] 
[INFO] [stdout] 
[INFO] [stdout] failures:
[INFO] [stdout]     a_wrong_credential_is_refused_by_the_real_engine
[INFO] [stdout]     an_engine_accepts_an_authenticated_client_and_stops_cleanly
[INFO] [stdout]     each_engine_run_is_a_new_session
[INFO] [stdout]     the_harness_leaves_no_process_behind_when_a_test_fails
[INFO] [stdout] 
[INFO] [stdout] test result: FAILED. 0 passed; 4 failed; 0 ignored; 0 measured; 0 filtered out; finished in 0.00s
[INFO] [stdout] 
[INFO] running `Command { std: "docker" "inspect" "c5e62f066e44539f5919b5316c45c3e50ce34868a71c2c9bd221c736cd9846c5", kill_on_drop: false }`
[INFO] running `Command { std: "docker" "rm" "-f" "c5e62f066e44539f5919b5316c45c3e50ce34868a71c2c9bd221c736cd9846c5", kill_on_drop: false }`
[INFO] [stdout] c5e62f066e44539f5919b5316c45c3e50ce34868a71c2c9bd221c736cd9846c5
