[INFO] cloning repository https://github.com/lucatescari/gitveil
[INFO] running `Command { std: "git" "-c" "credential.helper=" "-c" "credential.helper=/workspace/cargo-home/bin/git-credential-null" "clone" "--bare" "https://github.com/lucatescari/gitveil" "/workspace/cache/git-repos/https%3A%2F%2Fgithub.com%2Flucatescari%2Fgitveil", kill_on_drop: false }`
[INFO] [stderr] Cloning into bare repository '/workspace/cache/git-repos/https%3A%2F%2Fgithub.com%2Flucatescari%2Fgitveil'...
[INFO] running `Command { std: "git" "rev-parse" "HEAD", kill_on_drop: false }`
[INFO] [stdout] 8b6d591b24e5d7b986f78614206425f2195bb278
[INFO] testing lucatescari/gitveil against 1.100.0-beta.1+cargoflags=--release for beta-release-1.100-3
[INFO] running `Command { std: "git" "clone" "/workspace/cache/git-repos/https%3A%2F%2Fgithub.com%2Flucatescari%2Fgitveil" "/workspace/builds/worker-6-tc2/source", kill_on_drop: false }`
[INFO] [stderr] Cloning into '/workspace/builds/worker-6-tc2/source'...
[INFO] [stderr] done.
[INFO] started tweaking git repo https://github.com/lucatescari/gitveil
[INFO] finished tweaking git repo https://github.com/lucatescari/gitveil
[INFO] tweaked toml for git repo https://github.com/lucatescari/gitveil written to /workspace/builds/worker-6-tc2/source/Cargo.toml
[INFO] validating manifest of git repo https://github.com/lucatescari/gitveil on toolchain 1.100.0-beta.1
[INFO] running `Command { std: CARGO_HOME="/workspace/cargo-home" RUSTUP_HOME="/workspace/rustup-home" "/workspace/cargo-home/bin/cargo" "+1.100.0-beta.1" "metadata" "--manifest-path" "Cargo.toml" "--no-deps", kill_on_drop: false }`
[INFO] crate git repo https://github.com/lucatescari/gitveil already has a lockfile, it will not be regenerated
[INFO] running `Command { std: CARGO_HOME="/workspace/cargo-home" RUSTUP_HOME="/workspace/rustup-home" "/workspace/cargo-home/bin/cargo" "+1.100.0-beta.1" "fetch" "--manifest-path" "Cargo.toml", kill_on_drop: false }`
[INFO] [stderr] warning: `package.homepage` is redundant with `package.repository`
[INFO] [stderr]   --> Cargo.toml:29:12
[INFO] [stderr]    |
[INFO] [stderr] 29 | homepage = "https://github.com/lucatescari/gitveil"
[INFO] [stderr]    |            ^^^^^^^^^^^^^^^^^^^^^^^^^^^^^^^^^^^^^^^^
[INFO] [stderr] ...
[INFO] [stderr] 34 | repository = "https://github.com/lucatescari/gitveil"
[INFO] [stderr]    |              ----------------------------------------
[INFO] [stderr]    |
[INFO] [stderr]    = note: `cargo::redundant_homepage` is set to `warn` by default
[INFO] [stderr] help: consider removing `package.homepage`
[INFO] [stderr] warning: `gitveil` (manifest) generated 1 warning
[INFO] running `Command { std: "docker" "create" "-v" "/var/lib/crater-agent-workspace/builds/worker-6-tc2/source:/opt/rustwide/workdir:ro,Z" "-v" "/var/lib/crater-agent-workspace/builds/worker-6-tc2/target:/opt/rustwide/target:rw,Z" "-v" "/var/lib/crater-agent-workspace/cargo-home:/opt/rustwide/cargo-home:ro,Z" "-v" "/var/lib/crater-agent-workspace/rustup-home:/opt/rustwide/rustup-home:ro,Z" "-m" "1610612736" "--network" "none" "ghcr.io/rust-lang/crates-build-env/linux@sha256:77db811e55d90add9212f6832c23229e3de5f1c1f9905e8cb07319ea15df73ac" "sleep" "infinity", kill_on_drop: false }`
[INFO] [stdout] 3d2639f816e39458e94a65fcd1de7c66402cf812347725d985993271bfb07e4d
[INFO] running `Command { std: "docker" "start" "3d2639f816e39458e94a65fcd1de7c66402cf812347725d985993271bfb07e4d", kill_on_drop: false }`
[INFO] running `Command { std: "docker" "inspect" "3d2639f816e39458e94a65fcd1de7c66402cf812347725d985993271bfb07e4d", kill_on_drop: false }`
[INFO] running `Command { std: "docker" "exec" "-e" "SOURCE_DIR=/opt/rustwide/workdir" "-e" "CARGO_HOME=/opt/rustwide/cargo-home" "-e" "RUSTUP_HOME=/opt/rustwide/rustup-home" "-e" "CARGO_TARGET_DIR=/opt/rustwide/target" "-w" "/opt/rustwide/workdir" "--user" "0:0" "3d2639f816e39458e94a65fcd1de7c66402cf812347725d985993271bfb07e4d" "/opt/rustwide/cargo-home/bin/cargo" "+1.100.0-beta.1" "metadata" "--no-deps" "--format-version=1", kill_on_drop: false }`
[INFO] running `Command { std: "docker" "inspect" "3d2639f816e39458e94a65fcd1de7c66402cf812347725d985993271bfb07e4d", kill_on_drop: false }`
[INFO] running `Command { std: "docker" "exec" "-e" "SOURCE_DIR=/opt/rustwide/workdir" "-e" "CARGO_HOME=/opt/rustwide/cargo-home" "-e" "RUSTUP_HOME=/opt/rustwide/rustup-home" "-e" "CARGO_TARGET_DIR=/opt/rustwide/target" "-e" "CARGO_INCREMENTAL=0" "-e" "RUST_BACKTRACE=full" "-e" "RUSTFLAGS=--cap-lints=warn" "-e" "RUSTDOCFLAGS=--cap-lints=warn" "-w" "/opt/rustwide/workdir" "--user" "0:0" "3d2639f816e39458e94a65fcd1de7c66402cf812347725d985993271bfb07e4d" "/opt/rustwide/cargo-home/bin/cargo" "+1.100.0-beta.1" "build" "--frozen" "--message-format=json" "--release", kill_on_drop: false }`
[INFO] [stderr] warning: `package.homepage` is redundant with `package.repository`
[INFO] [stderr]   --> Cargo.toml:29:12
[INFO] [stderr]    |
[INFO] [stderr] 29 | homepage = "https://github.com/lucatescari/gitveil"
[INFO] [stderr]    |            ^^^^^^^^^^^^^^^^^^^^^^^^^^^^^^^^^^^^^^^^
[INFO] [stderr] ...
[INFO] [stderr] 34 | repository = "https://github.com/lucatescari/gitveil"
[INFO] [stderr]    |              ----------------------------------------
[INFO] [stderr]    |
[INFO] [stderr]    = note: `cargo::redundant_homepage` is set to `warn` by default
[INFO] [stderr] help: consider removing `package.homepage`
[INFO] [stderr] warning: `gitveil` (manifest) generated 1 warning
[INFO] [stderr]    Compiling unicode-ident v1.0.24
[INFO] [stderr]    Compiling quote v1.0.45
[INFO] [stderr]    Compiling typenum v1.20.1
[INFO] [stderr]    Compiling utf8parse v0.2.2
[INFO] [stderr]    Compiling anstyle v1.0.14
[INFO] [stderr]    Compiling cmov v0.5.4
[INFO] [stderr]    Compiling is_terminal_polyfill v1.70.2
[INFO] [stderr]    Compiling anstyle-query v1.1.5
[INFO] [stderr]    Compiling colorchoice v1.0.5
[INFO] [stderr]    Compiling const-oid v0.10.2
[INFO] [stderr]    Compiling heck v0.5.0
[INFO] [stderr]    Compiling libc v0.2.183
[INFO] [stderr]    Compiling strsim v0.11.1
[INFO] [stderr]    Compiling clap_lex v1.1.0
[INFO] [stderr]    Compiling getrandom v0.4.3
[INFO] [stderr]    Compiling thiserror v2.0.20
[INFO] [stderr]    Compiling proc-macro2 v1.0.106
[INFO] [stderr]    Compiling cpufeatures v0.3.0
[INFO] [stderr]    Compiling cpubits v0.1.1
[INFO] [stderr]    Compiling anstyle-parse v1.0.0
[INFO] [stderr]    Compiling colored v3.1.1
[INFO] [stderr]    Compiling byteorder v1.5.0
[INFO] [stderr]    Compiling anstream v1.0.0
[INFO] [stderr]    Compiling ctutils v0.4.2
[INFO] [stderr]    Compiling clap_builder v4.6.6
[INFO] [stderr]    Compiling syn v3.0.3
[INFO] [stderr]    Compiling syn v2.0.117
[INFO] [stderr]    Compiling hybrid-array v0.4.14
[INFO] [stderr]    Compiling block-buffer v0.12.1
[INFO] [stderr]    Compiling crypto-common v0.2.2
[INFO] [stderr]    Compiling inout v0.2.2
[INFO] [stderr]    Compiling cipher v0.5.2
[INFO] [stderr]    Compiling digest v0.11.3
[INFO] [stderr]    Compiling sha1 v0.11.0
[INFO] [stderr]    Compiling hmac v0.13.0
[INFO] [stderr]    Compiling ctr v0.10.1
[INFO] [stderr]    Compiling aes v0.9.2
[INFO] [stderr]    Compiling clap_derive v4.6.4
[INFO] [stderr]    Compiling thiserror-impl v2.0.20
[INFO] [stderr]    Compiling clap v4.6.6
[INFO] [stderr]    Compiling clap_complete v4.6.9
[INFO] [stderr]    Compiling zeroize_derive v1.5.0
[INFO] [stderr]    Compiling zeroize v1.9.0
[INFO] [stderr]    Compiling gitveil v1.3.4 (/opt/rustwide/workdir)
[INFO] [stderr]     Finished `release` profile [optimized] target(s) in 28.05s
[INFO] running `Command { std: "docker" "inspect" "3d2639f816e39458e94a65fcd1de7c66402cf812347725d985993271bfb07e4d", kill_on_drop: false }`
[INFO] running `Command { std: "docker" "exec" "-e" "SOURCE_DIR=/opt/rustwide/workdir" "-e" "CARGO_HOME=/opt/rustwide/cargo-home" "-e" "RUSTUP_HOME=/opt/rustwide/rustup-home" "-e" "CARGO_TARGET_DIR=/opt/rustwide/target" "-e" "CARGO_INCREMENTAL=0" "-e" "RUST_BACKTRACE=full" "-e" "RUSTFLAGS=--cap-lints=warn" "-e" "RUSTDOCFLAGS=--cap-lints=warn" "-w" "/opt/rustwide/workdir" "--user" "0:0" "3d2639f816e39458e94a65fcd1de7c66402cf812347725d985993271bfb07e4d" "/opt/rustwide/cargo-home/bin/cargo" "+1.100.0-beta.1" "test" "--frozen" "--no-run" "--message-format=json" "--release", kill_on_drop: false }`
[INFO] [stderr] warning: `package.homepage` is redundant with `package.repository`
[INFO] [stderr]   --> Cargo.toml:29:12
[INFO] [stderr]    |
[INFO] [stderr] 29 | homepage = "https://github.com/lucatescari/gitveil"
[INFO] [stderr]    |            ^^^^^^^^^^^^^^^^^^^^^^^^^^^^^^^^^^^^^^^^
[INFO] [stderr] ...
[INFO] [stderr] 34 | repository = "https://github.com/lucatescari/gitveil"
[INFO] [stderr]    |              ----------------------------------------
[INFO] [stderr]    |
[INFO] [stderr]    = note: `cargo::redundant_homepage` is set to `warn` by default
[INFO] [stderr] help: consider removing `package.homepage`
[INFO] [stderr] warning: `gitveil` (manifest) generated 1 warning
[INFO] [stderr]    Compiling rustix v1.1.4
[INFO] [stderr]    Compiling bitflags v2.11.0
[INFO] [stderr]    Compiling linux-raw-sys v0.12.1
[INFO] [stderr]    Compiling once_cell v1.21.4
[INFO] [stderr]    Compiling tempfile v3.27.0
[INFO] [stderr]    Compiling gitveil v1.3.4 (/opt/rustwide/workdir)
[INFO] [stderr]     Finished `release` profile [optimized] target(s) in 9.01s
[INFO] running `Command { std: "docker" "inspect" "3d2639f816e39458e94a65fcd1de7c66402cf812347725d985993271bfb07e4d", kill_on_drop: false }`
[INFO] running `Command { std: "docker" "exec" "-e" "SOURCE_DIR=/opt/rustwide/workdir" "-e" "CARGO_HOME=/opt/rustwide/cargo-home" "-e" "RUSTUP_HOME=/opt/rustwide/rustup-home" "-e" "CARGO_TARGET_DIR=/opt/rustwide/target" "-e" "CARGO_INCREMENTAL=0" "-e" "RUST_BACKTRACE=full" "-e" "RUSTFLAGS=--cap-lints=warn" "-e" "RUSTDOCFLAGS=--cap-lints=warn" "-w" "/opt/rustwide/workdir" "--user" "0:0" "3d2639f816e39458e94a65fcd1de7c66402cf812347725d985993271bfb07e4d" "/opt/rustwide/cargo-home/bin/cargo" "+1.100.0-beta.1" "test" "--frozen" "--release", kill_on_drop: false }`
[INFO] [stderr] warning: `package.homepage` is redundant with `package.repository`
[INFO] [stderr]   --> Cargo.toml:29:12
[INFO] [stderr]    |
[INFO] [stderr] 29 | homepage = "https://github.com/lucatescari/gitveil"
[INFO] [stderr]    |            ^^^^^^^^^^^^^^^^^^^^^^^^^^^^^^^^^^^^^^^^
[INFO] [stderr] ...
[INFO] [stderr] 34 | repository = "https://github.com/lucatescari/gitveil"
[INFO] [stderr]    |              ----------------------------------------
[INFO] [stderr]    |
[INFO] [stderr]    = note: `cargo::redundant_homepage` is set to `warn` by default
[INFO] [stderr] help: consider removing `package.homepage`
[INFO] [stderr] warning: `gitveil` (manifest) generated 1 warning
[INFO] [stderr]     Finished `release` profile [optimized] target(s) in 0.09s
[INFO] [stderr]      Running unittests src/main.rs (/opt/rustwide/target/release/build/gitveil/e730e295302cc3bf/out/gitveil-e730e295302cc3bf)
[INFO] [stdout] 
[INFO] [stdout] running 57 tests
[INFO] [stdout] test commands::status::tests::has_git_crypt_filter_recognizes_default_and_named ... ok
[INFO] [stdout] test config::tests::test_save_load_roundtrip ... ok
[INFO] [stdout] test crypto::aes_ctr::tests::test_deterministic ... ok
[INFO] [stdout] test config::tests::test_load_missing_config_returns_none ... ok
[INFO] [stdout] test commands::status::tests::restage_command_uses_renormalize ... ok
[INFO] [stdout] test config::tests::test_config_dir_uses_xdg ... ok
[INFO] [stdout] test crypto::aes_ctr::tests::test_encrypt_decrypt_roundtrip ... ok
[INFO] [stdout] test crypto::aes_ctr::tests::test_empty_input ... ok
[INFO] [stdout] test filter::clean::tests::test_clean_matches_git_crypt_known_answer ... ok
[INFO] [stdout] test crypto::random::tests::empty_buffer_is_a_noop ... ok
[INFO] [stdout] test crypto::random::tests::successive_calls_produce_different_output ... ok
[INFO] [stdout] test crypto::random::tests::fills_the_entire_buffer ... ok
[INFO] [stdout] test crypto::random::tests::fills_buffer_with_random_bytes ... ok
[INFO] [stdout] test filter::clean::tests::test_clean_deterministic ... ok
[INFO] [stdout] test filter::smudge::tests::test_smudge_passthrough_one_byte ... ok
[INFO] [stdout] test filter::smudge::tests::test_smudge_passthrough_short_file ... ok
[INFO] [stdout] test crypto::hmac::tests::test_derive_nonce_length ... ok
[INFO] [stdout] test filter::clean::tests::test_clean_produces_valid_header ... ok
[INFO] [stdout] test filter::clean::tests::test_clean_smudge_roundtrip ... ok
[INFO] [stdout] test crypto::hmac::tests::test_hmac_sha1_known_vector ... ok
[INFO] [stdout] test filter::smudge::tests::test_smudge_passthrough_non_encrypted ... ok
[INFO] [stdout] test git::config::tests::deconfigure_filters_rejects_shell_metacharacters ... ok
[INFO] [stdout] test gpg::display::tests::leaves_ordinary_user_ids_untouched ... ok
[INFO] [stdout] test filter::diff::tests::test_diff_decrypts_encrypted_file ... ok
[INFO] [stdout] test gpg::import::tests::falls_back_to_a_placeholder_uid ... ok
[INFO] [stdout] test gpg::import::tests::rejects_a_fingerprint_that_is_not_hex ... ok
[INFO] [stdout] test crypto::hmac::tests::test_derive_nonce_deterministic ... ok
[INFO] [stdout] test gpg::operations::tests::decrypt_command_includes_decrypt_and_path ... ok
[INFO] [stdout] test git::config::tests::configure_filters_rejects_shell_metacharacters ... ok
[INFO] [stdout] test gpg::display::tests::leaves_non_ascii_names_untouched ... ok
[INFO] [stdout] test key::entry::tests::test_generate_and_roundtrip ... ok
[INFO] [stdout] test gpg::display::tests::strips_newlines_and_carriage_returns ... ok
[INFO] [stdout] test key::format::tests::test_is_critical_field ... ok
[INFO] [stdout] test gpg::display::tests::strips_terminal_escape_sequences ... ok
[INFO] [stdout] test gpg::import::tests::parses_uid_and_fingerprint ... ok
[INFO] [stdout] test filter::diff::tests::test_diff_passthrough_non_encrypted_file ... ok
[INFO] [stdout] test filter::smudge::tests::test_smudge_passthrough_empty ... ok
[INFO] [stdout] test key::format::tests::test_read_field_eof ... ok
[INFO] [stdout] test key::format::tests::test_write_read_end_field ... ok
[INFO] [stdout] test key::key_file::tests::test_existing_key_name_rejects_shell_metacharacters ... ok
[INFO] [stdout] test gpg::import::tests::rejects_a_fingerprint_of_the_wrong_length ... ok
[INFO] [stdout] test key::key_file::tests::test_generate_and_roundtrip ... ok
[INFO] [stdout] test key::key_file::tests::test_header_format ... ok
[INFO] [stdout] test key::key_file::tests::test_invalid_key_names ... ok
[INFO] [stdout] test key::key_file::tests::test_load_git_crypt_key_file ... ok
[INFO] [stdout] test key::key_file::tests::test_named_key_roundtrip ... ok
[INFO] [stdout] test key::key_file::tests::test_valid_key_names ... ok
[INFO] [stdout] test tempdir::tests::creates_a_directory_that_exists ... ok
[INFO] [stdout] test gpg::import::tests::rejects_output_without_a_fingerprint ... ok
[INFO] [stdout] test gpg::operations::tests::decrypt_command_does_not_use_batch ... ok
[INFO] [stdout] test key::entry::tests::test_store_load_specific_version ... ok
[INFO] [stdout] test tempdir::tests::creates_the_directory_owner_only ... ok
[INFO] [stdout] test key::format::tests::test_write_read_field_roundtrip ... ok
[INFO] [stdout] test tempdir::tests::refuses_to_adopt_an_existing_path ... ok
[INFO] [stdout] test crypto::hmac::tests::test_derive_nonce_different_data ... ok
[INFO] [stdout] test key::key_file::tests::test_existing_key_name_accepts_default ... ok
[INFO] [stdout] test tempdir::tests::creates_a_distinct_directory_each_call ... ok
[INFO] [stdout] 
[INFO] [stdout] test result: ok. 57 passed; 0 failed; 0 ignored; 0 measured; 0 filtered out; finished in 0.01s
[INFO] [stdout] 
[INFO] [stdout] 
[INFO] [stderr]      Running tests/cross_compat.rs (/opt/rustwide/target/release/build/gitveil/6e6b98d86f41d5ac/out/cross_compat-6e6b98d86f41d5ac)
[INFO] [stdout] running 6 tests
[INFO] [stdout] test test_cross_tool_binary_file ... ok
[INFO] [stdout] test test_cross_tool_named_key ... ok
[INFO] [stdout] test test_gitveil_encrypted_decrypted_by_git_crypt ... ok
[INFO] [stdout] test test_gitveil_key_loaded_by_git_crypt ... ok
[INFO] [stderr]      Running tests/gpg_integration.rs (/opt/rustwide/target/release/build/gitveil/2e3e0fbd08104387/out/gpg_integration-2e3e0fbd08104387)
[INFO] [stdout] test test_git_crypt_key_loaded_by_gitveil ... ok
[INFO] [stdout] test test_git_crypt_encrypted_decrypted_by_gitveil ... ok
[INFO] [stdout] 
[INFO] [stdout] test result: ok. 6 passed; 0 failed; 0 ignored; 0 measured; 0 filtered out; finished in 0.00s
[INFO] [stdout] 
[INFO] [stdout] 
[INFO] [stdout] running 19 tests
[INFO] [stdout] test test_ls_gpg_users_no_users ... FAILED
[INFO] [stdout] test test_add_gpg_user_trusted_flag ... FAILED
[INFO] [stdout] test test_ls_gpg_users ... FAILED
[INFO] [stdout] test test_gpg_unlock_roundtrip ... FAILED
[INFO] [stdout] test test_add_gpg_user_by_email ... FAILED
[INFO] [stdout] test test_add_gpg_user_from_git_url ... FAILED
[INFO] [stdout] test test_add_gpg_user_from_file ... FAILED
[INFO] [stdout] test test_ls_gpg_users_named_key ... FAILED
[INFO] [stdout] test test_add_gpg_user_no_commit_flag ... FAILED
[INFO] [stdout] test test_rm_gpg_user_not_found ... FAILED
[INFO] [stdout] test test_rm_gpg_user ... FAILED
[INFO] [stdout] test test_gpg_unlock_no_matching_secret_key_gives_clear_error ... FAILED
[INFO] [stdout] test test_add_gpg_user_by_fingerprint ... FAILED
[INFO] [stdout] test test_ls_gpg_users_honours_gpg_program_config ... FAILED
[INFO] [stdout] test test_gpg_unlock_rejects_key_dir_name_with_shell_metacharacters ... FAILED
[INFO] [stdout] test test_rm_gpg_user_no_commit ... FAILED
[INFO] [stdout] test test_add_gpg_user_named_key ... FAILED
[INFO] [stdout] test test_add_and_remove_multiple_users ... FAILED
[INFO] [stdout] test test_gpg_unlock_with_passphrase_protected_key ... FAILED
[INFO] [stdout] 
[INFO] [stdout] failures:
[INFO] [stdout] 
[INFO] [stdout] ---- test_ls_gpg_users_no_users stdout ----
[INFO] [stdout] 
[INFO] [stdout] thread 'test_ls_gpg_users_no_users' (1155) panicked at tests/gpg_integration.rs:77:29:
[INFO] [stdout] failed to run gitveil ["init"]: No such file or directory (os error 2)
[INFO] [stdout] stack backtrace:
[INFO] [stdout]    0:     0x5c7c7db25121 - <<std[617be2ca0a6fd877]::sys::backtrace::BacktraceLock>::print::DisplayBacktrace as core[a373ad73a504971]::fmt::Display>::fmt
[INFO] [stdout]    1:     0x5c7c7db394ea - core[a373ad73a504971]::fmt::write
[INFO] [stdout]    2:     0x5c7c7db2969c - <alloc[2e1b2a31b91974c5]::vec::Vec<u8> as core[a373ad73a504971]::io::write::Write>::write_fmt
[INFO] [stdout]    3:     0x5c7c7dafedd6 - std[617be2ca0a6fd877]::panicking::default_hook::{closure#0}
[INFO] [stdout]    4:     0x5c7c7db1c4d9 - std[617be2ca0a6fd877]::panicking::default_hook
[INFO] [stdout]    5:     0x5c7c7dab6e20 - test[aada8e7e76ba119b]::test_main_inner::{closure#0}
[INFO] [stdout]    6:     0x5c7c7db1c692 - std[617be2ca0a6fd877]::panicking::panic_with_hook
[INFO] [stdout]    7:     0x5c7c7dafee82 - std[617be2ca0a6fd877]::panicking::panic_handler::{closure#0}
[INFO] [stdout]    8:     0x5c7c7daf77e9 - std[617be2ca0a6fd877]::sys::backtrace::__rust_end_short_backtrace::<std[617be2ca0a6fd877]::panicking::panic_handler::{closure#0}, !>
[INFO] [stdout]    9:     0x5c7c7daffb7d - __rustc[ea4f61d10b84890b]::rust_begin_unwind
[INFO] [stdout]   10:     0x5c7c7db39c1c - core[a373ad73a504971]::panicking::panic_fmt
[INFO] [stdout]   11:     0x5c7c7da9caca - gpg_integration[899a3f9b41f469d1]::gitveil_gpg::{closure#0}
[INFO] [stdout]   12:     0x5c7c7da9d08d - gpg_integration[899a3f9b41f469d1]::gitveil_gpg
[INFO] [stdout]   13:     0x5c7c7da9e159 - gpg_integration[899a3f9b41f469d1]::make_initialized_repo
[INFO] [stdout]   14:     0x5c7c7daa157b - <gpg_integration[899a3f9b41f469d1]::test_ls_gpg_users_no_users::{closure#0} as core[a373ad73a504971]::ops::function::FnOnce<()>>::call_once
[INFO] [stdout]   15:     0x5c7c7daaa26b - test[aada8e7e76ba119b]::__rust_begin_short_backtrace::<core[a373ad73a504971]::result::Result<(), alloc[2e1b2a31b91974c5]::string::String>, fn() -> core[a373ad73a504971]::result::Result<(), alloc[2e1b2a31b91974c5]::string::String>>
[INFO] [stdout]   16:     0x5c7c7dab7445 - test[aada8e7e76ba119b]::run_test::{closure#0}
[INFO] [stdout]   17:     0x5c7c7dab0d34 - std[617be2ca0a6fd877]::sys::backtrace::__rust_begin_short_backtrace::<test[aada8e7e76ba119b]::run_test::{closure#1}, ()>
[INFO] [stdout]   18:     0x5c7c7daba4d2 - <std[617be2ca0a6fd877]::thread::lifecycle::spawn_unchecked<test[aada8e7e76ba119b]::run_test::{closure#1}, ()>::{closure#1} as core[a373ad73a504971]::ops::function::FnOnce<()>>::call_once::{shim:vtable#0}
[INFO] [stdout]   19:     0x5c7c7db2412f - <std[617be2ca0a6fd877]::sys::thread::unix::Thread>::new::thread_start
[INFO] [stdout]   20:     0x73fb970badfa - <unknown>
[INFO] [stdout]   21:     0x73fb9714e3d4 - clone
[INFO] [stdout]   22:                0x0 - <unknown>
[INFO] [stdout] 
[INFO] [stdout] ---- test_add_gpg_user_trusted_flag stdout ----
[INFO] [stdout] 
[INFO] [stdout] thread 'test_add_gpg_user_trusted_flag' (1145) panicked at tests/gpg_integration.rs:77:29:
[INFO] [stdout] failed to run gitveil ["init"]: No such file or directory (os error 2)
[INFO] [stdout] stack backtrace:
[INFO] [stdout]    0:     0x5c7c7db25121 - <<std[617be2ca0a6fd877]::sys::backtrace::BacktraceLock>::print::DisplayBacktrace as core[a373ad73a504971]::fmt::Display>::fmt
[INFO] [stdout]    1:     0x5c7c7db394ea - core[a373ad73a504971]::fmt::write
[INFO] [stdout]    2:     0x5c7c7db2969c - <alloc[2e1b2a31b91974c5]::vec::Vec<u8> as core[a373ad73a504971]::io::write::Write>::write_fmt
[INFO] [stdout]    3:     0x5c7c7dafedd6 - std[617be2ca0a6fd877]::panicking::default_hook::{closure#0}
[INFO] [stdout]    4:     0x5c7c7db1c4d9 - std[617be2ca0a6fd877]::panicking::default_hook
[INFO] [stdout]    5:     0x5c7c7dab6e20 - test[aada8e7e76ba119b]::test_main_inner::{closure#0}
[INFO] [stdout]    6:     0x5c7c7db1c692 - std[617be2ca0a6fd877]::panicking::panic_with_hook
[INFO] [stdout]    7:     0x5c7c7dafee82 - std[617be2ca0a6fd877]::panicking::panic_handler::{closure#0}
[INFO] [stdout]    8:     0x5c7c7daf77e9 - std[617be2ca0a6fd877]::sys::backtrace::__rust_end_short_backtrace::<std[617be2ca0a6fd877]::panicking::panic_handler::{closure#0}, !>
[INFO] [stdout]    9:     0x5c7c7daffb7d - __rustc[ea4f61d10b84890b]::rust_begin_unwind
[INFO] [stdout]   10:     0x5c7c7db39c1c - core[a373ad73a504971]::panicking::panic_fmt
[INFO] [stdout]   11:     0x5c7c7da9caca - gpg_integration[899a3f9b41f469d1]::gitveil_gpg::{closure#0}
[INFO] [stdout]   12:     0x5c7c7da9d08d - gpg_integration[899a3f9b41f469d1]::gitveil_gpg
[INFO] [stdout]   13:     0x5c7c7da9e159 - gpg_integration[899a3f9b41f469d1]::make_initialized_repo
[INFO] [stdout]   14:     0x5c7c7daa3d0a - <gpg_integration[899a3f9b41f469d1]::test_add_gpg_user_trusted_flag::{closure#0} as core[a373ad73a504971]::ops::function::FnOnce<()>>::call_once
[INFO] [stdout]   15:     0x5c7c7daaa26b - test[aada8e7e76ba119b]::__rust_begin_short_backtrace::<core[a373ad73a504971]::result::Result<(), alloc[2e1b2a31b91974c5]::string::String>, fn() -> core[a373ad73a504971]::result::Result<(), alloc[2e1b2a31b91974c5]::string::String>>
[INFO] [stdout]   16:     0x5c7c7dab7445 - test[aada8e7e76ba119b]::run_test::{closure#0}
[INFO] [stdout]   17:     0x5c7c7dab0d34 - std[617be2ca0a6fd877]::sys::backtrace::__rust_begin_short_backtrace::<test[aada8e7e76ba119b]::run_test::{closure#1}, ()>
[INFO] [stdout]   18:     0x5c7c7daba4d2 - <std[617be2ca0a6fd877]::thread::lifecycle::spawn_unchecked<test[aada8e7e76ba119b]::run_test::{closure#1}, ()>::{closure#1} as core[a373ad73a504971]::ops::function::FnOnce<()>>::call_once::{shim:vtable#0}
[INFO] [stdout]   19:     0x5c7c7db2412f - <std[617be2ca0a6fd877]::sys::thread::unix::Thread>::new::thread_start
[INFO] [stdout]   20:     0x73fb970badfa - <unknown>
[INFO] [stdout]   21:     0x73fb9714e3d4 - clone
[INFO] [stdout]   22:                0x0 - <unknown>
[INFO] [stdout] 
[INFO] [stdout] ---- test_ls_gpg_users stdout ----
[INFO] [stdout] 
[INFO] [stdout] thread 'test_ls_gpg_users' (1151) panicked at tests/gpg_integration.rs:77:29:
[INFO] [stdout] failed to run gitveil ["init"]: No such file or directory (os error 2)
[INFO] [stdout] stack backtrace:
[INFO] [stdout]    0:     0x5c7c7db25121 - <<std[617be2ca0a6fd877]::sys::backtrace::BacktraceLock>::print::DisplayBacktrace as core[a373ad73a504971]::fmt::Display>::fmt
[INFO] [stdout]    1:     0x5c7c7db394ea - core[a373ad73a504971]::fmt::write
[INFO] [stdout]    2:     0x5c7c7db2969c - <alloc[2e1b2a31b91974c5]::vec::Vec<u8> as core[a373ad73a504971]::io::write::Write>::write_fmt
[INFO] [stdout]    3:     0x5c7c7dafedd6 - std[617be2ca0a6fd877]::panicking::default_hook::{closure#0}
[INFO] [stdout]    4:     0x5c7c7db1c4d9 - std[617be2ca0a6fd877]::panicking::default_hook
[INFO] [stdout]    5:     0x5c7c7dab6e20 - test[aada8e7e76ba119b]::test_main_inner::{closure#0}
[INFO] [stdout]    6:     0x5c7c7db1c692 - std[617be2ca0a6fd877]::panicking::panic_with_hook
[INFO] [stdout]    7:     0x5c7c7dafee82 - std[617be2ca0a6fd877]::panicking::panic_handler::{closure#0}
[INFO] [stdout]    8:     0x5c7c7daf77e9 - std[617be2ca0a6fd877]::sys::backtrace::__rust_end_short_backtrace::<std[617be2ca0a6fd877]::panicking::panic_handler::{closure#0}, !>
[INFO] [stdout]    9:     0x5c7c7daffb7d - __rustc[ea4f61d10b84890b]::rust_begin_unwind
[INFO] [stdout]   10:     0x5c7c7db39c1c - core[a373ad73a504971]::panicking::panic_fmt
[INFO] [stdout]   11:     0x5c7c7da9caca - gpg_integration[899a3f9b41f469d1]::gitveil_gpg::{closure#0}
[INFO] [stdout]   12:     0x5c7c7da9d08d - gpg_integration[899a3f9b41f469d1]::gitveil_gpg
[INFO] [stdout]   13:     0x5c7c7da9e159 - gpg_integration[899a3f9b41f469d1]::make_initialized_repo
[INFO] [stdout]   14:     0x5c7c7daa00b8 - <gpg_integration[899a3f9b41f469d1]::test_ls_gpg_users::{closure#0} as core[a373ad73a504971]::ops::function::FnOnce<()>>::call_once
[INFO] [stdout]   15:     0x5c7c7daaa26b - test[aada8e7e76ba119b]::__rust_begin_short_backtrace::<core[a373ad73a504971]::result::Result<(), alloc[2e1b2a31b91974c5]::string::String>, fn() -> core[a373ad73a504971]::result::Result<(), alloc[2e1b2a31b91974c5]::string::String>>
[INFO] [stdout]   16:     0x5c7c7dab7445 - test[aada8e7e76ba119b]::run_test::{closure#0}
[INFO] [stdout]   17:     0x5c7c7dab0d34 - std[617be2ca0a6fd877]::sys::backtrace::__rust_begin_short_backtrace::<test[aada8e7e76ba119b]::run_test::{closure#1}, ()>
[INFO] [stdout]   18:     0x5c7c7daba4d2 - <std[617be2ca0a6fd877]::thread::lifecycle::spawn_unchecked<test[aada8e7e76ba119b]::run_test::{closure#1}, ()>::{closure#1} as core[a373ad73a504971]::ops::function::FnOnce<()>>::call_once::{shim:vtable#0}
[INFO] [stdout]   19:     0x5c7c7db2412f - <std[617be2ca0a6fd877]::sys::thread::unix::Thread>::new::thread_start
[INFO] [stdout]   20:     0x73fb970badfa - <unknown>
[INFO] [stdout]   21:     0x73fb9714e3d4 - clone
[INFO] [stdout]   22:                0x0 - <unknown>
[INFO] [stdout] 
[INFO] [stdout] ---- test_gpg_unlock_roundtrip stdout ----
[INFO] [stdout] 
[INFO] [stdout] thread 'test_gpg_unlock_roundtrip' (1149) panicked at tests/gpg_integration.rs:77:29:
[INFO] [stdout] failed to run gitveil ["init"]: No such file or directory (os error 2)
[INFO] [stdout] stack backtrace:
[INFO] [stdout]    0:     0x5c7c7db25121 - <<std[617be2ca0a6fd877]::sys::backtrace::BacktraceLock>::print::DisplayBacktrace as core[a373ad73a504971]::fmt::Display>::fmt
[INFO] [stdout]    1:     0x5c7c7db394ea - core[a373ad73a504971]::fmt::write
[INFO] [stdout]    2:     0x5c7c7db2969c - <alloc[2e1b2a31b91974c5]::vec::Vec<u8> as core[a373ad73a504971]::io::write::Write>::write_fmt
[INFO] [stdout]    3:     0x5c7c7dafedd6 - std[617be2ca0a6fd877]::panicking::default_hook::{closure#0}
[INFO] [stdout]    4:     0x5c7c7db1c4d9 - std[617be2ca0a6fd877]::panicking::default_hook
[INFO] [stdout]    5:     0x5c7c7dab6e20 - test[aada8e7e76ba119b]::test_main_inner::{closure#0}
[INFO] [stdout]    6:     0x5c7c7db1c692 - std[617be2ca0a6fd877]::panicking::panic_with_hook
[INFO] [stdout]    7:     0x5c7c7dafee82 - std[617be2ca0a6fd877]::panicking::panic_handler::{closure#0}
[INFO] [stdout]    8:     0x5c7c7daf77e9 - std[617be2ca0a6fd877]::sys::backtrace::__rust_end_short_backtrace::<std[617be2ca0a6fd877]::panicking::panic_handler::{closure#0}, !>
[INFO] [stdout]    9:     0x5c7c7daffb7d - __rustc[ea4f61d10b84890b]::rust_begin_unwind
[INFO] [stdout]   10:     0x5c7c7db39c1c - core[a373ad73a504971]::panicking::panic_fmt
[INFO] [stdout]   11:     0x5c7c7da9caca - gpg_integration[899a3f9b41f469d1]::gitveil_gpg::{closure#0}
[INFO] [stdout]   12:     0x5c7c7da9d08d - gpg_integration[899a3f9b41f469d1]::gitveil_gpg
[INFO] [stdout]   13:     0x5c7c7da9e159 - gpg_integration[899a3f9b41f469d1]::make_initialized_repo
[INFO] [stdout]   14:     0x5c7c7daa0537 - <gpg_integration[899a3f9b41f469d1]::test_gpg_unlock_roundtrip::{closure#0} as core[a373ad73a504971]::ops::function::FnOnce<()>>::call_once
[INFO] [stdout]   15:     0x5c7c7daaa26b - test[aada8e7e76ba119b]::__rust_begin_short_backtrace::<core[a373ad73a504971]::result::Result<(), alloc[2e1b2a31b91974c5]::string::String>, fn() -> core[a373ad73a504971]::result::Result<(), alloc[2e1b2a31b91974c5]::string::String>>
[INFO] [stdout]   16:     0x5c7c7dab7445 - test[aada8e7e76ba119b]::run_test::{closure#0}
[INFO] [stdout]   17:     0x5c7c7dab0d34 - std[617be2ca0a6fd877]::sys::backtrace::__rust_begin_short_backtrace::<test[aada8e7e76ba119b]::run_test::{closure#1}, ()>
[INFO] [stdout]   18:     0x5c7c7daba4d2 - <std[617be2ca0a6fd877]::thread::lifecycle::spawn_unchecked<test[aada8e7e76ba119b]::run_test::{closure#1}, ()>::{closure#1} as core[a373ad73a504971]::ops::function::FnOnce<()>>::call_once::{shim:vtable#0}
[INFO] [stdout]   19:     0x5c7c7db2412f - <std[617be2ca0a6fd877]::sys::thread::unix::Thread>::new::thread_start
[INFO] [stdout]   20:     0x73fb970badfa - <unknown>
[INFO] [stdout]   21:     0x73fb9714e3d4 - clone
[INFO] [stdout]   22:                0x0 - <unknown>
[INFO] [stdout] 
[INFO] [stdout] ---- test_add_gpg_user_by_email stdout ----
[INFO] [stdout] 
[INFO] [stdout] thread 'test_add_gpg_user_by_email' (1139) panicked at tests/gpg_integration.rs:77:29:
[INFO] [stdout] failed to run gitveil ["init"]: No such file or directory (os error 2)
[INFO] [stdout] stack backtrace:
[INFO] [stdout]    0:     0x5c7c7db25121 - <<std[617be2ca0a6fd877]::sys::backtrace::BacktraceLock>::print::DisplayBacktrace as core[a373ad73a504971]::fmt::Display>::fmt
[INFO] [stdout]    1:     0x5c7c7db394ea - core[a373ad73a504971]::fmt::write
[INFO] [stdout]    2:     0x5c7c7db2969c - <alloc[2e1b2a31b91974c5]::vec::Vec<u8> as core[a373ad73a504971]::io::write::Write>::write_fmt
[INFO] [stdout]    3:     0x5c7c7dafedd6 - std[617be2ca0a6fd877]::panicking::default_hook::{closure#0}
[INFO] [stdout]    4:     0x5c7c7db1c4d9 - std[617be2ca0a6fd877]::panicking::default_hook
[INFO] [stdout]    5:     0x5c7c7dab6e20 - test[aada8e7e76ba119b]::test_main_inner::{closure#0}
[INFO] [stdout]    6:     0x5c7c7db1c692 - std[617be2ca0a6fd877]::panicking::panic_with_hook
[INFO] [stdout]    7:     0x5c7c7dafee82 - std[617be2ca0a6fd877]::panicking::panic_handler::{closure#0}
[INFO] [stdout]    8:     0x5c7c7daf77e9 - std[617be2ca0a6fd877]::sys::backtrace::__rust_end_short_backtrace::<std[617be2ca0a6fd877]::panicking::panic_handler::{closure#0}, !>
[INFO] [stdout]    9:     0x5c7c7daffb7d - __rustc[ea4f61d10b84890b]::rust_begin_unwind
[INFO] [stdout]   10:     0x5c7c7db39c1c - core[a373ad73a504971]::panicking::panic_fmt
[INFO] [stdout]   11:     0x5c7c7da9caca - gpg_integration[899a3f9b41f469d1]::gitveil_gpg::{closure#0}
[INFO] [stdout]   12:     0x5c7c7da9d08d - gpg_integration[899a3f9b41f469d1]::gitveil_gpg
[INFO] [stdout]   13:     0x5c7c7da9e159 - gpg_integration[899a3f9b41f469d1]::make_initialized_repo
[INFO] [stdout]   14:     0x5c7c7daa0ebe - <gpg_integration[899a3f9b41f469d1]::test_add_gpg_user_by_email::{closure#0} as core[a373ad73a504971]::ops::function::FnOnce<()>>::call_once
[INFO] [stdout]   15:     0x5c7c7daaa26b - test[aada8e7e76ba119b]::__rust_begin_short_backtrace::<core[a373ad73a504971]::result::Result<(), alloc[2e1b2a31b91974c5]::string::String>, fn() -> core[a373ad73a504971]::result::Result<(), alloc[2e1b2a31b91974c5]::string::String>>
[INFO] [stdout]   16:     0x5c7c7dab7445 - test[aada8e7e76ba119b]::run_test::{closure#0}
[INFO] [stdout]   17:     0x5c7c7dab0d34 - std[617be2ca0a6fd877]::sys::backtrace::__rust_begin_short_backtrace::<test[aada8e7e76ba119b]::run_test::{closure#1}, ()>
[INFO] [stdout]   18:     0x5c7c7daba4d2 - <std[617be2ca0a6fd877]::thread::lifecycle::spawn_unchecked<test[aada8e7e76ba119b]::run_test::{closure#1}, ()>::{closure#1} as core[a373ad73a504971]::ops::function::FnOnce<()>>::call_once::{shim:vtable#0}
[INFO] [stdout]   19:     0x5c7c7db2412f - <std[617be2ca0a6fd877]::sys::thread::unix::Thread>::new::thread_start
[INFO] [stdout]   20:     0x73fb970badfa - <unknown>
[INFO] [stdout]   21:     0x73fb9714e3d4 - clone
[INFO] [stdout]   22:                0x0 - <unknown>
[INFO] [stdout] 
[INFO] [stdout] ---- test_add_gpg_user_from_git_url stdout ----
[INFO] [stdout] 
[INFO] [stdout] thread 'test_add_gpg_user_from_git_url' (1142) panicked at tests/gpg_integration.rs:77:29:
[INFO] [stdout] failed to run gitveil ["init"]: No such file or directory (os error 2)
[INFO] [stdout] stack backtrace:
[INFO] [stdout]    0:     0x5c7c7db25121 - <<std[617be2ca0a6fd877]::sys::backtrace::BacktraceLock>::print::DisplayBacktrace as core[a373ad73a504971]::fmt::Display>::fmt
[INFO] [stdout]    1:     0x5c7c7db394ea - core[a373ad73a504971]::fmt::write
[INFO] [stdout]    2:     0x5c7c7db2969c - <alloc[2e1b2a31b91974c5]::vec::Vec<u8> as core[a373ad73a504971]::io::write::Write>::write_fmt
[INFO] [stdout]    3:     0x5c7c7dafedd6 - std[617be2ca0a6fd877]::panicking::default_hook::{closure#0}
[INFO] [stdout]    4:     0x5c7c7db1c4d9 - std[617be2ca0a6fd877]::panicking::default_hook
[INFO] [stdout]    5:     0x5c7c7dab6e20 - test[aada8e7e76ba119b]::test_main_inner::{closure#0}
[INFO] [stdout]    6:     0x5c7c7db1c692 - std[617be2ca0a6fd877]::panicking::panic_with_hook
[INFO] [stdout]    7:     0x5c7c7dafee82 - std[617be2ca0a6fd877]::panicking::panic_handler::{closure#0}
[INFO] [stdout]    8:     0x5c7c7daf77e9 - std[617be2ca0a6fd877]::sys::backtrace::__rust_end_short_backtrace::<std[617be2ca0a6fd877]::panicking::panic_handler::{closure#0}, !>
[INFO] [stdout]    9:     0x5c7c7daffb7d - __rustc[ea4f61d10b84890b]::rust_begin_unwind
[INFO] [stdout]   10:     0x5c7c7db39c1c - core[a373ad73a504971]::panicking::panic_fmt
[INFO] [stdout]   11:     0x5c7c7da9caca - gpg_integration[899a3f9b41f469d1]::gitveil_gpg::{closure#0}
[INFO] [stdout]   12:     0x5c7c7da9d08d - gpg_integration[899a3f9b41f469d1]::gitveil_gpg
[INFO] [stdout]   13:     0x5c7c7da9e159 - gpg_integration[899a3f9b41f469d1]::make_initialized_repo
[INFO] [stdout]   14:     0x5c7c7daa3306 - <gpg_integration[899a3f9b41f469d1]::test_add_gpg_user_from_git_url::{closure#0} as core[a373ad73a504971]::ops::function::FnOnce<()>>::call_once
[INFO] [stdout]   15:     0x5c7c7daaa26b - test[aada8e7e76ba119b]::__rust_begin_short_backtrace::<core[a373ad73a504971]::result::Result<(), alloc[2e1b2a31b91974c5]::string::String>, fn() -> core[a373ad73a504971]::result::Result<(), alloc[2e1b2a31b91974c5]::string::String>>
[INFO] [stdout]   16:     0x5c7c7dab7445 - test[aada8e7e76ba119b]::run_test::{closure#0}
[INFO] [stdout]   17:     0x5c7c7dab0d34 - std[617be2ca0a6fd877]::sys::backtrace::__rust_begin_short_backtrace::<test[aada8e7e76ba119b]::run_test::{closure#1}, ()>
[INFO] [stdout]   18:     0x5c7c7daba4d2 - <std[617be2ca0a6fd877]::thread::lifecycle::spawn_unchecked<test[aada8e7e76ba119b]::run_test::{closure#1}, ()>::{closure#1} as core[a373ad73a504971]::ops::function::FnOnce<()>>::call_once::{shim:vtable#0}
[INFO] [stdout]   19:     0x5c7c7db2412f - <std[617be2ca0a6fd877]::sys::thread::unix::Thread>::new::thread_start
[INFO] [stdout]   20:     0x73fb970badfa - <unknown>
[INFO] [stdout]   21:     0x73fb9714e3d4 - clone
[INFO] [stdout]   22:                0x0 - <unknown>
[INFO] [stdout] 
[INFO] [stdout] ---- test_add_gpg_user_from_file stdout ----
[INFO] [stdout] 
[INFO] [stdout] thread 'test_add_gpg_user_from_file' (1141) panicked at tests/gpg_integration.rs:77:29:
[INFO] [stdout] failed to run gitveil ["init"]: No such file or directory (os error 2)
[INFO] [stdout] stack backtrace:
[INFO] [stdout]    0:     0x5c7c7db25121 - <<std[617be2ca0a6fd877]::sys::backtrace::BacktraceLock>::print::DisplayBacktrace as core[a373ad73a504971]::fmt::Display>::fmt
[INFO] [stdout]    1:     0x5c7c7db394ea - core[a373ad73a504971]::fmt::write
[INFO] [stdout]    2:     0x5c7c7db2969c - <alloc[2e1b2a31b91974c5]::vec::Vec<u8> as core[a373ad73a504971]::io::write::Write>::write_fmt
[INFO] [stdout]    3:     0x5c7c7dafedd6 - std[617be2ca0a6fd877]::panicking::default_hook::{closure#0}
[INFO] [stdout]    4:     0x5c7c7db1c4d9 - std[617be2ca0a6fd877]::panicking::default_hook
[INFO] [stdout]    5:     0x5c7c7dab6e20 - test[aada8e7e76ba119b]::test_main_inner::{closure#0}
[INFO] [stdout]    6:     0x5c7c7db1c692 - std[617be2ca0a6fd877]::panicking::panic_with_hook
[INFO] [stdout]    7:     0x5c7c7dafee82 - std[617be2ca0a6fd877]::panicking::panic_handler::{closure#0}
[INFO] [stdout]    8:     0x5c7c7daf77e9 - std[617be2ca0a6fd877]::sys::backtrace::__rust_end_short_backtrace::<std[617be2ca0a6fd877]::panicking::panic_handler::{closure#0}, !>
[INFO] [stdout]    9:     0x5c7c7daffb7d - __rustc[ea4f61d10b84890b]::rust_begin_unwind
[INFO] [stdout]   10:     0x5c7c7db39c1c - core[a373ad73a504971]::panicking::panic_fmt
[INFO] [stdout]   11:     0x5c7c7da9caca - gpg_integration[899a3f9b41f469d1]::gitveil_gpg::{closure#0}
[INFO] [stdout]   12:     0x5c7c7da9d08d - gpg_integration[899a3f9b41f469d1]::gitveil_gpg
[INFO] [stdout]   13:     0x5c7c7da9e159 - gpg_integration[899a3f9b41f469d1]::make_initialized_repo
[INFO] [stdout]   14:     0x5c7c7daa20f8 - <gpg_integration[899a3f9b41f469d1]::test_add_gpg_user_from_file::{closure#0} as core[a373ad73a504971]::ops::function::FnOnce<()>>::call_once
[INFO] [stdout]   15:     0x5c7c7daaa26b - test[aada8e7e76ba119b]::__rust_begin_short_backtrace::<core[a373ad73a504971]::result::Result<(), alloc[2e1b2a31b91974c5]::string::String>, fn() -> core[a373ad73a504971]::result::Result<(), alloc[2e1b2a31b91974c5]::string::String>>
[INFO] [stdout]   16:     0x5c7c7dab7445 - test[aada8e7e76ba119b]::run_test::{closure#0}
[INFO] [stdout]   17:     0x5c7c7dab0d34 - std[617be2ca0a6fd877]::sys::backtrace::__rust_begin_short_backtrace::<test[aada8e7e76ba119b]::run_test::{closure#1}, ()>
[INFO] [stdout]   18:     0x5c7c7daba4d2 - <std[617be2ca0a6fd877]::thread::lifecycle::spawn_unchecked<test[aada8e7e76ba119b]::run_test::{closure#1}, ()>::{closure#1} as core[a373ad73a504971]::ops::function::FnOnce<()>>::call_once::{shim:vtable#0}
[INFO] [stdout]   19:     0x5c7c7db2412f - <std[617be2ca0a6fd877]::sys::thread::unix::Thread>::new::thread_start
[INFO] [stdout]   20:     0x73fb970badfa - <unknown>
[INFO] [stdout]   21:     0x73fb9714e3d4 - clone
[INFO] [stdout]   22:                0x0 - <unknown>
[INFO] [stdout] 
[INFO] [stdout] ---- test_ls_gpg_users_named_key stdout ----
[INFO] [stdout] 
[INFO] [stdout] thread 'test_ls_gpg_users_named_key' (1154) panicked at tests/gpg_integration.rs:77:29:
[INFO] [stdout] failed to run gitveil ["init"]: No such file or directory (os error 2)
[INFO] [stdout] stack backtrace:
[INFO] [stdout]    0:     0x5c7c7db25121 - <<std[617be2ca0a6fd877]::sys::backtrace::BacktraceLock>::print::DisplayBacktrace as core[a373ad73a504971]::fmt::Display>::fmt
[INFO] [stdout]    1:     0x5c7c7db394ea - core[a373ad73a504971]::fmt::write
[INFO] [stdout]    2:     0x5c7c7db2969c - <alloc[2e1b2a31b91974c5]::vec::Vec<u8> as core[a373ad73a504971]::io::write::Write>::write_fmt
[INFO] [stdout]    3:     0x5c7c7dafedd6 - std[617be2ca0a6fd877]::panicking::default_hook::{closure#0}
[INFO] [stdout]    4:     0x5c7c7db1c4d9 - std[617be2ca0a6fd877]::panicking::default_hook
[INFO] [stdout]    5:     0x5c7c7dab6e20 - test[aada8e7e76ba119b]::test_main_inner::{closure#0}
[INFO] [stdout]    6:     0x5c7c7db1c692 - std[617be2ca0a6fd877]::panicking::panic_with_hook
[INFO] [stdout]    7:     0x5c7c7dafee82 - std[617be2ca0a6fd877]::panicking::panic_handler::{closure#0}
[INFO] [stdout]    8:     0x5c7c7daf77e9 - std[617be2ca0a6fd877]::sys::backtrace::__rust_end_short_backtrace::<std[617be2ca0a6fd877]::panicking::panic_handler::{closure#0}, !>
[INFO] [stdout]    9:     0x5c7c7daffb7d - __rustc[ea4f61d10b84890b]::rust_begin_unwind
[INFO] [stdout]   10:     0x5c7c7db39c1c - core[a373ad73a504971]::panicking::panic_fmt
[INFO] [stdout]   11:     0x5c7c7da9caca - gpg_integration[899a3f9b41f469d1]::gitveil_gpg::{closure#0}
[INFO] [stdout]   12:     0x5c7c7da9d08d - gpg_integration[899a3f9b41f469d1]::gitveil_gpg
[INFO] [stdout]   13:     0x5c7c7da9e159 - gpg_integration[899a3f9b41f469d1]::make_initialized_repo
[INFO] [stdout]   14:     0x5c7c7daa2bdf - <gpg_integration[899a3f9b41f469d1]::test_ls_gpg_users_named_key::{closure#0} as core[a373ad73a504971]::ops::function::FnOnce<()>>::call_once
[INFO] [stdout]   15:     0x5c7c7daaa26b - test[aada8e7e76ba119b]::__rust_begin_short_backtrace::<core[a373ad73a504971]::result::Result<(), alloc[2e1b2a31b91974c5]::string::String>, fn() -> core[a373ad73a504971]::result::Result<(), alloc[2e1b2a31b91974c5]::string::String>>
[INFO] [stdout]   16:     0x5c7c7dab7445 - test[aada8e7e76ba119b]::run_test::{closure#0}
[INFO] [stdout]   17:     0x5c7c7dab0d34 - std[617be2ca0a6fd877]::sys::backtrace::__rust_begin_short_backtrace::<test[aada8e7e76ba119b]::run_test::{closure#1}, ()>
[INFO] [stdout]   18:     0x5c7c7daba4d2 - <std[617be2ca0a6fd877]::thread::lifecycle::spawn_unchecked<test[aada8e7e76ba119b]::run_test::{closure#1}, ()>::{closure#1} as core[a373ad73a504971]::ops::function::FnOnce<()>>::call_once::{shim:vtable#0}
[INFO] [stdout]   19:     0x5c7c7db2412f - <std[617be2ca0a6fd877]::sys::thread::unix::Thread>::new::thread_start
[INFO] [stdout]   20:     0x73fb970badfa - <unknown>
[INFO] [stdout]   21:     0x73fb9714e3d4 - clone
[INFO] [stdout]   22:                0x0 - <unknown>
[INFO] [stdout] 
[INFO] [stdout] ---- test_add_gpg_user_no_commit_flag stdout ----
[INFO] [stdout] 
[INFO] [stdout] thread 'test_add_gpg_user_no_commit_flag' (1144) panicked at tests/gpg_integration.rs:77:29:
[INFO] [stdout] failed to run gitveil ["init"]: No such file or directory (os error 2)
[INFO] [stdout] stack backtrace:
[INFO] [stdout]    0:     0x5c7c7db25121 - <<std[617be2ca0a6fd877]::sys::backtrace::BacktraceLock>::print::DisplayBacktrace as core[a373ad73a504971]::fmt::Display>::fmt
[INFO] [stdout]    1:     0x5c7c7db394ea - core[a373ad73a504971]::fmt::write
[INFO] [stdout]    2:     0x5c7c7db2969c - <alloc[2e1b2a31b91974c5]::vec::Vec<u8> as core[a373ad73a504971]::io::write::Write>::write_fmt
[INFO] [stdout]    3:     0x5c7c7dafedd6 - std[617be2ca0a6fd877]::panicking::default_hook::{closure#0}
[INFO] [stdout]    4:     0x5c7c7db1c4d9 - std[617be2ca0a6fd877]::panicking::default_hook
[INFO] [stdout]    5:     0x5c7c7dab6e20 - test[aada8e7e76ba119b]::test_main_inner::{closure#0}
[INFO] [stdout]    6:     0x5c7c7db1c692 - std[617be2ca0a6fd877]::panicking::panic_with_hook
[INFO] [stdout]    7:     0x5c7c7dafee82 - std[617be2ca0a6fd877]::panicking::panic_handler::{closure#0}
[INFO] [stdout]    8:     0x5c7c7daf77e9 - std[617be2ca0a6fd877]::sys::backtrace::__rust_end_short_backtrace::<std[617be2ca0a6fd877]::panicking::panic_handler::{closure#0}, !>
[INFO] [stdout]    9:     0x5c7c7daffb7d - __rustc[ea4f61d10b84890b]::rust_begin_unwind
[INFO] [stdout]   10:     0x5c7c7db39c1c - core[a373ad73a504971]::panicking::panic_fmt
[INFO] [stdout]   11:     0x5c7c7da9caca - gpg_integration[899a3f9b41f469d1]::gitveil_gpg::{closure#0}
[INFO] [stdout]   12:     0x5c7c7da9d08d - gpg_integration[899a3f9b41f469d1]::gitveil_gpg
[INFO] [stdout]   13:     0x5c7c7da9e159 - gpg_integration[899a3f9b41f469d1]::make_initialized_repo
[INFO] [stdout]   14:     0x5c7c7daa42b6 - <gpg_integration[899a3f9b41f469d1]::test_add_gpg_user_no_commit_flag::{closure#0} as core[a373ad73a504971]::ops::function::FnOnce<()>>::call_once
[INFO] [stdout]   15:     0x5c7c7daaa26b - test[aada8e7e76ba119b]::__rust_begin_short_backtrace::<core[a373ad73a504971]::result::Result<(), alloc[2e1b2a31b91974c5]::string::String>, fn() -> core[a373ad73a504971]::result::Result<(), alloc[2e1b2a31b91974c5]::string::String>>
[INFO] [stdout]   16:     0x5c7c7dab7445 - test[aada8e7e76ba119b]::run_test::{closure#0}
[INFO] [stdout]   17:     0x5c7c7dab0d34 - std[617be2ca0a6fd877]::sys::backtrace::__rust_begin_short_backtrace::<test[aada8e7e76ba119b]::run_test::{closure#1}, ()>
[INFO] [stdout]   18:     0x5c7c7daba4d2 - <std[617be2ca0a6fd877]::thread::lifecycle::spawn_unchecked<test[aada8e7e76ba119b]::run_test::{closure#1}, ()>::{closure#1} as core[a373ad73a504971]::ops::function::FnOnce<()>>::call_once::{shim:vtable#0}
[INFO] [stdout]   19:     0x5c7c7db2412f - <std[617be2ca0a6fd877]::sys::thread::unix::Thread>::new::thread_start
[INFO] [stdout]   20:     0x73fb970badfa - <unknown>
[INFO] [stdout]   21:     0x73fb9714e3d4 - clone
[INFO] [stdout]   22:                0x0 - <unknown>
[INFO] [stdout] 
[INFO] [stdout] ---- test_rm_gpg_user_not_found stdout ----
[INFO] [stdout] 
[INFO] [stdout] thread 'test_rm_gpg_user_not_found' (1294) panicked at tests/gpg_integration.rs:77:29:
[INFO] [stdout] failed to run gitveil ["init"]: No such file or directory (os error 2)
[INFO] [stdout] stack backtrace:
[INFO] [stdout]    0:     0x5c7c7db25121 - <<std[617be2ca0a6fd877]::sys::backtrace::BacktraceLock>::print::DisplayBacktrace as core[a373ad73a504971]::fmt::Display>::fmt
[INFO] [stdout]    1:     0x5c7c7db394ea - core[a373ad73a504971]::fmt::write
[INFO] [stdout]    2:     0x5c7c7db2969c - <alloc[2e1b2a31b91974c5]::vec::Vec<u8> as core[a373ad73a504971]::io::write::Write>::write_fmt
[INFO] [stdout]    3:     0x5c7c7dafedd6 - std[617be2ca0a6fd877]::panicking::default_hook::{closure#0}
[INFO] [stdout]    4:     0x5c7c7db1c4d9 - std[617be2ca0a6fd877]::panicking::default_hook
[INFO] [stdout]    5:     0x5c7c7dab6e20 - test[aada8e7e76ba119b]::test_main_inner::{closure#0}
[INFO] [stdout]    6:     0x5c7c7db1c692 - std[617be2ca0a6fd877]::panicking::panic_with_hook
[INFO] [stdout]    7:     0x5c7c7dafee82 - std[617be2ca0a6fd877]::panicking::panic_handler::{closure#0}
[INFO] [stdout]    8:     0x5c7c7daf77e9 - std[617be2ca0a6fd877]::sys::backtrace::__rust_end_short_backtrace::<std[617be2ca0a6fd877]::panicking::panic_handler::{closure#0}, !>
[INFO] [stdout]    9:     0x5c7c7daffb7d - __rustc[ea4f61d10b84890b]::rust_begin_unwind
[INFO] [stdout]   10:     0x5c7c7db39c1c - core[a373ad73a504971]::panicking::panic_fmt
[INFO] [stdout]   11:     0x5c7c7da9caca - gpg_integration[899a3f9b41f469d1]::gitveil_gpg::{closure#0}
[INFO] [stdout]   12:     0x5c7c7da9d08d - gpg_integration[899a3f9b41f469d1]::gitveil_gpg
[INFO] [stdout]   13:     0x5c7c7da9e159 - gpg_integration[899a3f9b41f469d1]::make_initialized_repo
[INFO] [stdout]   14:     0x5c7c7daa1d05 - <gpg_integration[899a3f9b41f469d1]::test_rm_gpg_user_not_found::{closure#0} as core[a373ad73a504971]::ops::function::FnOnce<()>>::call_once
[INFO] [stdout]   15:     0x5c7c7daaa26b - test[aada8e7e76ba119b]::__rust_begin_short_backtrace::<core[a373ad73a504971]::result::Result<(), alloc[2e1b2a31b91974c5]::string::String>, fn() -> core[a373ad73a504971]::result::Result<(), alloc[2e1b2a31b91974c5]::string::String>>
[INFO] [stdout]   16:     0x5c7c7dab7445 - test[aada8e7e76ba119b]::run_test::{closure#0}
[INFO] [stdout]   17:     0x5c7c7dab0d34 - std[617be2ca0a6fd877]::sys::backtrace::__rust_begin_short_backtrace::<test[aada8e7e76ba119b]::run_test::{closure#1}, ()>
[INFO] [stdout]   18:     0x5c7c7daba4d2 - <std[617be2ca0a6fd877]::thread::lifecycle::spawn_unchecked<test[aada8e7e76ba119b]::run_test::{closure#1}, ()>::{closure#1} as core[a373ad73a504971]::ops::function::FnOnce<()>>::call_once::{shim:vtable#0}
[INFO] [stdout]   19:     0x5c7c7db2412f - <std[617be2ca0a6fd877]::sys::thread::unix::Thread>::new::thread_start
[INFO] [stdout]   20:     0x73fb970badfa - <unknown>
[INFO] [stdout]   21:     0x73fb9714e3d4 - clone
[INFO] [stdout]   22:                0x0 - <unknown>
[INFO] [stdout] 
[INFO] [stdout] ---- test_rm_gpg_user stdout ----
[INFO] [stdout] 
[INFO] [stdout] thread 'test_rm_gpg_user' (1254) panicked at tests/gpg_integration.rs:77:29:
[INFO] [stdout] failed to run gitveil ["init"]: No such file or directory (os error 2)
[INFO] [stdout] stack backtrace:
[INFO] [stdout]    0:     0x5c7c7db25121 - <<std[617be2ca0a6fd877]::sys::backtrace::BacktraceLock>::print::DisplayBacktrace as core[a373ad73a504971]::fmt::Display>::fmt
[INFO] [stdout]    1:     0x5c7c7db394ea - core[a373ad73a504971]::fmt::write
[INFO] [stdout]    2:     0x5c7c7db2969c - <alloc[2e1b2a31b91974c5]::vec::Vec<u8> as core[a373ad73a504971]::io::write::Write>::write_fmt
[INFO] [stdout]    3:     0x5c7c7dafedd6 - std[617be2ca0a6fd877]::panicking::default_hook::{closure#0}
[INFO] [stdout]    4:     0x5c7c7db1c4d9 - std[617be2ca0a6fd877]::panicking::default_hook
[INFO] [stdout]    5:     0x5c7c7dab6e20 - test[aada8e7e76ba119b]::test_main_inner::{closure#0}
[INFO] [stdout]    6:     0x5c7c7db1c692 - std[617be2ca0a6fd877]::panicking::panic_with_hook
[INFO] [stdout]    7:     0x5c7c7dafee82 - std[617be2ca0a6fd877]::panicking::panic_handler::{closure#0}
[INFO] [stdout]    8:     0x5c7c7daf77e9 - std[617be2ca0a6fd877]::sys::backtrace::__rust_end_short_backtrace::<std[617be2ca0a6fd877]::panicking::panic_handler::{closure#0}, !>
[INFO] [stdout]    9:     0x5c7c7daffb7d - __rustc[ea4f61d10b84890b]::rust_begin_unwind
[INFO] [stdout]   10:     0x5c7c7db39c1c - core[a373ad73a504971]::panicking::panic_fmt
[INFO] [stdout]   11:     0x5c7c7da9caca - gpg_integration[899a3f9b41f469d1]::gitveil_gpg::{closure#0}
[INFO] [stdout]   12:     0x5c7c7da9d08d - gpg_integration[899a3f9b41f469d1]::gitveil_gpg
[INFO] [stdout]   13:     0x5c7c7da9e159 - gpg_integration[899a3f9b41f469d1]::make_initialized_repo
[INFO] [stdout]   14:     0x5c7c7da9fbf1 - <gpg_integration[899a3f9b41f469d1]::test_rm_gpg_user::{closure#0} as core[a373ad73a504971]::ops::function::FnOnce<()>>::call_once
[INFO] [stdout]   15:     0x5c7c7daaa26b - test[aada8e7e76ba119b]::__rust_begin_short_backtrace::<core[a373ad73a504971]::result::Result<(), alloc[2e1b2a31b91974c5]::string::String>, fn() -> core[a373ad73a504971]::result::Result<(), alloc[2e1b2a31b91974c5]::string::String>>
[INFO] [stdout]   16:     0x5c7c7dab7445 - test[aada8e7e76ba119b]::run_test::{closure#0}
[INFO] [stdout]   17:     0x5c7c7dab0d34 - std[617be2ca0a6fd877]::sys::backtrace::__rust_begin_short_backtrace::<test[aada8e7e76ba119b]::run_test::{closure#1}, ()>
[INFO] [stdout]   18:     0x5c7c7daba4d2 - <std[617be2ca0a6fd877]::thread::lifecycle::spawn_unchecked<test[aada8e7e76ba119b]::run_test::{closure#1}, ()>::{closure#1} as core[a373ad73a504971]::ops::function::FnOnce<()>>::call_once::{shim:vtable#0}
[INFO] [stdout]   19:     0x5c7c7db2412f - <std[617be2ca0a6fd877]::sys::thread::unix::Thread>::new::thread_start
[INFO] [stdout]   20:     0x73fb970badfa - <unknown>
[INFO] [stdout]   21:     0x73fb9714e3d4 - clone
[INFO] [stdout]   22:                0x0 - <unknown>
[INFO] [stdout] 
[INFO] [stdout] ---- test_gpg_unlock_no_matching_secret_key_gives_clear_error stdout ----
[INFO] [stdout] 
[INFO] [stdout] thread 'test_gpg_unlock_no_matching_secret_key_gives_clear_error' (1146) panicked at tests/gpg_integration.rs:77:29:
[INFO] [stdout] failed to run gitveil ["init"]: No such file or directory (os error 2)
[INFO] [stdout] stack backtrace:
[INFO] [stdout]    0:     0x5c7c7db25121 - <<std[617be2ca0a6fd877]::sys::backtrace::BacktraceLock>::print::DisplayBacktrace as core[a373ad73a504971]::fmt::Display>::fmt
[INFO] [stdout]    1:     0x5c7c7db394ea - core[a373ad73a504971]::fmt::write
[INFO] [stdout]    2:     0x5c7c7db2969c - <alloc[2e1b2a31b91974c5]::vec::Vec<u8> as core[a373ad73a504971]::io::write::Write>::write_fmt
[INFO] [stdout]    3:     0x5c7c7dafedd6 - std[617be2ca0a6fd877]::panicking::default_hook::{closure#0}
[INFO] [stdout]    4:     0x5c7c7db1c4d9 - std[617be2ca0a6fd877]::panicking::default_hook
[INFO] [stdout]    5:     0x5c7c7dab6e20 - test[aada8e7e76ba119b]::test_main_inner::{closure#0}
[INFO] [stdout]    6:     0x5c7c7db1c692 - std[617be2ca0a6fd877]::panicking::panic_with_hook
[INFO] [stdout]    7:     0x5c7c7dafee82 - std[617be2ca0a6fd877]::panicking::panic_handler::{closure#0}
[INFO] [stdout]    8:     0x5c7c7daf77e9 - std[617be2ca0a6fd877]::sys::backtrace::__rust_end_short_backtrace::<std[617be2ca0a6fd877]::panicking::panic_handler::{closure#0}, !>
[INFO] [stdout]    9:     0x5c7c7daffb7d - __rustc[ea4f61d10b84890b]::rust_begin_unwind
[INFO] [stdout]   10:     0x5c7c7db39c1c - core[a373ad73a504971]::panicking::panic_fmt
[INFO] [stdout]   11:     0x5c7c7da9caca - gpg_integration[899a3f9b41f469d1]::gitveil_gpg::{closure#0}
[INFO] [stdout]   12:     0x5c7c7da9d08d - gpg_integration[899a3f9b41f469d1]::gitveil_gpg
[INFO] [stdout]   13:     0x5c7c7da9e159 - gpg_integration[899a3f9b41f469d1]::make_initialized_repo
[INFO] [stdout]   14:     0x5c7c7daa61c8 - <gpg_integration[899a3f9b41f469d1]::test_gpg_unlock_no_matching_secret_key_gives_clear_error::{closure#0} as core[a373ad73a504971]::ops::function::FnOnce<()>>::call_once
[INFO] [stdout]   15:     0x5c7c7daaa26b - test[aada8e7e76ba119b]::__rust_begin_short_backtrace::<core[a373ad73a504971]::result::Result<(), alloc[2e1b2a31b91974c5]::string::String>, fn() -> core[a373ad73a504971]::result::Result<(), alloc[2e1b2a31b91974c5]::string::String>>
[INFO] [stdout]   16:     0x5c7c7dab7445 - test[aada8e7e76ba119b]::run_test::{closure#0}
[INFO] [stdout]   17:     0x5c7c7dab0d34 - std[617be2ca0a6fd877]::sys::backtrace::__rust_begin_short_backtrace::<test[aada8e7e76ba119b]::run_test::{closure#1}, ()>
[INFO] [stdout]   18:     0x5c7c7daba4d2 - <std[617be2ca0a6fd877]::thread::lifecycle::spawn_unchecked<test[aada8e7e76ba119b]::run_test::{closure#1}, ()>::{closure#1} as core[a373ad73a504971]::ops::function::FnOnce<()>>::call_once::{shim:vtable#0}
[INFO] [stdout]   19:     0x5c7c7db2412f - <std[617be2ca0a6fd877]::sys::thread::unix::Thread>::new::thread_start
[INFO] [stdout]   20:     0x73fb970badfa - <unknown>
[INFO] [stdout]   21:     0x73fb9714e3d4 - clone
[INFO] [stdout]   22:                0x0 - <unknown>
[INFO] [stdout] 
[INFO] [stdout] ---- test_add_gpg_user_by_fingerprint stdout ----
[INFO] [stdout] 
[INFO] [stdout] thread 'test_add_gpg_user_by_fingerprint' (1140) panicked at tests/gpg_integration.rs:77:29:
[INFO] [stdout] failed to run gitveil ["init"]: No such file or directory (os error 2)
[INFO] [stdout] stack backtrace:
[INFO] [stdout]    0:     0x5c7c7db25121 - <<std[617be2ca0a6fd877]::sys::backtrace::BacktraceLock>::print::DisplayBacktrace as core[a373ad73a504971]::fmt::Display>::fmt
[INFO] [stdout]    1:     0x5c7c7db394ea - core[a373ad73a504971]::fmt::write
[INFO] [stdout]    2:     0x5c7c7db2969c - <alloc[2e1b2a31b91974c5]::vec::Vec<u8> as core[a373ad73a504971]::io::write::Write>::write_fmt
[INFO] [stdout]    3:     0x5c7c7dafedd6 - std[617be2ca0a6fd877]::panicking::default_hook::{closure#0}
[INFO] [stdout]    4:     0x5c7c7db1c4d9 - std[617be2ca0a6fd877]::panicking::default_hook
[INFO] [stdout]    5:     0x5c7c7dab6e20 - test[aada8e7e76ba119b]::test_main_inner::{closure#0}
[INFO] [stdout]    6:     0x5c7c7db1c692 - std[617be2ca0a6fd877]::panicking::panic_with_hook
[INFO] [stdout]    7:     0x5c7c7dafee82 - std[617be2ca0a6fd877]::panicking::panic_handler::{closure#0}
[INFO] [stdout]    8:     0x5c7c7daf77e9 - std[617be2ca0a6fd877]::sys::backtrace::__rust_end_short_backtrace::<std[617be2ca0a6fd877]::panicking::panic_handler::{closure#0}, !>
[INFO] [stdout]    9:     0x5c7c7daffb7d - __rustc[ea4f61d10b84890b]::rust_begin_unwind
[INFO] [stdout]   10:     0x5c7c7db39c1c - core[a373ad73a504971]::panicking::panic_fmt
[INFO] [stdout]   11:     0x5c7c7da9caca - gpg_integration[899a3f9b41f469d1]::gitveil_gpg::{closure#0}
[INFO] [stdout]   12:     0x5c7c7da9d08d - gpg_integration[899a3f9b41f469d1]::gitveil_gpg
[INFO] [stdout]   13:     0x5c7c7da9e159 - gpg_integration[899a3f9b41f469d1]::make_initialized_repo
[INFO] [stdout]   14:     0x5c7c7daa3f91 - <gpg_integration[899a3f9b41f469d1]::test_add_gpg_user_by_fingerprint::{closure#0} as core[a373ad73a504971]::ops::function::FnOnce<()>>::call_once
[INFO] [stdout]   15:     0x5c7c7daaa26b - test[aada8e7e76ba119b]::__rust_begin_short_backtrace::<core[a373ad73a504971]::result::Result<(), alloc[2e1b2a31b91974c5]::string::String>, fn() -> core[a373ad73a504971]::result::Result<(), alloc[2e1b2a31b91974c5]::string::String>>
[INFO] [stdout]   16:     0x5c7c7dab7445 - test[aada8e7e76ba119b]::run_test::{closure#0}
[INFO] [stdout]   17:     0x5c7c7dab0d34 - std[617be2ca0a6fd877]::sys::backtrace::__rust_begin_short_backtrace::<test[aada8e7e76ba119b]::run_test::{closure#1}, ()>
[INFO] [stdout]   18:     0x5c7c7daba4d2 - <std[617be2ca0a6fd877]::thread::lifecycle::spawn_unchecked<test[aada8e7e76ba119b]::run_test::{closure#1}, ()>::{closure#1} as core[a373ad73a504971]::ops::function::FnOnce<()>>::call_once::{shim:vtable#0}
[INFO] [stdout]   19:     0x5c7c7db2412f - <std[617be2ca0a6fd877]::sys::thread::unix::Thread>::new::thread_start
[INFO] [stdout]   20:     0x73fb970badfa - <unknown>
[INFO] [stdout]   21:     0x73fb9714e3d4 - clone
[INFO] [stdout]   22:                0x0 - <unknown>
[INFO] [stdout] 
[INFO] [stdout] ---- test_ls_gpg_users_honours_gpg_program_config stdout ----
[INFO] [stdout] 
[INFO] [stdout] thread 'test_ls_gpg_users_honours_gpg_program_config' (1152) panicked at tests/gpg_integration.rs:77:29:
[INFO] [stdout] failed to run gitveil ["init"]: No such file or directory (os error 2)
[INFO] [stdout] stack backtrace:
[INFO] [stdout]    0:     0x5c7c7db25121 - <<std[617be2ca0a6fd877]::sys::backtrace::BacktraceLock>::print::DisplayBacktrace as core[a373ad73a504971]::fmt::Display>::fmt
[INFO] [stdout]    1:     0x5c7c7db394ea - core[a373ad73a504971]::fmt::write
[INFO] [stdout]    2:     0x5c7c7db2969c - <alloc[2e1b2a31b91974c5]::vec::Vec<u8> as core[a373ad73a504971]::io::write::Write>::write_fmt
[INFO] [stdout]    3:     0x5c7c7dafedd6 - std[617be2ca0a6fd877]::panicking::default_hook::{closure#0}
[INFO] [stdout]    4:     0x5c7c7db1c4d9 - std[617be2ca0a6fd877]::panicking::default_hook
[INFO] [stdout]    5:     0x5c7c7dab6e20 - test[aada8e7e76ba119b]::test_main_inner::{closure#0}
[INFO] [stdout]    6:     0x5c7c7db1c692 - std[617be2ca0a6fd877]::panicking::panic_with_hook
[INFO] [stdout]    7:     0x5c7c7dafee82 - std[617be2ca0a6fd877]::panicking::panic_handler::{closure#0}
[INFO] [stdout]    8:     0x5c7c7daf77e9 - std[617be2ca0a6fd877]::sys::backtrace::__rust_end_short_backtrace::<std[617be2ca0a6fd877]::panicking::panic_handler::{closure#0}, !>
[INFO] [stdout]    9:     0x5c7c7daffb7d - __rustc[ea4f61d10b84890b]::rust_begin_unwind
[INFO] [stdout]   10:     0x5c7c7db39c1c - core[a373ad73a504971]::panicking::panic_fmt
[INFO] [stdout]   11:     0x5c7c7da9caca - gpg_integration[899a3f9b41f469d1]::gitveil_gpg::{closure#0}
[INFO] [stdout]   12:     0x5c7c7da9d08d - gpg_integration[899a3f9b41f469d1]::gitveil_gpg
[INFO] [stdout]   13:     0x5c7c7da9e159 - gpg_integration[899a3f9b41f469d1]::make_initialized_repo
[INFO] [stdout]   14:     0x5c7c7daa4b32 - <gpg_integration[899a3f9b41f469d1]::test_ls_gpg_users_honours_gpg_program_config::{closure#0} as core[a373ad73a504971]::ops::function::FnOnce<()>>::call_once
[INFO] [stdout]   15:     0x5c7c7daaa26b - test[aada8e7e76ba119b]::__rust_begin_short_backtrace::<core[a373ad73a504971]::result::Result<(), alloc[2e1b2a31b91974c5]::string::String>, fn() -> core[a373ad73a504971]::result::Result<(), alloc[2e1b2a31b91974c5]::string::String>>
[INFO] [stdout]   16:     0x5c7c7dab7445 - test[aada8e7e76ba119b]::run_test::{closure#0}
[INFO] [stdout]   17:     0x5c7c7dab0d34 - std[617be2ca0a6fd877]::sys::backtrace::__rust_begin_short_backtrace::<test[aada8e7e76ba119b]::run_test::{closure#1}, ()>
[INFO] [stdout]   18:     0x5c7c7daba4d2 - <std[617be2ca0a6fd877]::thread::lifecycle::spawn_unchecked<test[aada8e7e76ba119b]::run_test::{closure#1}, ()>::{closure#1} as core[a373ad73a504971]::ops::function::FnOnce<()>>::call_once::{shim:vtable#0}
[INFO] [stdout]   19:     0x5c7c7db2412f - <std[617be2ca0a6fd877]::sys::thread::unix::Thread>::new::thread_start
[INFO] [stdout]   20:     0x73fb970badfa - <unknown>
[INFO] [stdout]   21:     0x73fb9714e3d4 - clone
[INFO] [stdout]   22:                0x0 - <unknown>
[INFO] [stdout] 
[INFO] [stdout] ---- test_gpg_unlock_rejects_key_dir_name_with_shell_metacharacters stdout ----
[INFO] [stdout] 
[INFO] [stdout] thread 'test_gpg_unlock_rejects_key_dir_name_with_shell_metacharacters' (1147) panicked at tests/gpg_integration.rs:77:29:
[INFO] [stdout] failed to run gitveil ["init"]: No such file or directory (os error 2)
[INFO] [stdout] stack backtrace:
[INFO] [stdout]    0:     0x5c7c7db25121 - <<std[617be2ca0a6fd877]::sys::backtrace::BacktraceLock>::print::DisplayBacktrace as core[a373ad73a504971]::fmt::Display>::fmt
[INFO] [stdout]    1:     0x5c7c7db394ea - core[a373ad73a504971]::fmt::write
[INFO] [stdout]    2:     0x5c7c7db2969c - <alloc[2e1b2a31b91974c5]::vec::Vec<u8> as core[a373ad73a504971]::io::write::Write>::write_fmt
[INFO] [stdout]    3:     0x5c7c7dafedd6 - std[617be2ca0a6fd877]::panicking::default_hook::{closure#0}
[INFO] [stdout]    4:     0x5c7c7db1c4d9 - std[617be2ca0a6fd877]::panicking::default_hook
[INFO] [stdout]    5:     0x5c7c7dab6e20 - test[aada8e7e76ba119b]::test_main_inner::{closure#0}
[INFO] [stdout]    6:     0x5c7c7db1c692 - std[617be2ca0a6fd877]::panicking::panic_with_hook
[INFO] [stdout]    7:     0x5c7c7dafee82 - std[617be2ca0a6fd877]::panicking::panic_handler::{closure#0}
[INFO] [stdout]    8:     0x5c7c7daf77e9 - std[617be2ca0a6fd877]::sys::backtrace::__rust_end_short_backtrace::<std[617be2ca0a6fd877]::panicking::panic_handler::{closure#0}, !>
[INFO] [stdout]    9:     0x5c7c7daffb7d - __rustc[ea4f61d10b84890b]::rust_begin_unwind
[INFO] [stdout]   10:     0x5c7c7db39c1c - core[a373ad73a504971]::panicking::panic_fmt
[INFO] [stdout]   11:     0x5c7c7da9caca - gpg_integration[899a3f9b41f469d1]::gitveil_gpg::{closure#0}
[INFO] [stdout]   12:     0x5c7c7da9d08d - gpg_integration[899a3f9b41f469d1]::gitveil_gpg
[INFO] [stdout]   13:     0x5c7c7da9e159 - gpg_integration[899a3f9b41f469d1]::make_initialized_repo
[INFO] [stdout]   14:     0x5c7c7daa6772 - <gpg_integration[899a3f9b41f469d1]::test_gpg_unlock_rejects_key_dir_name_with_shell_metacharacters::{closure#0} as core[a373ad73a504971]::ops::function::FnOnce<()>>::call_once
[INFO] [stdout]   15:     0x5c7c7daaa26b - test[aada8e7e76ba119b]::__rust_begin_short_backtrace::<core[a373ad73a504971]::result::Result<(), alloc[2e1b2a31b91974c5]::string::String>, fn() -> core[a373ad73a504971]::result::Result<(), alloc[2e1b2a31b91974c5]::string::String>>
[INFO] [stdout]   16:     0x5c7c7dab7445 - test[aada8e7e76ba119b]::run_test::{closure#0}
[INFO] [stdout]   17:     0x5c7c7dab0d34 - std[617be2ca0a6fd877]::sys::backtrace::__rust_begin_short_backtrace::<test[aada8e7e76ba119b]::run_test::{closure#1}, ()>
[INFO] [stdout]   18:     0x5c7c7daba4d2 - <std[617be2ca0a6fd877]::thread::lifecycle::spawn_unchecked<test[aada8e7e76ba119b]::run_test::{closure#1}, ()>::{closure#1} as core[a373ad73a504971]::ops::function::FnOnce<()>>::call_once::{shim:vtable#0}
[INFO] [stdout]   19:     0x5c7c7db2412f - <std[617be2ca0a6fd877]::sys::thread::unix::Thread>::new::thread_start
[INFO] [stdout]   20:     0x73fb970badfa - <unknown>
[INFO] [stdout]   21:     0x73fb9714e3d4 - clone
[INFO] [stdout]   22:                0x0 - <unknown>
[INFO] [stdout] 
[INFO] [stdout] ---- test_rm_gpg_user_no_commit stdout ----
[INFO] [stdout] 
[INFO] [stdout] thread 'test_rm_gpg_user_no_commit' (1270) panicked at tests/gpg_integration.rs:77:29:
[INFO] [stdout] failed to run gitveil ["init"]: No such file or directory (os error 2)
[INFO] [stdout] stack backtrace:
[INFO] [stdout]    0:     0x5c7c7db25121 - <<std[617be2ca0a6fd877]::sys::backtrace::BacktraceLock>::print::DisplayBacktrace as core[a373ad73a504971]::fmt::Display>::fmt
[INFO] [stdout]    1:     0x5c7c7db394ea - core[a373ad73a504971]::fmt::write
[INFO] [stdout]    2:     0x5c7c7db2969c - <alloc[2e1b2a31b91974c5]::vec::Vec<u8> as core[a373ad73a504971]::io::write::Write>::write_fmt
[INFO] [stdout]    3:     0x5c7c7dafedd6 - std[617be2ca0a6fd877]::panicking::default_hook::{closure#0}
[INFO] [stdout]    4:     0x5c7c7db1c4d9 - std[617be2ca0a6fd877]::panicking::default_hook
[INFO] [stdout]    5:     0x5c7c7dab6e20 - test[aada8e7e76ba119b]::test_main_inner::{closure#0}
[INFO] [stdout]    6:     0x5c7c7db1c692 - std[617be2ca0a6fd877]::panicking::panic_with_hook
[INFO] [stdout]    7:     0x5c7c7dafee82 - std[617be2ca0a6fd877]::panicking::panic_handler::{closure#0}
[INFO] [stdout]    8:     0x5c7c7daf77e9 - std[617be2ca0a6fd877]::sys::backtrace::__rust_end_short_backtrace::<std[617be2ca0a6fd877]::panicking::panic_handler::{closure#0}, !>
[INFO] [stdout]    9:     0x5c7c7daffb7d - __rustc[ea4f61d10b84890b]::rust_begin_unwind
[INFO] [stdout]   10:     0x5c7c7db39c1c - core[a373ad73a504971]::panicking::panic_fmt
[INFO] [stdout]   11:     0x5c7c7da9caca - gpg_integration[899a3f9b41f469d1]::gitveil_gpg::{closure#0}
[INFO] [stdout]   12:     0x5c7c7da9d08d - gpg_integration[899a3f9b41f469d1]::gitveil_gpg
[INFO] [stdout]   13:     0x5c7c7da9e159 - gpg_integration[899a3f9b41f469d1]::make_initialized_repo
[INFO] [stdout]   14:     0x5c7c7daa199b - <gpg_integration[899a3f9b41f469d1]::test_rm_gpg_user_no_commit::{closure#0} as core[a373ad73a504971]::ops::function::FnOnce<()>>::call_once
[INFO] [stdout]   15:     0x5c7c7daaa26b - test[aada8e7e76ba119b]::__rust_begin_short_backtrace::<core[a373ad73a504971]::result::Result<(), alloc[2e1b2a31b91974c5]::string::String>, fn() -> core[a373ad73a504971]::result::Result<(), alloc[2e1b2a31b91974c5]::string::String>>
[INFO] [stdout]   16:     0x5c7c7dab7445 - test[aada8e7e76ba119b]::run_test::{closure#0}
[INFO] [stdout]   17:     0x5c7c7dab0d34 - std[617be2ca0a6fd877]::sys::backtrace::__rust_begin_short_backtrace::<test[aada8e7e76ba119b]::run_test::{closure#1}, ()>
[INFO] [stdout]   18:     0x5c7c7daba4d2 - <std[617be2ca0a6fd877]::thread::lifecycle::spawn_unchecked<test[aada8e7e76ba119b]::run_test::{closure#1}, ()>::{closure#1} as core[a373ad73a504971]::ops::function::FnOnce<()>>::call_once::{shim:vtable#0}
[INFO] [stdout]   19:     0x5c7c7db2412f - <std[617be2ca0a6fd877]::sys::thread::unix::Thread>::new::thread_start
[INFO] [stdout]   20:     0x73fb970badfa - <unknown>
[INFO] [stdout]   21:     0x73fb9714e3d4 - clone
[INFO] [stdout]   22:                0x0 - <unknown>
[INFO] [stdout] 
[INFO] [stdout] ---- test_add_gpg_user_named_key stdout ----
[INFO] [stdout] 
[INFO] [stdout] thread 'test_add_gpg_user_named_key' (1143) panicked at tests/gpg_integration.rs:77:29:
[INFO] [stdout] failed to run gitveil ["init"]: No such file or directory (os error 2)
[INFO] [stdout] stack backtrace:
[INFO] [stdout]    0:     0x5c7c7db25121 - <<std[617be2ca0a6fd877]::sys::backtrace::BacktraceLock>::print::DisplayBacktrace as core[a373ad73a504971]::fmt::Display>::fmt
[INFO] [stdout]    1:     0x5c7c7db394ea - core[a373ad73a504971]::fmt::write
[INFO] [stdout]    2:     0x5c7c7db2969c - <alloc[2e1b2a31b91974c5]::vec::Vec<u8> as core[a373ad73a504971]::io::write::Write>::write_fmt
[INFO] [stdout]    3:     0x5c7c7dafedd6 - std[617be2ca0a6fd877]::panicking::default_hook::{closure#0}
[INFO] [stdout]    4:     0x5c7c7db1c4d9 - std[617be2ca0a6fd877]::panicking::default_hook
[INFO] [stdout]    5:     0x5c7c7dab6e20 - test[aada8e7e76ba119b]::test_main_inner::{closure#0}
[INFO] [stdout]    6:     0x5c7c7db1c692 - std[617be2ca0a6fd877]::panicking::panic_with_hook
[INFO] [stdout]    7:     0x5c7c7dafee82 - std[617be2ca0a6fd877]::panicking::panic_handler::{closure#0}
[INFO] [stdout]    8:     0x5c7c7daf77e9 - std[617be2ca0a6fd877]::sys::backtrace::__rust_end_short_backtrace::<std[617be2ca0a6fd877]::panicking::panic_handler::{closure#0}, !>
[INFO] [stdout]    9:     0x5c7c7daffb7d - __rustc[ea4f61d10b84890b]::rust_begin_unwind
[INFO] [stdout]   10:     0x5c7c7db39c1c - core[a373ad73a504971]::panicking::panic_fmt
[INFO] [stdout]   11:     0x5c7c7da9caca - gpg_integration[899a3f9b41f469d1]::gitveil_gpg::{closure#0}
[INFO] [stdout]   12:     0x5c7c7da9d08d - gpg_integration[899a3f9b41f469d1]::gitveil_gpg
[INFO] [stdout]   13:     0x5c7c7da9e159 - gpg_integration[899a3f9b41f469d1]::make_initialized_repo
[INFO] [stdout]   14:     0x5c7c7daa287b - <gpg_integration[899a3f9b41f469d1]::test_add_gpg_user_named_key::{closure#0} as core[a373ad73a504971]::ops::function::FnOnce<()>>::call_once
[INFO] [stdout]   15:     0x5c7c7daaa26b - test[aada8e7e76ba119b]::__rust_begin_short_backtrace::<core[a373ad73a504971]::result::Result<(), alloc[2e1b2a31b91974c5]::string::String>, fn() -> core[a373ad73a504971]::result::Result<(), alloc[2e1b2a31b91974c5]::string::String>>
[INFO] [stdout]   16:     0x5c7c7dab7445 - test[aada8e7e76ba119b]::run_test::{closure#0}
[INFO] [stdout]   17:     0x5c7c7dab0d34 - std[617be2ca0a6fd877]::sys::backtrace::__rust_begin_short_backtrace::<test[aada8e7e76ba119b]::run_test::{closure#1}, ()>
[INFO] [stdout]   18:     0x5c7c7daba4d2 - <std[617be2ca0a6fd877]::thread::lifecycle::spawn_unchecked<test[aada8e7e76ba119b]::run_test::{closure#1}, ()>::{closure#1} as core[a373ad73a504971]::ops::function::FnOnce<()>>::call_once::{shim:vtable#0}
[INFO] [stdout]   19:     0x5c7c7db2412f - <std[617be2ca0a6fd877]::sys::thread::unix::Thread>::new::thread_start
[INFO] [stdout]   20:     0x73fb970badfa - <unknown>
[INFO] [stdout]   21:     0x73fb9714e3d4 - clone
[INFO] [stdout]   22:                0x0 - <unknown>
[INFO] [stdout] 
[INFO] [stdout] ---- test_add_and_remove_multiple_users stdout ----
[INFO] [stdout] 
[INFO] [stdout] thread 'test_add_and_remove_multiple_users' (1138) panicked at tests/gpg_integration.rs:77:29:
[INFO] [stdout] failed to run gitveil ["init"]: No such file or directory (os error 2)
[INFO] [stdout] stack backtrace:
[INFO] [stdout]    0:     0x5c7c7db25121 - <<std[617be2ca0a6fd877]::sys::backtrace::BacktraceLock>::print::DisplayBacktrace as core[a373ad73a504971]::fmt::Display>::fmt
[INFO] [stdout]    1:     0x5c7c7db394ea - core[a373ad73a504971]::fmt::write
[INFO] [stdout]    2:     0x5c7c7db2969c - <alloc[2e1b2a31b91974c5]::vec::Vec<u8> as core[a373ad73a504971]::io::write::Write>::write_fmt
[INFO] [stdout]    3:     0x5c7c7dafedd6 - std[617be2ca0a6fd877]::panicking::default_hook::{closure#0}
[INFO] [stdout]    4:     0x5c7c7db1c4d9 - std[617be2ca0a6fd877]::panicking::default_hook
[INFO] [stdout]    5:     0x5c7c7dab6e20 - test[aada8e7e76ba119b]::test_main_inner::{closure#0}
[INFO] [stdout]    6:     0x5c7c7db1c692 - std[617be2ca0a6fd877]::panicking::panic_with_hook
[INFO] [stdout]    7:     0x5c7c7dafee82 - std[617be2ca0a6fd877]::panicking::panic_handler::{closure#0}
[INFO] [stdout]    8:     0x5c7c7daf77e9 - std[617be2ca0a6fd877]::sys::backtrace::__rust_end_short_backtrace::<std[617be2ca0a6fd877]::panicking::panic_handler::{closure#0}, !>
[INFO] [stdout]    9:     0x5c7c7daffb7d - __rustc[ea4f61d10b84890b]::rust_begin_unwind
[INFO] [stdout]   10:     0x5c7c7db39c1c - core[a373ad73a504971]::panicking::panic_fmt
[INFO] [stdout]   11:     0x5c7c7da9caca - gpg_integration[899a3f9b41f469d1]::gitveil_gpg::{closure#0}
[INFO] [stdout]   12:     0x5c7c7da9d08d - gpg_integration[899a3f9b41f469d1]::gitveil_gpg
[INFO] [stdout]   13:     0x5c7c7da9e159 - gpg_integration[899a3f9b41f469d1]::make_initialized_repo
[INFO] [stdout]   14:     0x5c7c7daa4612 - <gpg_integration[899a3f9b41f469d1]::test_add_and_remove_multiple_users::{closure#0} as core[a373ad73a504971]::ops::function::FnOnce<()>>::call_once
[INFO] [stdout]   15:     0x5c7c7daaa26b - test[aada8e7e76ba119b]::__rust_begin_short_backtrace::<core[a373ad73a504971]::result::Result<(), alloc[2e1b2a31b91974c5]::string::String>, fn() -> core[a373ad73a504971]::result::Result<(), alloc[2e1b2a31b91974c5]::string::String>>
[INFO] [stdout]   16:     0x5c7c7dab7445 - test[aada8e7e76ba119b]::run_test::{closure#0}
[INFO] [stdout]   17:     0x5c7c7dab0d34 - std[617be2ca0a6fd877]::sys::backtrace::__rust_begin_short_backtrace::<test[aada8e7e76ba119b]::run_test::{closure#1}, ()>
[INFO] [stdout]   18:     0x5c7c7daba4d2 - <std[617be2ca0a6fd877]::thread::lifecycle::spawn_unchecked<test[aada8e7e76ba119b]::run_test::{closure#1}, ()>::{closure#1} as core[a373ad73a504971]::ops::function::FnOnce<()>>::call_once::{shim:vtable#0}
[INFO] [stdout]   19:     0x5c7c7db2412f - <std[617be2ca0a6fd877]::sys::thread::unix::Thread>::new::thread_start
[INFO] [stdout]   20:     0x73fb970badfa - <unknown>
[INFO] [stdout]   21:     0x73fb9714e3d4 - clone
[INFO] [stdout]   22:                0x0 - <unknown>
[INFO] [stdout] 
[INFO] [stdout] ---- test_gpg_unlock_with_passphrase_protected_key stdout ----
[INFO] [stdout] 
[INFO] [stdout] thread 'test_gpg_unlock_with_passphrase_protected_key' (1150) panicked at tests/gpg_integration.rs:77:29:
[INFO] [stdout] failed to run gitveil ["init"]: No such file or directory (os error 2)
[INFO] [stdout] stack backtrace:
[INFO] [stdout]    0:     0x5c7c7db25121 - <<std[617be2ca0a6fd877]::sys::backtrace::BacktraceLock>::print::DisplayBacktrace as core[a373ad73a504971]::fmt::Display>::fmt
[INFO] [stdout]    1:     0x5c7c7db394ea - core[a373ad73a504971]::fmt::write
[INFO] [stdout]    2:     0x5c7c7db2969c - <alloc[2e1b2a31b91974c5]::vec::Vec<u8> as core[a373ad73a504971]::io::write::Write>::write_fmt
[INFO] [stdout]    3:     0x5c7c7dafedd6 - std[617be2ca0a6fd877]::panicking::default_hook::{closure#0}
[INFO] [stdout]    4:     0x5c7c7db1c4d9 - std[617be2ca0a6fd877]::panicking::default_hook
[INFO] [stdout]    5:     0x5c7c7dab6e20 - test[aada8e7e76ba119b]::test_main_inner::{closure#0}
[INFO] [stdout]    6:     0x5c7c7db1c692 - std[617be2ca0a6fd877]::panicking::panic_with_hook
[INFO] [stdout]    7:     0x5c7c7dafee82 - std[617be2ca0a6fd877]::panicking::panic_handler::{closure#0}
[INFO] [stdout]    8:     0x5c7c7daf77e9 - std[617be2ca0a6fd877]::sys::backtrace::__rust_end_short_backtrace::<std[617be2ca0a6fd877]::panicking::panic_handler::{closure#0}, !>
[INFO] [stdout]    9:     0x5c7c7daffb7d - __rustc[ea4f61d10b84890b]::rust_begin_unwind
[INFO] [stdout]   10:     0x5c7c7db39c1c - core[a373ad73a504971]::panicking::panic_fmt
[INFO] [stdout]   11:     0x5c7c7da9caca - gpg_integration[899a3f9b41f469d1]::gitveil_gpg::{closure#0}
[INFO] [stdout]   12:     0x5c7c7da9d08d - gpg_integration[899a3f9b41f469d1]::gitveil_gpg
[INFO] [stdout]   13:     0x5c7c7da9e159 - gpg_integration[899a3f9b41f469d1]::make_initialized_repo
[INFO] [stdout]   14:     0x5c7c7daa55ae - <gpg_integration[899a3f9b41f469d1]::test_gpg_unlock_with_passphrase_protected_key::{closure#0} as core[a373ad73a504971]::ops::function::FnOnce<()>>::call_once
[INFO] [stdout]   15:     0x5c7c7daaa26b - test[aada8e7e76ba119b]::__rust_begin_short_backtrace::<core[a373ad73a504971]::result::Result<(), alloc[2e1b2a31b91974c5]::string::String>, fn() -> core[a373ad73a504971]::result::Result<(), alloc[2e1b2a31b91974c5]::string::String>>
[INFO] [stdout]   16:     0x5c7c7dab7445 - test[aada8e7e76ba119b]::run_test::{closure#0}
[INFO] [stdout]   17:     0x5c7c7dab0d34 - std[617be2ca0a6fd877]::sys::backtrace::__rust_begin_short_backtrace::<test[aada8e7e76ba119b]::run_test::{closure#1}, ()>
[INFO] [stdout]   18:     0x5c7c7daba4d2 - <std[617be2ca0a6fd877]::thread::lifecycle::spawn_unchecked<test[aada8e7e76ba119b]::run_test::{closure#1}, ()>::{closure#1} as core[a373ad73a504971]::ops::function::FnOnce<()>>::call_once::{shim:vtable#0}
[INFO] [stdout]   19:     0x5c7c7db2412f - <std[617be2ca0a6fd877]::sys::thread::unix::Thread>::new::thread_start
[INFO] [stdout]   20:     0x73fb970badfa - <unknown>
[INFO] [stdout]   21:     0x73fb9714e3d4 - clone
[INFO] [stdout]   22:                0x0 - <unknown>
[INFO] [stdout] 
[INFO] [stdout] 
[INFO] [stdout] failures:
[INFO] [stdout]     test_add_and_remove_multiple_users
[INFO] [stdout]     test_add_gpg_user_by_email
[INFO] [stdout]     test_add_gpg_user_by_fingerprint
[INFO] [stdout]     test_add_gpg_user_from_file
[INFO] [stdout]     test_add_gpg_user_from_git_url
[INFO] [stdout]     test_add_gpg_user_named_key
[INFO] [stdout]     test_add_gpg_user_no_commit_flag
[INFO] [stdout]     test_add_gpg_user_trusted_flag
[INFO] [stdout]     test_gpg_unlock_no_matching_secret_key_gives_clear_error
[INFO] [stdout]     test_gpg_unlock_rejects_key_dir_name_with_shell_metacharacters
[INFO] [stdout]     test_gpg_unlock_roundtrip
[INFO] [stdout]     test_gpg_unlock_with_passphrase_protected_key
[INFO] [stdout]     test_ls_gpg_users
[INFO] [stdout]     test_ls_gpg_users_honours_gpg_program_config
[INFO] [stdout]     test_ls_gpg_users_named_key
[INFO] [stdout]     test_ls_gpg_users_no_users
[INFO] [stdout]     test_rm_gpg_user
[INFO] [stdout]     test_rm_gpg_user_no_commit
[INFO] [stdout]     test_rm_gpg_user_not_found
[INFO] [stdout] 
[INFO] [stdout] test result: FAILED. 0 passed; 19 failed; 0 ignored; 0 measured; 0 filtered out; finished in 3.40s
[INFO] [stdout] 
[INFO] [stderr] error: test failed, to rerun pass `--test gpg_integration`
[INFO] running `Command { std: "docker" "inspect" "3d2639f816e39458e94a65fcd1de7c66402cf812347725d985993271bfb07e4d", kill_on_drop: false }`
[INFO] running `Command { std: "docker" "rm" "-f" "3d2639f816e39458e94a65fcd1de7c66402cf812347725d985993271bfb07e4d", kill_on_drop: false }`
[INFO] [stdout] 3d2639f816e39458e94a65fcd1de7c66402cf812347725d985993271bfb07e4d
