[INFO] cloning repository https://github.com/logan-bobo/spark-kv
[INFO] running `Command { std: "git" "-c" "credential.helper=" "-c" "credential.helper=/workspace/cargo-home/bin/git-credential-null" "clone" "--bare" "https://github.com/logan-bobo/spark-kv" "/workspace/cache/git-repos/https%3A%2F%2Fgithub.com%2Flogan-bobo%2Fspark-kv", kill_on_drop: false }`
[INFO] [stderr] Cloning into bare repository '/workspace/cache/git-repos/https%3A%2F%2Fgithub.com%2Flogan-bobo%2Fspark-kv'...
[INFO] running `Command { std: "git" "rev-parse" "HEAD", kill_on_drop: false }`
[INFO] [stdout] 9acfb8d60b195fc0438edcdaf892e742c6508842
[INFO] testing logan-bobo/spark-kv against 1.100.0-beta.1+cargoflags=--release for beta-release-1.100-3
[INFO] running `Command { std: "git" "clone" "/workspace/cache/git-repos/https%3A%2F%2Fgithub.com%2Flogan-bobo%2Fspark-kv" "/workspace/builds/worker-0-tc2/source", kill_on_drop: false }`
[INFO] [stderr] Cloning into '/workspace/builds/worker-0-tc2/source'...
[INFO] [stderr] done.
[INFO] started tweaking git repo https://github.com/logan-bobo/spark-kv
[INFO] finished tweaking git repo https://github.com/logan-bobo/spark-kv
[INFO] tweaked toml for git repo https://github.com/logan-bobo/spark-kv written to /workspace/builds/worker-0-tc2/source/Cargo.toml
[INFO] validating manifest of git repo https://github.com/logan-bobo/spark-kv on toolchain 1.100.0-beta.1
[INFO] running `Command { std: CARGO_HOME="/workspace/cargo-home" RUSTUP_HOME="/workspace/rustup-home" "/workspace/cargo-home/bin/cargo" "+1.100.0-beta.1" "metadata" "--manifest-path" "Cargo.toml" "--no-deps", kill_on_drop: false }`
[INFO] crate git repo https://github.com/logan-bobo/spark-kv already has a lockfile, it will not be regenerated
[INFO] running `Command { std: CARGO_HOME="/workspace/cargo-home" RUSTUP_HOME="/workspace/rustup-home" "/workspace/cargo-home/bin/cargo" "+1.100.0-beta.1" "fetch" "--manifest-path" "Cargo.toml", kill_on_drop: false }`
[INFO] running `Command { std: "docker" "create" "-v" "/var/lib/crater-agent-workspace/builds/worker-0-tc2/source:/opt/rustwide/workdir:ro,Z" "-v" "/var/lib/crater-agent-workspace/builds/worker-0-tc2/target:/opt/rustwide/target:rw,Z" "-v" "/var/lib/crater-agent-workspace/cargo-home:/opt/rustwide/cargo-home:ro,Z" "-v" "/var/lib/crater-agent-workspace/rustup-home:/opt/rustwide/rustup-home:ro,Z" "-m" "1610612736" "--network" "none" "ghcr.io/rust-lang/crates-build-env/linux@sha256:77db811e55d90add9212f6832c23229e3de5f1c1f9905e8cb07319ea15df73ac" "sleep" "infinity", kill_on_drop: false }`
[INFO] [stdout] 8de0405bd5e5e1761aacacd0bd477aeae195558044762896f85ee72c74dc5407
[INFO] running `Command { std: "docker" "start" "8de0405bd5e5e1761aacacd0bd477aeae195558044762896f85ee72c74dc5407", kill_on_drop: false }`
[INFO] running `Command { std: "docker" "inspect" "8de0405bd5e5e1761aacacd0bd477aeae195558044762896f85ee72c74dc5407", kill_on_drop: false }`
[INFO] running `Command { std: "docker" "exec" "-e" "SOURCE_DIR=/opt/rustwide/workdir" "-e" "CARGO_HOME=/opt/rustwide/cargo-home" "-e" "RUSTUP_HOME=/opt/rustwide/rustup-home" "-e" "CARGO_TARGET_DIR=/opt/rustwide/target" "-w" "/opt/rustwide/workdir" "--user" "0:0" "8de0405bd5e5e1761aacacd0bd477aeae195558044762896f85ee72c74dc5407" "/opt/rustwide/cargo-home/bin/cargo" "+1.100.0-beta.1" "metadata" "--no-deps" "--format-version=1", kill_on_drop: false }`
[INFO] running `Command { std: "docker" "inspect" "8de0405bd5e5e1761aacacd0bd477aeae195558044762896f85ee72c74dc5407", kill_on_drop: false }`
[INFO] running `Command { std: "docker" "exec" "-e" "SOURCE_DIR=/opt/rustwide/workdir" "-e" "CARGO_HOME=/opt/rustwide/cargo-home" "-e" "RUSTUP_HOME=/opt/rustwide/rustup-home" "-e" "CARGO_TARGET_DIR=/opt/rustwide/target" "-e" "CARGO_INCREMENTAL=0" "-e" "RUST_BACKTRACE=full" "-e" "RUSTFLAGS=--cap-lints=warn" "-e" "RUSTDOCFLAGS=--cap-lints=warn" "-w" "/opt/rustwide/workdir" "--user" "0:0" "8de0405bd5e5e1761aacacd0bd477aeae195558044762896f85ee72c74dc5407" "/opt/rustwide/cargo-home/bin/cargo" "+1.100.0-beta.1" "build" "--frozen" "--message-format=json" "--release", kill_on_drop: false }`
[INFO] [stderr]    Compiling proc-macro2 v1.0.94
[INFO] [stderr]    Compiling unicode-ident v1.0.18
[INFO] [stderr]    Compiling memchr v2.7.4
[INFO] [stderr]    Compiling serde v1.0.219
[INFO] [stderr]    Compiling libc v0.2.171
[INFO] [stderr]    Compiling serde_json v1.0.140
[INFO] [stderr]    Compiling regex-syntax v0.8.5
[INFO] [stderr]    Compiling itoa v1.0.15
[INFO] [stderr]    Compiling ryu v1.0.20
[INFO] [stderr]    Compiling escargot v0.4.0
[INFO] [stderr]    Compiling predicates-core v1.0.9
[INFO] [stderr]    Compiling anstyle v1.0.10
[INFO] [stderr]    Compiling colorchoice v1.0.3
[INFO] [stderr]    Compiling getrandom v0.3.2
[INFO] [stderr]    Compiling num-traits v0.2.19
[INFO] [stderr]    Compiling anstyle-parse v0.2.6
[INFO] [stderr]    Compiling is_terminal_polyfill v1.70.1
[INFO] [stderr]    Compiling rustix v1.0.2
[INFO] [stderr]    Compiling anstyle-query v1.1.2
[INFO] [stderr]    Compiling linux-raw-sys v0.9.3
[INFO] [stderr]    Compiling lazy_static v1.5.0
[INFO] [stderr]    Compiling clap_lex v0.7.4
[INFO] [stderr]    Compiling thiserror v2.0.19
[INFO] [stderr]    Compiling normalize-line-endings v0.3.0
[INFO] [stderr]    Compiling bitflags v2.9.0
[INFO] [stderr]    Compiling difference v2.0.0
[INFO] [stderr]    Compiling termtree v0.5.1
[INFO] [stderr]    Compiling once_cell v1.21.0
[INFO] [stderr]    Compiling anstream v0.6.18
[INFO] [stderr]    Compiling fastrand v2.3.0
[INFO] [stderr]    Compiling predicates-tree v1.0.12
[INFO] [stderr]    Compiling walkdir v2.5.0
[INFO] [stderr]    Compiling quote v1.0.40
[INFO] [stderr]    Compiling clap_builder v4.5.32
[INFO] [stderr]    Compiling syn v2.0.100
[INFO] [stderr]    Compiling syn v3.0.3
[INFO] [stderr]    Compiling aho-corasick v1.1.3
[INFO] [stderr]    Compiling float-cmp v0.8.0
[INFO] [stderr]    Compiling chrono v0.4.45
[INFO] [stderr]    Compiling regex-automata v0.4.9
[INFO] [stderr]    Compiling tempfile v3.19.0
[INFO] [stderr]    Compiling thiserror-impl v2.0.19
[INFO] [stderr]    Compiling serde_derive v1.0.219
[INFO] [stderr]    Compiling clap_derive v4.5.32
[INFO] [stderr]    Compiling clap v4.5.32
[INFO] [stderr]    Compiling regex v1.11.1
[INFO] [stderr]    Compiling predicates v1.0.8
[INFO] [stderr]    Compiling assert_cmd v0.11.1
[INFO] [stderr]    Compiling kvs v0.1.0 (/opt/rustwide/workdir)
[INFO] [stderr] warning: unused dependency `assert_cmd`
[INFO] [stderr]  --> Cargo.toml:8:1
[INFO] [stderr]   |
[INFO] [stderr] 8 | assert_cmd = "0.11.0"
[INFO] [stderr]   | ^^^^^^^^^^^^^^^^^^^^^
[INFO] [stderr]   |
[INFO] [stderr]   = note: `cargo::unused_dependencies` is set to `warn` by default
[INFO] [stderr] help: consider removing the dependency on `assert_cmd`
[INFO] [stderr] warning: unused dependency `chrono`
[INFO] [stderr]  --> Cargo.toml:9:1
[INFO] [stderr]   |
[INFO] [stderr] 9 | chrono = "0.4.45"
[INFO] [stderr]   | ^^^^^^^^^^^^^^^^^
[INFO] [stderr]   |
[INFO] [stderr] help: consider removing the dependency on `chrono`
[INFO] [stderr] warning: unused dependency `tempfile`
[INFO] [stderr]   --> Cargo.toml:12:1
[INFO] [stderr]    |
[INFO] [stderr] 12 | tempfile = "3.19.0"
[INFO] [stderr]    | ^^^^^^^^^^^^^^^^^^^
[INFO] [stderr]    |
[INFO] [stderr] help: consider removing the dependency on `tempfile`
[INFO] [stderr] warning: unused dependency `walkdir`
[INFO] [stderr]   --> Cargo.toml:14:1
[INFO] [stderr]    |
[INFO] [stderr] 14 | walkdir = "2.5.0"
[INFO] [stderr]    | ^^^^^^^^^^^^^^^^^
[INFO] [stderr]    |
[INFO] [stderr] help: consider removing the dependency on `walkdir`
[INFO] [stderr] warning: `kvs` (manifest) generated 4 warnings
[INFO] [stderr]     Finished `release` profile [optimized] target(s) in 47.81s
[INFO] running `Command { std: "docker" "inspect" "8de0405bd5e5e1761aacacd0bd477aeae195558044762896f85ee72c74dc5407", kill_on_drop: false }`
[INFO] running `Command { std: "docker" "exec" "-e" "SOURCE_DIR=/opt/rustwide/workdir" "-e" "CARGO_HOME=/opt/rustwide/cargo-home" "-e" "RUSTUP_HOME=/opt/rustwide/rustup-home" "-e" "CARGO_TARGET_DIR=/opt/rustwide/target" "-e" "CARGO_INCREMENTAL=0" "-e" "RUST_BACKTRACE=full" "-e" "RUSTFLAGS=--cap-lints=warn" "-e" "RUSTDOCFLAGS=--cap-lints=warn" "-w" "/opt/rustwide/workdir" "--user" "0:0" "8de0405bd5e5e1761aacacd0bd477aeae195558044762896f85ee72c74dc5407" "/opt/rustwide/cargo-home/bin/cargo" "+1.100.0-beta.1" "test" "--frozen" "--no-run" "--message-format=json" "--release", kill_on_drop: false }`
[INFO] [stderr]    Compiling kvs v0.1.0 (/opt/rustwide/workdir)
[INFO] [stderr]     Finished `release` profile [optimized] target(s) in 1.23s
[INFO] running `Command { std: "docker" "inspect" "8de0405bd5e5e1761aacacd0bd477aeae195558044762896f85ee72c74dc5407", kill_on_drop: false }`
[INFO] running `Command { std: "docker" "exec" "-e" "SOURCE_DIR=/opt/rustwide/workdir" "-e" "CARGO_HOME=/opt/rustwide/cargo-home" "-e" "RUSTUP_HOME=/opt/rustwide/rustup-home" "-e" "CARGO_TARGET_DIR=/opt/rustwide/target" "-e" "CARGO_INCREMENTAL=0" "-e" "RUST_BACKTRACE=full" "-e" "RUSTFLAGS=--cap-lints=warn" "-e" "RUSTDOCFLAGS=--cap-lints=warn" "-w" "/opt/rustwide/workdir" "--user" "0:0" "8de0405bd5e5e1761aacacd0bd477aeae195558044762896f85ee72c74dc5407" "/opt/rustwide/cargo-home/bin/cargo" "+1.100.0-beta.1" "test" "--frozen" "--release", kill_on_drop: false }`
[INFO] [stderr]     Finished `release` profile [optimized] target(s) in 0.10s
[INFO] [stderr]      Running tests/tests.rs (/opt/rustwide/target/release/build/kvs/2687c9a4b1179ea7/out/tests-2687c9a4b1179ea7)
[INFO] [stdout] 
[INFO] [stdout] running 17 tests
[INFO] [stdout] test cli_invalid_subcommand ... FAILED
[INFO] [stdout] test cli_rm_non_existent_key ... FAILED
[INFO] [stdout] test cli_invalid_get ... FAILED
[INFO] [stdout] test cli_invalid_rm ... FAILED
[INFO] [stdout] test cli_no_args ... FAILED
[INFO] [stdout] test cli_version ... FAILED
[INFO] [stdout] test cli_set ... FAILED
[INFO] [stdout] test cli_get_non_existent_key ... FAILED
[INFO] [stdout] test cli_invalid_set ... FAILED
[INFO] [stdout] test cli_get_stored ... FAILED
[INFO] [stdout] test remove_key ... ok
[INFO] [stdout] test cli_rm_stored ... FAILED
[INFO] [stdout] test overwrite_value ... ok
[INFO] [stdout] test remove_non_existent_key ... ok
[INFO] [stdout] test get_non_existent_value ... ok
[INFO] [stdout] test get_stored_value ... ok
[INFO] [stdout] test compaction ... ok
[INFO] [stdout] 
[INFO] [stdout] failures:
[INFO] [stdout] 
[INFO] [stdout] ---- cli_invalid_subcommand stdout ----
[INFO] [stdout] 
[INFO] [stdout] thread 'cli_invalid_subcommand' (1214) panicked at tests/tests.rs:177:10:
[INFO] [stdout] called `Result::unwrap()` on an `Err` value: CargoError { cause: Some(NotFoundError { path: "/opt/rustwide/target/release/build/kvs/2687c9a4b1179ea7/out/kvs" }) }
[INFO] [stdout] stack backtrace:
[INFO] [stdout]    0:     0x566f9e6a15a1 - <<std[617be2ca0a6fd877]::sys::backtrace::BacktraceLock>::print::DisplayBacktrace as core[a373ad73a504971]::fmt::Display>::fmt
[INFO] [stdout]    1:     0x566f9e6b782a - core[a373ad73a504971]::fmt::write
[INFO] [stdout]    2:     0x566f9e6a6f4c - <alloc[2e1b2a31b91974c5]::vec::Vec<u8> as core[a373ad73a504971]::io::write::Write>::write_fmt
[INFO] [stdout]    3:     0x566f9e67b9e6 - std[617be2ca0a6fd877]::panicking::default_hook::{closure#0}
[INFO] [stdout]    4:     0x566f9e699089 - std[617be2ca0a6fd877]::panicking::default_hook
[INFO] [stdout]    5:     0x566f9e61c050 - test[aada8e7e76ba119b]::test_main_inner::{closure#0}
[INFO] [stdout]    6:     0x566f9e699242 - std[617be2ca0a6fd877]::panicking::panic_with_hook
[INFO] [stdout]    7:     0x566f9e67ba92 - std[617be2ca0a6fd877]::panicking::panic_handler::{closure#0}
[INFO] [stdout]    8:     0x566f9e6745b9 - std[617be2ca0a6fd877]::sys::backtrace::__rust_end_short_backtrace::<std[617be2ca0a6fd877]::panicking::panic_handler::{closure#0}, !>
[INFO] [stdout]    9:     0x566f9e67c69d - __rustc[ea4f61d10b84890b]::rust_begin_unwind
[INFO] [stdout]   10:     0x566f9e6b7f5c - core[a373ad73a504971]::panicking::panic_fmt
[INFO] [stdout]   11:     0x566f9e6b7d32 - core[a373ad73a504971]::result::unwrap_failed
[INFO] [stdout]   12:     0x566f9e60ae08 - <tests[4d1ed933424899e7]::cli_invalid_subcommand::{closure#0} as core[a373ad73a504971]::ops::function::FnOnce<()>>::call_once
[INFO] [stdout]   13:     0x566f9e60f49b - test[aada8e7e76ba119b]::__rust_begin_short_backtrace::<core[a373ad73a504971]::result::Result<(), alloc[2e1b2a31b91974c5]::string::String>, fn() -> core[a373ad73a504971]::result::Result<(), alloc[2e1b2a31b91974c5]::string::String>>
[INFO] [stdout]   14:     0x566f9e61c675 - test[aada8e7e76ba119b]::run_test::{closure#0}
[INFO] [stdout]   15:     0x566f9e615f64 - std[617be2ca0a6fd877]::sys::backtrace::__rust_begin_short_backtrace::<test[aada8e7e76ba119b]::run_test::{closure#1}, ()>
[INFO] [stdout]   16:     0x566f9e61f702 - <std[617be2ca0a6fd877]::thread::lifecycle::spawn_unchecked<test[aada8e7e76ba119b]::run_test::{closure#1}, ()>::{closure#1} as core[a373ad73a504971]::ops::function::FnOnce<()>>::call_once::{shim:vtable#0}
[INFO] [stdout]   17:     0x566f9e6a0d7f - <std[617be2ca0a6fd877]::sys::thread::unix::Thread>::new::thread_start
[INFO] [stdout]   18:     0x7e892d5b4dfa - <unknown>
[INFO] [stdout]   19:     0x7e892d6483d4 - clone
[INFO] [stdout]   20:                0x0 - <unknown>
[INFO] [stdout] 
[INFO] [stdout] ---- cli_rm_non_existent_key stdout ----
[INFO] [stdout] 
[INFO] [stdout] thread 'cli_rm_non_existent_key' (1216) panicked at tests/tests.rs:46:10:
[INFO] [stdout] called `Result::unwrap()` on an `Err` value: CargoError { cause: Some(NotFoundError { path: "/opt/rustwide/target/release/build/kvs/2687c9a4b1179ea7/out/kvs" }) }
[INFO] [stdout] stack backtrace:
[INFO] [stdout]    0:     0x566f9e6a15a1 - <<std[617be2ca0a6fd877]::sys::backtrace::BacktraceLock>::print::DisplayBacktrace as core[a373ad73a504971]::fmt::Display>::fmt
[INFO] [stdout]    1:     0x566f9e6b782a - core[a373ad73a504971]::fmt::write
[INFO] [stdout]    2:     0x566f9e6a6f4c - <alloc[2e1b2a31b91974c5]::vec::Vec<u8> as core[a373ad73a504971]::io::write::Write>::write_fmt
[INFO] [stdout]    3:     0x566f9e67b9e6 - std[617be2ca0a6fd877]::panicking::default_hook::{closure#0}
[INFO] [stdout]    4:     0x566f9e699089 - std[617be2ca0a6fd877]::panicking::default_hook
[INFO] [stdout]    5:     0x566f9e61c050 - test[aada8e7e76ba119b]::test_main_inner::{closure#0}
[INFO] [stdout]    6:     0x566f9e699242 - std[617be2ca0a6fd877]::panicking::panic_with_hook
[INFO] [stdout]    7:     0x566f9e67ba92 - std[617be2ca0a6fd877]::panicking::panic_handler::{closure#0}
[INFO] [stdout]    8:     0x566f9e6745b9 - std[617be2ca0a6fd877]::sys::backtrace::__rust_end_short_backtrace::<std[617be2ca0a6fd877]::panicking::panic_handler::{closure#0}, !>
[INFO] [stdout]    9:     0x566f9e67c69d - __rustc[ea4f61d10b84890b]::rust_begin_unwind
[INFO] [stdout]   10:     0x566f9e6b7f5c - core[a373ad73a504971]::panicking::panic_fmt
[INFO] [stdout]   11:     0x566f9e6b7d32 - core[a373ad73a504971]::result::unwrap_failed
[INFO] [stdout]   12:     0x566f9e60b906 - <tests[4d1ed933424899e7]::cli_rm_non_existent_key::{closure#0} as core[a373ad73a504971]::ops::function::FnOnce<()>>::call_once
[INFO] [stdout]   13:     0x566f9e60f49b - test[aada8e7e76ba119b]::__rust_begin_short_backtrace::<core[a373ad73a504971]::result::Result<(), alloc[2e1b2a31b91974c5]::string::String>, fn() -> core[a373ad73a504971]::result::Result<(), alloc[2e1b2a31b91974c5]::string::String>>
[INFO] [stdout]   14:     0x566f9e61c675 - test[aada8e7e76ba119b]::run_test::{closure#0}
[INFO] [stdout]   15:     0x566f9e615f64 - std[617be2ca0a6fd877]::sys::backtrace::__rust_begin_short_backtrace::<test[aada8e7e76ba119b]::run_test::{closure#1}, ()>
[INFO] [stdout]   16:     0x566f9e61f702 - <std[617be2ca0a6fd877]::thread::lifecycle::spawn_unchecked<test[aada8e7e76ba119b]::run_test::{closure#1}, ()>::{closure#1} as core[a373ad73a504971]::ops::function::FnOnce<()>>::call_once::{shim:vtable#0}
[INFO] [stdout]   17:     0x566f9e6a0d7f - <std[617be2ca0a6fd877]::sys::thread::unix::Thread>::new::thread_start
[INFO] [stdout]   18:     0x7e892d5b4dfa - <unknown>
[INFO] [stdout]   19:     0x7e892d6483d4 - clone
[INFO] [stdout]   20:                0x0 - <unknown>
[INFO] [stdout] 
[INFO] [stdout] ---- cli_invalid_get stdout ----
[INFO] [stdout] 
[INFO] [stdout] thread 'cli_invalid_get' (1211) panicked at tests/tests.rs:126:10:
[INFO] [stdout] called `Result::unwrap()` on an `Err` value: CargoError { cause: Some(NotFoundError { path: "/opt/rustwide/target/release/build/kvs/2687c9a4b1179ea7/out/kvs" }) }
[INFO] [stdout] stack backtrace:
[INFO] [stdout]    0:     0x566f9e6a15a1 - <<std[617be2ca0a6fd877]::sys::backtrace::BacktraceLock>::print::DisplayBacktrace as core[a373ad73a504971]::fmt::Display>::fmt
[INFO] [stdout]    1:     0x566f9e6b782a - core[a373ad73a504971]::fmt::write
[INFO] [stdout]    2:     0x566f9e6a6f4c - <alloc[2e1b2a31b91974c5]::vec::Vec<u8> as core[a373ad73a504971]::io::write::Write>::write_fmt
[INFO] [stdout]    3:     0x566f9e67b9e6 - std[617be2ca0a6fd877]::panicking::default_hook::{closure#0}
[INFO] [stdout]    4:     0x566f9e699089 - std[617be2ca0a6fd877]::panicking::default_hook
[INFO] [stdout]    5:     0x566f9e61c050 - test[aada8e7e76ba119b]::test_main_inner::{closure#0}
[INFO] [stdout]    6:     0x566f9e699242 - std[617be2ca0a6fd877]::panicking::panic_with_hook
[INFO] [stdout]    7:     0x566f9e67ba92 - std[617be2ca0a6fd877]::panicking::panic_handler::{closure#0}
[INFO] [stdout]    8:     0x566f9e6745b9 - std[617be2ca0a6fd877]::sys::backtrace::__rust_end_short_backtrace::<std[617be2ca0a6fd877]::panicking::panic_handler::{closure#0}, !>
[INFO] [stdout]    9:     0x566f9e67c69d - __rustc[ea4f61d10b84890b]::rust_begin_unwind
[INFO] [stdout]   10:     0x566f9e6b7f5c - core[a373ad73a504971]::panicking::panic_fmt
[INFO] [stdout]   11:     0x566f9e6b7d32 - core[a373ad73a504971]::result::unwrap_failed
[INFO] [stdout]   12:     0x566f9e60903f - <tests[4d1ed933424899e7]::cli_invalid_get::{closure#0} as core[a373ad73a504971]::ops::function::FnOnce<()>>::call_once
[INFO] [stdout]   13:     0x566f9e60f49b - test[aada8e7e76ba119b]::__rust_begin_short_backtrace::<core[a373ad73a504971]::result::Result<(), alloc[2e1b2a31b91974c5]::string::String>, fn() -> core[a373ad73a504971]::result::Result<(), alloc[2e1b2a31b91974c5]::string::String>>
[INFO] [stdout]   14:     0x566f9e61c675 - test[aada8e7e76ba119b]::run_test::{closure#0}
[INFO] [stdout]   15:     0x566f9e615f64 - std[617be2ca0a6fd877]::sys::backtrace::__rust_begin_short_backtrace::<test[aada8e7e76ba119b]::run_test::{closure#1}, ()>
[INFO] [stdout]   16:     0x566f9e61f702 - <std[617be2ca0a6fd877]::thread::lifecycle::spawn_unchecked<test[aada8e7e76ba119b]::run_test::{closure#1}, ()>::{closure#1} as core[a373ad73a504971]::ops::function::FnOnce<()>>::call_once::{shim:vtable#0}
[INFO] [stdout]   17:     0x566f9e6a0d7f - <std[617be2ca0a6fd877]::sys::thread::unix::Thread>::new::thread_start
[INFO] [stdout]   18:     0x7e892d5b4dfa - <unknown>
[INFO] [stdout]   19:     0x7e892d6483d4 - clone
[INFO] [stdout]   20:                0x0 - <unknown>
[INFO] [stdout] 
[INFO] [stdout] ---- cli_invalid_rm stdout ----
[INFO] [stdout] 
[INFO] [stdout] thread 'cli_invalid_rm' (1212) panicked at tests/tests.rs:162:10:
[INFO] [stdout] called `Result::unwrap()` on an `Err` value: CargoError { cause: Some(NotFoundError { path: "/opt/rustwide/target/release/build/kvs/2687c9a4b1179ea7/out/kvs" }) }
[INFO] [stdout] stack backtrace:
[INFO] [stdout]    0:     0x566f9e6a15a1 - <<std[617be2ca0a6fd877]::sys::backtrace::BacktraceLock>::print::DisplayBacktrace as core[a373ad73a504971]::fmt::Display>::fmt
[INFO] [stdout]    1:     0x566f9e6b782a - core[a373ad73a504971]::fmt::write
[INFO] [stdout]    2:     0x566f9e6a6f4c - <alloc[2e1b2a31b91974c5]::vec::Vec<u8> as core[a373ad73a504971]::io::write::Write>::write_fmt
[INFO] [stdout]    3:     0x566f9e67b9e6 - std[617be2ca0a6fd877]::panicking::default_hook::{closure#0}
[INFO] [stdout]    4:     0x566f9e699089 - std[617be2ca0a6fd877]::panicking::default_hook
[INFO] [stdout]    5:     0x566f9e61c050 - test[aada8e7e76ba119b]::test_main_inner::{closure#0}
[INFO] [stdout]    6:     0x566f9e699242 - std[617be2ca0a6fd877]::panicking::panic_with_hook
[INFO] [stdout]    7:     0x566f9e67ba92 - std[617be2ca0a6fd877]::panicking::panic_handler::{closure#0}
[INFO] [stdout]    8:     0x566f9e6745b9 - std[617be2ca0a6fd877]::sys::backtrace::__rust_end_short_backtrace::<std[617be2ca0a6fd877]::panicking::panic_handler::{closure#0}, !>
[INFO] [stdout]    9:     0x566f9e67c69d - __rustc[ea4f61d10b84890b]::rust_begin_unwind
[INFO] [stdout]   10:     0x566f9e6b7f5c - core[a373ad73a504971]::panicking::panic_fmt
[INFO] [stdout]   11:     0x566f9e6b7d32 - core[a373ad73a504971]::result::unwrap_failed
[INFO] [stdout]   12:     0x566f9e608e1f - <tests[4d1ed933424899e7]::cli_invalid_rm::{closure#0} as core[a373ad73a504971]::ops::function::FnOnce<()>>::call_once
[INFO] [stdout]   13:     0x566f9e60f49b - test[aada8e7e76ba119b]::__rust_begin_short_backtrace::<core[a373ad73a504971]::result::Result<(), alloc[2e1b2a31b91974c5]::string::String>, fn() -> core[a373ad73a504971]::result::Result<(), alloc[2e1b2a31b91974c5]::string::String>>
[INFO] [stdout]   14:     0x566f9e61c675 - test[aada8e7e76ba119b]::run_test::{closure#0}
[INFO] [stdout]   15:     0x566f9e615f64 - std[617be2ca0a6fd877]::sys::backtrace::__rust_begin_short_backtrace::<test[aada8e7e76ba119b]::run_test::{closure#1}, ()>
[INFO] [stdout]   16:     0x566f9e61f702 - <std[617be2ca0a6fd877]::thread::lifecycle::spawn_unchecked<test[aada8e7e76ba119b]::run_test::{closure#1}, ()>::{closure#1} as core[a373ad73a504971]::ops::function::FnOnce<()>>::call_once::{shim:vtable#0}
[INFO] [stdout]   17:     0x566f9e6a0d7f - <std[617be2ca0a6fd877]::sys::thread::unix::Thread>::new::thread_start
[INFO] [stdout]   18:     0x7e892d5b4dfa - <unknown>
[INFO] [stdout]   19:     0x7e892d6483d4 - clone
[INFO] [stdout]   20:                0x0 - <unknown>
[INFO] [stdout] 
[INFO] [stdout] ---- cli_no_args stdout ----
[INFO] [stdout] 
[INFO] [stdout] thread 'cli_no_args' (1215) panicked at tests/tests.rs:13:31:
[INFO] [stdout] called `Result::unwrap()` on an `Err` value: CargoError { cause: Some(NotFoundError { path: "/opt/rustwide/target/release/build/kvs/2687c9a4b1179ea7/out/kvs" }) }
[INFO] [stdout] stack backtrace:
[INFO] [stdout]    0:     0x566f9e6a15a1 - <<std[617be2ca0a6fd877]::sys::backtrace::BacktraceLock>::print::DisplayBacktrace as core[a373ad73a504971]::fmt::Display>::fmt
[INFO] [stdout]    1:     0x566f9e6b782a - core[a373ad73a504971]::fmt::write
[INFO] [stdout]    2:     0x566f9e6a6f4c - <alloc[2e1b2a31b91974c5]::vec::Vec<u8> as core[a373ad73a504971]::io::write::Write>::write_fmt
[INFO] [stdout]    3:     0x566f9e67b9e6 - std[617be2ca0a6fd877]::panicking::default_hook::{closure#0}
[INFO] [stdout]    4:     0x566f9e699089 - std[617be2ca0a6fd877]::panicking::default_hook
[INFO] [stdout]    5:     0x566f9e61c050 - test[aada8e7e76ba119b]::test_main_inner::{closure#0}
[INFO] [stdout]    6:     0x566f9e699242 - std[617be2ca0a6fd877]::panicking::panic_with_hook
[INFO] [stdout]    7:     0x566f9e67ba92 - std[617be2ca0a6fd877]::panicking::panic_handler::{closure#0}
[INFO] [stdout]    8:     0x566f9e6745b9 - std[617be2ca0a6fd877]::sys::backtrace::__rust_end_short_backtrace::<std[617be2ca0a6fd877]::panicking::panic_handler::{closure#0}, !>
[INFO] [stdout]    9:     0x566f9e67c69d - __rustc[ea4f61d10b84890b]::rust_begin_unwind
[INFO] [stdout]   10:     0x566f9e6b7f5c - core[a373ad73a504971]::panicking::panic_fmt
[INFO] [stdout]   11:     0x566f9e6b7d32 - core[a373ad73a504971]::result::unwrap_failed
[INFO] [stdout]   12:     0x566f9e6078da - <tests[4d1ed933424899e7]::cli_no_args::{closure#0} as core[a373ad73a504971]::ops::function::FnOnce<()>>::call_once
[INFO] [stdout]   13:     0x566f9e60f49b - test[aada8e7e76ba119b]::__rust_begin_short_backtrace::<core[a373ad73a504971]::result::Result<(), alloc[2e1b2a31b91974c5]::string::String>, fn() -> core[a373ad73a504971]::result::Result<(), alloc[2e1b2a31b91974c5]::string::String>>
[INFO] [stdout]   14:     0x566f9e61c675 - test[aada8e7e76ba119b]::run_test::{closure#0}
[INFO] [stdout]   15:     0x566f9e615f64 - std[617be2ca0a6fd877]::sys::backtrace::__rust_begin_short_backtrace::<test[aada8e7e76ba119b]::run_test::{closure#1}, ()>
[INFO] [stdout]   16:     0x566f9e61f702 - <std[617be2ca0a6fd877]::thread::lifecycle::spawn_unchecked<test[aada8e7e76ba119b]::run_test::{closure#1}, ()>::{closure#1} as core[a373ad73a504971]::ops::function::FnOnce<()>>::call_once::{shim:vtable#0}
[INFO] [stdout]   17:     0x566f9e6a0d7f - <std[617be2ca0a6fd877]::sys::thread::unix::Thread>::new::thread_start
[INFO] [stdout]   18:     0x7e892d5b4dfa - <unknown>
[INFO] [stdout]   19:     0x7e892d6483d4 - clone
[INFO] [stdout]   20:                0x0 - <unknown>
[INFO] [stdout] 
[INFO] [stdout] ---- cli_version stdout ----
[INFO] [stdout] 
[INFO] [stdout] thread 'cli_version' (1219) panicked at tests/tests.rs:20:10:
[INFO] [stdout] called `Result::unwrap()` on an `Err` value: CargoError { cause: Some(NotFoundError { path: "/opt/rustwide/target/release/build/kvs/2687c9a4b1179ea7/out/kvs" }) }
[INFO] [stdout] stack backtrace:
[INFO] [stdout]    0:     0x566f9e6a15a1 - <<std[617be2ca0a6fd877]::sys::backtrace::BacktraceLock>::print::DisplayBacktrace as core[a373ad73a504971]::fmt::Display>::fmt
[INFO] [stdout]    1:     0x566f9e6b782a - core[a373ad73a504971]::fmt::write
[INFO] [stdout]    2:     0x566f9e6a6f4c - <alloc[2e1b2a31b91974c5]::vec::Vec<u8> as core[a373ad73a504971]::io::write::Write>::write_fmt
[INFO] [stdout]    3:     0x566f9e67b9e6 - std[617be2ca0a6fd877]::panicking::default_hook::{closure#0}
[INFO] [stdout]    4:     0x566f9e699089 - std[617be2ca0a6fd877]::panicking::default_hook
[INFO] [stdout]    5:     0x566f9e61c050 - test[aada8e7e76ba119b]::test_main_inner::{closure#0}
[INFO] [stdout]    6:     0x566f9e699242 - std[617be2ca0a6fd877]::panicking::panic_with_hook
[INFO] [stdout]    7:     0x566f9e67ba92 - std[617be2ca0a6fd877]::panicking::panic_handler::{closure#0}
[INFO] [stdout]    8:     0x566f9e6745b9 - std[617be2ca0a6fd877]::sys::backtrace::__rust_end_short_backtrace::<std[617be2ca0a6fd877]::panicking::panic_handler::{closure#0}, !>
[INFO] [stdout]    9:     0x566f9e67c69d - __rustc[ea4f61d10b84890b]::rust_begin_unwind
[INFO] [stdout]   10:     0x566f9e6b7f5c - core[a373ad73a504971]::panicking::panic_fmt
[INFO] [stdout]   11:     0x566f9e6b7d32 - core[a373ad73a504971]::result::unwrap_failed
[INFO] [stdout]   12:     0x566f9e607a9d - <tests[4d1ed933424899e7]::cli_version::{closure#0} as core[a373ad73a504971]::ops::function::FnOnce<()>>::call_once
[INFO] [stdout]   13:     0x566f9e60f49b - test[aada8e7e76ba119b]::__rust_begin_short_backtrace::<core[a373ad73a504971]::result::Result<(), alloc[2e1b2a31b91974c5]::string::String>, fn() -> core[a373ad73a504971]::result::Result<(), alloc[2e1b2a31b91974c5]::string::String>>
[INFO] [stdout]   14:     0x566f9e61c675 - test[aada8e7e76ba119b]::run_test::{closure#0}
[INFO] [stdout]   15:     0x566f9e615f64 - std[617be2ca0a6fd877]::sys::backtrace::__rust_begin_short_backtrace::<test[aada8e7e76ba119b]::run_test::{closure#1}, ()>
[INFO] [stdout]   16:     0x566f9e61f702 - <std[617be2ca0a6fd877]::thread::lifecycle::spawn_unchecked<test[aada8e7e76ba119b]::run_test::{closure#1}, ()>::{closure#1} as core[a373ad73a504971]::ops::function::FnOnce<()>>::call_once::{shim:vtable#0}
[INFO] [stdout]   17:     0x566f9e6a0d7f - <std[617be2ca0a6fd877]::sys::thread::unix::Thread>::new::thread_start
[INFO] [stdout]   18:     0x7e892d5b4dfa - <unknown>
[INFO] [stdout]   19:     0x7e892d6483d4 - clone
[INFO] [stdout]   20:                0x0 - <unknown>
[INFO] [stdout] 
[INFO] [stdout] ---- cli_set stdout ----
[INFO] [stdout] 
[INFO] [stdout] thread 'cli_set' (1218) panicked at tests/tests.rs:59:10:
[INFO] [stdout] called `Result::unwrap()` on an `Err` value: CargoError { cause: Some(NotFoundError { path: "/opt/rustwide/target/release/build/kvs/2687c9a4b1179ea7/out/kvs" }) }
[INFO] [stdout] stack backtrace:
[INFO] [stdout]    0:     0x566f9e6a15a1 - <<std[617be2ca0a6fd877]::sys::backtrace::BacktraceLock>::print::DisplayBacktrace as core[a373ad73a504971]::fmt::Display>::fmt
[INFO] [stdout]    1:     0x566f9e6b782a - core[a373ad73a504971]::fmt::write
[INFO] [stdout]    2:     0x566f9e6a6f4c - <alloc[2e1b2a31b91974c5]::vec::Vec<u8> as core[a373ad73a504971]::io::write::Write>::write_fmt
[INFO] [stdout]    3:     0x566f9e67b9e6 - std[617be2ca0a6fd877]::panicking::default_hook::{closure#0}
[INFO] [stdout]    4:     0x566f9e699089 - std[617be2ca0a6fd877]::panicking::default_hook
[INFO] [stdout]    5:     0x566f9e61c050 - test[aada8e7e76ba119b]::test_main_inner::{closure#0}
[INFO] [stdout]    6:     0x566f9e699242 - std[617be2ca0a6fd877]::panicking::panic_with_hook
[INFO] [stdout]    7:     0x566f9e67ba92 - std[617be2ca0a6fd877]::panicking::panic_handler::{closure#0}
[INFO] [stdout]    8:     0x566f9e6745b9 - std[617be2ca0a6fd877]::sys::backtrace::__rust_end_short_backtrace::<std[617be2ca0a6fd877]::panicking::panic_handler::{closure#0}, !>
[INFO] [stdout]    9:     0x566f9e67c69d - __rustc[ea4f61d10b84890b]::rust_begin_unwind
[INFO] [stdout]   10:     0x566f9e6b7f5c - core[a373ad73a504971]::panicking::panic_fmt
[INFO] [stdout]   11:     0x566f9e6b7d32 - core[a373ad73a504971]::result::unwrap_failed
[INFO] [stdout]   12:     0x566f9e60c15b - <tests[4d1ed933424899e7]::cli_set::{closure#0} as core[a373ad73a504971]::ops::function::FnOnce<()>>::call_once
[INFO] [stdout]   13:     0x566f9e60f49b - test[aada8e7e76ba119b]::__rust_begin_short_backtrace::<core[a373ad73a504971]::result::Result<(), alloc[2e1b2a31b91974c5]::string::String>, fn() -> core[a373ad73a504971]::result::Result<(), alloc[2e1b2a31b91974c5]::string::String>>
[INFO] [stdout]   14:     0x566f9e61c675 - test[aada8e7e76ba119b]::run_test::{closure#0}
[INFO] [stdout]   15:     0x566f9e615f64 - std[617be2ca0a6fd877]::sys::backtrace::__rust_begin_short_backtrace::<test[aada8e7e76ba119b]::run_test::{closure#1}, ()>
[INFO] [stdout]   16:     0x566f9e61f702 - <std[617be2ca0a6fd877]::thread::lifecycle::spawn_unchecked<test[aada8e7e76ba119b]::run_test::{closure#1}, ()>::{closure#1} as core[a373ad73a504971]::ops::function::FnOnce<()>>::call_once::{shim:vtable#0}
[INFO] [stdout]   17:     0x566f9e6a0d7f - <std[617be2ca0a6fd877]::sys::thread::unix::Thread>::new::thread_start
[INFO] [stdout]   18:     0x7e892d5b4dfa - <unknown>
[INFO] [stdout]   19:     0x7e892d6483d4 - clone
[INFO] [stdout]   20:                0x0 - <unknown>
[INFO] [stdout] 
[INFO] [stdout] ---- cli_get_non_existent_key stdout ----
[INFO] [stdout] 
[INFO] [stdout] thread 'cli_get_non_existent_key' (1209) panicked at tests/tests.rs:32:10:
[INFO] [stdout] called `Result::unwrap()` on an `Err` value: CargoError { cause: Some(NotFoundError { path: "/opt/rustwide/target/release/build/kvs/2687c9a4b1179ea7/out/kvs" }) }
[INFO] [stdout] stack backtrace:
[INFO] [stdout]    0:     0x566f9e6a15a1 - <<std[617be2ca0a6fd877]::sys::backtrace::BacktraceLock>::print::DisplayBacktrace as core[a373ad73a504971]::fmt::Display>::fmt
[INFO] [stdout]    1:     0x566f9e6b782a - core[a373ad73a504971]::fmt::write
[INFO] [stdout]    2:     0x566f9e6a6f4c - <alloc[2e1b2a31b91974c5]::vec::Vec<u8> as core[a373ad73a504971]::io::write::Write>::write_fmt
[INFO] [stdout]    3:     0x566f9e67b9e6 - std[617be2ca0a6fd877]::panicking::default_hook::{closure#0}
[INFO] [stdout]    4:     0x566f9e699089 - std[617be2ca0a6fd877]::panicking::default_hook
[INFO] [stdout]    5:     0x566f9e61c050 - test[aada8e7e76ba119b]::test_main_inner::{closure#0}
[INFO] [stdout]    6:     0x566f9e699242 - std[617be2ca0a6fd877]::panicking::panic_with_hook
[INFO] [stdout]    7:     0x566f9e67ba92 - std[617be2ca0a6fd877]::panicking::panic_handler::{closure#0}
[INFO] [stdout]    8:     0x566f9e6745b9 - std[617be2ca0a6fd877]::sys::backtrace::__rust_end_short_backtrace::<std[617be2ca0a6fd877]::panicking::panic_handler::{closure#0}, !>
[INFO] [stdout]    9:     0x566f9e67c69d - __rustc[ea4f61d10b84890b]::rust_begin_unwind
[INFO] [stdout]   10:     0x566f9e6b7f5c - core[a373ad73a504971]::panicking::panic_fmt
[INFO] [stdout]   11:     0x566f9e6b7d32 - core[a373ad73a504971]::result::unwrap_failed
[INFO] [stdout]   12:     0x566f9e60beb6 - <tests[4d1ed933424899e7]::cli_get_non_existent_key::{closure#0} as core[a373ad73a504971]::ops::function::FnOnce<()>>::call_once
[INFO] [stdout]   13:     0x566f9e60f49b - test[aada8e7e76ba119b]::__rust_begin_short_backtrace::<core[a373ad73a504971]::result::Result<(), alloc[2e1b2a31b91974c5]::string::String>, fn() -> core[a373ad73a504971]::result::Result<(), alloc[2e1b2a31b91974c5]::string::String>>
[INFO] [stdout]   14:     0x566f9e61c675 - test[aada8e7e76ba119b]::run_test::{closure#0}
[INFO] [stdout]   15:     0x566f9e615f64 - std[617be2ca0a6fd877]::sys::backtrace::__rust_begin_short_backtrace::<test[aada8e7e76ba119b]::run_test::{closure#1}, ()>
[INFO] [stdout]   16:     0x566f9e61f702 - <std[617be2ca0a6fd877]::thread::lifecycle::spawn_unchecked<test[aada8e7e76ba119b]::run_test::{closure#1}, ()>::{closure#1} as core[a373ad73a504971]::ops::function::FnOnce<()>>::call_once::{shim:vtable#0}
[INFO] [stdout]   17:     0x566f9e6a0d7f - <std[617be2ca0a6fd877]::sys::thread::unix::Thread>::new::thread_start
[INFO] [stdout]   18:     0x7e892d5b4dfa - <unknown>
[INFO] [stdout]   19:     0x7e892d6483d4 - clone
[INFO] [stdout]   20:                0x0 - <unknown>
[INFO] [stdout] 
[INFO] [stdout] ---- cli_invalid_set stdout ----
[INFO] [stdout] 
[INFO] [stdout] thread 'cli_invalid_set' (1213) panicked at tests/tests.rs:141:10:
[INFO] [stdout] called `Result::unwrap()` on an `Err` value: CargoError { cause: Some(NotFoundError { path: "/opt/rustwide/target/release/build/kvs/2687c9a4b1179ea7/out/kvs" }) }
[INFO] [stdout] stack backtrace:
[INFO] [stdout]    0:     0x566f9e6a15a1 - <<std[617be2ca0a6fd877]::sys::backtrace::BacktraceLock>::print::DisplayBacktrace as core[a373ad73a504971]::fmt::Display>::fmt
[INFO] [stdout]    1:     0x566f9e6b782a - core[a373ad73a504971]::fmt::write
[INFO] [stdout]    2:     0x566f9e6a6f4c - <alloc[2e1b2a31b91974c5]::vec::Vec<u8> as core[a373ad73a504971]::io::write::Write>::write_fmt
[INFO] [stdout]    3:     0x566f9e67b9e6 - std[617be2ca0a6fd877]::panicking::default_hook::{closure#0}
[INFO] [stdout]    4:     0x566f9e699089 - std[617be2ca0a6fd877]::panicking::default_hook
[INFO] [stdout]    5:     0x566f9e61c050 - test[aada8e7e76ba119b]::test_main_inner::{closure#0}
[INFO] [stdout]    6:     0x566f9e699242 - std[617be2ca0a6fd877]::panicking::panic_with_hook
[INFO] [stdout]    7:     0x566f9e67ba92 - std[617be2ca0a6fd877]::panicking::panic_handler::{closure#0}
[INFO] [stdout]    8:     0x566f9e6745b9 - std[617be2ca0a6fd877]::sys::backtrace::__rust_end_short_backtrace::<std[617be2ca0a6fd877]::panicking::panic_handler::{closure#0}, !>
[INFO] [stdout]    9:     0x566f9e67c69d - __rustc[ea4f61d10b84890b]::rust_begin_unwind
[INFO] [stdout]   10:     0x566f9e6b7f5c - core[a373ad73a504971]::panicking::panic_fmt
[INFO] [stdout]   11:     0x566f9e6b7d32 - core[a373ad73a504971]::result::unwrap_failed
[INFO] [stdout]   12:     0x566f9e60931b - <tests[4d1ed933424899e7]::cli_invalid_set::{closure#0} as core[a373ad73a504971]::ops::function::FnOnce<()>>::call_once
[INFO] [stdout]   13:     0x566f9e60f49b - test[aada8e7e76ba119b]::__rust_begin_short_backtrace::<core[a373ad73a504971]::result::Result<(), alloc[2e1b2a31b91974c5]::string::String>, fn() -> core[a373ad73a504971]::result::Result<(), alloc[2e1b2a31b91974c5]::string::String>>
[INFO] [stdout]   14:     0x566f9e61c675 - test[aada8e7e76ba119b]::run_test::{closure#0}
[INFO] [stdout]   15:     0x566f9e615f64 - std[617be2ca0a6fd877]::sys::backtrace::__rust_begin_short_backtrace::<test[aada8e7e76ba119b]::run_test::{closure#1}, ()>
[INFO] [stdout]   16:     0x566f9e61f702 - <std[617be2ca0a6fd877]::thread::lifecycle::spawn_unchecked<test[aada8e7e76ba119b]::run_test::{closure#1}, ()>::{closure#1} as core[a373ad73a504971]::ops::function::FnOnce<()>>::call_once::{shim:vtable#0}
[INFO] [stdout]   17:     0x566f9e6a0d7f - <std[617be2ca0a6fd877]::sys::thread::unix::Thread>::new::thread_start
[INFO] [stdout]   18:     0x7e892d5b4dfa - <unknown>
[INFO] [stdout]   19:     0x7e892d6483d4 - clone
[INFO] [stdout]   20:                0x0 - <unknown>
[INFO] [stdout] 
[INFO] [stdout] ---- cli_get_stored stdout ----
[INFO] [stdout] 
[INFO] [stdout] thread 'cli_get_stored' (1210) panicked at tests/tests.rs:77:10:
[INFO] [stdout] called `Result::unwrap()` on an `Err` value: CargoError { cause: Some(NotFoundError { path: "/opt/rustwide/target/release/build/kvs/2687c9a4b1179ea7/out/kvs" }) }
[INFO] [stdout] stack backtrace:
[INFO] [stdout]    0:     0x566f9e6a15a1 - <<std[617be2ca0a6fd877]::sys::backtrace::BacktraceLock>::print::DisplayBacktrace as core[a373ad73a504971]::fmt::Display>::fmt
[INFO] [stdout]    1:     0x566f9e6b782a - core[a373ad73a504971]::fmt::write
[INFO] [stdout]    2:     0x566f9e6a6f4c - <alloc[2e1b2a31b91974c5]::vec::Vec<u8> as core[a373ad73a504971]::io::write::Write>::write_fmt
[INFO] [stdout]    3:     0x566f9e67b9e6 - std[617be2ca0a6fd877]::panicking::default_hook::{closure#0}
[INFO] [stdout]    4:     0x566f9e699089 - std[617be2ca0a6fd877]::panicking::default_hook
[INFO] [stdout]    5:     0x566f9e61c050 - test[aada8e7e76ba119b]::test_main_inner::{closure#0}
[INFO] [stdout]    6:     0x566f9e699242 - std[617be2ca0a6fd877]::panicking::panic_with_hook
[INFO] [stdout]    7:     0x566f9e67ba92 - std[617be2ca0a6fd877]::panicking::panic_handler::{closure#0}
[INFO] [stdout]    8:     0x566f9e6745b9 - std[617be2ca0a6fd877]::sys::backtrace::__rust_end_short_backtrace::<std[617be2ca0a6fd877]::panicking::panic_handler::{closure#0}, !>
[INFO] [stdout]    9:     0x566f9e67c69d - __rustc[ea4f61d10b84890b]::rust_begin_unwind
[INFO] [stdout]   10:     0x566f9e6b7f5c - core[a373ad73a504971]::panicking::panic_fmt
[INFO] [stdout]   11:     0x566f9e6b7d32 - core[a373ad73a504971]::result::unwrap_failed
[INFO] [stdout]   12:     0x566f9e608b23 - <tests[4d1ed933424899e7]::cli_get_stored::{closure#0} as core[a373ad73a504971]::ops::function::FnOnce<()>>::call_once
[INFO] [stdout]   13:     0x566f9e60f49b - test[aada8e7e76ba119b]::__rust_begin_short_backtrace::<core[a373ad73a504971]::result::Result<(), alloc[2e1b2a31b91974c5]::string::String>, fn() -> core[a373ad73a504971]::result::Result<(), alloc[2e1b2a31b91974c5]::string::String>>
[INFO] [stdout]   14:     0x566f9e61c675 - test[aada8e7e76ba119b]::run_test::{closure#0}
[INFO] [stdout]   15:     0x566f9e615f64 - std[617be2ca0a6fd877]::sys::backtrace::__rust_begin_short_backtrace::<test[aada8e7e76ba119b]::run_test::{closure#1}, ()>
[INFO] [stdout]   16:     0x566f9e61f702 - <std[617be2ca0a6fd877]::thread::lifecycle::spawn_unchecked<test[aada8e7e76ba119b]::run_test::{closure#1}, ()>::{closure#1} as core[a373ad73a504971]::ops::function::FnOnce<()>>::call_once::{shim:vtable#0}
[INFO] [stdout]   17:     0x566f9e6a0d7f - <std[617be2ca0a6fd877]::sys::thread::unix::Thread>::new::thread_start
[INFO] [stdout]   18:     0x7e892d5b4dfa - <unknown>
[INFO] [stdout]   19:     0x7e892d6483d4 - clone
[INFO] [stdout]   20:                0x0 - <unknown>
[INFO] [stdout] 
[INFO] [stdout] ---- cli_rm_stored stdout ----
[INFO] [stdout] 
[INFO] [stdout] thread 'cli_rm_stored' (1217) panicked at tests/tests.rs:105:10:
[INFO] [stdout] called `Result::unwrap()` on an `Err` value: CargoError { cause: Some(NotFoundError { path: "/opt/rustwide/target/release/build/kvs/2687c9a4b1179ea7/out/kvs" }) }
[INFO] [stdout] stack backtrace:
[INFO] [stdout]    0:     0x566f9e6a15a1 - <<std[617be2ca0a6fd877]::sys::backtrace::BacktraceLock>::print::DisplayBacktrace as core[a373ad73a504971]::fmt::Display>::fmt
[INFO] [stdout]    1:     0x566f9e6b782a - core[a373ad73a504971]::fmt::write
[INFO] [stdout]    2:     0x566f9e6a6f4c - <alloc[2e1b2a31b91974c5]::vec::Vec<u8> as core[a373ad73a504971]::io::write::Write>::write_fmt
[INFO] [stdout]    3:     0x566f9e67b9e6 - std[617be2ca0a6fd877]::panicking::default_hook::{closure#0}
[INFO] [stdout]    4:     0x566f9e699089 - std[617be2ca0a6fd877]::panicking::default_hook
[INFO] [stdout]    5:     0x566f9e61c050 - test[aada8e7e76ba119b]::test_main_inner::{closure#0}
[INFO] [stdout]    6:     0x566f9e699242 - std[617be2ca0a6fd877]::panicking::panic_with_hook
[INFO] [stdout]    7:     0x566f9e67ba92 - std[617be2ca0a6fd877]::panicking::panic_handler::{closure#0}
[INFO] [stdout]    8:     0x566f9e6745b9 - std[617be2ca0a6fd877]::sys::backtrace::__rust_end_short_backtrace::<std[617be2ca0a6fd877]::panicking::panic_handler::{closure#0}, !>
[INFO] [stdout]    9:     0x566f9e67c69d - __rustc[ea4f61d10b84890b]::rust_begin_unwind
[INFO] [stdout]   10:     0x566f9e6b7f5c - core[a373ad73a504971]::panicking::panic_fmt
[INFO] [stdout]   11:     0x566f9e6b7d32 - core[a373ad73a504971]::result::unwrap_failed
[INFO] [stdout]   12:     0x566f9e608218 - <tests[4d1ed933424899e7]::cli_rm_stored::{closure#0} as core[a373ad73a504971]::ops::function::FnOnce<()>>::call_once
[INFO] [stdout]   13:     0x566f9e60f49b - test[aada8e7e76ba119b]::__rust_begin_short_backtrace::<core[a373ad73a504971]::result::Result<(), alloc[2e1b2a31b91974c5]::string::String>, fn() -> core[a373ad73a504971]::result::Result<(), alloc[2e1b2a31b91974c5]::string::String>>
[INFO] [stdout]   14:     0x566f9e61c675 - test[aada8e7e76ba119b]::run_test::{closure#0}
[INFO] [stdout]   15:     0x566f9e615f64 - std[617be2ca0a6fd877]::sys::backtrace::__rust_begin_short_backtrace::<test[aada8e7e76ba119b]::run_test::{closure#1}, ()>
[INFO] [stdout]   16:     0x566f9e61f702 - <std[617be2ca0a6fd877]::thread::lifecycle::spawn_unchecked<test[aada8e7e76ba119b]::run_test::{closure#1}, ()>::{closure#1} as core[a373ad73a504971]::ops::function::FnOnce<()>>::call_once::{shim:vtable#0}
[INFO] [stdout]   17:     0x566f9e6a0d7f - <std[617be2ca0a6fd877]::sys::thread::unix::Thread>::new::thread_start
[INFO] [stdout]   18:     0x7e892d5b4dfa - <unknown>
[INFO] [stdout]   19:     0x7e892d6483d4 - clone
[INFO] [stdout]   20:                0x0 - <unknown>
[INFO] [stdout] 
[INFO] [stdout] 
[INFO] [stdout] failures:
[INFO] [stdout]     cli_get_non_existent_key
[INFO] [stdout]     cli_get_stored
[INFO] [stdout]     cli_invalid_get
[INFO] [stdout]     cli_invalid_rm
[INFO] [stdout]     cli_invalid_set
[INFO] [stdout]     cli_invalid_subcommand
[INFO] [stdout]     cli_no_args
[INFO] [stdout]     cli_rm_non_existent_key
[INFO] [stdout]     cli_rm_stored
[INFO] [stdout]     cli_set
[INFO] [stdout]     cli_version
[INFO] [stdout] 
[INFO] [stdout] test result: FAILED. 6 passed; 11 failed; 0 ignored; 0 measured; 0 filtered out; finished in 7.61s
[INFO] [stdout] 
[INFO] [stderr] error: test failed, to rerun pass `--test tests`
[INFO] running `Command { std: "docker" "inspect" "8de0405bd5e5e1761aacacd0bd477aeae195558044762896f85ee72c74dc5407", kill_on_drop: false }`
[INFO] running `Command { std: "docker" "rm" "-f" "8de0405bd5e5e1761aacacd0bd477aeae195558044762896f85ee72c74dc5407", kill_on_drop: false }`
[INFO] [stdout] 8de0405bd5e5e1761aacacd0bd477aeae195558044762896f85ee72c74dc5407
