[INFO] cloning repository https://github.com/local-first-from-scratch/origami
[INFO] running `Command { std: "git" "-c" "credential.helper=" "-c" "credential.helper=/workspace/cargo-home/bin/git-credential-null" "clone" "--bare" "https://github.com/local-first-from-scratch/origami" "/workspace/cache/git-repos/https%3A%2F%2Fgithub.com%2Flocal-first-from-scratch%2Forigami", kill_on_drop: false }`
[INFO] [stderr] Cloning into bare repository '/workspace/cache/git-repos/https%3A%2F%2Fgithub.com%2Flocal-first-from-scratch%2Forigami'...
[INFO] running `Command { std: "git" "rev-parse" "HEAD", kill_on_drop: false }`
[INFO] [stdout] f1db424f16086956c037bf709d93c4b0ede66e1c
[INFO] testing local-first-from-scratch/origami against 1.100.0-beta.1+cargoflags=--release for beta-release-1.100-3
[INFO] running `Command { std: "git" "clone" "/workspace/cache/git-repos/https%3A%2F%2Fgithub.com%2Flocal-first-from-scratch%2Forigami" "/workspace/builds/worker-4-tc2/source", kill_on_drop: false }`
[INFO] [stderr] Cloning into '/workspace/builds/worker-4-tc2/source'...
[INFO] [stderr] done.
[INFO] started tweaking git repo https://github.com/local-first-from-scratch/origami
[INFO] finished tweaking git repo https://github.com/local-first-from-scratch/origami
[INFO] tweaked toml for git repo https://github.com/local-first-from-scratch/origami written to /workspace/builds/worker-4-tc2/source/Cargo.toml
[INFO] validating manifest of git repo https://github.com/local-first-from-scratch/origami on toolchain 1.100.0-beta.1
[INFO] running `Command { std: CARGO_HOME="/workspace/cargo-home" RUSTUP_HOME="/workspace/rustup-home" "/workspace/cargo-home/bin/cargo" "+1.100.0-beta.1" "metadata" "--manifest-path" "Cargo.toml" "--no-deps", kill_on_drop: false }`
[INFO] crate git repo https://github.com/local-first-from-scratch/origami already has a lockfile, it will not be regenerated
[INFO] running `Command { std: CARGO_HOME="/workspace/cargo-home" RUSTUP_HOME="/workspace/rustup-home" "/workspace/cargo-home/bin/cargo" "+1.100.0-beta.1" "fetch" "--manifest-path" "Cargo.toml", kill_on_drop: false }`
[INFO] running `Command { std: "docker" "create" "-v" "/var/lib/crater-agent-workspace/builds/worker-4-tc2/source:/opt/rustwide/workdir:ro,Z" "-v" "/var/lib/crater-agent-workspace/builds/worker-4-tc2/target:/opt/rustwide/target:rw,Z" "-v" "/var/lib/crater-agent-workspace/cargo-home:/opt/rustwide/cargo-home:ro,Z" "-v" "/var/lib/crater-agent-workspace/rustup-home:/opt/rustwide/rustup-home:ro,Z" "-m" "1610612736" "--network" "none" "ghcr.io/rust-lang/crates-build-env/linux@sha256:77db811e55d90add9212f6832c23229e3de5f1c1f9905e8cb07319ea15df73ac" "sleep" "infinity", kill_on_drop: false }`
[INFO] [stdout] bfb7bbc71ccc924561dfe4a5ad751c4f5bfbdd5787b8654b32b3bf289577ac52
[INFO] running `Command { std: "docker" "start" "bfb7bbc71ccc924561dfe4a5ad751c4f5bfbdd5787b8654b32b3bf289577ac52", kill_on_drop: false }`
[INFO] running `Command { std: "docker" "inspect" "bfb7bbc71ccc924561dfe4a5ad751c4f5bfbdd5787b8654b32b3bf289577ac52", kill_on_drop: false }`
[INFO] running `Command { std: "docker" "exec" "-e" "SOURCE_DIR=/opt/rustwide/workdir" "-e" "CARGO_HOME=/opt/rustwide/cargo-home" "-e" "RUSTUP_HOME=/opt/rustwide/rustup-home" "-e" "CARGO_TARGET_DIR=/opt/rustwide/target" "-w" "/opt/rustwide/workdir" "--user" "0:0" "bfb7bbc71ccc924561dfe4a5ad751c4f5bfbdd5787b8654b32b3bf289577ac52" "/opt/rustwide/cargo-home/bin/cargo" "+1.100.0-beta.1" "metadata" "--no-deps" "--format-version=1", kill_on_drop: false }`
[INFO] running `Command { std: "docker" "inspect" "bfb7bbc71ccc924561dfe4a5ad751c4f5bfbdd5787b8654b32b3bf289577ac52", kill_on_drop: false }`
[INFO] running `Command { std: "docker" "exec" "-e" "SOURCE_DIR=/opt/rustwide/workdir" "-e" "CARGO_HOME=/opt/rustwide/cargo-home" "-e" "RUSTUP_HOME=/opt/rustwide/rustup-home" "-e" "CARGO_TARGET_DIR=/opt/rustwide/target" "-e" "CARGO_INCREMENTAL=0" "-e" "RUST_BACKTRACE=full" "-e" "RUSTFLAGS=--cap-lints=warn" "-e" "RUSTDOCFLAGS=--cap-lints=warn" "-w" "/opt/rustwide/workdir" "--user" "0:0" "bfb7bbc71ccc924561dfe4a5ad751c4f5bfbdd5787b8654b32b3bf289577ac52" "/opt/rustwide/cargo-home/bin/cargo" "+1.100.0-beta.1" "build" "--frozen" "--message-format=json" "--release", kill_on_drop: false }`
[INFO] [stderr]    Compiling proc-macro2 v1.0.101
[INFO] [stderr]    Compiling unicode-ident v1.0.19
[INFO] [stderr]    Compiling cfg-if v1.0.3
[INFO] [stderr]    Compiling once_cell v1.21.3
[INFO] [stderr]    Compiling wasm-bindgen-shared v0.2.103
[INFO] [stderr]    Compiling bumpalo v3.19.0
[INFO] [stderr]    Compiling log v0.4.28
[INFO] [stderr]    Compiling serde_core v1.0.225
[INFO] [stderr]    Compiling rustversion v1.0.22
[INFO] [stderr]    Compiling wasm-bindgen v0.2.103
[INFO] [stderr]    Compiling pin-project-lite v0.2.16
[INFO] [stderr]    Compiling libc v0.2.175
[INFO] [stderr]    Compiling autocfg v1.5.0
[INFO] [stderr]    Compiling memchr v2.7.5
[INFO] [stderr]    Compiling lazy_static v1.5.0
[INFO] [stderr]    Compiling serde v1.0.225
[INFO] [stderr]    Compiling sharded-slab v0.1.7
[INFO] [stderr]    Compiling thread_local v1.1.9
[INFO] [stderr]    Compiling object v0.36.7
[INFO] [stderr]    Compiling utf8parse v0.2.2
[INFO] [stderr]    Compiling owo-colors v4.2.2
[INFO] [stderr]    Compiling thiserror v1.0.69
[INFO] [stderr]    Compiling tracing-core v0.1.34
[INFO] [stderr]    Compiling anstyle-parse v0.2.7
[INFO] [stderr]    Compiling adler2 v2.0.1
[INFO] [stderr]    Compiling is_terminal_polyfill v1.70.1
[INFO] [stderr]    Compiling gimli v0.31.1
[INFO] [stderr]    Compiling serde_json v1.0.145
[INFO] [stderr]    Compiling anstyle v1.0.11
[INFO] [stderr]    Compiling anstyle-query v1.1.4
[INFO] [stderr]    Compiling color-spantrace v0.3.0
[INFO] [stderr]    Compiling eyre v0.6.12
[INFO] [stderr]    Compiling colorchoice v1.0.4
[INFO] [stderr]    Compiling miniz_oxide v0.8.9
[INFO] [stderr]    Compiling heck v0.5.0
[INFO] [stderr]    Compiling tracing v0.1.41
[INFO] [stderr]    Compiling anstream v0.6.20
[INFO] [stderr]    Compiling thiserror v2.0.16
[INFO] [stderr]    Compiling num-traits v0.2.19
[INFO] [stderr]    Compiling clap_lex v0.7.5
[INFO] [stderr]    Compiling itoa v1.0.15
[INFO] [stderr]    Compiling strsim v0.11.1
[INFO] [stderr]    Compiling iana-time-zone v0.1.64
[INFO] [stderr]    Compiling quote v1.0.40
[INFO] [stderr]    Compiling indenter v0.3.4
[INFO] [stderr]    Compiling ryu v1.0.20
[INFO] [stderr]    Compiling tracing-subscriber v0.3.20
[INFO] [stderr]    Compiling rustc-demangle v0.1.26
[INFO] [stderr]    Compiling syn v2.0.106
[INFO] [stderr]    Compiling clap_builder v4.5.47
[INFO] [stderr]    Compiling getrandom v0.3.3
[INFO] [stderr]    Compiling chrono v0.4.42
[INFO] [stderr]    Compiling tracing-error v0.2.1
[INFO] [stderr]    Compiling addr2line v0.24.2
[INFO] [stderr]    Compiling wasm-bindgen-backend v0.2.103
[INFO] [stderr]    Compiling backtrace v0.3.75
[INFO] [stderr]    Compiling serde_derive v1.0.225
[INFO] [stderr]    Compiling thiserror-impl v1.0.69
[INFO] [stderr]    Compiling thiserror-impl v2.0.16
[INFO] [stderr]    Compiling clap_derive v4.5.47
[INFO] [stderr]    Compiling tokio-macros v2.5.0
[INFO] [stderr]    Compiling color-eyre v0.6.5
[INFO] [stderr]    Compiling tokio v1.47.1
[INFO] [stderr]    Compiling wasm-bindgen-macro-support v0.2.103
[INFO] [stderr]    Compiling wasm-bindgen-macro v0.2.103
[INFO] [stderr]    Compiling clap v4.5.47
[INFO] [stderr]    Compiling js-sys v0.3.80
[INFO] [stderr]    Compiling console_error_panic_hook v0.1.7
[INFO] [stderr]    Compiling jtd v0.3.1
[INFO] [stderr]    Compiling uuid v1.18.1
[INFO] [stderr]    Compiling migrate v0.1.0 (/opt/rustwide/workdir/migrate)
[INFO] [stderr]    Compiling web-sys v0.3.80
[INFO] [stderr]    Compiling wasm-bindgen-futures v0.4.53
[INFO] [stderr]    Compiling serde-wasm-bindgen v0.6.5
[INFO] [stderr]    Compiling idb v0.6.4
[INFO] [stderr]    Compiling store v0.1.0 (/opt/rustwide/workdir/store)
[INFO] [stdout] warning: struct `MemoryStorage` is never constructed
[INFO] [stdout]  --> store/src/storage/memory.rs:5:12
[INFO] [stdout]   |
[INFO] [stdout] 5 | pub struct MemoryStorage {
[INFO] [stdout]   |            ^^^^^^^^^^^^^
[INFO] [stdout]   |
[INFO] [stdout]   = note: `#[warn(dead_code)]` (part of `#[warn(unused)]`) on by default
[INFO] [stdout] 
[INFO] [stdout] 
[INFO] [stdout] warning: struct `MemoryTransaction` is never constructed
[INFO] [stdout]   --> store/src/storage/memory.rs:26:12
[INFO] [stdout]    |
[INFO] [stdout] 26 | pub struct MemoryTransaction<'a> {
[INFO] [stdout]    |            ^^^^^^^^^^^^^^^^^
[INFO] [stdout] 
[INFO] [stdout] 
[INFO] [stdout] warning: enum `Error` is never used
[INFO] [stdout]   --> store/src/storage/memory.rs:58:10
[INFO] [stdout]    |
[INFO] [stdout] 58 | pub enum Error {}
[INFO] [stdout]    |          ^^^^^
[INFO] [stdout] 
[INFO] [stdout] 
[INFO] [stderr]     Finished `release` profile [optimized] target(s) in 1m 00s
[INFO] running `Command { std: "docker" "inspect" "bfb7bbc71ccc924561dfe4a5ad751c4f5bfbdd5787b8654b32b3bf289577ac52", kill_on_drop: false }`
[INFO] running `Command { std: "docker" "exec" "-e" "SOURCE_DIR=/opt/rustwide/workdir" "-e" "CARGO_HOME=/opt/rustwide/cargo-home" "-e" "RUSTUP_HOME=/opt/rustwide/rustup-home" "-e" "CARGO_TARGET_DIR=/opt/rustwide/target" "-e" "CARGO_INCREMENTAL=0" "-e" "RUST_BACKTRACE=full" "-e" "RUSTFLAGS=--cap-lints=warn" "-e" "RUSTDOCFLAGS=--cap-lints=warn" "-w" "/opt/rustwide/workdir" "--user" "0:0" "bfb7bbc71ccc924561dfe4a5ad751c4f5bfbdd5787b8654b32b3bf289577ac52" "/opt/rustwide/cargo-home/bin/cargo" "+1.100.0-beta.1" "test" "--frozen" "--no-run" "--message-format=json" "--release", kill_on_drop: false }`
[INFO] [stderr]    Compiling libc v0.2.175
[INFO] [stderr]    Compiling serde_core v1.0.225
[INFO] [stderr]    Compiling serde v1.0.225
[INFO] [stderr]    Compiling getrandom v0.3.3
[INFO] [stderr]    Compiling memchr v2.7.5
[INFO] [stderr]    Compiling rustix v1.1.2
[INFO] [stderr]    Compiling linux-raw-sys v0.11.0
[INFO] [stderr]    Compiling bitflags v2.9.4
[INFO] [stderr]    Compiling syn v2.0.106
[INFO] [stderr]    Compiling crossbeam-utils v0.8.21
[INFO] [stderr]    Compiling fastrand v2.3.0
[INFO] [stderr]    Compiling rayon-core v1.13.0
[INFO] [stderr]    Compiling same-file v1.0.6
[INFO] [stderr]    Compiling hashbrown v0.15.5
[INFO] [stderr]    Compiling diff v0.1.13
[INFO] [stderr]    Compiling yansi v1.0.1
[INFO] [stderr]    Compiling winnow v0.7.13
[INFO] [stderr]    Compiling equivalent v1.0.2
[INFO] [stderr]    Compiling zerocopy v0.8.27
[INFO] [stderr]    Compiling walkdir v2.5.0
[INFO] [stderr]    Compiling snapbox-macros v0.3.10
[INFO] [stderr]    Compiling humantime v2.3.0
[INFO] [stderr]    Compiling toml_writer v1.0.2
[INFO] [stderr]    Compiling dunce v1.0.5
[INFO] [stderr]    Compiling similar v2.7.0
[INFO] [stderr]    Compiling normalize-line-endings v0.3.0
[INFO] [stderr]    Compiling either v1.15.0
[INFO] [stderr]    Compiling shlex v1.3.0
[INFO] [stderr]    Compiling object v0.36.7
[INFO] [stderr]    Compiling content_inspector v0.2.4
[INFO] [stderr]    Compiling glob v0.3.3
[INFO] [stderr]    Compiling pretty_assertions v1.4.1
[INFO] [stderr]    Compiling fnv v1.0.7
[INFO] [stderr]    Compiling quick-error v1.2.3
[INFO] [stderr]    Compiling crossbeam-epoch v0.9.18
[INFO] [stderr]    Compiling bit-vec v0.8.0
[INFO] [stderr]    Compiling regex-syntax v0.8.6
[INFO] [stderr]    Compiling unarray v0.1.4
[INFO] [stderr]    Compiling bit-set v0.8.0
[INFO] [stderr]    Compiling indexmap v2.11.1
[INFO] [stderr]    Compiling crossbeam-deque v0.8.6
[INFO] [stderr]    Compiling wait-timeout v0.2.1
[INFO] [stderr]    Compiling filetime v0.2.26
[INFO] [stderr]    Compiling os_pipe v1.2.2
[INFO] [stderr]    Compiling rand_core v0.9.3
[INFO] [stderr]    Compiling rand v0.9.2
[INFO] [stderr]    Compiling rand_xorshift v0.4.0
[INFO] [stderr]    Compiling rayon v1.11.0
[INFO] [stderr]    Compiling ppv-lite86 v0.2.21
[INFO] [stderr]    Compiling rand_chacha v0.9.0
[INFO] [stderr]    Compiling tempfile v3.22.0
[INFO] [stderr]    Compiling toml_parser v1.0.2
[INFO] [stderr]    Compiling snapbox v0.6.21
[INFO] [stderr]    Compiling rusty-fork v0.3.0
[INFO] [stderr]    Compiling proptest v1.7.0
[INFO] [stderr]    Compiling serde_json v1.0.145
[INFO] [stderr]    Compiling wasm-bindgen-backend v0.2.103
[INFO] [stderr]    Compiling serde_derive v1.0.225
[INFO] [stderr]    Compiling thiserror-impl v1.0.69
[INFO] [stderr]    Compiling thiserror-impl v2.0.16
[INFO] [stderr]    Compiling clap_derive v4.5.47
[INFO] [stderr]    Compiling automod v1.0.15
[INFO] [stderr]    Compiling tokio-macros v2.5.0
[INFO] [stderr]    Compiling proptest-derive v0.6.0
[INFO] [stderr]    Compiling wasm-bindgen-macro-support v0.2.103
[INFO] [stderr]    Compiling tokio v1.47.1
[INFO] [stderr]    Compiling thiserror v1.0.69
[INFO] [stderr]    Compiling backtrace v0.3.75
[INFO] [stderr]    Compiling thiserror v2.0.16
[INFO] [stderr]    Compiling wasm-bindgen-macro v0.2.103
[INFO] [stderr]    Compiling clap v4.5.47
[INFO] [stderr]    Compiling color-eyre v0.6.5
[INFO] [stderr]    Compiling wasm-bindgen v0.2.103
[INFO] [stderr]    Compiling js-sys v0.3.80
[INFO] [stderr]    Compiling console_error_panic_hook v0.1.7
[INFO] [stderr]    Compiling jtd v0.3.1
[INFO] [stderr]    Compiling serde_spanned v1.0.0
[INFO] [stderr]    Compiling toml_datetime v0.7.0
[INFO] [stderr]    Compiling humantime-serde v1.1.1
[INFO] [stderr]    Compiling uuid v1.18.1
[INFO] [stderr]    Compiling toml_edit v0.23.4
[INFO] [stderr]    Compiling migrate v0.1.0 (/opt/rustwide/workdir/migrate)
[INFO] [stderr]    Compiling trycmd v0.15.10
[INFO] [stderr]    Compiling web-sys v0.3.80
[INFO] [stderr]    Compiling serde-wasm-bindgen v0.6.5
[INFO] [stderr]    Compiling wasm-bindgen-futures v0.4.53
[INFO] [stderr]    Compiling idb v0.6.4
[INFO] [stderr]    Compiling store v0.1.0 (/opt/rustwide/workdir/store)
[INFO] [stdout] warning: struct `MemoryStorage` is never constructed
[INFO] [stdout]  --> store/src/storage/memory.rs:5:12
[INFO] [stdout]   |
[INFO] [stdout] 5 | pub struct MemoryStorage {
[INFO] [stdout]   |            ^^^^^^^^^^^^^
[INFO] [stdout]   |
[INFO] [stdout]   = note: `#[warn(dead_code)]` (part of `#[warn(unused)]`) on by default
[INFO] [stdout] 
[INFO] [stdout] 
[INFO] [stdout] warning: struct `MemoryTransaction` is never constructed
[INFO] [stdout]   --> store/src/storage/memory.rs:26:12
[INFO] [stdout]    |
[INFO] [stdout] 26 | pub struct MemoryTransaction<'a> {
[INFO] [stdout]    |            ^^^^^^^^^^^^^^^^^
[INFO] [stdout] 
[INFO] [stdout] 
[INFO] [stdout] warning: enum `Error` is never used
[INFO] [stdout]   --> store/src/storage/memory.rs:58:10
[INFO] [stdout]    |
[INFO] [stdout] 58 | pub enum Error {}
[INFO] [stdout]    |          ^^^^^
[INFO] [stdout] 
[INFO] [stdout] 
[INFO] [stderr]     Finished `release` profile [optimized] target(s) in 47.63s
[INFO] running `Command { std: "docker" "inspect" "bfb7bbc71ccc924561dfe4a5ad751c4f5bfbdd5787b8654b32b3bf289577ac52", kill_on_drop: false }`
[INFO] running `Command { std: "docker" "exec" "-e" "SOURCE_DIR=/opt/rustwide/workdir" "-e" "CARGO_HOME=/opt/rustwide/cargo-home" "-e" "RUSTUP_HOME=/opt/rustwide/rustup-home" "-e" "CARGO_TARGET_DIR=/opt/rustwide/target" "-e" "CARGO_INCREMENTAL=0" "-e" "RUST_BACKTRACE=full" "-e" "RUSTFLAGS=--cap-lints=warn" "-e" "RUSTDOCFLAGS=--cap-lints=warn" "-w" "/opt/rustwide/workdir" "--user" "0:0" "bfb7bbc71ccc924561dfe4a5ad751c4f5bfbdd5787b8654b32b3bf289577ac52" "/opt/rustwide/cargo-home/bin/cargo" "+1.100.0-beta.1" "test" "--frozen" "--release", kill_on_drop: false }`
[INFO] [stderr] warning: struct `MemoryStorage` is never constructed
[INFO] [stderr]  --> store/src/storage/memory.rs:5:12
[INFO] [stderr]   |
[INFO] [stderr] 5 | pub struct MemoryStorage {
[INFO] [stderr]   |            ^^^^^^^^^^^^^
[INFO] [stderr]   |
[INFO] [stderr]   = note: `#[warn(dead_code)]` (part of `#[warn(unused)]`) on by default
[INFO] [stderr] 
[INFO] [stderr] warning: struct `MemoryTransaction` is never constructed
[INFO] [stderr]   --> store/src/storage/memory.rs:26:12
[INFO] [stderr]    |
[INFO] [stderr] 26 | pub struct MemoryTransaction<'a> {
[INFO] [stderr]    |            ^^^^^^^^^^^^^^^^^
[INFO] [stderr] 
[INFO] [stderr] warning: enum `Error` is never used
[INFO] [stderr]   --> store/src/storage/memory.rs:58:10
[INFO] [stderr]    |
[INFO] [stderr] 58 | pub enum Error {}
[INFO] [stderr]    |          ^^^^^
[INFO] [stderr] 
[INFO] [stderr] warning: `store` (lib) generated 3 warnings
[INFO] [stderr]     Finished `release` profile [optimized] target(s) in 0.16s
[INFO] [stderr]      Running unittests src/lib.rs (/opt/rustwide/target/release/build/migrate/e0d9df564f620081/out/migrate-e0d9df564f620081)
[INFO] [stdout] 
[INFO] [stdout] running 24 tests
[INFO] [stdout] test lens::tests::transform_defaults::add_field_conflict ... ok
[INFO] [stdout] test lens::tests::deserialize::conversion_deserializes_successfully ... ok
[INFO] [stdout] test lens::tests::transform_defaults::add_field_success ... ok
[INFO] [stdout] test lens::tests::transform_defaults::rename_field_missing ... ok
[INFO] [stdout] test lens::tests::deserialize::conversion_checks_default ... ok
[INFO] [stdout] test lens::tests::transform_defaults::remove_field_success ... ok
[INFO] [stdout] test lens::tests::transform_defaults::remove_field_missing ... ok
[INFO] [stdout] test lens::tests::deserialize::conversion_sets_null_as_default ... ok
[INFO] [stdout] test migrator::tests::migration_path ... ok
[INFO] [stdout] test lens::tests::transform_schema::remove_field_success ... ok
[INFO] [stdout] test type_::tests::validate_nullable ... ok
[INFO] [stdout] test lens::tests::transform_schema::add_field_success ... ok
[INFO] [stdout] test type_::tests::validate_float ... ok
[INFO] [stdout] test lens::tests::transform_schema::rename_field_missing ... ok
[INFO] [stdout] test lens::tests::transform_defaults::rename_field_success ... ok
[INFO] [stdout] test lens::tests::transform_schema::remove_field_missing ... ok
[INFO] [stdout] test migrator::tests::schema_conflict ... ok
[INFO] [stdout] test migrator::tests::schema_missing ... ok
[INFO] [stdout] test migrator::tests::schema_success ... ok
[INFO] [stdout] test type_::tests::validate_bool ... ok
[INFO] [stdout] test type_::tests::validate_int ... ok
[INFO] [stdout] test lens::tests::transform_schema::add_field_conflict ... ok
[INFO] [stdout] test lens::tests::transform_schema::rename_field_success ... ok
[INFO] [stderr]      Running unittests src/bin/migrate.rs (/opt/rustwide/target/release/build/migrate/e3d8c0847b871a6d/out/migrate-e3d8c0847b871a6d)
[INFO] [stdout] test type_::tests::validate_string ... ok
[INFO] [stdout] 
[INFO] [stdout] test result: ok. 24 passed; 0 failed; 0 ignored; 0 measured; 0 filtered out; finished in 0.64s
[INFO] [stdout] 
[INFO] [stderr]      Running tests/cli_tests.rs (/opt/rustwide/target/release/build/migrate/2262ad8f4c7b8d4d/out/cli_tests-2262ad8f4c7b8d4d)
[INFO] [stdout] 
[INFO] [stdout] running 0 tests
[INFO] [stdout] 
[INFO] [stdout] test result: ok. 0 passed; 0 failed; 0 ignored; 0 measured; 0 filtered out; finished in 0.00s
[INFO] [stdout] 
[INFO] [stdout] 
[INFO] [stdout] running 1 test
[INFO] [stdout] test cli_tests ... FAILED
[INFO] [stderr] Testing tests/cli/schema.md:4 ... ignored
[INFO] [stdout] 
[INFO] [stderr] Testing tests/cli/schema.md:16 ... ignored
[INFO] [stdout] failures:
[INFO] [stderr] Testing tests/cli/schema.md:28 ... ignored
[INFO] [stdout] 
[INFO] [stderr] Testing tests/cli/new.md:4 ... ignored
[INFO] [stdout] ---- cli_tests stdout ----
[INFO] [stderr] Testing tests/cli/new.md:teardown ... failed
[INFO] [stdout] 
[INFO] [stderr] Failed: Files left in unexpected state
[INFO] [stdout] thread 'cli_tests' (3298) panicked at /opt/rustwide/cargo-home/registry/src/index.crates.io-1949cf8c6b5b557f/trycmd-0.15.10/src/runner.rs:123:17:
[INFO] [stderr] 
[INFO] [stdout] 1 of 2 tests failed
[INFO] [stderr] tests/cli/new.out: is good
[INFO] [stdout] stack backtrace:
[INFO] [stderr] tests/cli/new.out/migrations: Expected dir, was missing
[INFO] [stdout]    0:     0x562415b2ed75 - <<std[617be2ca0a6fd877]::sys::backtrace::BacktraceLock>::print::DisplayBacktrace as core[a373ad73a504971]::fmt::Display>::fmt
[INFO] [stderr] tests/cli/new.out/migrations/user.1.json: Expected file, was missing
[INFO] [stdout]    1:     0x562415ad57fa - core[a373ad73a504971]::fmt::write
[INFO] [stderr] Update snapshots with `TRYCMD=overwrite`
[INFO] [stdout]    2:     0x562415b2e40b - <alloc[2e1b2a31b91974c5]::vec::Vec<u8> as core[a373ad73a504971]::io::write::Write>::write_fmt
[INFO] [stderr] Debug output with `TRYCMD=dump`
[INFO] [stdout]    3:     0x562415b2deef - std[617be2ca0a6fd877]::panicking::default_hook::{closure#0}
[INFO] [stdout]    4:     0x562415b2db1a - std[617be2ca0a6fd877]::panicking::default_hook
[INFO] [stdout]    5:     0x562415b2d655 - std[617be2ca0a6fd877]::panicking::panic_with_hook
[INFO] [stdout]    6:     0x562415b54491 - std[617be2ca0a6fd877]::panicking::panic_handler::{closure#0}
[INFO] [stdout]    7:     0x562415b54449 - std[617be2ca0a6fd877]::sys::backtrace::__rust_end_short_backtrace::<std[617be2ca0a6fd877]::panicking::panic_handler::{closure#0}, !>
[INFO] [stdout]    8:     0x562415b5494c - __rustc[ea4f61d10b84890b]::rust_begin_unwind
[INFO] [stdout]    9:     0x562415ad568b - core[a373ad73a504971]::panicking::panic_fmt
[INFO] [stdout]   10:     0x562415c10856 - <trycmd[10da88707dd4b1f1]::cases::TestCases>::run
[INFO] [stdout]   11:     0x562415ad0f17 - core[a373ad73a504971]::ptr::drop_glue::<trycmd[10da88707dd4b1f1]::cases::TestCases>
[INFO] [stdout]   12:     0x562415ad2b44 - <cli_tests[aa56856cfdeea3ea]::cli_tests::{closure#0} as core[a373ad73a504971]::ops::function::FnOnce<()>>::call_once
[INFO] [stdout]   13:     0x562415b7388b - test[aada8e7e76ba119b]::__rust_begin_short_backtrace::<core[a373ad73a504971]::result::Result<(), alloc[2e1b2a31b91974c5]::string::String>, fn() -> core[a373ad73a504971]::result::Result<(), alloc[2e1b2a31b91974c5]::string::String>>
[INFO] [stdout]   14:     0x562415b6f340 - test[aada8e7e76ba119b]::run_test::{closure#0}
[INFO] [stdout]   15:     0x562415b6ea6c - std[617be2ca0a6fd877]::sys::backtrace::__rust_begin_short_backtrace::<test[aada8e7e76ba119b]::run_test::{closure#1}, ()>
[INFO] [stdout]   16:     0x562415b8cd1c - <std[617be2ca0a6fd877]::thread::lifecycle::spawn_unchecked<test[aada8e7e76ba119b]::run_test::{closure#1}, ()>::{closure#1} as core[a373ad73a504971]::ops::function::FnOnce<()>>::call_once::{shim:vtable#0}
[INFO] [stdout]   17:     0x562415b56634 - <std[617be2ca0a6fd877]::sys::thread::unix::Thread>::new::thread_start
[INFO] [stdout]   18:     0x76c7454bedfa - <unknown>
[INFO] [stdout]   19:     0x76c7455523d4 - clone
[INFO] [stdout]   20:                0x0 - <unknown>
[INFO] [stdout] 
[INFO] [stdout] 
[INFO] [stdout] failures:
[INFO] [stdout]     cli_tests
[INFO] [stdout] 
[INFO] [stdout] test result: FAILED. 0 passed; 1 failed; 0 ignored; 0 measured; 0 filtered out; finished in 0.00s
[INFO] [stdout] 
[INFO] [stderr] error: test failed, to rerun pass `-p migrate --test cli_tests`
[INFO] running `Command { std: "docker" "inspect" "bfb7bbc71ccc924561dfe4a5ad751c4f5bfbdd5787b8654b32b3bf289577ac52", kill_on_drop: false }`
[INFO] running `Command { std: "docker" "rm" "-f" "bfb7bbc71ccc924561dfe4a5ad751c4f5bfbdd5787b8654b32b3bf289577ac52", kill_on_drop: false }`
[INFO] [stdout] bfb7bbc71ccc924561dfe4a5ad751c4f5bfbdd5787b8654b32b3bf289577ac52
