[INFO] cloning repository https://github.com/listepo/dunnage
[INFO] running `Command { std: "git" "-c" "credential.helper=" "-c" "credential.helper=/workspace/cargo-home/bin/git-credential-null" "clone" "--bare" "https://github.com/listepo/dunnage" "/workspace/cache/git-repos/https%3A%2F%2Fgithub.com%2Flistepo%2Fdunnage", kill_on_drop: false }`
[INFO] [stderr] Cloning into bare repository '/workspace/cache/git-repos/https%3A%2F%2Fgithub.com%2Flistepo%2Fdunnage'...
[INFO] running `Command { std: "git" "rev-parse" "HEAD", kill_on_drop: false }`
[INFO] [stdout] 58e2d08262b5174ff2fccf488f60994646f6610f
[INFO] testing listepo/dunnage against 1.100.0-beta.1+cargoflags=--release for beta-release-1.100-3
[INFO] running `Command { std: "git" "clone" "/workspace/cache/git-repos/https%3A%2F%2Fgithub.com%2Flistepo%2Fdunnage" "/workspace/builds/worker-1-tc2/source", kill_on_drop: false }`
[INFO] [stderr] Cloning into '/workspace/builds/worker-1-tc2/source'...
[INFO] [stderr] done.
[INFO] removed /workspace/builds/worker-1-tc2/source/.cargo/config.toml
[INFO] removed /workspace/builds/worker-1-tc2/source/rust-toolchain.toml
[INFO] started tweaking git repo https://github.com/listepo/dunnage
[INFO] finished tweaking git repo https://github.com/listepo/dunnage
[INFO] tweaked toml for git repo https://github.com/listepo/dunnage written to /workspace/builds/worker-1-tc2/source/Cargo.toml
[INFO] validating manifest of git repo https://github.com/listepo/dunnage on toolchain 1.100.0-beta.1
[INFO] running `Command { std: CARGO_HOME="/workspace/cargo-home" RUSTUP_HOME="/workspace/rustup-home" "/workspace/cargo-home/bin/cargo" "+1.100.0-beta.1" "metadata" "--manifest-path" "Cargo.toml" "--no-deps", kill_on_drop: false }`
[INFO] crate git repo https://github.com/listepo/dunnage already has a lockfile, it will not be regenerated
[INFO] running `Command { std: CARGO_HOME="/workspace/cargo-home" RUSTUP_HOME="/workspace/rustup-home" "/workspace/cargo-home/bin/cargo" "+1.100.0-beta.1" "fetch" "--manifest-path" "Cargo.toml", kill_on_drop: false }`
[INFO] [stderr] warning: `package.homepage` is redundant with `package.repository`
[INFO] [stderr]   --> Cargo.toml:39:12
[INFO] [stderr]    |
[INFO] [stderr] 39 | homepage = "https://github.com/listepo/swarfr"
[INFO] [stderr]    |            ^^^^^^^^^^^^^^^^^^^^^^^^^^^^^^^^^^^
[INFO] [stderr] ...
[INFO] [stderr] 42 | repository = "https://github.com/listepo/swarfr"
[INFO] [stderr]    |              -----------------------------------
[INFO] [stderr]    |
[INFO] [stderr]    = note: `cargo::redundant_homepage` is set to `warn` by default
[INFO] [stderr] help: consider removing `package.homepage`
[INFO] [stderr] warning: `swarfr` (manifest) generated 1 warning
[INFO] running `Command { std: "docker" "create" "-v" "/var/lib/crater-agent-workspace/builds/worker-1-tc2/source:/opt/rustwide/workdir:ro,Z" "-v" "/var/lib/crater-agent-workspace/builds/worker-1-tc2/target:/opt/rustwide/target:rw,Z" "-v" "/var/lib/crater-agent-workspace/cargo-home:/opt/rustwide/cargo-home:ro,Z" "-v" "/var/lib/crater-agent-workspace/rustup-home:/opt/rustwide/rustup-home:ro,Z" "-m" "1610612736" "--network" "none" "ghcr.io/rust-lang/crates-build-env/linux@sha256:77db811e55d90add9212f6832c23229e3de5f1c1f9905e8cb07319ea15df73ac" "sleep" "infinity", kill_on_drop: false }`
[INFO] [stdout] 623c3b028e7bfa616b1b79b29201c5785ae0f8f38e2d47337bbfca6e9cb26aa5
[INFO] running `Command { std: "docker" "start" "623c3b028e7bfa616b1b79b29201c5785ae0f8f38e2d47337bbfca6e9cb26aa5", kill_on_drop: false }`
[INFO] running `Command { std: "docker" "inspect" "623c3b028e7bfa616b1b79b29201c5785ae0f8f38e2d47337bbfca6e9cb26aa5", kill_on_drop: false }`
[INFO] running `Command { std: "docker" "exec" "-e" "SOURCE_DIR=/opt/rustwide/workdir" "-e" "CARGO_HOME=/opt/rustwide/cargo-home" "-e" "RUSTUP_HOME=/opt/rustwide/rustup-home" "-e" "CARGO_TARGET_DIR=/opt/rustwide/target" "-w" "/opt/rustwide/workdir" "--user" "0:0" "623c3b028e7bfa616b1b79b29201c5785ae0f8f38e2d47337bbfca6e9cb26aa5" "/opt/rustwide/cargo-home/bin/cargo" "+1.100.0-beta.1" "metadata" "--no-deps" "--format-version=1", kill_on_drop: false }`
[INFO] running `Command { std: "docker" "inspect" "623c3b028e7bfa616b1b79b29201c5785ae0f8f38e2d47337bbfca6e9cb26aa5", kill_on_drop: false }`
[INFO] running `Command { std: "docker" "exec" "-e" "SOURCE_DIR=/opt/rustwide/workdir" "-e" "CARGO_HOME=/opt/rustwide/cargo-home" "-e" "RUSTUP_HOME=/opt/rustwide/rustup-home" "-e" "CARGO_TARGET_DIR=/opt/rustwide/target" "-e" "CARGO_INCREMENTAL=0" "-e" "RUST_BACKTRACE=full" "-e" "RUSTFLAGS=--cap-lints=warn" "-e" "RUSTDOCFLAGS=--cap-lints=warn" "-w" "/opt/rustwide/workdir" "--user" "0:0" "623c3b028e7bfa616b1b79b29201c5785ae0f8f38e2d47337bbfca6e9cb26aa5" "/opt/rustwide/cargo-home/bin/cargo" "+1.100.0-beta.1" "build" "--frozen" "--message-format=json" "--release", kill_on_drop: false }`
[INFO] [stderr] warning: `package.homepage` is redundant with `package.repository`
[INFO] [stderr]   --> Cargo.toml:39:12
[INFO] [stderr]    |
[INFO] [stderr] 39 | homepage = "https://github.com/listepo/swarfr"
[INFO] [stderr]    |            ^^^^^^^^^^^^^^^^^^^^^^^^^^^^^^^^^^^
[INFO] [stderr] ...
[INFO] [stderr] 42 | repository = "https://github.com/listepo/swarfr"
[INFO] [stderr]    |              -----------------------------------
[INFO] [stderr]    |
[INFO] [stderr]    = note: `cargo::redundant_homepage` is set to `warn` by default
[INFO] [stderr] help: consider removing `package.homepage`
[INFO] [stderr] warning: `swarfr` (manifest) generated 1 warning
[INFO] [stderr]    Compiling proc-macro2 v1.0.107
[INFO] [stderr]    Compiling serde_core v1.0.229
[INFO] [stderr]    Compiling unicode-ident v1.0.26
[INFO] [stderr]    Compiling quote v1.0.47
[INFO] [stderr]    Compiling crossbeam-utils v0.8.23
[INFO] [stderr]    Compiling crossbeam-epoch v0.9.21
[INFO] [stderr]    Compiling typenum v1.20.1
[INFO] [stderr]    Compiling crossbeam-deque v0.8.8
[INFO] [stderr]    Compiling utf8parse v0.2.2
[INFO] [stderr]    Compiling zmij v1.0.23
[INFO] [stderr]    Compiling rayon-core v1.13.0
[INFO] [stderr]    Compiling anstyle-query v1.1.5
[INFO] [stderr]    Compiling anstyle-parse v1.0.0
[INFO] [stderr]    Compiling is_terminal_polyfill v1.70.2
[INFO] [stderr]    Compiling anstyle v1.0.14
[INFO] [stderr]    Compiling colorchoice v1.0.5
[INFO] [stderr]    Compiling strsim v0.11.1
[INFO] [stderr]    Compiling serde_json v1.0.151
[INFO] [stderr]    Compiling rustix v1.1.5
[INFO] [stderr]    Compiling anyhow v1.0.104
[INFO] [stderr]    Compiling anstream v1.0.0
[INFO] [stderr]    Compiling serde v1.0.229
[INFO] [stderr]    Compiling clap_lex v1.1.1
[INFO] [stderr]    Compiling const-oid v0.10.2
[INFO] [stderr]    Compiling heck v0.5.0
[INFO] [stderr]    Compiling winnow v1.0.4
[INFO] [stderr]    Compiling syn v3.0.6
[INFO] [stderr]    Compiling hybrid-array v0.4.15
[INFO] [stderr]    Compiling clap_builder v4.6.7
[INFO] [stderr]    Compiling toml_writer v1.1.2+spec-1.1.0
[INFO] [stderr]    Compiling toml_parser v1.1.3+spec-1.1.0
[INFO] [stderr]    Compiling bitflags v2.13.2
[INFO] [stderr]    Compiling memchr v2.8.3
[INFO] [stderr]    Compiling block-buffer v0.12.1
[INFO] [stderr]    Compiling crypto-common v0.2.2
[INFO] [stderr]    Compiling either v1.18.0
[INFO] [stderr]    Compiling cfg-if v1.0.5
[INFO] [stderr]    Compiling itoa v1.0.18
[INFO] [stderr]    Compiling linux-raw-sys v0.12.1
[INFO] [stderr]    Compiling same-file v1.0.6
[INFO] [stderr]    Compiling cpufeatures v0.3.1
[INFO] [stderr]    Compiling walkdir v2.5.0
[INFO] [stderr]    Compiling serde_spanned v1.1.1
[INFO] [stderr]    Compiling toml_datetime v1.1.1+spec-1.1.0
[INFO] [stderr]    Compiling digest v0.11.3
[INFO] [stderr]    Compiling sha2 v0.11.0
[INFO] [stderr]    Compiling toml v1.1.6+spec-1.1.0
[INFO] [stderr]    Compiling rayon v1.12.0
[INFO] [stderr]    Compiling serde_derive v1.0.229
[INFO] [stderr]    Compiling clap_derive v4.6.7
[INFO] [stderr]    Compiling clap v4.6.7
[INFO] [stderr]    Compiling swarfr v0.1.1 (/opt/rustwide/workdir)
[INFO] [stderr]     Finished `release` profile [optimized] target(s) in 1m 31s
[INFO] running `Command { std: "docker" "inspect" "623c3b028e7bfa616b1b79b29201c5785ae0f8f38e2d47337bbfca6e9cb26aa5", kill_on_drop: false }`
[INFO] running `Command { std: "docker" "exec" "-e" "SOURCE_DIR=/opt/rustwide/workdir" "-e" "CARGO_HOME=/opt/rustwide/cargo-home" "-e" "RUSTUP_HOME=/opt/rustwide/rustup-home" "-e" "CARGO_TARGET_DIR=/opt/rustwide/target" "-e" "CARGO_INCREMENTAL=0" "-e" "RUST_BACKTRACE=full" "-e" "RUSTFLAGS=--cap-lints=warn" "-e" "RUSTDOCFLAGS=--cap-lints=warn" "-w" "/opt/rustwide/workdir" "--user" "0:0" "623c3b028e7bfa616b1b79b29201c5785ae0f8f38e2d47337bbfca6e9cb26aa5" "/opt/rustwide/cargo-home/bin/cargo" "+1.100.0-beta.1" "test" "--frozen" "--no-run" "--message-format=json" "--release", kill_on_drop: false }`
[INFO] [stderr] warning: `package.homepage` is redundant with `package.repository`
[INFO] [stderr]   --> Cargo.toml:39:12
[INFO] [stderr]    |
[INFO] [stderr] 39 | homepage = "https://github.com/listepo/swarfr"
[INFO] [stderr]    |            ^^^^^^^^^^^^^^^^^^^^^^^^^^^^^^^^^^^
[INFO] [stderr] ...
[INFO] [stderr] 42 | repository = "https://github.com/listepo/swarfr"
[INFO] [stderr]    |              -----------------------------------
[INFO] [stderr]    |
[INFO] [stderr]    = note: `cargo::redundant_homepage` is set to `warn` by default
[INFO] [stderr] help: consider removing `package.homepage`
[INFO] [stderr] warning: `swarfr` (manifest) generated 1 warning
[INFO] [stderr]    Compiling memchr v2.8.3
[INFO] [stderr]    Compiling serde_core v1.0.229
[INFO] [stderr]    Compiling libc v0.2.189
[INFO] [stderr]    Compiling winnow v1.0.4
[INFO] [stderr]    Compiling autocfg v1.5.1
[INFO] [stderr]    Compiling getrandom v0.4.3
[INFO] [stderr]    Compiling regex-syntax v0.8.11
[INFO] [stderr]    Compiling toml_writer v1.1.2+spec-1.1.0
[INFO] [stderr]    Compiling normalize-line-endings v0.3.0
[INFO] [stderr]    Compiling fastrand v2.5.0
[INFO] [stderr]    Compiling once_cell v1.21.4
[INFO] [stderr]    Compiling num-traits v0.2.19
[INFO] [stderr]    Compiling equivalent v1.0.2
[INFO] [stderr]    Compiling hashbrown v0.17.1
[INFO] [stderr]    Compiling predicates-core v1.0.10
[INFO] [stderr]    Compiling snapbox-macros v1.1.0
[INFO] [stderr]    Compiling aho-corasick v1.1.5
[INFO] [stderr]    Compiling indexmap v2.14.2
[INFO] [stderr]    Compiling wait-timeout v0.2.1
[INFO] [stderr]    Compiling os_pipe v1.2.3
[INFO] [stderr]    Compiling toml_parser v1.1.3+spec-1.1.0
[INFO] [stderr]    Compiling tempfile v3.27.0
[INFO] [stderr]    Compiling filetime v0.2.29
[INFO] [stderr]    Compiling float-cmp v0.10.0
[INFO] [stderr]    Compiling content_inspector v0.2.4
[INFO] [stderr]    Compiling difflib v0.4.0
[INFO] [stderr]    Compiling termtree v0.5.1
[INFO] [stderr]    Compiling similar v3.2.0
[INFO] [stderr]    Compiling regex-automata v0.4.18
[INFO] [stderr]    Compiling assert_cmd v2.2.2
[INFO] [stderr]    Compiling humantime v2.4.0
[INFO] [stderr]    Compiling dunce v1.0.5
[INFO] [stderr]    Compiling predicates-tree v1.0.13
[INFO] [stderr]    Compiling shlex v1.3.0
[INFO] [stderr]    Compiling glob v0.3.4
[INFO] [stderr]    Compiling serde_spanned v1.1.1
[INFO] [stderr]    Compiling toml_datetime v1.1.1+spec-1.1.0
[INFO] [stderr]    Compiling serde v1.0.229
[INFO] [stderr]    Compiling toml v1.1.6+spec-1.1.0
[INFO] [stderr]    Compiling serde_json v1.0.151
[INFO] [stderr]    Compiling humantime-serde v1.1.1
[INFO] [stderr]    Compiling snapbox v1.2.2
[INFO] [stderr]    Compiling toml_edit v0.25.15+spec-1.1.0
[INFO] [stderr]    Compiling regex v1.13.1
[INFO] [stderr]    Compiling bstr v1.13.1
[INFO] [stderr]    Compiling predicates v3.1.4
[INFO] [stderr]    Compiling trycmd v1.2.1
[INFO] [stderr]    Compiling swarfr v0.1.1 (/opt/rustwide/workdir)
[INFO] [stderr]     Finished `release` profile [optimized] target(s) in 1m 52s
[INFO] running `Command { std: "docker" "inspect" "623c3b028e7bfa616b1b79b29201c5785ae0f8f38e2d47337bbfca6e9cb26aa5", kill_on_drop: false }`
[INFO] running `Command { std: "docker" "exec" "-e" "SOURCE_DIR=/opt/rustwide/workdir" "-e" "CARGO_HOME=/opt/rustwide/cargo-home" "-e" "RUSTUP_HOME=/opt/rustwide/rustup-home" "-e" "CARGO_TARGET_DIR=/opt/rustwide/target" "-e" "CARGO_INCREMENTAL=0" "-e" "RUST_BACKTRACE=full" "-e" "RUSTFLAGS=--cap-lints=warn" "-e" "RUSTDOCFLAGS=--cap-lints=warn" "-w" "/opt/rustwide/workdir" "--user" "0:0" "623c3b028e7bfa616b1b79b29201c5785ae0f8f38e2d47337bbfca6e9cb26aa5" "/opt/rustwide/cargo-home/bin/cargo" "+1.100.0-beta.1" "test" "--frozen" "--release", kill_on_drop: false }`
[INFO] [stderr] warning: `package.homepage` is redundant with `package.repository`
[INFO] [stderr]   --> Cargo.toml:39:12
[INFO] [stderr]    |
[INFO] [stderr] 39 | homepage = "https://github.com/listepo/swarfr"
[INFO] [stderr]    |            ^^^^^^^^^^^^^^^^^^^^^^^^^^^^^^^^^^^
[INFO] [stderr] ...
[INFO] [stderr] 42 | repository = "https://github.com/listepo/swarfr"
[INFO] [stderr]    |              -----------------------------------
[INFO] [stderr]    |
[INFO] [stderr]    = note: `cargo::redundant_homepage` is set to `warn` by default
[INFO] [stderr] help: consider removing `package.homepage`
[INFO] [stderr] warning: `swarfr` (manifest) generated 1 warning
[INFO] [stderr]     Finished `release` profile [optimized] target(s) in 0.11s
[INFO] [stderr]      Running unittests src/lib.rs (/opt/rustwide/target/release/build/swarfr/f9110dabc9c37d02/out/swarfr-f9110dabc9c37d02)
[INFO] [stdout] 
[INFO] [stdout] running 42 tests
[INFO] [stdout] test dedupe::tests::canonical_is_shared_then_compressed_then_oldest ... ok
[INFO] [stdout] test config::tests::a_missing_file_is_the_default_and_a_broken_one_is_an_error ... ok
[INFO] [stdout] test config::tests::an_unknown_key_names_itself ... ok
[INFO] [stdout] test config::tests::the_keys_are_kebab_case_and_families_are_paths ... ok
[INFO] [stdout] test eco::cargo::advise::tests::a_manifest_that_did_the_work_gets_nothing ... ok
[INFO] [stdout] test eco::cargo::advise::tests::a_manifest_that_says_nothing_still_gets_the_default_advice ... ok
[INFO] [stdout] test eco::cargo::advise::tests::profile_keys_in_a_config_are_left_to_the_manifest ... ok
[INFO] [stdout] test eco::cargo::advise::tests::full_debuginfo_is_recognised_however_it_is_spelled ... ok
[INFO] [stdout] test eco::cargo::advise::tests::the_cache_key_is_asked_for_in_the_cargo_home_only ... ok
[INFO] [stdout] test eco::cargo::depinfo::tests::a_tail_is_matched_by_whole_components ... ok
[INFO] [stdout] test eco::cargo::advise::tests::unstable_keys_are_a_finding_only_on_a_stable_toolchain ... ok
[INFO] [stdout] test eco::cargo::depinfo::tests::rule_lines_give_their_prerequisites_unescaped ... ok
[INFO] [stdout] test eco::cargo::depinfo::tests::a_target_only_checked_names_no_root ... ok
[INFO] [stdout] test eco::cargo::depinfo::tests::a_single_crate_is_told_from_its_path_dependency ... ok
[INFO] [stdout] test eco::cargo::incremental::tests::a_profile_with_an_unknown_last_build_is_never_chosen ... ok
[INFO] [stdout] test eco::cargo::depinfo::tests::roots_come_from_pairs_of_cargo_and_rustc_dep_info ... ok
[INFO] [stdout] test eco::cargo::toolchains::tests::a_profile_without_fingerprints_says_nothing ... ok
[INFO] [stdout] test eco::cargo::incremental::tests::only_idle_profiles_that_have_a_cache_are_chosen ... ok
[INFO] [stdout] test eco::cargo::toolchains::tests::one_compiler_is_no_finding ... ok
[INFO] [stdout] test eco::swiftpm::tests::a_long_name_keeps_its_end_and_whole_characters ... ok
[INFO] [stdout] test eco::swiftpm::tests::the_lock_is_named_after_the_path ... ok
[INFO] [stdout] test engine::tests::a_file_in_use_is_busy_and_other_errors_are_failures ... ok
[INFO] [stdout] test engine::tests::a_later_round_does_not_count_leftovers_twice ... ok
[INFO] [stdout] test evict::tests::a_target_goes_whole_only_when_every_profile_of_it_is_chosen ... ok
[INFO] [stdout] test evict::tests::idle_rule_takes_only_old_enough_profiles ... ok
[INFO] [stdout] test evict::tests::nothing_without_limits_under_the_cap_or_with_an_unknown_build_time ... ok
[INFO] [stdout] test evict::tests::cap_takes_the_least_recently_built_until_the_rest_fits ... ok
[INFO] [stdout] test evict::tests::idle_evictions_count_toward_the_cap ... ok
[INFO] [stdout] test sys::imp::tests::the_compressed_bit_is_the_kernels_own ... ok
[INFO] [stdout] test eco::cargo::toolchains::tests::units_of_the_older_compiler_are_the_stale_ones ... ok
[INFO] [stdout] test session::git_tests::the_git_helper_never_takes_the_index_lock ... ok
[INFO] [stdout] test index::tests::an_index_of_the_previous_format_reads_as_empty_and_is_rewritten ... ok
[INFO] [stdout] test index::tests::entries_no_run_looks_up_go_and_the_ones_it_does_stay ... ok
[INFO] [stdout] test sys::tests::a_read_only_directory_still_answers_for_its_filesystem ... ok
[INFO] [stdout] test sys::tests::a_clone_holds_the_bytes_of_its_source_or_refuses_to_pretend ... ok
[INFO] [stdout] test sys::tests::a_file_has_an_identity_of_its_own_and_a_size_on_disk ... ok
[INFO] [stdout] test sys::tests::the_compressor_survives_having_nothing_to_do ... ok
[INFO] [stdout] test sys::tests::an_unreadable_directory_gets_no_capability ... ok
[INFO] [stdout] test sys::tests::the_probe_cleans_up_after_itself ... ok
[INFO] [stdout] test sys::tests::the_probe_answers_the_same_thing_twice ... ok
[INFO] [stdout] test sys::tests::a_tool_above_the_project_does_not_cover_the_unit ... ok
[INFO] [stdout] test session::git_tests::git_output_is_strict_utf8 ... ok
[INFO] [stdout] 
[INFO] [stdout] test result: ok. 42 passed; 0 failed; 0 ignored; 0 measured; 0 filtered out; finished in 0.02s
[INFO] [stdout] 
[INFO] [stderr]      Running unittests src/main.rs (/opt/rustwide/target/release/build/swarfr/c37a530342cefec0/out/swarfr-c37a530342cefec0)
[INFO] [stdout] 
[INFO] [stdout] running 7 tests
[INFO] [stdout] test daemon::service::tests::the_plist_escapes_every_argument ... ok
[INFO] [stdout] test daemon::service::tests::the_systemd_unit_keeps_specifiers_and_variables_literal ... ok
[INFO] [stdout] test daemon::tests::a_busy_unit_stays_pending ... ok
[INFO] [stdout] test daemon::tests::a_unit_is_ready_once_built_since_its_visit_and_cold ... ok
[INFO] [stdout] test daemon::tests::a_run_that_let_go_early_marks_nothing_visited ... ok
[INFO] [stdout] test daemon::tests::spans_read_as_their_two_largest_units ... ok
[INFO] [stdout] test daemon::tests::the_daemon_wakes_at_the_next_due_time_within_the_interval ... ok
[INFO] [stdout] 
[INFO] [stdout] test result: ok. 7 passed; 0 failed; 0 ignored; 0 measured; 0 filtered out; finished in 0.00s
[INFO] [stdout] 
[INFO] [stderr]      Running tests/across_families.rs (/opt/rustwide/target/release/build/swarfr/e5e73d841f932782/out/across_families-e5e73d841f932782)
[INFO] [stdout] 
[INFO] [stdout] running 2 tests
[INFO] [stdout] test ab_only_across_families_shares_the_file_and_neither_build_goes_stale ... ok
[INFO] [stdout] test the_report_names_the_group_once_instead_of_every_family ... FAILED
[INFO] [stdout] 
[INFO] [stdout] failures:
[INFO] [stdout] 
[INFO] [stdout] ---- the_report_names_the_group_once_instead_of_every_family stdout ----
[INFO] [stdout] 
[INFO] [stdout] thread 'the_report_names_the_group_once_instead_of_every_family' (3035) panicked at tests/across_families.rs:22:63:
[INFO] [stdout] called `Result::unwrap()` on an `Err` value: Os { code: 2, kind: NotFound, message: "No such file or directory" }
[INFO] [stdout] stack backtrace:
[INFO] [stdout]    0:     0x5d8ad615a8e1 - <<std[617be2ca0a6fd877]::sys::backtrace::BacktraceLock>::print::DisplayBacktrace as core[a373ad73a504971]::fmt::Display>::fmt
[INFO] [stdout]    1:     0x5d8ad6170c3a - core[a373ad73a504971]::fmt::write
[INFO] [stdout]    2:     0x5d8ad616022c - <alloc[2e1b2a31b91974c5]::vec::Vec<u8> as core[a373ad73a504971]::io::write::Write>::write_fmt
[INFO] [stdout]    3:     0x5d8ad6134426 - std[617be2ca0a6fd877]::panicking::default_hook::{closure#0}
[INFO] [stdout]    4:     0x5d8ad6152169 - std[617be2ca0a6fd877]::panicking::default_hook
[INFO] [stdout]    5:     0x5d8ad60e08d0 - test[aada8e7e76ba119b]::test_main_inner::{closure#0}
[INFO] [stdout]    6:     0x5d8ad6152322 - std[617be2ca0a6fd877]::panicking::panic_with_hook
[INFO] [stdout]    7:     0x5d8ad61344d2 - std[617be2ca0a6fd877]::panicking::panic_handler::{closure#0}
[INFO] [stdout]    8:     0x5d8ad612cf39 - std[617be2ca0a6fd877]::sys::backtrace::__rust_end_short_backtrace::<std[617be2ca0a6fd877]::panicking::panic_handler::{closure#0}, !>
[INFO] [stdout]    9:     0x5d8ad61350dd - __rustc[ea4f61d10b84890b]::rust_begin_unwind
[INFO] [stdout]   10:     0x5d8ad61713ec - core[a373ad73a504971]::panicking::panic_fmt
[INFO] [stdout]   11:     0x5d8ad61711c2 - core[a373ad73a504971]::result::unwrap_failed
[INFO] [stdout]   12:     0x5d8ad60c7017 - across_families[b5bdc3dac3ad30f1]::pair
[INFO] [stdout]   13:     0x5d8ad60c765a - <across_families[b5bdc3dac3ad30f1]::the_report_names_the_group_once_instead_of_every_family::{closure#0} as core[a373ad73a504971]::ops::function::FnOnce<()>>::call_once
[INFO] [stdout]   14:     0x5d8ad60d3d1b - test[aada8e7e76ba119b]::__rust_begin_short_backtrace::<core[a373ad73a504971]::result::Result<(), alloc[2e1b2a31b91974c5]::string::String>, fn() -> core[a373ad73a504971]::result::Result<(), alloc[2e1b2a31b91974c5]::string::String>>
[INFO] [stdout]   15:     0x5d8ad60e0ef5 - test[aada8e7e76ba119b]::run_test::{closure#0}
[INFO] [stdout]   16:     0x5d8ad60da7e4 - std[617be2ca0a6fd877]::sys::backtrace::__rust_begin_short_backtrace::<test[aada8e7e76ba119b]::run_test::{closure#1}, ()>
[INFO] [stdout]   17:     0x5d8ad60e3f82 - <std[617be2ca0a6fd877]::thread::lifecycle::spawn_unchecked<test[aada8e7e76ba119b]::run_test::{closure#1}, ()>::{closure#1} as core[a373ad73a504971]::ops::function::FnOnce<()>>::call_once::{shim:vtable#0}
[INFO] [stdout]   18:     0x5d8ad6159bcf - <std[617be2ca0a6fd877]::sys::thread::unix::Thread>::new::thread_start
[INFO] [stdout]   19:     0x74d143e48dfa - <unknown>
[INFO] [stdout]   20:     0x74d143edc3d4 - clone
[INFO] [stdout]   21:                0x0 - <unknown>
[INFO] [stdout] 
[INFO] [stdout] 
[INFO] [stdout] failures:
[INFO] [stdout]     the_report_names_the_group_once_instead_of_every_family
[INFO] [stdout] 
[INFO] [stdout] test result: FAILED. 1 passed; 1 failed; 0 ignored; 0 measured; 0 filtered out; finished in 0.52s
[INFO] [stdout] 
[INFO] [stderr] error: test failed, to rerun pass `--test across_families`
[INFO] running `Command { std: "docker" "inspect" "623c3b028e7bfa616b1b79b29201c5785ae0f8f38e2d47337bbfca6e9cb26aa5", kill_on_drop: false }`
[INFO] running `Command { std: "docker" "rm" "-f" "623c3b028e7bfa616b1b79b29201c5785ae0f8f38e2d47337bbfca6e9cb26aa5", kill_on_drop: false }`
[INFO] [stdout] 623c3b028e7bfa616b1b79b29201c5785ae0f8f38e2d47337bbfca6e9cb26aa5
