[INFO] cloning repository https://github.com/kzinmr/rusty-book-manager
[INFO] running `Command { std: "git" "-c" "credential.helper=" "-c" "credential.helper=/workspace/cargo-home/bin/git-credential-null" "clone" "--bare" "https://github.com/kzinmr/rusty-book-manager" "/workspace/cache/git-repos/https%3A%2F%2Fgithub.com%2Fkzinmr%2Frusty-book-manager", kill_on_drop: false }`
[INFO] [stderr] Cloning into bare repository '/workspace/cache/git-repos/https%3A%2F%2Fgithub.com%2Fkzinmr%2Frusty-book-manager'...
[INFO] running `Command { std: "git" "rev-parse" "HEAD", kill_on_drop: false }`
[INFO] [stdout] 1a834f7ff2bd3f4ed6fdcef933825c87af4a91c7
[INFO] testing kzinmr/rusty-book-manager against 1.99.0-beta.8+cargoflags=--release for beta-release-1.100-3
[INFO] running `Command { std: "git" "clone" "/workspace/cache/git-repos/https%3A%2F%2Fgithub.com%2Fkzinmr%2Frusty-book-manager" "/workspace/builds/worker-3-tc1/source", kill_on_drop: false }`
[INFO] [stderr] Cloning into '/workspace/builds/worker-3-tc1/source'...
[INFO] [stderr] done.
[INFO] started tweaking git repo https://github.com/kzinmr/rusty-book-manager
[INFO] finished tweaking git repo https://github.com/kzinmr/rusty-book-manager
[INFO] tweaked toml for git repo https://github.com/kzinmr/rusty-book-manager written to /workspace/builds/worker-3-tc1/source/Cargo.toml
[INFO] validating manifest of git repo https://github.com/kzinmr/rusty-book-manager on toolchain 1.99.0-beta.8
[INFO] running `Command { std: CARGO_HOME="/workspace/cargo-home" RUSTUP_HOME="/workspace/rustup-home" "/workspace/cargo-home/bin/cargo" "+1.99.0-beta.8" "metadata" "--manifest-path" "Cargo.toml" "--no-deps", kill_on_drop: false }`
[INFO] crate git repo https://github.com/kzinmr/rusty-book-manager already has a lockfile, it will not be regenerated
[INFO] running `Command { std: CARGO_HOME="/workspace/cargo-home" RUSTUP_HOME="/workspace/rustup-home" "/workspace/cargo-home/bin/cargo" "+1.99.0-beta.8" "fetch" "--manifest-path" "Cargo.toml", kill_on_drop: false }`
[INFO] [stderr]     Updating crates.io index
[INFO] [stderr]  Downloading crates ...
[INFO] [stderr]   Downloaded thiserror v1.0.64
[INFO] [stderr]   Downloaded bytes v1.7.2
[INFO] [stderr]   Downloaded thiserror-impl v1.0.64
[INFO] [stderr]   Downloaded wasm-bindgen-macro v0.2.93
[INFO] [stderr]   Downloaded wasm-bindgen-shared v0.2.93
[INFO] [stderr]   Downloaded wasm-bindgen-backend v0.2.93
[INFO] [stderr]   Downloaded wasm-bindgen-macro-support v0.2.93
[INFO] [stderr]   Downloaded iana-time-zone v0.1.61
[INFO] [stderr]   Downloaded wasm-bindgen v0.2.93
[INFO] [stderr]   Downloaded tempfile v3.13.0
[INFO] [stderr]   Downloaded js-sys v0.3.70
[INFO] [stderr]   Downloaded rstest v0.18.2
[INFO] [stderr]   Downloaded semver v1.0.23
[INFO] [stderr]   Downloaded relative-path v1.9.3
[INFO] [stderr]   Downloaded cc v1.1.28
[INFO] [stderr]   Downloaded async-trait v0.1.83
[INFO] [stderr]   Downloaded rstest_macros v0.18.2
[INFO] [stderr]   Downloaded axum-macros v0.4.2
[INFO] [stderr]   Downloaded hyper-util v0.1.9
[INFO] [stderr]   Downloaded anyhow v1.0.89
[INFO] [stderr]   Downloaded serde_json v1.0.128
[INFO] [stderr]   Downloaded hashbrown v0.15.0
[INFO] [stderr]   Downloaded tower v0.5.1
[INFO] [stderr]   Downloaded axum v0.7.7
[INFO] [stderr]   Downloaded syn v2.0.79
[INFO] [stderr]   Downloaded regex v1.11.0
[INFO] [stderr]   Downloaded libc v0.2.159
[INFO] [stderr]   Downloaded regex-automata v0.4.8
[INFO] [stderr]   Downloaded tokio v1.40.0
[INFO] running `Command { std: "docker" "create" "-v" "/var/lib/crater-agent-workspace/builds/worker-3-tc1/source:/opt/rustwide/workdir:ro,Z" "-v" "/var/lib/crater-agent-workspace/builds/worker-3-tc1/target:/opt/rustwide/target:rw,Z" "-v" "/var/lib/crater-agent-workspace/cargo-home:/opt/rustwide/cargo-home:ro,Z" "-v" "/var/lib/crater-agent-workspace/rustup-home:/opt/rustwide/rustup-home:ro,Z" "-m" "1610612736" "--network" "none" "ghcr.io/rust-lang/crates-build-env/linux@sha256:77db811e55d90add9212f6832c23229e3de5f1c1f9905e8cb07319ea15df73ac" "sleep" "infinity", kill_on_drop: false }`
[INFO] [stdout] 4d91b3b74775752221c437956ea094d219d50b4c903a0321f9eeb40b087f9f5e
[INFO] running `Command { std: "docker" "start" "4d91b3b74775752221c437956ea094d219d50b4c903a0321f9eeb40b087f9f5e", kill_on_drop: false }`
[INFO] running `Command { std: "docker" "inspect" "4d91b3b74775752221c437956ea094d219d50b4c903a0321f9eeb40b087f9f5e", kill_on_drop: false }`
[INFO] running `Command { std: "docker" "exec" "-e" "SOURCE_DIR=/opt/rustwide/workdir" "-e" "CARGO_HOME=/opt/rustwide/cargo-home" "-e" "RUSTUP_HOME=/opt/rustwide/rustup-home" "-e" "CARGO_TARGET_DIR=/opt/rustwide/target" "-w" "/opt/rustwide/workdir" "--user" "0:0" "4d91b3b74775752221c437956ea094d219d50b4c903a0321f9eeb40b087f9f5e" "/opt/rustwide/cargo-home/bin/cargo" "+1.99.0-beta.8" "metadata" "--no-deps" "--format-version=1", kill_on_drop: false }`
[INFO] running `Command { std: "docker" "inspect" "4d91b3b74775752221c437956ea094d219d50b4c903a0321f9eeb40b087f9f5e", kill_on_drop: false }`
[INFO] running `Command { std: "docker" "exec" "-e" "SOURCE_DIR=/opt/rustwide/workdir" "-e" "CARGO_HOME=/opt/rustwide/cargo-home" "-e" "RUSTUP_HOME=/opt/rustwide/rustup-home" "-e" "CARGO_TARGET_DIR=/opt/rustwide/target" "-e" "CARGO_INCREMENTAL=0" "-e" "RUST_BACKTRACE=full" "-e" "RUSTFLAGS=--cap-lints=warn" "-e" "RUSTDOCFLAGS=--cap-lints=warn" "-w" "/opt/rustwide/workdir" "--user" "0:0" "4d91b3b74775752221c437956ea094d219d50b4c903a0321f9eeb40b087f9f5e" "/opt/rustwide/cargo-home/bin/cargo" "+1.99.0-beta.8" "build" "--frozen" "--message-format=json" "--release", kill_on_drop: false }`
[INFO] [stderr]    Compiling proc-macro2 v1.0.86
[INFO] [stderr]    Compiling unicode-ident v1.0.13
[INFO] [stderr]    Compiling libc v0.2.159
[INFO] [stderr]    Compiling serde v1.0.210
[INFO] [stderr]    Compiling bytes v1.7.2
[INFO] [stderr]    Compiling itoa v1.0.11
[INFO] [stderr]    Compiling pin-project-lite v0.2.14
[INFO] [stderr]    Compiling serde_json v1.0.128
[INFO] [stderr]    Compiling smallvec v1.13.2
[INFO] [stderr]    Compiling futures-sink v0.3.31
[INFO] [stderr]    Compiling thiserror v1.0.64
[INFO] [stderr]    Compiling allocator-api2 v0.2.18
[INFO] [stderr]    Compiling form_urlencoded v1.2.1
[INFO] [stderr]    Compiling idna v0.5.0
[INFO] [stderr]    Compiling rustix v0.38.37
[INFO] [stderr]    Compiling iana-time-zone v0.1.61
[INFO] [stderr]    Compiling futures-util v0.3.31
[INFO] [stderr]    Compiling futures-channel v0.3.31
[INFO] [stderr]    Compiling cpufeatures v0.2.14
[INFO] [stderr]    Compiling hashbrown v0.15.0
[INFO] [stderr]    Compiling sha2 v0.10.8
[INFO] [stderr]    Compiling chrono v0.4.38
[INFO] [stderr]    Compiling uuid v1.10.0
[INFO] [stderr]    Compiling quote v1.0.37
[INFO] [stderr]    Compiling url v2.5.2
[INFO] [stderr]    Compiling fastrand v2.1.1
[INFO] [stderr]    Compiling http v1.1.0
[INFO] [stderr]    Compiling syn v2.0.79
[INFO] [stderr]    Compiling indexmap v2.6.0
[INFO] [stderr]    Compiling parking_lot_core v0.9.10
[INFO] [stderr]    Compiling mio v1.0.2
[INFO] [stderr]    Compiling socket2 v0.5.7
[INFO] [stderr]    Compiling signal-hook-registry v1.4.2
[INFO] [stderr]    Compiling getrandom v0.2.15
[INFO] [stderr]    Compiling parking_lot v0.12.3
[INFO] [stderr]    Compiling rand_core v0.6.4
[INFO] [stderr]    Compiling rustversion v1.0.17
[INFO] [stderr]    Compiling futures-intrusive v0.5.0
[INFO] [stderr]    Compiling tokio v1.40.0
[INFO] [stderr]    Compiling syn v1.0.109
[INFO] [stderr]    Compiling tower-layer v0.3.3
[INFO] [stderr]    Compiling http-body v1.0.1
[INFO] [stderr]    Compiling tempfile v3.13.0
[INFO] [stderr]    Compiling sync_wrapper v1.0.1
[INFO] [stderr]    Compiling base64 v0.21.7
[INFO] [stderr]    Compiling anyhow v1.0.89
[INFO] [stderr]    Compiling matchit v0.7.3
[INFO] [stderr]    Compiling http-body-util v0.1.2
[INFO] [stderr]    Compiling zerocopy-derive v0.7.35
[INFO] [stderr]    Compiling serde_derive v1.0.210
[INFO] [stderr]    Compiling tracing-attributes v0.1.27
[INFO] [stderr]    Compiling thiserror-impl v1.0.64
[INFO] [stderr]    Compiling tokio-macros v2.4.0
[INFO] [stderr]    Compiling async-trait v0.1.83
[INFO] [stderr]    Compiling axum-macros v0.4.2
[INFO] [stderr]    Compiling zerocopy v0.7.35
[INFO] [stderr]    Compiling tracing v0.1.40
[INFO] [stderr]    Compiling axum-core v0.4.5
[INFO] [stderr]    Compiling ahash v0.8.11
[INFO] [stderr]    Compiling ppv-lite86 v0.2.20
[INFO] [stderr]    Compiling hashbrown v0.14.5
[INFO] [stderr]    Compiling rand_chacha v0.3.1
[INFO] [stderr]    Compiling rand v0.8.5
[INFO] [stderr]    Compiling hashlink v0.8.4
[INFO] [stderr]    Compiling tokio-stream v0.1.16
[INFO] [stderr]    Compiling either v1.13.0
[INFO] [stderr]    Compiling serde_urlencoded v0.7.1
[INFO] [stderr]    Compiling serde_path_to_error v0.1.16
[INFO] [stderr]    Compiling hyper v1.4.1
[INFO] [stderr]    Compiling tower v0.5.1
[INFO] [stderr]    Compiling sqlx-core v0.7.4
[INFO] [stderr]    Compiling hyper-util v0.1.9
[INFO] [stderr]    Compiling axum v0.7.7
[INFO] [stderr]    Compiling sqlx-postgres v0.7.4
[INFO] [stderr]    Compiling sqlx-macros-core v0.7.4
[INFO] [stderr]    Compiling sqlx-macros v0.7.4
[INFO] [stderr]    Compiling sqlx v0.7.4
[INFO] [stderr]    Compiling rusty-book-manager v0.1.0 (/opt/rustwide/workdir)
[INFO] [stderr]     Finished `release` profile [optimized] target(s) in 1m 31s
[INFO] [stderr] warning: the following packages contain code that will be rejected by a future version of Rust: sqlx-postgres v0.7.4
[INFO] [stderr] note: to see what the problems were, use the option `--future-incompat-report`, or run `cargo report future-incompatibilities --id 2`
[INFO] running `Command { std: "docker" "inspect" "4d91b3b74775752221c437956ea094d219d50b4c903a0321f9eeb40b087f9f5e", kill_on_drop: false }`
[INFO] running `Command { std: "docker" "exec" "-e" "SOURCE_DIR=/opt/rustwide/workdir" "-e" "CARGO_HOME=/opt/rustwide/cargo-home" "-e" "RUSTUP_HOME=/opt/rustwide/rustup-home" "-e" "CARGO_TARGET_DIR=/opt/rustwide/target" "-e" "CARGO_INCREMENTAL=0" "-e" "RUST_BACKTRACE=full" "-e" "RUSTFLAGS=--cap-lints=warn" "-e" "RUSTDOCFLAGS=--cap-lints=warn" "-w" "/opt/rustwide/workdir" "--user" "0:0" "4d91b3b74775752221c437956ea094d219d50b4c903a0321f9eeb40b087f9f5e" "/opt/rustwide/cargo-home/bin/cargo" "+1.99.0-beta.8" "test" "--frozen" "--no-run" "--message-format=json" "--release", kill_on_drop: false }`
[INFO] [stderr]    Compiling futures-sink v0.3.31
[INFO] [stderr]    Compiling syn v2.0.79
[INFO] [stderr]    Compiling semver v1.0.23
[INFO] [stderr]    Compiling aho-corasick v1.1.3
[INFO] [stderr]    Compiling regex-syntax v0.8.5
[INFO] [stderr]    Compiling relative-path v1.9.3
[INFO] [stderr]    Compiling glob v0.3.1
[INFO] [stderr]    Compiling futures-timer v3.0.3
[INFO] [stderr]    Compiling futures-channel v0.3.31
[INFO] [stderr]    Compiling rustc_version v0.4.1
[INFO] [stderr]    Compiling rstest_macros v0.18.2
[INFO] [stderr]    Compiling regex-automata v0.4.8
[INFO] [stderr]    Compiling regex v1.11.0
[INFO] [stderr]    Compiling zerocopy-derive v0.7.35
[INFO] [stderr]    Compiling serde_derive v1.0.210
[INFO] [stderr]    Compiling futures-macro v0.3.31
[INFO] [stderr]    Compiling tracing-attributes v0.1.27
[INFO] [stderr]    Compiling tokio-macros v2.4.0
[INFO] [stderr]    Compiling thiserror-impl v1.0.64
[INFO] [stderr]    Compiling async-trait v0.1.83
[INFO] [stderr]    Compiling axum-macros v0.4.2
[INFO] [stderr]    Compiling tokio v1.40.0
[INFO] [stderr]    Compiling zerocopy v0.7.35
[INFO] [stderr]    Compiling futures-util v0.3.31
[INFO] [stderr]    Compiling thiserror v1.0.64
[INFO] [stderr]    Compiling tracing v0.1.40
[INFO] [stderr]    Compiling ahash v0.8.11
[INFO] [stderr]    Compiling ppv-lite86 v0.2.20
[INFO] [stderr]    Compiling hashbrown v0.14.5
[INFO] [stderr]    Compiling rand_chacha v0.3.1
[INFO] [stderr]    Compiling rand v0.8.5
[INFO] [stderr]    Compiling serde v1.0.210
[INFO] [stderr]    Compiling hashlink v0.8.4
[INFO] [stderr]    Compiling futures-executor v0.3.31
[INFO] [stderr]    Compiling http-body-util v0.1.2
[INFO] [stderr]    Compiling axum-core v0.4.5
[INFO] [stderr]    Compiling futures v0.3.31
[INFO] [stderr]    Compiling rstest v0.18.2
[INFO] [stderr]    Compiling serde_json v1.0.128
[INFO] [stderr]    Compiling either v1.13.0
[INFO] [stderr]    Compiling serde_urlencoded v0.7.1
[INFO] [stderr]    Compiling serde_path_to_error v0.1.16
[INFO] [stderr]    Compiling tokio-stream v0.1.16
[INFO] [stderr]    Compiling hyper v1.4.1
[INFO] [stderr]    Compiling tower v0.5.1
[INFO] [stderr]    Compiling sqlx-core v0.7.4
[INFO] [stderr]    Compiling hyper-util v0.1.9
[INFO] [stderr]    Compiling axum v0.7.7
[INFO] [stderr]    Compiling sqlx-postgres v0.7.4
[INFO] [stderr]    Compiling sqlx-macros-core v0.7.4
[INFO] [stderr]    Compiling sqlx-macros v0.7.4
[INFO] [stderr]    Compiling sqlx v0.7.4
[INFO] [stderr]    Compiling rusty-book-manager v0.1.0 (/opt/rustwide/workdir)
[INFO] [stderr]     Finished `release` profile [optimized] target(s) in 1m 10s
[INFO] [stderr] warning: the following packages contain code that will be rejected by a future version of Rust: sqlx-postgres v0.7.4
[INFO] [stderr] note: to see what the problems were, use the option `--future-incompat-report`, or run `cargo report future-incompatibilities --id 2`
[INFO] running `Command { std: "docker" "inspect" "4d91b3b74775752221c437956ea094d219d50b4c903a0321f9eeb40b087f9f5e", kill_on_drop: false }`
[INFO] running `Command { std: "docker" "exec" "-e" "SOURCE_DIR=/opt/rustwide/workdir" "-e" "CARGO_HOME=/opt/rustwide/cargo-home" "-e" "RUSTUP_HOME=/opt/rustwide/rustup-home" "-e" "CARGO_TARGET_DIR=/opt/rustwide/target" "-e" "CARGO_INCREMENTAL=0" "-e" "RUST_BACKTRACE=full" "-e" "RUSTFLAGS=--cap-lints=warn" "-e" "RUSTDOCFLAGS=--cap-lints=warn" "-w" "/opt/rustwide/workdir" "--user" "0:0" "4d91b3b74775752221c437956ea094d219d50b4c903a0321f9eeb40b087f9f5e" "/opt/rustwide/cargo-home/bin/cargo" "+1.99.0-beta.8" "test" "--frozen" "--release", kill_on_drop: false }`
[INFO] [stderr]     Finished `release` profile [optimized] target(s) in 0.23s
[INFO] [stderr] warning: the following packages contain code that will be rejected by a future version of Rust: sqlx-postgres v0.7.4
[INFO] [stderr] note: to see what the problems were, use the option `--future-incompat-report`, or run `cargo report future-incompatibilities --id 2`
[INFO] [stderr]      Running unittests src/main.rs (/opt/rustwide/target/release/deps/rusty_book_manager-3ec8061a6d82f94e)
[INFO] [stderr] error: test failed, to rerun pass `--bin rusty-book-manager`
[INFO] [stdout] 
[INFO] [stdout] running 2 tests
[INFO] [stdout] test test_health_check ... ok
[INFO] [stdout] test test_health_check_db ... FAILED
[INFO] [stdout] 
[INFO] [stdout] failures:
[INFO] [stdout] 
[INFO] [stdout] ---- test_health_check_db stdout ----
[INFO] [stdout] 
[INFO] [stdout] thread 'test_health_check_db' (3076) panicked at /opt/rustwide/cargo-home/registry/src/index.crates.io-1949cf8c6b5b557f/sqlx-postgres-0.7.4/src/testing/mod.rs:81:44:
[INFO] [stdout] DATABASE_URL must be set: EnvVar(NotPresent)
[INFO] [stdout] stack backtrace:
[INFO] [stdout]    0:     0x58491eb28131 - <<std[70759c8f55707aa4]::sys::backtrace::BacktraceLock>::print::DisplayBacktrace as core[df12db4294e9bfd3]::fmt::Display>::fmt
[INFO] [stdout]    1:     0x58491eb3f4ea - core[df12db4294e9bfd3]::fmt::write
[INFO] [stdout]    2:     0x58491eb2cb5c - <alloc[2182bb758b4b3781]::vec::Vec<u8> as core[df12db4294e9bfd3]::io::write::Write>::write_fmt
[INFO] [stdout]    3:     0x58491eb031b6 - std[70759c8f55707aa4]::panicking::default_hook::{closure#0}
[INFO] [stdout]    4:     0x58491eb1ff49 - std[70759c8f55707aa4]::panicking::default_hook
[INFO] [stdout]    5:     0x58491e9d3c30 - test[9d35eded1c95d3be]::test_main_inner::<test[9d35eded1c95d3be]::test_main_static::{closure#0}>::{closure#0}
[INFO] [stdout]    6:     0x58491eb20272 - std[70759c8f55707aa4]::panicking::panic_with_hook
[INFO] [stdout]    7:     0x58491eb03262 - std[70759c8f55707aa4]::panicking::panic_handler::{closure#0}
[INFO] [stdout]    8:     0x58491eafbcc9 - std[70759c8f55707aa4]::sys::backtrace::__rust_end_short_backtrace::<std[70759c8f55707aa4]::panicking::panic_handler::{closure#0}, !>
[INFO] [stdout]    9:     0x58491eb040ed - __rustc[8fa7c3cbc660c2b3]::rust_begin_unwind
[INFO] [stdout]   10:     0x58491eb3fc4c - core[df12db4294e9bfd3]::panicking::panic_fmt
[INFO] [stdout]   11:     0x58491eb3fa22 - core[df12db4294e9bfd3]::result::unwrap_failed
[INFO] [stdout]   12:     0x58491ea58c97 - <sqlx_postgres[1ae27fbbf8a39d8b]::database::Postgres as sqlx_core[191f4bf9699f591a]::testing::TestSupport>::test_context::{closure#0}
[INFO] [stdout]   13:     0x58491e988806 - sqlx_core[191f4bf9699f591a]::testing::run_test::<sqlx_postgres[1ae27fbbf8a39d8b]::database::Postgres, sqlx_core[191f4bf9699f591a]::testing::run_test_with_pool<sqlx_postgres[1ae27fbbf8a39d8b]::database::Postgres, fn(sqlx_core[191f4bf9699f591a]::pool::Pool<sqlx_postgres[1ae27fbbf8a39d8b]::database::Postgres>) -> rusty_book_manager[c8e9038214847266]::test_health_check_db::test_health_check_db::{closure#0}, rusty_book_manager[c8e9038214847266]::test_health_check_db::test_health_check_db::{closure#0}>::{closure#0}, sqlx_core[191f4bf9699f591a]::testing::run_test_with_pool<sqlx_postgres[1ae27fbbf8a39d8b]::database::Postgres, fn(sqlx_core[191f4bf9699f591a]::pool::Pool<sqlx_postgres[1ae27fbbf8a39d8b]::database::Postgres>) -> rusty_book_manager[c8e9038214847266]::test_health_check_db::test_health_check_db::{closure#0}, rusty_book_manager[c8e9038214847266]::test_health_check_db::test_health_check_db::{closure#0}>::{closure#0}::{closure#0}>::{closure#0}
[INFO] [stdout]   14:     0x58491e9b8704 - <tokio[fe985c78a3458ed1]::runtime::context::scoped::Scoped<tokio[fe985c78a3458ed1]::runtime::scheduler::Context>>::set::<<tokio[fe985c78a3458ed1]::runtime::scheduler::current_thread::CoreGuard>::enter<<tokio[fe985c78a3458ed1]::runtime::scheduler::current_thread::CoreGuard>::block_on<core[df12db4294e9bfd3]::pin::Pin<&mut sqlx_core[191f4bf9699f591a]::testing::run_test<sqlx_postgres[1ae27fbbf8a39d8b]::database::Postgres, sqlx_core[191f4bf9699f591a]::testing::run_test_with_pool<sqlx_postgres[1ae27fbbf8a39d8b]::database::Postgres, fn(sqlx_core[191f4bf9699f591a]::pool::Pool<sqlx_postgres[1ae27fbbf8a39d8b]::database::Postgres>) -> rusty_book_manager[c8e9038214847266]::test_health_check_db::test_health_check_db::{closure#0}, rusty_book_manager[c8e9038214847266]::test_health_check_db::test_health_check_db::{closure#0}>::{closure#0}, sqlx_core[191f4bf9699f591a]::testing::run_test_with_pool<sqlx_postgres[1ae27fbbf8a39d8b]::database::Postgres, fn(sqlx_core[191f4bf9699f591a]::pool::Pool<sqlx_postgres[1ae27fbbf8a39d8b]::database::Postgres>) -> rusty_book_manager[c8e9038214847266]::test_health_check_db::test_health_check_db::{closure#0}, rusty_book_manager[c8e9038214847266]::test_health_check_db::test_health_check_db::{closure#0}>::{closure#0}::{closure#0}>::{closure#0}>>::{closure#0}, core[df12db4294e9bfd3]::option::Option<()>>::{closure#0}, (alloc[2182bb758b4b3781]::boxed::Box<tokio[fe985c78a3458ed1]::runtime::scheduler::current_thread::Core>, core[df12db4294e9bfd3]::option::Option<()>)>
[INFO] [stdout]   15:     0x58491e9b923d - <tokio[fe985c78a3458ed1]::runtime::scheduler::current_thread::CoreGuard>::block_on::<core[df12db4294e9bfd3]::pin::Pin<&mut sqlx_core[191f4bf9699f591a]::testing::run_test<sqlx_postgres[1ae27fbbf8a39d8b]::database::Postgres, sqlx_core[191f4bf9699f591a]::testing::run_test_with_pool<sqlx_postgres[1ae27fbbf8a39d8b]::database::Postgres, fn(sqlx_core[191f4bf9699f591a]::pool::Pool<sqlx_postgres[1ae27fbbf8a39d8b]::database::Postgres>) -> rusty_book_manager[c8e9038214847266]::test_health_check_db::test_health_check_db::{closure#0}, rusty_book_manager[c8e9038214847266]::test_health_check_db::test_health_check_db::{closure#0}>::{closure#0}, sqlx_core[191f4bf9699f591a]::testing::run_test_with_pool<sqlx_postgres[1ae27fbbf8a39d8b]::database::Postgres, fn(sqlx_core[191f4bf9699f591a]::pool::Pool<sqlx_postgres[1ae27fbbf8a39d8b]::database::Postgres>) -> rusty_book_manager[c8e9038214847266]::test_health_check_db::test_health_check_db::{closure#0}, rusty_book_manager[c8e9038214847266]::test_health_check_db::test_health_check_db::{closure#0}>::{closure#0}::{closure#0}>::{closure#0}>>
[INFO] [stdout]   16:     0x58491e99f1b0 - tokio[fe985c78a3458ed1]::runtime::context::runtime::enter_runtime::<<tokio[fe985c78a3458ed1]::runtime::scheduler::current_thread::CurrentThread>::block_on<sqlx_core[191f4bf9699f591a]::testing::run_test<sqlx_postgres[1ae27fbbf8a39d8b]::database::Postgres, sqlx_core[191f4bf9699f591a]::testing::run_test_with_pool<sqlx_postgres[1ae27fbbf8a39d8b]::database::Postgres, fn(sqlx_core[191f4bf9699f591a]::pool::Pool<sqlx_postgres[1ae27fbbf8a39d8b]::database::Postgres>) -> rusty_book_manager[c8e9038214847266]::test_health_check_db::test_health_check_db::{closure#0}, rusty_book_manager[c8e9038214847266]::test_health_check_db::test_health_check_db::{closure#0}>::{closure#0}, sqlx_core[191f4bf9699f591a]::testing::run_test_with_pool<sqlx_postgres[1ae27fbbf8a39d8b]::database::Postgres, fn(sqlx_core[191f4bf9699f591a]::pool::Pool<sqlx_postgres[1ae27fbbf8a39d8b]::database::Postgres>) -> rusty_book_manager[c8e9038214847266]::test_health_check_db::test_health_check_db::{closure#0}, rusty_book_manager[c8e9038214847266]::test_health_check_db::test_health_check_db::{closure#0}>::{closure#0}::{closure#0}>::{closure#0}>::{closure#0}, ()>
[INFO] [stdout]   17:     0x58491e9aafdd - <tokio[fe985c78a3458ed1]::runtime::runtime::Runtime>::block_on_inner::<sqlx_core[191f4bf9699f591a]::testing::run_test<sqlx_postgres[1ae27fbbf8a39d8b]::database::Postgres, sqlx_core[191f4bf9699f591a]::testing::run_test_with_pool<sqlx_postgres[1ae27fbbf8a39d8b]::database::Postgres, fn(sqlx_core[191f4bf9699f591a]::pool::Pool<sqlx_postgres[1ae27fbbf8a39d8b]::database::Postgres>) -> rusty_book_manager[c8e9038214847266]::test_health_check_db::test_health_check_db::{closure#0}, rusty_book_manager[c8e9038214847266]::test_health_check_db::test_health_check_db::{closure#0}>::{closure#0}, sqlx_core[191f4bf9699f591a]::testing::run_test_with_pool<sqlx_postgres[1ae27fbbf8a39d8b]::database::Postgres, fn(sqlx_core[191f4bf9699f591a]::pool::Pool<sqlx_postgres[1ae27fbbf8a39d8b]::database::Postgres>) -> rusty_book_manager[c8e9038214847266]::test_health_check_db::test_health_check_db::{closure#0}, rusty_book_manager[c8e9038214847266]::test_health_check_db::test_health_check_db::{closure#0}>::{closure#0}::{closure#0}>::{closure#0}>
[INFO] [stdout]   18:     0x58491e9b3bc2 - sqlx_core[191f4bf9699f591a]::rt::test_block_on::<sqlx_core[191f4bf9699f591a]::testing::run_test<sqlx_postgres[1ae27fbbf8a39d8b]::database::Postgres, sqlx_core[191f4bf9699f591a]::testing::run_test_with_pool<sqlx_postgres[1ae27fbbf8a39d8b]::database::Postgres, fn(sqlx_core[191f4bf9699f591a]::pool::Pool<sqlx_postgres[1ae27fbbf8a39d8b]::database::Postgres>) -> rusty_book_manager[c8e9038214847266]::test_health_check_db::test_health_check_db::{closure#0}, rusty_book_manager[c8e9038214847266]::test_health_check_db::test_health_check_db::{closure#0}>::{closure#0}, sqlx_core[191f4bf9699f591a]::testing::run_test_with_pool<sqlx_postgres[1ae27fbbf8a39d8b]::database::Postgres, fn(sqlx_core[191f4bf9699f591a]::pool::Pool<sqlx_postgres[1ae27fbbf8a39d8b]::database::Postgres>) -> rusty_book_manager[c8e9038214847266]::test_health_check_db::test_health_check_db::{closure#0}, rusty_book_manager[c8e9038214847266]::test_health_check_db::test_health_check_db::{closure#0}>::{closure#0}::{closure#0}>::{closure#0}>
[INFO] [stdout]   19:     0x58491e9aadcf - <rusty_book_manager[c8e9038214847266]::test_health_check_db::{closure#0} as core[df12db4294e9bfd3]::ops::function::FnOnce<()>>::call_once
[INFO] [stdout]   20:     0x58491e9c6f1b - test[9d35eded1c95d3be]::__rust_begin_short_backtrace::<core[df12db4294e9bfd3]::result::Result<(), alloc[2182bb758b4b3781]::string::String>, fn() -> core[df12db4294e9bfd3]::result::Result<(), alloc[2182bb758b4b3781]::string::String>>
[INFO] [stdout]   21:     0x58491e9d4585 - test[9d35eded1c95d3be]::run_test::{closure#0}
[INFO] [stdout]   22:     0x58491e9cde44 - std[70759c8f55707aa4]::sys::backtrace::__rust_begin_short_backtrace::<test[9d35eded1c95d3be]::run_test::{closure#1}, ()>
[INFO] [stdout]   23:     0x58491e9d76e2 - <std[70759c8f55707aa4]::thread::lifecycle::spawn_unchecked<test[9d35eded1c95d3be]::run_test::{closure#1}, ()>::{closure#1} as core[df12db4294e9bfd3]::ops::function::FnOnce<()>>::call_once::{shim:vtable#0}
[INFO] [stdout]   24:     0x58491eb27659 - <std[70759c8f55707aa4]::sys::thread::unix::Thread>::new::thread_start
[INFO] [stdout]   25:     0x7edc59542dfa - <unknown>
[INFO] [stdout]   26:     0x7edc595d63d4 - clone
[INFO] [stdout]   27:                0x0 - <unknown>
[INFO] [stdout] 
[INFO] [stdout] 
[INFO] [stdout] failures:
[INFO] [stdout]     test_health_check_db
[INFO] [stdout] 
[INFO] [stdout] test result: FAILED. 1 passed; 1 failed; 0 ignored; 0 measured; 0 filtered out; finished in 0.01s
[INFO] [stdout] 
[INFO] running `Command { std: "docker" "inspect" "4d91b3b74775752221c437956ea094d219d50b4c903a0321f9eeb40b087f9f5e", kill_on_drop: false }`
[INFO] running `Command { std: "docker" "rm" "-f" "4d91b3b74775752221c437956ea094d219d50b4c903a0321f9eeb40b087f9f5e", kill_on_drop: false }`
[INFO] [stdout] 4d91b3b74775752221c437956ea094d219d50b4c903a0321f9eeb40b087f9f5e
