[INFO] cloning repository https://github.com/kvas-it/tsk
[INFO] running `Command { std: "git" "-c" "credential.helper=" "-c" "credential.helper=/workspace/cargo-home/bin/git-credential-null" "clone" "--bare" "https://github.com/kvas-it/tsk" "/workspace/cache/git-repos/https%3A%2F%2Fgithub.com%2Fkvas-it%2Ftsk", kill_on_drop: false }`
[INFO] [stderr] Cloning into bare repository '/workspace/cache/git-repos/https%3A%2F%2Fgithub.com%2Fkvas-it%2Ftsk'...
[INFO] running `Command { std: "git" "rev-parse" "HEAD", kill_on_drop: false }`
[INFO] [stdout] 3162b110614dd30e05f5d0a809d4a5b69aaa9784
[INFO] testing kvas-it/tsk against 1.100.0-beta.1+cargoflags=--release for beta-release-1.100-3
[INFO] running `Command { std: "git" "clone" "/workspace/cache/git-repos/https%3A%2F%2Fgithub.com%2Fkvas-it%2Ftsk" "/workspace/builds/worker-1-tc2/source", kill_on_drop: false }`
[INFO] [stderr] Cloning into '/workspace/builds/worker-1-tc2/source'...
[INFO] [stderr] done.
[INFO] started tweaking git repo https://github.com/kvas-it/tsk
[INFO] finished tweaking git repo https://github.com/kvas-it/tsk
[INFO] tweaked toml for git repo https://github.com/kvas-it/tsk written to /workspace/builds/worker-1-tc2/source/Cargo.toml
[INFO] validating manifest of git repo https://github.com/kvas-it/tsk on toolchain 1.100.0-beta.1
[INFO] running `Command { std: CARGO_HOME="/workspace/cargo-home" RUSTUP_HOME="/workspace/rustup-home" "/workspace/cargo-home/bin/cargo" "+1.100.0-beta.1" "metadata" "--manifest-path" "Cargo.toml" "--no-deps", kill_on_drop: false }`
[INFO] crate git repo https://github.com/kvas-it/tsk already has a lockfile, it will not be regenerated
[INFO] running `Command { std: CARGO_HOME="/workspace/cargo-home" RUSTUP_HOME="/workspace/rustup-home" "/workspace/cargo-home/bin/cargo" "+1.100.0-beta.1" "fetch" "--manifest-path" "Cargo.toml", kill_on_drop: false }`
[INFO] running `Command { std: "docker" "create" "-v" "/var/lib/crater-agent-workspace/builds/worker-1-tc2/source:/opt/rustwide/workdir:ro,Z" "-v" "/var/lib/crater-agent-workspace/builds/worker-1-tc2/target:/opt/rustwide/target:rw,Z" "-v" "/var/lib/crater-agent-workspace/cargo-home:/opt/rustwide/cargo-home:ro,Z" "-v" "/var/lib/crater-agent-workspace/rustup-home:/opt/rustwide/rustup-home:ro,Z" "-m" "1610612736" "--network" "none" "ghcr.io/rust-lang/crates-build-env/linux@sha256:77db811e55d90add9212f6832c23229e3de5f1c1f9905e8cb07319ea15df73ac" "sleep" "infinity", kill_on_drop: false }`
[INFO] [stdout] 846dd3a903fa3582a6483c4840d47b78aa9adfd32d60ba143ce4793abd2f469a
[INFO] running `Command { std: "docker" "start" "846dd3a903fa3582a6483c4840d47b78aa9adfd32d60ba143ce4793abd2f469a", kill_on_drop: false }`
[INFO] running `Command { std: "docker" "inspect" "846dd3a903fa3582a6483c4840d47b78aa9adfd32d60ba143ce4793abd2f469a", kill_on_drop: false }`
[INFO] running `Command { std: "docker" "exec" "-e" "SOURCE_DIR=/opt/rustwide/workdir" "-e" "CARGO_HOME=/opt/rustwide/cargo-home" "-e" "RUSTUP_HOME=/opt/rustwide/rustup-home" "-e" "CARGO_TARGET_DIR=/opt/rustwide/target" "-w" "/opt/rustwide/workdir" "--user" "0:0" "846dd3a903fa3582a6483c4840d47b78aa9adfd32d60ba143ce4793abd2f469a" "/opt/rustwide/cargo-home/bin/cargo" "+1.100.0-beta.1" "metadata" "--no-deps" "--format-version=1", kill_on_drop: false }`
[INFO] running `Command { std: "docker" "inspect" "846dd3a903fa3582a6483c4840d47b78aa9adfd32d60ba143ce4793abd2f469a", kill_on_drop: false }`
[INFO] running `Command { std: "docker" "exec" "-e" "SOURCE_DIR=/opt/rustwide/workdir" "-e" "CARGO_HOME=/opt/rustwide/cargo-home" "-e" "RUSTUP_HOME=/opt/rustwide/rustup-home" "-e" "CARGO_TARGET_DIR=/opt/rustwide/target" "-e" "CARGO_INCREMENTAL=0" "-e" "RUST_BACKTRACE=full" "-e" "RUSTFLAGS=--cap-lints=warn" "-e" "RUSTDOCFLAGS=--cap-lints=warn" "-w" "/opt/rustwide/workdir" "--user" "0:0" "846dd3a903fa3582a6483c4840d47b78aa9adfd32d60ba143ce4793abd2f469a" "/opt/rustwide/cargo-home/bin/cargo" "+1.100.0-beta.1" "build" "--frozen" "--message-format=json" "--release", kill_on_drop: false }`
[INFO] [stderr]    Compiling tsk v0.1.0 (/opt/rustwide/workdir)
[INFO] [stderr]     Finished `release` profile [optimized] target(s) in 1.95s
[INFO] running `Command { std: "docker" "inspect" "846dd3a903fa3582a6483c4840d47b78aa9adfd32d60ba143ce4793abd2f469a", kill_on_drop: false }`
[INFO] running `Command { std: "docker" "exec" "-e" "SOURCE_DIR=/opt/rustwide/workdir" "-e" "CARGO_HOME=/opt/rustwide/cargo-home" "-e" "RUSTUP_HOME=/opt/rustwide/rustup-home" "-e" "CARGO_TARGET_DIR=/opt/rustwide/target" "-e" "CARGO_INCREMENTAL=0" "-e" "RUST_BACKTRACE=full" "-e" "RUSTFLAGS=--cap-lints=warn" "-e" "RUSTDOCFLAGS=--cap-lints=warn" "-w" "/opt/rustwide/workdir" "--user" "0:0" "846dd3a903fa3582a6483c4840d47b78aa9adfd32d60ba143ce4793abd2f469a" "/opt/rustwide/cargo-home/bin/cargo" "+1.100.0-beta.1" "test" "--frozen" "--no-run" "--message-format=json" "--release", kill_on_drop: false }`
[INFO] [stderr]    Compiling tsk v0.1.0 (/opt/rustwide/workdir)
[INFO] [stderr]     Finished `release` profile [optimized] target(s) in 1.94s
[INFO] running `Command { std: "docker" "inspect" "846dd3a903fa3582a6483c4840d47b78aa9adfd32d60ba143ce4793abd2f469a", kill_on_drop: false }`
[INFO] running `Command { std: "docker" "exec" "-e" "SOURCE_DIR=/opt/rustwide/workdir" "-e" "CARGO_HOME=/opt/rustwide/cargo-home" "-e" "RUSTUP_HOME=/opt/rustwide/rustup-home" "-e" "CARGO_TARGET_DIR=/opt/rustwide/target" "-e" "CARGO_INCREMENTAL=0" "-e" "RUST_BACKTRACE=full" "-e" "RUSTFLAGS=--cap-lints=warn" "-e" "RUSTDOCFLAGS=--cap-lints=warn" "-w" "/opt/rustwide/workdir" "--user" "0:0" "846dd3a903fa3582a6483c4840d47b78aa9adfd32d60ba143ce4793abd2f469a" "/opt/rustwide/cargo-home/bin/cargo" "+1.100.0-beta.1" "test" "--frozen" "--release", kill_on_drop: false }`
[INFO] [stderr]     Finished `release` profile [optimized] target(s) in 0.02s
[INFO] [stderr]      Running unittests src/main.rs (/opt/rustwide/target/release/build/tsk/40ff1f4a934174fd/out/tsk-40ff1f4a934174fd)
[INFO] [stdout] 
[INFO] [stdout] running 26 tests
[INFO] [stdout] test tests::filter_none ... ok
[INFO] [stdout] test tests::filter_include_single ... ok
[INFO] [stdout] test tests::next_number_empty ... ok
[INFO] [stdout] test tests::next_number_with_gap ... ok
[INFO] [stdout] test tests::parse_config_custom ... ok
[INFO] [stdout] test tests::parse_config_defaults ... ok
[INFO] [stdout] test tests::parse_new_args_empty ... ok
[INFO] [stdout] test tests::parse_new_args_parent_at_end ... ok
[INFO] [stdout] test tests::filter_include_multiple ... ok
[INFO] [stdout] test tests::parse_new_args_parent_short_flag ... ok
[INFO] [stderr]      Running tests/cli.rs (/opt/rustwide/target/release/build/tsk/2094e616da4350d4/out/cli-2094e616da4350d4)
[INFO] [stdout] test tests::parse_new_args_title_only ... ok
[INFO] [stdout] test tests::parse_new_args_with_parent ... ok
[INFO] [stdout] test tests::parse_ticket_full ... ok
[INFO] [stdout] test tests::parse_ticket_no_status_defaults_to_open ... ok
[INFO] [stdout] test tests::parse_ticket_number_bare ... ok
[INFO] [stdout] test tests::parse_ticket_number_invalid ... ok
[INFO] [stdout] test tests::parse_ticket_number_padded ... ok
[INFO] [stdout] test tests::parse_ticket_with_custom_fields ... ok
[INFO] [stdout] test tests::parse_ticket_with_parent ... ok
[INFO] [stdout] test tests::set_field_inserts_when_missing ... ok
[INFO] [stdout] test tests::filter_exclude ... ok
[INFO] [stdout] test tests::set_field_preserves_custom_fields ... ok
[INFO] [stdout] test tests::set_field_replaces_existing ... ok
[INFO] [stdout] test tests::subtree_matches_filter_deep_nesting ... ok
[INFO] [stdout] test tests::subtree_matches_filter_direct ... ok
[INFO] [stdout] test tests::subtree_matches_filter_via_child ... ok
[INFO] [stdout] 
[INFO] [stdout] test result: ok. 26 passed; 0 failed; 0 ignored; 0 measured; 0 filtered out; finished in 0.00s
[INFO] [stdout] 
[INFO] [stdout] 
[INFO] [stdout] running 24 tests
[INFO] [stdout] test list_orphan_at_top_level ... FAILED
[INFO] [stdout] test list_filtered_ancestor_shown_with_marker ... FAILED
[INFO] [stdout] test init_idempotent_with_yaml ... FAILED
[INFO] [stdout] test list_deep_nesting ... FAILED
[INFO] [stdout] test list_flat ... FAILED
[INFO] [stdout] test list_empty_project ... FAILED
[INFO] [stdout] test init_creates_project ... FAILED
[INFO] [stdout] test list_with_negative_filter ... FAILED
[INFO] [stdout] test new_with_nonexistent_parent_fails ... FAILED
[INFO] [stdout] test init_idempotent_with_dir_only ... FAILED
[INFO] [stdout] test list_with_status_filter ... FAILED
[INFO] [stdout] test new_with_parent ... FAILED
[INFO] [stdout] test new_increments_number ... FAILED
[INFO] [stdout] test new_creates_ticket ... FAILED
[INFO] [stdout] test show_basic ... FAILED
[INFO] [stdout] test show_displays_children ... FAILED
[INFO] [stdout] test list_tree_view ... FAILED
[INFO] [stdout] test no_args_shows_usage ... FAILED
[INFO] [stdout] test new_with_parent_short_flag ... FAILED
[INFO] [stdout] test show_displays_parent_chain ... FAILED
[INFO] [stderr] error: test failed, to rerun pass `--test cli`
[INFO] [stdout] test spawn_creates_child_with_date_in_title ... FAILED
[INFO] [stdout] test spawn_nonexistent_ticket_fails ... FAILED
[INFO] [stdout] test status_change ... FAILED
[INFO] [stdout] test status_invalid_fails ... FAILED
[INFO] [stdout] 
[INFO] [stdout] failures:
[INFO] [stdout] 
[INFO] [stdout] ---- list_orphan_at_top_level stdout ----
[INFO] [stdout] 
[INFO] [stdout] thread 'list_orphan_at_top_level' (218) panicked at tests/cli.rs:38:10:
[INFO] [stdout] failed to run tsk: Os { code: 2, kind: NotFound, message: "No such file or directory" }
[INFO] [stdout] stack backtrace:
[INFO] [stdout]    0:     0x600ed7d75af1 - <<std[617be2ca0a6fd877]::sys::backtrace::BacktraceLock>::print::DisplayBacktrace as core[a373ad73a504971]::fmt::Display>::fmt
[INFO] [stdout]    1:     0x600ed7d89cea - core[a373ad73a504971]::fmt::write
[INFO] [stdout]    2:     0x600ed7d79f6c - <alloc[2e1b2a31b91974c5]::vec::Vec<u8> as core[a373ad73a504971]::io::write::Write>::write_fmt
[INFO] [stdout]    3:     0x600ed7d505d6 - std[617be2ca0a6fd877]::panicking::default_hook::{closure#0}
[INFO] [stdout]    4:     0x600ed7d6d569 - std[617be2ca0a6fd877]::panicking::default_hook
[INFO] [stdout]    5:     0x600ed7d08770 - test[aada8e7e76ba119b]::test_main_inner::{closure#0}
[INFO] [stdout]    6:     0x600ed7d6d722 - std[617be2ca0a6fd877]::panicking::panic_with_hook
[INFO] [stdout]    7:     0x600ed7d50682 - std[617be2ca0a6fd877]::panicking::panic_handler::{closure#0}
[INFO] [stdout]    8:     0x600ed7d490e9 - std[617be2ca0a6fd877]::sys::backtrace::__rust_end_short_backtrace::<std[617be2ca0a6fd877]::panicking::panic_handler::{closure#0}, !>
[INFO] [stdout]    9:     0x600ed7d5128d - __rustc[ea4f61d10b84890b]::rust_begin_unwind
[INFO] [stdout]   10:     0x600ed7d8a41c - core[a373ad73a504971]::panicking::panic_fmt
[INFO] [stdout]   11:     0x600ed7d8a1f2 - core[a373ad73a504971]::result::unwrap_failed
[INFO] [stdout]   12:     0x600ed7cf6396 - cli[bfb8cf6167c1a803]::run
[INFO] [stdout]   13:     0x600ed7cf9155 - <cli[bfb8cf6167c1a803]::list_orphan_at_top_level::{closure#0} as core[a373ad73a504971]::ops::function::FnOnce<()>>::call_once
[INFO] [stdout]   14:     0x600ed7cfbbbb - test[aada8e7e76ba119b]::__rust_begin_short_backtrace::<core[a373ad73a504971]::result::Result<(), alloc[2e1b2a31b91974c5]::string::String>, fn() -> core[a373ad73a504971]::result::Result<(), alloc[2e1b2a31b91974c5]::string::String>>
[INFO] [stdout]   15:     0x600ed7d08d95 - test[aada8e7e76ba119b]::run_test::{closure#0}
[INFO] [stdout]   16:     0x600ed7d02684 - std[617be2ca0a6fd877]::sys::backtrace::__rust_begin_short_backtrace::<test[aada8e7e76ba119b]::run_test::{closure#1}, ()>
[INFO] [stdout]   17:     0x600ed7d0be22 - <std[617be2ca0a6fd877]::thread::lifecycle::spawn_unchecked<test[aada8e7e76ba119b]::run_test::{closure#1}, ()>::{closure#1} as core[a373ad73a504971]::ops::function::FnOnce<()>>::call_once::{shim:vtable#0}
[INFO] [stdout]   18:     0x600ed7d74e0f - <std[617be2ca0a6fd877]::sys::thread::unix::Thread>::new::thread_start
[INFO] [stdout]   19:     0x7bbfa6331dfa - <unknown>
[INFO] [stdout]   20:     0x7bbfa63c53d4 - clone
[INFO] [stdout]   21:                0x0 - <unknown>
[INFO] [stdout] 
[INFO] [stdout] ---- list_filtered_ancestor_shown_with_marker stdout ----
[INFO] [stdout] 
[INFO] [stdout] thread 'list_filtered_ancestor_shown_with_marker' (214) panicked at tests/cli.rs:38:10:
[INFO] [stdout] failed to run tsk: Os { code: 2, kind: NotFound, message: "No such file or directory" }
[INFO] [stdout] stack backtrace:
[INFO] [stdout]    0:     0x600ed7d75af1 - <<std[617be2ca0a6fd877]::sys::backtrace::BacktraceLock>::print::DisplayBacktrace as core[a373ad73a504971]::fmt::Display>::fmt
[INFO] [stdout]    1:     0x600ed7d89cea - core[a373ad73a504971]::fmt::write
[INFO] [stdout]    2:     0x600ed7d79f6c - <alloc[2e1b2a31b91974c5]::vec::Vec<u8> as core[a373ad73a504971]::io::write::Write>::write_fmt
[INFO] [stdout]    3:     0x600ed7d505d6 - std[617be2ca0a6fd877]::panicking::default_hook::{closure#0}
[INFO] [stdout]    4:     0x600ed7d6d569 - std[617be2ca0a6fd877]::panicking::default_hook
[INFO] [stdout]    5:     0x600ed7d08770 - test[aada8e7e76ba119b]::test_main_inner::{closure#0}
[INFO] [stdout]    6:     0x600ed7d6d722 - std[617be2ca0a6fd877]::panicking::panic_with_hook
[INFO] [stdout]    7:     0x600ed7d50682 - std[617be2ca0a6fd877]::panicking::panic_handler::{closure#0}
[INFO] [stdout]    8:     0x600ed7d490e9 - std[617be2ca0a6fd877]::sys::backtrace::__rust_end_short_backtrace::<std[617be2ca0a6fd877]::panicking::panic_handler::{closure#0}, !>
[INFO] [stdout]    9:     0x600ed7d5128d - __rustc[ea4f61d10b84890b]::rust_begin_unwind
[INFO] [stdout]   10:     0x600ed7d8a41c - core[a373ad73a504971]::panicking::panic_fmt
[INFO] [stdout]   11:     0x600ed7d8a1f2 - core[a373ad73a504971]::result::unwrap_failed
[INFO] [stdout]   12:     0x600ed7cf6396 - cli[bfb8cf6167c1a803]::run
[INFO] [stdout]   13:     0x600ed7cfa802 - <cli[bfb8cf6167c1a803]::list_filtered_ancestor_shown_with_marker::{closure#0} as core[a373ad73a504971]::ops::function::FnOnce<()>>::call_once
[INFO] [stdout]   14:     0x600ed7cfbbbb - test[aada8e7e76ba119b]::__rust_begin_short_backtrace::<core[a373ad73a504971]::result::Result<(), alloc[2e1b2a31b91974c5]::string::String>, fn() -> core[a373ad73a504971]::result::Result<(), alloc[2e1b2a31b91974c5]::string::String>>
[INFO] [stdout]   15:     0x600ed7d08d95 - test[aada8e7e76ba119b]::run_test::{closure#0}
[INFO] [stdout]   16:     0x600ed7d02684 - std[617be2ca0a6fd877]::sys::backtrace::__rust_begin_short_backtrace::<test[aada8e7e76ba119b]::run_test::{closure#1}, ()>
[INFO] [stdout]   17:     0x600ed7d0be22 - <std[617be2ca0a6fd877]::thread::lifecycle::spawn_unchecked<test[aada8e7e76ba119b]::run_test::{closure#1}, ()>::{closure#1} as core[a373ad73a504971]::ops::function::FnOnce<()>>::call_once::{shim:vtable#0}
[INFO] [stdout]   18:     0x600ed7d74e0f - <std[617be2ca0a6fd877]::sys::thread::unix::Thread>::new::thread_start
[INFO] [stdout]   19:     0x7bbfa6331dfa - <unknown>
[INFO] [stdout]   20:     0x7bbfa63c53d4 - clone
[INFO] [stdout]   21:                0x0 - <unknown>
[INFO] [stdout] 
[INFO] [stdout] ---- init_idempotent_with_yaml stdout ----
[INFO] [stdout] 
[INFO] [stdout] thread 'init_idempotent_with_yaml' (211) panicked at tests/cli.rs:38:10:
[INFO] [stdout] failed to run tsk: Os { code: 2, kind: NotFound, message: "No such file or directory" }
[INFO] [stdout] stack backtrace:
[INFO] [stdout]    0:     0x600ed7d75af1 - <<std[617be2ca0a6fd877]::sys::backtrace::BacktraceLock>::print::DisplayBacktrace as core[a373ad73a504971]::fmt::Display>::fmt
[INFO] [stdout]    1:     0x600ed7d89cea - core[a373ad73a504971]::fmt::write
[INFO] [stdout]    2:     0x600ed7d79f6c - <alloc[2e1b2a31b91974c5]::vec::Vec<u8> as core[a373ad73a504971]::io::write::Write>::write_fmt
[INFO] [stdout]    3:     0x600ed7d505d6 - std[617be2ca0a6fd877]::panicking::default_hook::{closure#0}
[INFO] [stdout]    4:     0x600ed7d6d569 - std[617be2ca0a6fd877]::panicking::default_hook
[INFO] [stdout]    5:     0x600ed7d08770 - test[aada8e7e76ba119b]::test_main_inner::{closure#0}
[INFO] [stdout]    6:     0x600ed7d6d722 - std[617be2ca0a6fd877]::panicking::panic_with_hook
[INFO] [stdout]    7:     0x600ed7d50682 - std[617be2ca0a6fd877]::panicking::panic_handler::{closure#0}
[INFO] [stdout]    8:     0x600ed7d490e9 - std[617be2ca0a6fd877]::sys::backtrace::__rust_end_short_backtrace::<std[617be2ca0a6fd877]::panicking::panic_handler::{closure#0}, !>
[INFO] [stdout]    9:     0x600ed7d5128d - __rustc[ea4f61d10b84890b]::rust_begin_unwind
[INFO] [stdout]   10:     0x600ed7d8a41c - core[a373ad73a504971]::panicking::panic_fmt
[INFO] [stdout]   11:     0x600ed7d8a1f2 - core[a373ad73a504971]::result::unwrap_failed
[INFO] [stdout]   12:     0x600ed7cf6396 - cli[bfb8cf6167c1a803]::run
[INFO] [stdout]   13:     0x600ed7cf93d2 - <cli[bfb8cf6167c1a803]::init_idempotent_with_yaml::{closure#0} as core[a373ad73a504971]::ops::function::FnOnce<()>>::call_once
[INFO] [stdout]   14:     0x600ed7cfbbbb - test[aada8e7e76ba119b]::__rust_begin_short_backtrace::<core[a373ad73a504971]::result::Result<(), alloc[2e1b2a31b91974c5]::string::String>, fn() -> core[a373ad73a504971]::result::Result<(), alloc[2e1b2a31b91974c5]::string::String>>
[INFO] [stdout]   15:     0x600ed7d08d95 - test[aada8e7e76ba119b]::run_test::{closure#0}
[INFO] [stdout]   16:     0x600ed7d02684 - std[617be2ca0a6fd877]::sys::backtrace::__rust_begin_short_backtrace::<test[aada8e7e76ba119b]::run_test::{closure#1}, ()>
[INFO] [stdout]   17:     0x600ed7d0be22 - <std[617be2ca0a6fd877]::thread::lifecycle::spawn_unchecked<test[aada8e7e76ba119b]::run_test::{closure#1}, ()>::{closure#1} as core[a373ad73a504971]::ops::function::FnOnce<()>>::call_once::{shim:vtable#0}
[INFO] [stdout]   18:     0x600ed7d74e0f - <std[617be2ca0a6fd877]::sys::thread::unix::Thread>::new::thread_start
[INFO] [stdout]   19:     0x7bbfa6331dfa - <unknown>
[INFO] [stdout]   20:     0x7bbfa63c53d4 - clone
[INFO] [stdout]   21:                0x0 - <unknown>
[INFO] [stdout] 
[INFO] [stdout] ---- list_deep_nesting stdout ----
[INFO] [stdout] 
[INFO] [stdout] thread 'list_deep_nesting' (212) panicked at tests/cli.rs:38:10:
[INFO] [stdout] failed to run tsk: Os { code: 2, kind: NotFound, message: "No such file or directory" }
[INFO] [stdout] stack backtrace:
[INFO] [stdout]    0:     0x600ed7d75af1 - <<std[617be2ca0a6fd877]::sys::backtrace::BacktraceLock>::print::DisplayBacktrace as core[a373ad73a504971]::fmt::Display>::fmt
[INFO] [stdout]    1:     0x600ed7d89cea - core[a373ad73a504971]::fmt::write
[INFO] [stdout]    2:     0x600ed7d79f6c - <alloc[2e1b2a31b91974c5]::vec::Vec<u8> as core[a373ad73a504971]::io::write::Write>::write_fmt
[INFO] [stdout]    3:     0x600ed7d505d6 - std[617be2ca0a6fd877]::panicking::default_hook::{closure#0}
[INFO] [stdout]    4:     0x600ed7d6d569 - std[617be2ca0a6fd877]::panicking::default_hook
[INFO] [stdout]    5:     0x600ed7d08770 - test[aada8e7e76ba119b]::test_main_inner::{closure#0}
[INFO] [stdout]    6:     0x600ed7d6d722 - std[617be2ca0a6fd877]::panicking::panic_with_hook
[INFO] [stdout]    7:     0x600ed7d50682 - std[617be2ca0a6fd877]::panicking::panic_handler::{closure#0}
[INFO] [stdout]    8:     0x600ed7d490e9 - std[617be2ca0a6fd877]::sys::backtrace::__rust_end_short_backtrace::<std[617be2ca0a6fd877]::panicking::panic_handler::{closure#0}, !>
[INFO] [stdout]    9:     0x600ed7d5128d - __rustc[ea4f61d10b84890b]::rust_begin_unwind
[INFO] [stdout]   10:     0x600ed7d8a41c - core[a373ad73a504971]::panicking::panic_fmt
[INFO] [stdout]   11:     0x600ed7d8a1f2 - core[a373ad73a504971]::result::unwrap_failed
[INFO] [stdout]   12:     0x600ed7cf6396 - cli[bfb8cf6167c1a803]::run
[INFO] [stdout]   13:     0x600ed7cf7aef - <cli[bfb8cf6167c1a803]::list_deep_nesting::{closure#0} as core[a373ad73a504971]::ops::function::FnOnce<()>>::call_once
[INFO] [stdout]   14:     0x600ed7cfbbbb - test[aada8e7e76ba119b]::__rust_begin_short_backtrace::<core[a373ad73a504971]::result::Result<(), alloc[2e1b2a31b91974c5]::string::String>, fn() -> core[a373ad73a504971]::result::Result<(), alloc[2e1b2a31b91974c5]::string::String>>
[INFO] [stdout]   15:     0x600ed7d08d95 - test[aada8e7e76ba119b]::run_test::{closure#0}
[INFO] [stdout]   16:     0x600ed7d02684 - std[617be2ca0a6fd877]::sys::backtrace::__rust_begin_short_backtrace::<test[aada8e7e76ba119b]::run_test::{closure#1}, ()>
[INFO] [stdout]   17:     0x600ed7d0be22 - <std[617be2ca0a6fd877]::thread::lifecycle::spawn_unchecked<test[aada8e7e76ba119b]::run_test::{closure#1}, ()>::{closure#1} as core[a373ad73a504971]::ops::function::FnOnce<()>>::call_once::{shim:vtable#0}
[INFO] [stdout]   18:     0x600ed7d74e0f - <std[617be2ca0a6fd877]::sys::thread::unix::Thread>::new::thread_start
[INFO] [stdout]   19:     0x7bbfa6331dfa - <unknown>
[INFO] [stdout]   20:     0x7bbfa63c53d4 - clone
[INFO] [stdout]   21:                0x0 - <unknown>
[INFO] [stdout] 
[INFO] [stdout] ---- list_flat stdout ----
[INFO] [stdout] 
[INFO] [stdout] thread 'list_flat' (215) panicked at tests/cli.rs:38:10:
[INFO] [stdout] failed to run tsk: Os { code: 2, kind: NotFound, message: "No such file or directory" }
[INFO] [stdout] stack backtrace:
[INFO] [stdout]    0:     0x600ed7d75af1 - <<std[617be2ca0a6fd877]::sys::backtrace::BacktraceLock>::print::DisplayBacktrace as core[a373ad73a504971]::fmt::Display>::fmt
[INFO] [stdout]    1:     0x600ed7d89cea - core[a373ad73a504971]::fmt::write
[INFO] [stdout]    2:     0x600ed7d79f6c - <alloc[2e1b2a31b91974c5]::vec::Vec<u8> as core[a373ad73a504971]::io::write::Write>::write_fmt
[INFO] [stdout]    3:     0x600ed7d505d6 - std[617be2ca0a6fd877]::panicking::default_hook::{closure#0}
[INFO] [stdout]    4:     0x600ed7d6d569 - std[617be2ca0a6fd877]::panicking::default_hook
[INFO] [stdout]    5:     0x600ed7d08770 - test[aada8e7e76ba119b]::test_main_inner::{closure#0}
[INFO] [stdout]    6:     0x600ed7d6d722 - std[617be2ca0a6fd877]::panicking::panic_with_hook
[INFO] [stdout]    7:     0x600ed7d50682 - std[617be2ca0a6fd877]::panicking::panic_handler::{closure#0}
[INFO] [stdout]    8:     0x600ed7d490e9 - std[617be2ca0a6fd877]::sys::backtrace::__rust_end_short_backtrace::<std[617be2ca0a6fd877]::panicking::panic_handler::{closure#0}, !>
[INFO] [stdout]    9:     0x600ed7d5128d - __rustc[ea4f61d10b84890b]::rust_begin_unwind
[INFO] [stdout]   10:     0x600ed7d8a41c - core[a373ad73a504971]::panicking::panic_fmt
[INFO] [stdout]   11:     0x600ed7d8a1f2 - core[a373ad73a504971]::result::unwrap_failed
[INFO] [stdout]   12:     0x600ed7cf6396 - cli[bfb8cf6167c1a803]::run
[INFO] [stdout]   13:     0x600ed7cfab52 - <cli[bfb8cf6167c1a803]::list_flat::{closure#0} as core[a373ad73a504971]::ops::function::FnOnce<()>>::call_once
[INFO] [stdout]   14:     0x600ed7cfbbbb - test[aada8e7e76ba119b]::__rust_begin_short_backtrace::<core[a373ad73a504971]::result::Result<(), alloc[2e1b2a31b91974c5]::string::String>, fn() -> core[a373ad73a504971]::result::Result<(), alloc[2e1b2a31b91974c5]::string::String>>
[INFO] [stdout]   15:     0x600ed7d08d95 - test[aada8e7e76ba119b]::run_test::{closure#0}
[INFO] [stdout]   16:     0x600ed7d02684 - std[617be2ca0a6fd877]::sys::backtrace::__rust_begin_short_backtrace::<test[aada8e7e76ba119b]::run_test::{closure#1}, ()>
[INFO] [stdout]   17:     0x600ed7d0be22 - <std[617be2ca0a6fd877]::thread::lifecycle::spawn_unchecked<test[aada8e7e76ba119b]::run_test::{closure#1}, ()>::{closure#1} as core[a373ad73a504971]::ops::function::FnOnce<()>>::call_once::{shim:vtable#0}
[INFO] [stdout]   18:     0x600ed7d74e0f - <std[617be2ca0a6fd877]::sys::thread::unix::Thread>::new::thread_start
[INFO] [stdout]   19:     0x7bbfa6331dfa - <unknown>
[INFO] [stdout]   20:     0x7bbfa63c53d4 - clone
[INFO] [stdout]   21:                0x0 - <unknown>
[INFO] [stdout] 
[INFO] [stdout] ---- list_empty_project stdout ----
[INFO] [stdout] 
[INFO] [stdout] thread 'list_empty_project' (213) panicked at tests/cli.rs:38:10:
[INFO] [stdout] failed to run tsk: Os { code: 2, kind: NotFound, message: "No such file or directory" }
[INFO] [stdout] stack backtrace:
[INFO] [stdout]    0:     0x600ed7d75af1 - <<std[617be2ca0a6fd877]::sys::backtrace::BacktraceLock>::print::DisplayBacktrace as core[a373ad73a504971]::fmt::Display>::fmt
[INFO] [stdout]    1:     0x600ed7d89cea - core[a373ad73a504971]::fmt::write
[INFO] [stdout]    2:     0x600ed7d79f6c - <alloc[2e1b2a31b91974c5]::vec::Vec<u8> as core[a373ad73a504971]::io::write::Write>::write_fmt
[INFO] [stdout]    3:     0x600ed7d505d6 - std[617be2ca0a6fd877]::panicking::default_hook::{closure#0}
[INFO] [stdout]    4:     0x600ed7d6d569 - std[617be2ca0a6fd877]::panicking::default_hook
[INFO] [stdout]    5:     0x600ed7d08770 - test[aada8e7e76ba119b]::test_main_inner::{closure#0}
[INFO] [stdout]    6:     0x600ed7d6d722 - std[617be2ca0a6fd877]::panicking::panic_with_hook
[INFO] [stdout]    7:     0x600ed7d50682 - std[617be2ca0a6fd877]::panicking::panic_handler::{closure#0}
[INFO] [stdout]    8:     0x600ed7d490e9 - std[617be2ca0a6fd877]::sys::backtrace::__rust_end_short_backtrace::<std[617be2ca0a6fd877]::panicking::panic_handler::{closure#0}, !>
[INFO] [stdout]    9:     0x600ed7d5128d - __rustc[ea4f61d10b84890b]::rust_begin_unwind
[INFO] [stdout]   10:     0x600ed7d8a41c - core[a373ad73a504971]::panicking::panic_fmt
[INFO] [stdout]   11:     0x600ed7d8a1f2 - core[a373ad73a504971]::result::unwrap_failed
[INFO] [stdout]   12:     0x600ed7cf6396 - cli[bfb8cf6167c1a803]::run
[INFO] [stdout]   13:     0x600ed7cf7de2 - <cli[bfb8cf6167c1a803]::list_empty_project::{closure#0} as core[a373ad73a504971]::ops::function::FnOnce<()>>::call_once
[INFO] [stdout]   14:     0x600ed7cfbbbb - test[aada8e7e76ba119b]::__rust_begin_short_backtrace::<core[a373ad73a504971]::result::Result<(), alloc[2e1b2a31b91974c5]::string::String>, fn() -> core[a373ad73a504971]::result::Result<(), alloc[2e1b2a31b91974c5]::string::String>>
[INFO] [stdout]   15:     0x600ed7d08d95 - test[aada8e7e76ba119b]::run_test::{closure#0}
[INFO] [stdout]   16:     0x600ed7d02684 - std[617be2ca0a6fd877]::sys::backtrace::__rust_begin_short_backtrace::<test[aada8e7e76ba119b]::run_test::{closure#1}, ()>
[INFO] [stdout]   17:     0x600ed7d0be22 - <std[617be2ca0a6fd877]::thread::lifecycle::spawn_unchecked<test[aada8e7e76ba119b]::run_test::{closure#1}, ()>::{closure#1} as core[a373ad73a504971]::ops::function::FnOnce<()>>::call_once::{shim:vtable#0}
[INFO] [stdout]   18:     0x600ed7d74e0f - <std[617be2ca0a6fd877]::sys::thread::unix::Thread>::new::thread_start
[INFO] [stdout]   19:     0x7bbfa6331dfa - <unknown>
[INFO] [stdout]   20:     0x7bbfa63c53d4 - clone
[INFO] [stdout]   21:                0x0 - <unknown>
[INFO] [stdout] 
[INFO] [stdout] ---- init_creates_project stdout ----
[INFO] [stdout] 
[INFO] [stdout] thread 'init_creates_project' (209) panicked at tests/cli.rs:38:10:
[INFO] [stdout] failed to run tsk: Os { code: 2, kind: NotFound, message: "No such file or directory" }
[INFO] [stdout] stack backtrace:
[INFO] [stdout]    0:     0x600ed7d75af1 - <<std[617be2ca0a6fd877]::sys::backtrace::BacktraceLock>::print::DisplayBacktrace as core[a373ad73a504971]::fmt::Display>::fmt
[INFO] [stdout]    1:     0x600ed7d89cea - core[a373ad73a504971]::fmt::write
[INFO] [stdout]    2:     0x600ed7d79f6c - <alloc[2e1b2a31b91974c5]::vec::Vec<u8> as core[a373ad73a504971]::io::write::Write>::write_fmt
[INFO] [stdout]    3:     0x600ed7d505d6 - std[617be2ca0a6fd877]::panicking::default_hook::{closure#0}
[INFO] [stdout]    4:     0x600ed7d6d569 - std[617be2ca0a6fd877]::panicking::default_hook
[INFO] [stdout]    5:     0x600ed7d08770 - test[aada8e7e76ba119b]::test_main_inner::{closure#0}
[INFO] [stdout]    6:     0x600ed7d6d722 - std[617be2ca0a6fd877]::panicking::panic_with_hook
[INFO] [stdout]    7:     0x600ed7d50682 - std[617be2ca0a6fd877]::panicking::panic_handler::{closure#0}
[INFO] [stdout]    8:     0x600ed7d490e9 - std[617be2ca0a6fd877]::sys::backtrace::__rust_end_short_backtrace::<std[617be2ca0a6fd877]::panicking::panic_handler::{closure#0}, !>
[INFO] [stdout]    9:     0x600ed7d5128d - __rustc[ea4f61d10b84890b]::rust_begin_unwind
[INFO] [stdout]   10:     0x600ed7d8a41c - core[a373ad73a504971]::panicking::panic_fmt
[INFO] [stdout]   11:     0x600ed7d8a1f2 - core[a373ad73a504971]::result::unwrap_failed
[INFO] [stdout]   12:     0x600ed7cf6396 - cli[bfb8cf6167c1a803]::run
[INFO] [stdout]   13:     0x600ed7cf852e - <cli[bfb8cf6167c1a803]::init_creates_project::{closure#0} as core[a373ad73a504971]::ops::function::FnOnce<()>>::call_once
[INFO] [stdout]   14:     0x600ed7cfbbbb - test[aada8e7e76ba119b]::__rust_begin_short_backtrace::<core[a373ad73a504971]::result::Result<(), alloc[2e1b2a31b91974c5]::string::String>, fn() -> core[a373ad73a504971]::result::Result<(), alloc[2e1b2a31b91974c5]::string::String>>
[INFO] [stdout]   15:     0x600ed7d08d95 - test[aada8e7e76ba119b]::run_test::{closure#0}
[INFO] [stdout]   16:     0x600ed7d02684 - std[617be2ca0a6fd877]::sys::backtrace::__rust_begin_short_backtrace::<test[aada8e7e76ba119b]::run_test::{closure#1}, ()>
[INFO] [stdout]   17:     0x600ed7d0be22 - <std[617be2ca0a6fd877]::thread::lifecycle::spawn_unchecked<test[aada8e7e76ba119b]::run_test::{closure#1}, ()>::{closure#1} as core[a373ad73a504971]::ops::function::FnOnce<()>>::call_once::{shim:vtable#0}
[INFO] [stdout]   18:     0x600ed7d74e0f - <std[617be2ca0a6fd877]::sys::thread::unix::Thread>::new::thread_start
[INFO] [stdout]   19:     0x7bbfa6331dfa - <unknown>
[INFO] [stdout]   20:     0x7bbfa63c53d4 - clone
[INFO] [stdout]   21:                0x0 - <unknown>
[INFO] [stdout] 
[INFO] [stdout] ---- list_with_negative_filter stdout ----
[INFO] [stdout] 
[INFO] [stdout] thread 'list_with_negative_filter' (225) panicked at tests/cli.rs:38:10:
[INFO] [stdout] failed to run tsk: Os { code: 2, kind: NotFound, message: "No such file or directory" }
[INFO] [stdout] stack backtrace:
[INFO] [stdout]    0:     0x600ed7d75af1 - <<std[617be2ca0a6fd877]::sys::backtrace::BacktraceLock>::print::DisplayBacktrace as core[a373ad73a504971]::fmt::Display>::fmt
[INFO] [stdout]    1:     0x600ed7d89cea - core[a373ad73a504971]::fmt::write
[INFO] [stdout]    2:     0x600ed7d79f6c - <alloc[2e1b2a31b91974c5]::vec::Vec<u8> as core[a373ad73a504971]::io::write::Write>::write_fmt
[INFO] [stdout]    3:     0x600ed7d505d6 - std[617be2ca0a6fd877]::panicking::default_hook::{closure#0}
[INFO] [stdout]    4:     0x600ed7d6d569 - std[617be2ca0a6fd877]::panicking::default_hook
[INFO] [stdout]    5:     0x600ed7d08770 - test[aada8e7e76ba119b]::test_main_inner::{closure#0}
[INFO] [stdout]    6:     0x600ed7d6d722 - std[617be2ca0a6fd877]::panicking::panic_with_hook
[INFO] [stdout]    7:     0x600ed7d50682 - std[617be2ca0a6fd877]::panicking::panic_handler::{closure#0}
[INFO] [stdout]    8:     0x600ed7d490e9 - std[617be2ca0a6fd877]::sys::backtrace::__rust_end_short_backtrace::<std[617be2ca0a6fd877]::panicking::panic_handler::{closure#0}, !>
[INFO] [stdout]    9:     0x600ed7d5128d - __rustc[ea4f61d10b84890b]::rust_begin_unwind
[INFO] [stdout]   10:     0x600ed7d8a41c - core[a373ad73a504971]::panicking::panic_fmt
[INFO] [stdout]   11:     0x600ed7d8a1f2 - core[a373ad73a504971]::result::unwrap_failed
[INFO] [stdout]   12:     0x600ed7cf6396 - cli[bfb8cf6167c1a803]::run
[INFO] [stdout]   13:     0x600ed7cf95a2 - <cli[bfb8cf6167c1a803]::list_with_negative_filter::{closure#0} as core[a373ad73a504971]::ops::function::FnOnce<()>>::call_once
[INFO] [stdout]   14:     0x600ed7cfbbbb - test[aada8e7e76ba119b]::__rust_begin_short_backtrace::<core[a373ad73a504971]::result::Result<(), alloc[2e1b2a31b91974c5]::string::String>, fn() -> core[a373ad73a504971]::result::Result<(), alloc[2e1b2a31b91974c5]::string::String>>
[INFO] [stdout]   15:     0x600ed7d08d95 - test[aada8e7e76ba119b]::run_test::{closure#0}
[INFO] [stdout]   16:     0x600ed7d02684 - std[617be2ca0a6fd877]::sys::backtrace::__rust_begin_short_backtrace::<test[aada8e7e76ba119b]::run_test::{closure#1}, ()>
[INFO] [stdout]   17:     0x600ed7d0be22 - <std[617be2ca0a6fd877]::thread::lifecycle::spawn_unchecked<test[aada8e7e76ba119b]::run_test::{closure#1}, ()>::{closure#1} as core[a373ad73a504971]::ops::function::FnOnce<()>>::call_once::{shim:vtable#0}
[INFO] [stdout]   18:     0x600ed7d74e0f - <std[617be2ca0a6fd877]::sys::thread::unix::Thread>::new::thread_start
[INFO] [stdout]   19:     0x7bbfa6331dfa - <unknown>
[INFO] [stdout]   20:     0x7bbfa63c53d4 - clone
[INFO] [stdout]   21:                0x0 - <unknown>
[INFO] [stdout] 
[INFO] [stdout] ---- new_with_nonexistent_parent_fails stdout ----
[INFO] [stdout] 
[INFO] [stdout] thread 'new_with_nonexistent_parent_fails' (231) panicked at tests/cli.rs:38:10:
[INFO] [stdout] failed to run tsk: Os { code: 2, kind: NotFound, message: "No such file or directory" }
[INFO] [stdout] stack backtrace:
[INFO] [stdout]    0:     0x600ed7d75af1 - <<std[617be2ca0a6fd877]::sys::backtrace::BacktraceLock>::print::DisplayBacktrace as core[a373ad73a504971]::fmt::Display>::fmt
[INFO] [stdout]    1:     0x600ed7d89cea - core[a373ad73a504971]::fmt::write
[INFO] [stdout]    2:     0x600ed7d79f6c - <alloc[2e1b2a31b91974c5]::vec::Vec<u8> as core[a373ad73a504971]::io::write::Write>::write_fmt
[INFO] [stdout]    3:     0x600ed7d505d6 - std[617be2ca0a6fd877]::panicking::default_hook::{closure#0}
[INFO] [stdout]    4:     0x600ed7d6d569 - std[617be2ca0a6fd877]::panicking::default_hook
[INFO] [stdout]    5:     0x600ed7d08770 - test[aada8e7e76ba119b]::test_main_inner::{closure#0}
[INFO] [stdout]    6:     0x600ed7d6d722 - std[617be2ca0a6fd877]::panicking::panic_with_hook
[INFO] [stdout]    7:     0x600ed7d50682 - std[617be2ca0a6fd877]::panicking::panic_handler::{closure#0}
[INFO] [stdout]    8:     0x600ed7d490e9 - std[617be2ca0a6fd877]::sys::backtrace::__rust_end_short_backtrace::<std[617be2ca0a6fd877]::panicking::panic_handler::{closure#0}, !>
[INFO] [stdout]    9:     0x600ed7d5128d - __rustc[ea4f61d10b84890b]::rust_begin_unwind
[INFO] [stdout]   10:     0x600ed7d8a41c - core[a373ad73a504971]::panicking::panic_fmt
[INFO] [stdout]   11:     0x600ed7d8a1f2 - core[a373ad73a504971]::result::unwrap_failed
[INFO] [stdout]   12:     0x600ed7cf6396 - cli[bfb8cf6167c1a803]::run
[INFO] [stdout]   13:     0x600ed7cfa272 - <cli[bfb8cf6167c1a803]::new_with_nonexistent_parent_fails::{closure#0} as core[a373ad73a504971]::ops::function::FnOnce<()>>::call_once
[INFO] [stdout]   14:     0x600ed7cfbbbb - test[aada8e7e76ba119b]::__rust_begin_short_backtrace::<core[a373ad73a504971]::result::Result<(), alloc[2e1b2a31b91974c5]::string::String>, fn() -> core[a373ad73a504971]::result::Result<(), alloc[2e1b2a31b91974c5]::string::String>>
[INFO] [stdout]   15:     0x600ed7d08d95 - test[aada8e7e76ba119b]::run_test::{closure#0}
[INFO] [stdout]   16:     0x600ed7d02684 - std[617be2ca0a6fd877]::sys::backtrace::__rust_begin_short_backtrace::<test[aada8e7e76ba119b]::run_test::{closure#1}, ()>
[INFO] [stdout]   17:     0x600ed7d0be22 - <std[617be2ca0a6fd877]::thread::lifecycle::spawn_unchecked<test[aada8e7e76ba119b]::run_test::{closure#1}, ()>::{closure#1} as core[a373ad73a504971]::ops::function::FnOnce<()>>::call_once::{shim:vtable#0}
[INFO] [stdout]   18:     0x600ed7d74e0f - <std[617be2ca0a6fd877]::sys::thread::unix::Thread>::new::thread_start
[INFO] [stdout]   19:     0x7bbfa6331dfa - <unknown>
[INFO] [stdout]   20:     0x7bbfa63c53d4 - clone
[INFO] [stdout]   21:                0x0 - <unknown>
[INFO] [stdout] 
[INFO] [stdout] ---- init_idempotent_with_dir_only stdout ----
[INFO] [stdout] 
[INFO] [stdout] thread 'init_idempotent_with_dir_only' (210) panicked at tests/cli.rs:38:10:
[INFO] [stdout] failed to run tsk: Os { code: 2, kind: NotFound, message: "No such file or directory" }
[INFO] [stdout] stack backtrace:
[INFO] [stdout]    0:     0x600ed7d75af1 - <<std[617be2ca0a6fd877]::sys::backtrace::BacktraceLock>::print::DisplayBacktrace as core[a373ad73a504971]::fmt::Display>::fmt
[INFO] [stdout]    1:     0x600ed7d89cea - core[a373ad73a504971]::fmt::write
[INFO] [stdout]    2:     0x600ed7d79f6c - <alloc[2e1b2a31b91974c5]::vec::Vec<u8> as core[a373ad73a504971]::io::write::Write>::write_fmt
[INFO] [stdout]    3:     0x600ed7d505d6 - std[617be2ca0a6fd877]::panicking::default_hook::{closure#0}
[INFO] [stdout]    4:     0x600ed7d6d569 - std[617be2ca0a6fd877]::panicking::default_hook
[INFO] [stdout]    5:     0x600ed7d08770 - test[aada8e7e76ba119b]::test_main_inner::{closure#0}
[INFO] [stdout]    6:     0x600ed7d6d722 - std[617be2ca0a6fd877]::panicking::panic_with_hook
[INFO] [stdout]    7:     0x600ed7d50682 - std[617be2ca0a6fd877]::panicking::panic_handler::{closure#0}
[INFO] [stdout]    8:     0x600ed7d490e9 - std[617be2ca0a6fd877]::sys::backtrace::__rust_end_short_backtrace::<std[617be2ca0a6fd877]::panicking::panic_handler::{closure#0}, !>
[INFO] [stdout]    9:     0x600ed7d5128d - __rustc[ea4f61d10b84890b]::rust_begin_unwind
[INFO] [stdout]   10:     0x600ed7d8a41c - core[a373ad73a504971]::panicking::panic_fmt
[INFO] [stdout]   11:     0x600ed7d8a1f2 - core[a373ad73a504971]::result::unwrap_failed
[INFO] [stdout]   12:     0x600ed7cf6396 - cli[bfb8cf6167c1a803]::run
[INFO] [stdout]   13:     0x600ed7cf9ebe - <cli[bfb8cf6167c1a803]::init_idempotent_with_dir_only::{closure#0} as core[a373ad73a504971]::ops::function::FnOnce<()>>::call_once
[INFO] [stdout]   14:     0x600ed7cfbbbb - test[aada8e7e76ba119b]::__rust_begin_short_backtrace::<core[a373ad73a504971]::result::Result<(), alloc[2e1b2a31b91974c5]::string::String>, fn() -> core[a373ad73a504971]::result::Result<(), alloc[2e1b2a31b91974c5]::string::String>>
[INFO] [stdout]   15:     0x600ed7d08d95 - test[aada8e7e76ba119b]::run_test::{closure#0}
[INFO] [stdout]   16:     0x600ed7d02684 - std[617be2ca0a6fd877]::sys::backtrace::__rust_begin_short_backtrace::<test[aada8e7e76ba119b]::run_test::{closure#1}, ()>
[INFO] [stdout]   17:     0x600ed7d0be22 - <std[617be2ca0a6fd877]::thread::lifecycle::spawn_unchecked<test[aada8e7e76ba119b]::run_test::{closure#1}, ()>::{closure#1} as core[a373ad73a504971]::ops::function::FnOnce<()>>::call_once::{shim:vtable#0}
[INFO] [stdout]   18:     0x600ed7d74e0f - <std[617be2ca0a6fd877]::sys::thread::unix::Thread>::new::thread_start
[INFO] [stdout]   19:     0x7bbfa6331dfa - <unknown>
[INFO] [stdout]   20:     0x7bbfa63c53d4 - clone
[INFO] [stdout]   21:                0x0 - <unknown>
[INFO] [stdout] 
[INFO] [stdout] ---- list_with_status_filter stdout ----
[INFO] [stdout] 
[INFO] [stdout] thread 'list_with_status_filter' (227) panicked at tests/cli.rs:38:10:
[INFO] [stdout] failed to run tsk: Os { code: 2, kind: NotFound, message: "No such file or directory" }
[INFO] [stdout] stack backtrace:
[INFO] [stdout]    0:     0x600ed7d75af1 - <<std[617be2ca0a6fd877]::sys::backtrace::BacktraceLock>::print::DisplayBacktrace as core[a373ad73a504971]::fmt::Display>::fmt
[INFO] [stdout]    1:     0x600ed7d89cea - core[a373ad73a504971]::fmt::write
[INFO] [stdout]    2:     0x600ed7d79f6c - <alloc[2e1b2a31b91974c5]::vec::Vec<u8> as core[a373ad73a504971]::io::write::Write>::write_fmt
[INFO] [stdout]    3:     0x600ed7d505d6 - std[617be2ca0a6fd877]::panicking::default_hook::{closure#0}
[INFO] [stdout]    4:     0x600ed7d6d569 - std[617be2ca0a6fd877]::panicking::default_hook
[INFO] [stdout]    5:     0x600ed7d08770 - test[aada8e7e76ba119b]::test_main_inner::{closure#0}
[INFO] [stdout]    6:     0x600ed7d6d722 - std[617be2ca0a6fd877]::panicking::panic_with_hook
[INFO] [stdout]    7:     0x600ed7d50682 - std[617be2ca0a6fd877]::panicking::panic_handler::{closure#0}
[INFO] [stdout]    8:     0x600ed7d490e9 - std[617be2ca0a6fd877]::sys::backtrace::__rust_end_short_backtrace::<std[617be2ca0a6fd877]::panicking::panic_handler::{closure#0}, !>
[INFO] [stdout]    9:     0x600ed7d5128d - __rustc[ea4f61d10b84890b]::rust_begin_unwind
[INFO] [stdout]   10:     0x600ed7d8a41c - core[a373ad73a504971]::panicking::panic_fmt
[INFO] [stdout]   11:     0x600ed7d8a1f2 - core[a373ad73a504971]::result::unwrap_failed
[INFO] [stdout]   12:     0x600ed7cf6396 - cli[bfb8cf6167c1a803]::run
[INFO] [stdout]   13:     0x600ed7cf8ec2 - <cli[bfb8cf6167c1a803]::list_with_status_filter::{closure#0} as core[a373ad73a504971]::ops::function::FnOnce<()>>::call_once
[INFO] [stdout]   14:     0x600ed7cfbbbb - test[aada8e7e76ba119b]::__rust_begin_short_backtrace::<core[a373ad73a504971]::result::Result<(), alloc[2e1b2a31b91974c5]::string::String>, fn() -> core[a373ad73a504971]::result::Result<(), alloc[2e1b2a31b91974c5]::string::String>>
[INFO] [stdout]   15:     0x600ed7d08d95 - test[aada8e7e76ba119b]::run_test::{closure#0}
[INFO] [stdout]   16:     0x600ed7d02684 - std[617be2ca0a6fd877]::sys::backtrace::__rust_begin_short_backtrace::<test[aada8e7e76ba119b]::run_test::{closure#1}, ()>
[INFO] [stdout]   17:     0x600ed7d0be22 - <std[617be2ca0a6fd877]::thread::lifecycle::spawn_unchecked<test[aada8e7e76ba119b]::run_test::{closure#1}, ()>::{closure#1} as core[a373ad73a504971]::ops::function::FnOnce<()>>::call_once::{shim:vtable#0}
[INFO] [stdout]   18:     0x600ed7d74e0f - <std[617be2ca0a6fd877]::sys::thread::unix::Thread>::new::thread_start
[INFO] [stdout]   19:     0x7bbfa6331dfa - <unknown>
[INFO] [stdout]   20:     0x7bbfa63c53d4 - clone
[INFO] [stdout]   21:                0x0 - <unknown>
[INFO] [stdout] 
[INFO] [stdout] ---- new_with_parent stdout ----
[INFO] [stdout] 
[INFO] [stdout] thread 'new_with_parent' (233) panicked at tests/cli.rs:38:10:
[INFO] [stdout] failed to run tsk: Os { code: 2, kind: NotFound, message: "No such file or directory" }
[INFO] [stdout] stack backtrace:
[INFO] [stdout]    0:     0x600ed7d75af1 - <<std[617be2ca0a6fd877]::sys::backtrace::BacktraceLock>::print::DisplayBacktrace as core[a373ad73a504971]::fmt::Display>::fmt
[INFO] [stdout]    1:     0x600ed7d89cea - core[a373ad73a504971]::fmt::write
[INFO] [stdout]    2:     0x600ed7d79f6c - <alloc[2e1b2a31b91974c5]::vec::Vec<u8> as core[a373ad73a504971]::io::write::Write>::write_fmt
[INFO] [stdout]    3:     0x600ed7d505d6 - std[617be2ca0a6fd877]::panicking::default_hook::{closure#0}
[INFO] [stdout]    4:     0x600ed7d6d569 - std[617be2ca0a6fd877]::panicking::default_hook
[INFO] [stdout]    5:     0x600ed7d08770 - test[aada8e7e76ba119b]::test_main_inner::{closure#0}
[INFO] [stdout]    6:     0x600ed7d6d722 - std[617be2ca0a6fd877]::panicking::panic_with_hook
[INFO] [stdout]    7:     0x600ed7d50682 - std[617be2ca0a6fd877]::panicking::panic_handler::{closure#0}
[INFO] [stdout]    8:     0x600ed7d490e9 - std[617be2ca0a6fd877]::sys::backtrace::__rust_end_short_backtrace::<std[617be2ca0a6fd877]::panicking::panic_handler::{closure#0}, !>
[INFO] [stdout]    9:     0x600ed7d5128d - __rustc[ea4f61d10b84890b]::rust_begin_unwind
[INFO] [stdout]   10:     0x600ed7d8a41c - core[a373ad73a504971]::panicking::panic_fmt
[INFO] [stdout]   11:     0x600ed7d8a1f2 - core[a373ad73a504971]::result::unwrap_failed
[INFO] [stdout]   12:     0x600ed7cf6396 - cli[bfb8cf6167c1a803]::run
[INFO] [stdout]   13:     0x600ed7cf775f - <cli[bfb8cf6167c1a803]::new_with_parent::{closure#0} as core[a373ad73a504971]::ops::function::FnOnce<()>>::call_once
[INFO] [stdout]   14:     0x600ed7cfbbbb - test[aada8e7e76ba119b]::__rust_begin_short_backtrace::<core[a373ad73a504971]::result::Result<(), alloc[2e1b2a31b91974c5]::string::String>, fn() -> core[a373ad73a504971]::result::Result<(), alloc[2e1b2a31b91974c5]::string::String>>
[INFO] [stdout]   15:     0x600ed7d08d95 - test[aada8e7e76ba119b]::run_test::{closure#0}
[INFO] [stdout]   16:     0x600ed7d02684 - std[617be2ca0a6fd877]::sys::backtrace::__rust_begin_short_backtrace::<test[aada8e7e76ba119b]::run_test::{closure#1}, ()>
[INFO] [stdout]   17:     0x600ed7d0be22 - <std[617be2ca0a6fd877]::thread::lifecycle::spawn_unchecked<test[aada8e7e76ba119b]::run_test::{closure#1}, ()>::{closure#1} as core[a373ad73a504971]::ops::function::FnOnce<()>>::call_once::{shim:vtable#0}
[INFO] [stdout]   18:     0x600ed7d74e0f - <std[617be2ca0a6fd877]::sys::thread::unix::Thread>::new::thread_start
[INFO] [stdout]   19:     0x7bbfa6331dfa - <unknown>
[INFO] [stdout]   20:     0x7bbfa63c53d4 - clone
[INFO] [stdout]   21:                0x0 - <unknown>
[INFO] [stdout] 
[INFO] [stdout] ---- new_increments_number stdout ----
[INFO] [stdout] 
[INFO] [stdout] thread 'new_increments_number' (229) panicked at tests/cli.rs:38:10:
[INFO] [stdout] failed to run tsk: Os { code: 2, kind: NotFound, message: "No such file or directory" }
[INFO] [stdout] stack backtrace:
[INFO] [stdout]    0:     0x600ed7d75af1 - <<std[617be2ca0a6fd877]::sys::backtrace::BacktraceLock>::print::DisplayBacktrace as core[a373ad73a504971]::fmt::Display>::fmt
[INFO] [stdout]    1:     0x600ed7d89cea - core[a373ad73a504971]::fmt::write
[INFO] [stdout]    2:     0x600ed7d79f6c - <alloc[2e1b2a31b91974c5]::vec::Vec<u8> as core[a373ad73a504971]::io::write::Write>::write_fmt
[INFO] [stdout]    3:     0x600ed7d505d6 - std[617be2ca0a6fd877]::panicking::default_hook::{closure#0}
[INFO] [stdout]    4:     0x600ed7d6d569 - std[617be2ca0a6fd877]::panicking::default_hook
[INFO] [stdout]    5:     0x600ed7d08770 - test[aada8e7e76ba119b]::test_main_inner::{closure#0}
[INFO] [stdout]    6:     0x600ed7d6d722 - std[617be2ca0a6fd877]::panicking::panic_with_hook
[INFO] [stdout]    7:     0x600ed7d50682 - std[617be2ca0a6fd877]::panicking::panic_handler::{closure#0}
[INFO] [stdout]    8:     0x600ed7d490e9 - std[617be2ca0a6fd877]::sys::backtrace::__rust_end_short_backtrace::<std[617be2ca0a6fd877]::panicking::panic_handler::{closure#0}, !>
[INFO] [stdout]    9:     0x600ed7d5128d - __rustc[ea4f61d10b84890b]::rust_begin_unwind
[INFO] [stdout]   10:     0x600ed7d8a41c - core[a373ad73a504971]::panicking::panic_fmt
[INFO] [stdout]   11:     0x600ed7d8a1f2 - core[a373ad73a504971]::result::unwrap_failed
[INFO] [stdout]   12:     0x600ed7cf6396 - cli[bfb8cf6167c1a803]::run
[INFO] [stdout]   13:     0x600ed7cf8a7f - <cli[bfb8cf6167c1a803]::new_increments_number::{closure#0} as core[a373ad73a504971]::ops::function::FnOnce<()>>::call_once
[INFO] [stdout]   14:     0x600ed7cfbbbb - test[aada8e7e76ba119b]::__rust_begin_short_backtrace::<core[a373ad73a504971]::result::Result<(), alloc[2e1b2a31b91974c5]::string::String>, fn() -> core[a373ad73a504971]::result::Result<(), alloc[2e1b2a31b91974c5]::string::String>>
[INFO] [stdout]   15:     0x600ed7d08d95 - test[aada8e7e76ba119b]::run_test::{closure#0}
[INFO] [stdout]   16:     0x600ed7d02684 - std[617be2ca0a6fd877]::sys::backtrace::__rust_begin_short_backtrace::<test[aada8e7e76ba119b]::run_test::{closure#1}, ()>
[INFO] [stdout]   17:     0x600ed7d0be22 - <std[617be2ca0a6fd877]::thread::lifecycle::spawn_unchecked<test[aada8e7e76ba119b]::run_test::{closure#1}, ()>::{closure#1} as core[a373ad73a504971]::ops::function::FnOnce<()>>::call_once::{shim:vtable#0}
[INFO] [stdout]   18:     0x600ed7d74e0f - <std[617be2ca0a6fd877]::sys::thread::unix::Thread>::new::thread_start
[INFO] [stdout]   19:     0x7bbfa6331dfa - <unknown>
[INFO] [stdout]   20:     0x7bbfa63c53d4 - clone
[INFO] [stdout]   21:                0x0 - <unknown>
[INFO] [stdout] 
[INFO] [stdout] ---- new_creates_ticket stdout ----
[INFO] [stdout] 
[INFO] [stdout] thread 'new_creates_ticket' (228) panicked at tests/cli.rs:38:10:
[INFO] [stdout] failed to run tsk: Os { code: 2, kind: NotFound, message: "No such file or directory" }
[INFO] [stdout] stack backtrace:
[INFO] [stdout]    0:     0x600ed7d75af1 - <<std[617be2ca0a6fd877]::sys::backtrace::BacktraceLock>::print::DisplayBacktrace as core[a373ad73a504971]::fmt::Display>::fmt
[INFO] [stdout]    1:     0x600ed7d89cea - core[a373ad73a504971]::fmt::write
[INFO] [stdout]    2:     0x600ed7d79f6c - <alloc[2e1b2a31b91974c5]::vec::Vec<u8> as core[a373ad73a504971]::io::write::Write>::write_fmt
[INFO] [stdout]    3:     0x600ed7d505d6 - std[617be2ca0a6fd877]::panicking::default_hook::{closure#0}
[INFO] [stdout]    4:     0x600ed7d6d569 - std[617be2ca0a6fd877]::panicking::default_hook
[INFO] [stdout]    5:     0x600ed7d08770 - test[aada8e7e76ba119b]::test_main_inner::{closure#0}
[INFO] [stdout]    6:     0x600ed7d6d722 - std[617be2ca0a6fd877]::panicking::panic_with_hook
[INFO] [stdout]    7:     0x600ed7d50682 - std[617be2ca0a6fd877]::panicking::panic_handler::{closure#0}
[INFO] [stdout]    8:     0x600ed7d490e9 - std[617be2ca0a6fd877]::sys::backtrace::__rust_end_short_backtrace::<std[617be2ca0a6fd877]::panicking::panic_handler::{closure#0}, !>
[INFO] [stdout]    9:     0x600ed7d5128d - __rustc[ea4f61d10b84890b]::rust_begin_unwind
[INFO] [stdout]   10:     0x600ed7d8a41c - core[a373ad73a504971]::panicking::panic_fmt
[INFO] [stdout]   11:     0x600ed7d8a1f2 - core[a373ad73a504971]::result::unwrap_failed
[INFO] [stdout]   12:     0x600ed7cf6396 - cli[bfb8cf6167c1a803]::run
[INFO] [stdout]   13:     0x600ed7cf7f62 - <cli[bfb8cf6167c1a803]::new_creates_ticket::{closure#0} as core[a373ad73a504971]::ops::function::FnOnce<()>>::call_once
[INFO] [stdout]   14:     0x600ed7cfbbbb - test[aada8e7e76ba119b]::__rust_begin_short_backtrace::<core[a373ad73a504971]::result::Result<(), alloc[2e1b2a31b91974c5]::string::String>, fn() -> core[a373ad73a504971]::result::Result<(), alloc[2e1b2a31b91974c5]::string::String>>
[INFO] [stdout]   15:     0x600ed7d08d95 - test[aada8e7e76ba119b]::run_test::{closure#0}
[INFO] [stdout]   16:     0x600ed7d02684 - std[617be2ca0a6fd877]::sys::backtrace::__rust_begin_short_backtrace::<test[aada8e7e76ba119b]::run_test::{closure#1}, ()>
[INFO] [stdout]   17:     0x600ed7d0be22 - <std[617be2ca0a6fd877]::thread::lifecycle::spawn_unchecked<test[aada8e7e76ba119b]::run_test::{closure#1}, ()>::{closure#1} as core[a373ad73a504971]::ops::function::FnOnce<()>>::call_once::{shim:vtable#0}
[INFO] [stdout]   18:     0x600ed7d74e0f - <std[617be2ca0a6fd877]::sys::thread::unix::Thread>::new::thread_start
[INFO] [stdout]   19:     0x7bbfa6331dfa - <unknown>
[INFO] [stdout]   20:     0x7bbfa63c53d4 - clone
[INFO] [stdout]   21:                0x0 - <unknown>
[INFO] [stdout] 
[INFO] [stdout] ---- show_basic stdout ----
[INFO] [stdout] 
[INFO] [stdout] thread 'show_basic' (241) panicked at tests/cli.rs:38:10:
[INFO] [stdout] failed to run tsk: Os { code: 2, kind: NotFound, message: "No such file or directory" }
[INFO] [stdout] stack backtrace:
[INFO] [stdout]    0:     0x600ed7d75af1 - <<std[617be2ca0a6fd877]::sys::backtrace::BacktraceLock>::print::DisplayBacktrace as core[a373ad73a504971]::fmt::Display>::fmt
[INFO] [stdout]    1:     0x600ed7d89cea - core[a373ad73a504971]::fmt::write
[INFO] [stdout]    2:     0x600ed7d79f6c - <alloc[2e1b2a31b91974c5]::vec::Vec<u8> as core[a373ad73a504971]::io::write::Write>::write_fmt
[INFO] [stdout]    3:     0x600ed7d505d6 - std[617be2ca0a6fd877]::panicking::default_hook::{closure#0}
[INFO] [stdout]    4:     0x600ed7d6d569 - std[617be2ca0a6fd877]::panicking::default_hook
[INFO] [stdout]    5:     0x600ed7d08770 - test[aada8e7e76ba119b]::test_main_inner::{closure#0}
[INFO] [stdout]    6:     0x600ed7d6d722 - std[617be2ca0a6fd877]::panicking::panic_with_hook
[INFO] [stdout]    7:     0x600ed7d50682 - std[617be2ca0a6fd877]::panicking::panic_handler::{closure#0}
[INFO] [stdout]    8:     0x600ed7d490e9 - std[617be2ca0a6fd877]::sys::backtrace::__rust_end_short_backtrace::<std[617be2ca0a6fd877]::panicking::panic_handler::{closure#0}, !>
[INFO] [stdout]    9:     0x600ed7d5128d - __rustc[ea4f61d10b84890b]::rust_begin_unwind
[INFO] [stdout]   10:     0x600ed7d8a41c - core[a373ad73a504971]::panicking::panic_fmt
[INFO] [stdout]   11:     0x600ed7d8a1f2 - core[a373ad73a504971]::result::unwrap_failed
[INFO] [stdout]   12:     0x600ed7cf6396 - cli[bfb8cf6167c1a803]::run
[INFO] [stdout]   13:     0x600ed7cf6f10 - <cli[bfb8cf6167c1a803]::show_basic::{closure#0} as core[a373ad73a504971]::ops::function::FnOnce<()>>::call_once
[INFO] [stdout]   14:     0x600ed7cfbbbb - test[aada8e7e76ba119b]::__rust_begin_short_backtrace::<core[a373ad73a504971]::result::Result<(), alloc[2e1b2a31b91974c5]::string::String>, fn() -> core[a373ad73a504971]::result::Result<(), alloc[2e1b2a31b91974c5]::string::String>>
[INFO] [stdout]   15:     0x600ed7d08d95 - test[aada8e7e76ba119b]::run_test::{closure#0}
[INFO] [stdout]   16:     0x600ed7d02684 - std[617be2ca0a6fd877]::sys::backtrace::__rust_begin_short_backtrace::<test[aada8e7e76ba119b]::run_test::{closure#1}, ()>
[INFO] [stdout]   17:     0x600ed7d0be22 - <std[617be2ca0a6fd877]::thread::lifecycle::spawn_unchecked<test[aada8e7e76ba119b]::run_test::{closure#1}, ()>::{closure#1} as core[a373ad73a504971]::ops::function::FnOnce<()>>::call_once::{shim:vtable#0}
[INFO] [stdout]   18:     0x600ed7d74e0f - <std[617be2ca0a6fd877]::sys::thread::unix::Thread>::new::thread_start
[INFO] [stdout]   19:     0x7bbfa6331dfa - <unknown>
[INFO] [stdout]   20:     0x7bbfa63c53d4 - clone
[INFO] [stdout]   21:                0x0 - <unknown>
[INFO] [stdout] 
[INFO] [stdout] ---- show_displays_children stdout ----
[INFO] [stdout] 
[INFO] [stdout] thread 'show_displays_children' (242) panicked at tests/cli.rs:38:10:
[INFO] [stdout] failed to run tsk: Os { code: 2, kind: NotFound, message: "No such file or directory" }
[INFO] [stdout] stack backtrace:
[INFO] [stdout]    0:     0x600ed7d75af1 - <<std[617be2ca0a6fd877]::sys::backtrace::BacktraceLock>::print::DisplayBacktrace as core[a373ad73a504971]::fmt::Display>::fmt
[INFO] [stdout]    1:     0x600ed7d89cea - core[a373ad73a504971]::fmt::write
[INFO] [stdout]    2:     0x600ed7d79f6c - <alloc[2e1b2a31b91974c5]::vec::Vec<u8> as core[a373ad73a504971]::io::write::Write>::write_fmt
[INFO] [stdout]    3:     0x600ed7d505d6 - std[617be2ca0a6fd877]::panicking::default_hook::{closure#0}
[INFO] [stdout]    4:     0x600ed7d6d569 - std[617be2ca0a6fd877]::panicking::default_hook
[INFO] [stdout]    5:     0x600ed7d08770 - test[aada8e7e76ba119b]::test_main_inner::{closure#0}
[INFO] [stdout]    6:     0x600ed7d6d722 - std[617be2ca0a6fd877]::panicking::panic_with_hook
[INFO] [stdout]    7:     0x600ed7d50682 - std[617be2ca0a6fd877]::panicking::panic_handler::{closure#0}
[INFO] [stdout]    8:     0x600ed7d490e9 - std[617be2ca0a6fd877]::sys::backtrace::__rust_end_short_backtrace::<std[617be2ca0a6fd877]::panicking::panic_handler::{closure#0}, !>
[INFO] [stdout]    9:     0x600ed7d5128d - __rustc[ea4f61d10b84890b]::rust_begin_unwind
[INFO] [stdout]   10:     0x600ed7d8a41c - core[a373ad73a504971]::panicking::panic_fmt
[INFO] [stdout]   11:     0x600ed7d8a1f2 - core[a373ad73a504971]::result::unwrap_failed
[INFO] [stdout]   12:     0x600ed7cf6396 - cli[bfb8cf6167c1a803]::run
[INFO] [stdout]   13:     0x600ed7cf8c8a - <cli[bfb8cf6167c1a803]::show_displays_children::{closure#0} as core[a373ad73a504971]::ops::function::FnOnce<()>>::call_once
[INFO] [stdout]   14:     0x600ed7cfbbbb - test[aada8e7e76ba119b]::__rust_begin_short_backtrace::<core[a373ad73a504971]::result::Result<(), alloc[2e1b2a31b91974c5]::string::String>, fn() -> core[a373ad73a504971]::result::Result<(), alloc[2e1b2a31b91974c5]::string::String>>
[INFO] [stdout]   15:     0x600ed7d08d95 - test[aada8e7e76ba119b]::run_test::{closure#0}
[INFO] [stdout]   16:     0x600ed7d02684 - std[617be2ca0a6fd877]::sys::backtrace::__rust_begin_short_backtrace::<test[aada8e7e76ba119b]::run_test::{closure#1}, ()>
[INFO] [stdout]   17:     0x600ed7d0be22 - <std[617be2ca0a6fd877]::thread::lifecycle::spawn_unchecked<test[aada8e7e76ba119b]::run_test::{closure#1}, ()>::{closure#1} as core[a373ad73a504971]::ops::function::FnOnce<()>>::call_once::{shim:vtable#0}
[INFO] [stdout]   18:     0x600ed7d74e0f - <std[617be2ca0a6fd877]::sys::thread::unix::Thread>::new::thread_start
[INFO] [stdout]   19:     0x7bbfa6331dfa - <unknown>
[INFO] [stdout]   20:     0x7bbfa63c53d4 - clone
[INFO] [stdout]   21:                0x0 - <unknown>
[INFO] [stdout] 
[INFO] [stdout] ---- list_tree_view stdout ----
[INFO] [stdout] 
[INFO] [stdout] thread 'list_tree_view' (223) panicked at tests/cli.rs:38:10:
[INFO] [stdout] failed to run tsk: Os { code: 2, kind: NotFound, message: "No such file or directory" }
[INFO] [stdout] stack backtrace:
[INFO] [stdout]    0:     0x600ed7d75af1 - <<std[617be2ca0a6fd877]::sys::backtrace::BacktraceLock>::print::DisplayBacktrace as core[a373ad73a504971]::fmt::Display>::fmt
[INFO] [stdout]    1:     0x600ed7d89cea - core[a373ad73a504971]::fmt::write
[INFO] [stdout]    2:     0x600ed7d79f6c - <alloc[2e1b2a31b91974c5]::vec::Vec<u8> as core[a373ad73a504971]::io::write::Write>::write_fmt
[INFO] [stdout]    3:     0x600ed7d505d6 - std[617be2ca0a6fd877]::panicking::default_hook::{closure#0}
[INFO] [stdout]    4:     0x600ed7d6d569 - std[617be2ca0a6fd877]::panicking::default_hook
[INFO] [stdout]    5:     0x600ed7d08770 - test[aada8e7e76ba119b]::test_main_inner::{closure#0}
[INFO] [stdout]    6:     0x600ed7d6d722 - std[617be2ca0a6fd877]::panicking::panic_with_hook
[INFO] [stdout]    7:     0x600ed7d50682 - std[617be2ca0a6fd877]::panicking::panic_handler::{closure#0}
[INFO] [stdout]    8:     0x600ed7d490e9 - std[617be2ca0a6fd877]::sys::backtrace::__rust_end_short_backtrace::<std[617be2ca0a6fd877]::panicking::panic_handler::{closure#0}, !>
[INFO] [stdout]    9:     0x600ed7d5128d - __rustc[ea4f61d10b84890b]::rust_begin_unwind
[INFO] [stdout]   10:     0x600ed7d8a41c - core[a373ad73a504971]::panicking::panic_fmt
[INFO] [stdout]   11:     0x600ed7d8a1f2 - core[a373ad73a504971]::result::unwrap_failed
[INFO] [stdout]   12:     0x600ed7cf6396 - cli[bfb8cf6167c1a803]::run
[INFO] [stdout]   13:     0x600ed7cf745f - <cli[bfb8cf6167c1a803]::list_tree_view::{closure#0} as core[a373ad73a504971]::ops::function::FnOnce<()>>::call_once
[INFO] [stdout]   14:     0x600ed7cfbbbb - test[aada8e7e76ba119b]::__rust_begin_short_backtrace::<core[a373ad73a504971]::result::Result<(), alloc[2e1b2a31b91974c5]::string::String>, fn() -> core[a373ad73a504971]::result::Result<(), alloc[2e1b2a31b91974c5]::string::String>>
[INFO] [stdout]   15:     0x600ed7d08d95 - test[aada8e7e76ba119b]::run_test::{closure#0}
[INFO] [stdout]   16:     0x600ed7d02684 - std[617be2ca0a6fd877]::sys::backtrace::__rust_begin_short_backtrace::<test[aada8e7e76ba119b]::run_test::{closure#1}, ()>
[INFO] [stdout]   17:     0x600ed7d0be22 - <std[617be2ca0a6fd877]::thread::lifecycle::spawn_unchecked<test[aada8e7e76ba119b]::run_test::{closure#1}, ()>::{closure#1} as core[a373ad73a504971]::ops::function::FnOnce<()>>::call_once::{shim:vtable#0}
[INFO] [stdout]   18:     0x600ed7d74e0f - <std[617be2ca0a6fd877]::sys::thread::unix::Thread>::new::thread_start
[INFO] [stdout]   19:     0x7bbfa6331dfa - <unknown>
[INFO] [stdout]   20:     0x7bbfa63c53d4 - clone
[INFO] [stdout]   21:                0x0 - <unknown>
[INFO] [stdout] 
[INFO] [stdout] ---- no_args_shows_usage stdout ----
[INFO] [stdout] 
[INFO] [stdout] thread 'no_args_shows_usage' (237) panicked at tests/cli.rs:38:10:
[INFO] [stdout] failed to run tsk: Os { code: 2, kind: NotFound, message: "No such file or directory" }
[INFO] [stdout] stack backtrace:
[INFO] [stdout]    0:     0x600ed7d75af1 - <<std[617be2ca0a6fd877]::sys::backtrace::BacktraceLock>::print::DisplayBacktrace as core[a373ad73a504971]::fmt::Display>::fmt
[INFO] [stdout]    1:     0x600ed7d89cea - core[a373ad73a504971]::fmt::write
[INFO] [stdout]    2:     0x600ed7d79f6c - <alloc[2e1b2a31b91974c5]::vec::Vec<u8> as core[a373ad73a504971]::io::write::Write>::write_fmt
[INFO] [stdout]    3:     0x600ed7d505d6 - std[617be2ca0a6fd877]::panicking::default_hook::{closure#0}
[INFO] [stdout]    4:     0x600ed7d6d569 - std[617be2ca0a6fd877]::panicking::default_hook
[INFO] [stdout]    5:     0x600ed7d08770 - test[aada8e7e76ba119b]::test_main_inner::{closure#0}
[INFO] [stdout]    6:     0x600ed7d6d722 - std[617be2ca0a6fd877]::panicking::panic_with_hook
[INFO] [stdout]    7:     0x600ed7d50682 - std[617be2ca0a6fd877]::panicking::panic_handler::{closure#0}
[INFO] [stdout]    8:     0x600ed7d490e9 - std[617be2ca0a6fd877]::sys::backtrace::__rust_end_short_backtrace::<std[617be2ca0a6fd877]::panicking::panic_handler::{closure#0}, !>
[INFO] [stdout]    9:     0x600ed7d5128d - __rustc[ea4f61d10b84890b]::rust_begin_unwind
[INFO] [stdout]   10:     0x600ed7d8a41c - core[a373ad73a504971]::panicking::panic_fmt
[INFO] [stdout]   11:     0x600ed7d8a1f2 - core[a373ad73a504971]::result::unwrap_failed
[INFO] [stdout]   12:     0x600ed7cf6396 - cli[bfb8cf6167c1a803]::run
[INFO] [stdout]   13:     0x600ed7cf829d - <cli[bfb8cf6167c1a803]::no_args_shows_usage::{closure#0} as core[a373ad73a504971]::ops::function::FnOnce<()>>::call_once
[INFO] [stdout]   14:     0x600ed7cfbbbb - test[aada8e7e76ba119b]::__rust_begin_short_backtrace::<core[a373ad73a504971]::result::Result<(), alloc[2e1b2a31b91974c5]::string::String>, fn() -> core[a373ad73a504971]::result::Result<(), alloc[2e1b2a31b91974c5]::string::String>>
[INFO] [stdout]   15:     0x600ed7d08d95 - test[aada8e7e76ba119b]::run_test::{closure#0}
[INFO] [stdout]   16:     0x600ed7d02684 - std[617be2ca0a6fd877]::sys::backtrace::__rust_begin_short_backtrace::<test[aada8e7e76ba119b]::run_test::{closure#1}, ()>
[INFO] [stdout]   17:     0x600ed7d0be22 - <std[617be2ca0a6fd877]::thread::lifecycle::spawn_unchecked<test[aada8e7e76ba119b]::run_test::{closure#1}, ()>::{closure#1} as core[a373ad73a504971]::ops::function::FnOnce<()>>::call_once::{shim:vtable#0}
[INFO] [stdout]   18:     0x600ed7d74e0f - <std[617be2ca0a6fd877]::sys::thread::unix::Thread>::new::thread_start
[INFO] [stdout]   19:     0x7bbfa6331dfa - <unknown>
[INFO] [stdout]   20:     0x7bbfa63c53d4 - clone
[INFO] [stdout]   21:                0x0 - <unknown>
[INFO] [stdout] 
[INFO] [stdout] ---- new_with_parent_short_flag stdout ----
[INFO] [stdout] 
[INFO] [stdout] thread 'new_with_parent_short_flag' (234) panicked at tests/cli.rs:38:10:
[INFO] [stdout] failed to run tsk: Os { code: 2, kind: NotFound, message: "No such file or directory" }
[INFO] [stdout] stack backtrace:
[INFO] [stdout]    0:     0x600ed7d75af1 - <<std[617be2ca0a6fd877]::sys::backtrace::BacktraceLock>::print::DisplayBacktrace as core[a373ad73a504971]::fmt::Display>::fmt
[INFO] [stdout]    1:     0x600ed7d89cea - core[a373ad73a504971]::fmt::write
[INFO] [stdout]    2:     0x600ed7d79f6c - <alloc[2e1b2a31b91974c5]::vec::Vec<u8> as core[a373ad73a504971]::io::write::Write>::write_fmt
[INFO] [stdout]    3:     0x600ed7d505d6 - std[617be2ca0a6fd877]::panicking::default_hook::{closure#0}
[INFO] [stdout]    4:     0x600ed7d6d569 - std[617be2ca0a6fd877]::panicking::default_hook
[INFO] [stdout]    5:     0x600ed7d08770 - test[aada8e7e76ba119b]::test_main_inner::{closure#0}
[INFO] [stdout]    6:     0x600ed7d6d722 - std[617be2ca0a6fd877]::panicking::panic_with_hook
[INFO] [stdout]    7:     0x600ed7d50682 - std[617be2ca0a6fd877]::panicking::panic_handler::{closure#0}
[INFO] [stdout]    8:     0x600ed7d490e9 - std[617be2ca0a6fd877]::sys::backtrace::__rust_end_short_backtrace::<std[617be2ca0a6fd877]::panicking::panic_handler::{closure#0}, !>
[INFO] [stdout]    9:     0x600ed7d5128d - __rustc[ea4f61d10b84890b]::rust_begin_unwind
[INFO] [stdout]   10:     0x600ed7d8a41c - core[a373ad73a504971]::panicking::panic_fmt
[INFO] [stdout]   11:     0x600ed7d8a1f2 - core[a373ad73a504971]::result::unwrap_failed
[INFO] [stdout]   12:     0x600ed7cf6396 - cli[bfb8cf6167c1a803]::run
[INFO] [stdout]   13:     0x600ed7cf982f - <cli[bfb8cf6167c1a803]::new_with_parent_short_flag::{closure#0} as core[a373ad73a504971]::ops::function::FnOnce<()>>::call_once
[INFO] [stdout]   14:     0x600ed7cfbbbb - test[aada8e7e76ba119b]::__rust_begin_short_backtrace::<core[a373ad73a504971]::result::Result<(), alloc[2e1b2a31b91974c5]::string::String>, fn() -> core[a373ad73a504971]::result::Result<(), alloc[2e1b2a31b91974c5]::string::String>>
[INFO] [stdout]   15:     0x600ed7d08d95 - test[aada8e7e76ba119b]::run_test::{closure#0}
[INFO] [stdout]   16:     0x600ed7d02684 - std[617be2ca0a6fd877]::sys::backtrace::__rust_begin_short_backtrace::<test[aada8e7e76ba119b]::run_test::{closure#1}, ()>
[INFO] [stdout]   17:     0x600ed7d0be22 - <std[617be2ca0a6fd877]::thread::lifecycle::spawn_unchecked<test[aada8e7e76ba119b]::run_test::{closure#1}, ()>::{closure#1} as core[a373ad73a504971]::ops::function::FnOnce<()>>::call_once::{shim:vtable#0}
[INFO] [stdout]   18:     0x600ed7d74e0f - <std[617be2ca0a6fd877]::sys::thread::unix::Thread>::new::thread_start
[INFO] [stdout]   19:     0x7bbfa6331dfa - <unknown>
[INFO] [stdout]   20:     0x7bbfa63c53d4 - clone
[INFO] [stdout]   21:                0x0 - <unknown>
[INFO] [stdout] 
[INFO] [stdout] ---- show_displays_parent_chain stdout ----
[INFO] [stdout] 
[INFO] [stdout] thread 'show_displays_parent_chain' (246) panicked at tests/cli.rs:38:10:
[INFO] [stdout] failed to run tsk: Os { code: 2, kind: NotFound, message: "No such file or directory" }
[INFO] [stdout] stack backtrace:
[INFO] [stdout]    0:     0x600ed7d75af1 - <<std[617be2ca0a6fd877]::sys::backtrace::BacktraceLock>::print::DisplayBacktrace as core[a373ad73a504971]::fmt::Display>::fmt
[INFO] [stdout]    1:     0x600ed7d89cea - core[a373ad73a504971]::fmt::write
[INFO] [stdout]    2:     0x600ed7d79f6c - <alloc[2e1b2a31b91974c5]::vec::Vec<u8> as core[a373ad73a504971]::io::write::Write>::write_fmt
[INFO] [stdout]    3:     0x600ed7d505d6 - std[617be2ca0a6fd877]::panicking::default_hook::{closure#0}
[INFO] [stdout]    4:     0x600ed7d6d569 - std[617be2ca0a6fd877]::panicking::default_hook
[INFO] [stdout]    5:     0x600ed7d08770 - test[aada8e7e76ba119b]::test_main_inner::{closure#0}
[INFO] [stdout]    6:     0x600ed7d6d722 - std[617be2ca0a6fd877]::panicking::panic_with_hook
[INFO] [stdout]    7:     0x600ed7d50682 - std[617be2ca0a6fd877]::panicking::panic_handler::{closure#0}
[INFO] [stdout]    8:     0x600ed7d490e9 - std[617be2ca0a6fd877]::sys::backtrace::__rust_end_short_backtrace::<std[617be2ca0a6fd877]::panicking::panic_handler::{closure#0}, !>
[INFO] [stdout]    9:     0x600ed7d5128d - __rustc[ea4f61d10b84890b]::rust_begin_unwind
[INFO] [stdout]   10:     0x600ed7d8a41c - core[a373ad73a504971]::panicking::panic_fmt
[INFO] [stdout]   11:     0x600ed7d8a1f2 - core[a373ad73a504971]::result::unwrap_failed
[INFO] [stdout]   12:     0x600ed7cf6396 - cli[bfb8cf6167c1a803]::run
[INFO] [stdout]   13:     0x600ed7cf9a22 - <cli[bfb8cf6167c1a803]::show_displays_parent_chain::{closure#0} as core[a373ad73a504971]::ops::function::FnOnce<()>>::call_once
[INFO] [stdout]   14:     0x600ed7cfbbbb - test[aada8e7e76ba119b]::__rust_begin_short_backtrace::<core[a373ad73a504971]::result::Result<(), alloc[2e1b2a31b91974c5]::string::String>, fn() -> core[a373ad73a504971]::result::Result<(), alloc[2e1b2a31b91974c5]::string::String>>
[INFO] [stdout]   15:     0x600ed7d08d95 - test[aada8e7e76ba119b]::run_test::{closure#0}
[INFO] [stdout]   16:     0x600ed7d02684 - std[617be2ca0a6fd877]::sys::backtrace::__rust_begin_short_backtrace::<test[aada8e7e76ba119b]::run_test::{closure#1}, ()>
[INFO] [stdout]   17:     0x600ed7d0be22 - <std[617be2ca0a6fd877]::thread::lifecycle::spawn_unchecked<test[aada8e7e76ba119b]::run_test::{closure#1}, ()>::{closure#1} as core[a373ad73a504971]::ops::function::FnOnce<()>>::call_once::{shim:vtable#0}
[INFO] [stdout]   18:     0x600ed7d74e0f - <std[617be2ca0a6fd877]::sys::thread::unix::Thread>::new::thread_start
[INFO] [stdout]   19:     0x7bbfa6331dfa - <unknown>
[INFO] [stdout]   20:     0x7bbfa63c53d4 - clone
[INFO] [stdout]   21:                0x0 - <unknown>
[INFO] [stdout] 
[INFO] [stdout] ---- spawn_creates_child_with_date_in_title stdout ----
[INFO] [stdout] 
[INFO] [stdout] thread 'spawn_creates_child_with_date_in_title' (247) panicked at tests/cli.rs:38:10:
[INFO] [stdout] failed to run tsk: Os { code: 2, kind: NotFound, message: "No such file or directory" }
[INFO] [stdout] stack backtrace:
[INFO] [stdout]    0:     0x600ed7d75af1 - <<std[617be2ca0a6fd877]::sys::backtrace::BacktraceLock>::print::DisplayBacktrace as core[a373ad73a504971]::fmt::Display>::fmt
[INFO] [stdout]    1:     0x600ed7d89cea - core[a373ad73a504971]::fmt::write
[INFO] [stdout]    2:     0x600ed7d79f6c - <alloc[2e1b2a31b91974c5]::vec::Vec<u8> as core[a373ad73a504971]::io::write::Write>::write_fmt
[INFO] [stdout]    3:     0x600ed7d505d6 - std[617be2ca0a6fd877]::panicking::default_hook::{closure#0}
[INFO] [stdout]    4:     0x600ed7d6d569 - std[617be2ca0a6fd877]::panicking::default_hook
[INFO] [stdout]    5:     0x600ed7d08770 - test[aada8e7e76ba119b]::test_main_inner::{closure#0}
[INFO] [stdout]    6:     0x600ed7d6d722 - std[617be2ca0a6fd877]::panicking::panic_with_hook
[INFO] [stdout]    7:     0x600ed7d50682 - std[617be2ca0a6fd877]::panicking::panic_handler::{closure#0}
[INFO] [stdout]    8:     0x600ed7d490e9 - std[617be2ca0a6fd877]::sys::backtrace::__rust_end_short_backtrace::<std[617be2ca0a6fd877]::panicking::panic_handler::{closure#0}, !>
[INFO] [stdout]    9:     0x600ed7d5128d - __rustc[ea4f61d10b84890b]::rust_begin_unwind
[INFO] [stdout]   10:     0x600ed7d8a41c - core[a373ad73a504971]::panicking::panic_fmt
[INFO] [stdout]   11:     0x600ed7d8a1f2 - core[a373ad73a504971]::result::unwrap_failed
[INFO] [stdout]   12:     0x600ed7cf6396 - cli[bfb8cf6167c1a803]::run
[INFO] [stdout]   13:     0x600ed7cfa41f - <cli[bfb8cf6167c1a803]::spawn_creates_child_with_date_in_title::{closure#0} as core[a373ad73a504971]::ops::function::FnOnce<()>>::call_once
[INFO] [stdout]   14:     0x600ed7cfbbbb - test[aada8e7e76ba119b]::__rust_begin_short_backtrace::<core[a373ad73a504971]::result::Result<(), alloc[2e1b2a31b91974c5]::string::String>, fn() -> core[a373ad73a504971]::result::Result<(), alloc[2e1b2a31b91974c5]::string::String>>
[INFO] [stdout]   15:     0x600ed7d08d95 - test[aada8e7e76ba119b]::run_test::{closure#0}
[INFO] [stdout]   16:     0x600ed7d02684 - std[617be2ca0a6fd877]::sys::backtrace::__rust_begin_short_backtrace::<test[aada8e7e76ba119b]::run_test::{closure#1}, ()>
[INFO] [stdout]   17:     0x600ed7d0be22 - <std[617be2ca0a6fd877]::thread::lifecycle::spawn_unchecked<test[aada8e7e76ba119b]::run_test::{closure#1}, ()>::{closure#1} as core[a373ad73a504971]::ops::function::FnOnce<()>>::call_once::{shim:vtable#0}
[INFO] [stdout]   18:     0x600ed7d74e0f - <std[617be2ca0a6fd877]::sys::thread::unix::Thread>::new::thread_start
[INFO] [stdout]   19:     0x7bbfa6331dfa - <unknown>
[INFO] [stdout]   20:     0x7bbfa63c53d4 - clone
[INFO] [stdout]   21:                0x0 - <unknown>
[INFO] [stdout] 
[INFO] [stdout] ---- spawn_nonexistent_ticket_fails stdout ----
[INFO] [stdout] 
[INFO] [stdout] thread 'spawn_nonexistent_ticket_fails' (250) panicked at tests/cli.rs:38:10:
[INFO] [stdout] failed to run tsk: Os { code: 2, kind: NotFound, message: "No such file or directory" }
[INFO] [stdout] stack backtrace:
[INFO] [stdout]    0:     0x600ed7d75af1 - <<std[617be2ca0a6fd877]::sys::backtrace::BacktraceLock>::print::DisplayBacktrace as core[a373ad73a504971]::fmt::Display>::fmt
[INFO] [stdout]    1:     0x600ed7d89cea - core[a373ad73a504971]::fmt::write
[INFO] [stdout]    2:     0x600ed7d79f6c - <alloc[2e1b2a31b91974c5]::vec::Vec<u8> as core[a373ad73a504971]::io::write::Write>::write_fmt
[INFO] [stdout]    3:     0x600ed7d505d6 - std[617be2ca0a6fd877]::panicking::default_hook::{closure#0}
[INFO] [stdout]    4:     0x600ed7d6d569 - std[617be2ca0a6fd877]::panicking::default_hook
[INFO] [stdout]    5:     0x600ed7d08770 - test[aada8e7e76ba119b]::test_main_inner::{closure#0}
[INFO] [stdout]    6:     0x600ed7d6d722 - std[617be2ca0a6fd877]::panicking::panic_with_hook
[INFO] [stdout]    7:     0x600ed7d50682 - std[617be2ca0a6fd877]::panicking::panic_handler::{closure#0}
[INFO] [stdout]    8:     0x600ed7d490e9 - std[617be2ca0a6fd877]::sys::backtrace::__rust_end_short_backtrace::<std[617be2ca0a6fd877]::panicking::panic_handler::{closure#0}, !>
[INFO] [stdout]    9:     0x600ed7d5128d - __rustc[ea4f61d10b84890b]::rust_begin_unwind
[INFO] [stdout]   10:     0x600ed7d8a41c - core[a373ad73a504971]::panicking::panic_fmt
[INFO] [stdout]   11:     0x600ed7d8a1f2 - core[a373ad73a504971]::result::unwrap_failed
[INFO] [stdout]   12:     0x600ed7cf6396 - cli[bfb8cf6167c1a803]::run
[INFO] [stdout]   13:     0x600ed7cfa0e2 - <cli[bfb8cf6167c1a803]::spawn_nonexistent_ticket_fails::{closure#0} as core[a373ad73a504971]::ops::function::FnOnce<()>>::call_once
[INFO] [stdout]   14:     0x600ed7cfbbbb - test[aada8e7e76ba119b]::__rust_begin_short_backtrace::<core[a373ad73a504971]::result::Result<(), alloc[2e1b2a31b91974c5]::string::String>, fn() -> core[a373ad73a504971]::result::Result<(), alloc[2e1b2a31b91974c5]::string::String>>
[INFO] [stdout]   15:     0x600ed7d08d95 - test[aada8e7e76ba119b]::run_test::{closure#0}
[INFO] [stdout]   16:     0x600ed7d02684 - std[617be2ca0a6fd877]::sys::backtrace::__rust_begin_short_backtrace::<test[aada8e7e76ba119b]::run_test::{closure#1}, ()>
[INFO] [stdout]   17:     0x600ed7d0be22 - <std[617be2ca0a6fd877]::thread::lifecycle::spawn_unchecked<test[aada8e7e76ba119b]::run_test::{closure#1}, ()>::{closure#1} as core[a373ad73a504971]::ops::function::FnOnce<()>>::call_once::{shim:vtable#0}
[INFO] [stdout]   18:     0x600ed7d74e0f - <std[617be2ca0a6fd877]::sys::thread::unix::Thread>::new::thread_start
[INFO] [stdout]   19:     0x7bbfa6331dfa - <unknown>
[INFO] [stdout]   20:     0x7bbfa63c53d4 - clone
[INFO] [stdout]   21:                0x0 - <unknown>
[INFO] [stdout] 
[INFO] [stdout] ---- status_change stdout ----
[INFO] [stdout] 
[INFO] [stdout] thread 'status_change' (251) panicked at tests/cli.rs:38:10:
[INFO] [stdout] failed to run tsk: Os { code: 2, kind: NotFound, message: "No such file or directory" }
[INFO] [stdout] stack backtrace:
[INFO] [stdout]    0:     0x600ed7d75af1 - <<std[617be2ca0a6fd877]::sys::backtrace::BacktraceLock>::print::DisplayBacktrace as core[a373ad73a504971]::fmt::Display>::fmt
[INFO] [stdout]    1:     0x600ed7d89cea - core[a373ad73a504971]::fmt::write
[INFO] [stdout]    2:     0x600ed7d79f6c - <alloc[2e1b2a31b91974c5]::vec::Vec<u8> as core[a373ad73a504971]::io::write::Write>::write_fmt
[INFO] [stdout]    3:     0x600ed7d505d6 - std[617be2ca0a6fd877]::panicking::default_hook::{closure#0}
[INFO] [stdout]    4:     0x600ed7d6d569 - std[617be2ca0a6fd877]::panicking::default_hook
[INFO] [stdout]    5:     0x600ed7d08770 - test[aada8e7e76ba119b]::test_main_inner::{closure#0}
[INFO] [stdout]    6:     0x600ed7d6d722 - std[617be2ca0a6fd877]::panicking::panic_with_hook
[INFO] [stdout]    7:     0x600ed7d50682 - std[617be2ca0a6fd877]::panicking::panic_handler::{closure#0}
[INFO] [stdout]    8:     0x600ed7d490e9 - std[617be2ca0a6fd877]::sys::backtrace::__rust_end_short_backtrace::<std[617be2ca0a6fd877]::panicking::panic_handler::{closure#0}, !>
[INFO] [stdout]    9:     0x600ed7d5128d - __rustc[ea4f61d10b84890b]::rust_begin_unwind
[INFO] [stdout]   10:     0x600ed7d8a41c - core[a373ad73a504971]::panicking::panic_fmt
[INFO] [stdout]   11:     0x600ed7d8a1f2 - core[a373ad73a504971]::result::unwrap_failed
[INFO] [stdout]   12:     0x600ed7cf6396 - cli[bfb8cf6167c1a803]::run
[INFO] [stdout]   13:     0x600ed7cf712f - <cli[bfb8cf6167c1a803]::status_change::{closure#0} as core[a373ad73a504971]::ops::function::FnOnce<()>>::call_once
[INFO] [stdout]   14:     0x600ed7cfbbbb - test[aada8e7e76ba119b]::__rust_begin_short_backtrace::<core[a373ad73a504971]::result::Result<(), alloc[2e1b2a31b91974c5]::string::String>, fn() -> core[a373ad73a504971]::result::Result<(), alloc[2e1b2a31b91974c5]::string::String>>
[INFO] [stdout]   15:     0x600ed7d08d95 - test[aada8e7e76ba119b]::run_test::{closure#0}
[INFO] [stdout]   16:     0x600ed7d02684 - std[617be2ca0a6fd877]::sys::backtrace::__rust_begin_short_backtrace::<test[aada8e7e76ba119b]::run_test::{closure#1}, ()>
[INFO] [stdout]   17:     0x600ed7d0be22 - <std[617be2ca0a6fd877]::thread::lifecycle::spawn_unchecked<test[aada8e7e76ba119b]::run_test::{closure#1}, ()>::{closure#1} as core[a373ad73a504971]::ops::function::FnOnce<()>>::call_once::{shim:vtable#0}
[INFO] [stdout]   18:     0x600ed7d74e0f - <std[617be2ca0a6fd877]::sys::thread::unix::Thread>::new::thread_start
[INFO] [stdout]   19:     0x7bbfa6331dfa - <unknown>
[INFO] [stdout]   20:     0x7bbfa63c53d4 - clone
[INFO] [stdout]   21:                0x0 - <unknown>
[INFO] [stdout] 
[INFO] [stdout] ---- status_invalid_fails stdout ----
[INFO] [stdout] 
[INFO] [stdout] thread 'status_invalid_fails' (252) panicked at tests/cli.rs:38:10:
[INFO] [stdout] failed to run tsk: Os { code: 2, kind: NotFound, message: "No such file or directory" }
[INFO] [stdout] stack backtrace:
[INFO] [stdout]    0:     0x600ed7d75af1 - <<std[617be2ca0a6fd877]::sys::backtrace::BacktraceLock>::print::DisplayBacktrace as core[a373ad73a504971]::fmt::Display>::fmt
[INFO] [stdout]    1:     0x600ed7d89cea - core[a373ad73a504971]::fmt::write
[INFO] [stdout]    2:     0x600ed7d79f6c - <alloc[2e1b2a31b91974c5]::vec::Vec<u8> as core[a373ad73a504971]::io::write::Write>::write_fmt
[INFO] [stdout]    3:     0x600ed7d505d6 - std[617be2ca0a6fd877]::panicking::default_hook::{closure#0}
[INFO] [stdout]    4:     0x600ed7d6d569 - std[617be2ca0a6fd877]::panicking::default_hook
[INFO] [stdout]    5:     0x600ed7d08770 - test[aada8e7e76ba119b]::test_main_inner::{closure#0}
[INFO] [stdout]    6:     0x600ed7d6d722 - std[617be2ca0a6fd877]::panicking::panic_with_hook
[INFO] [stdout]    7:     0x600ed7d50682 - std[617be2ca0a6fd877]::panicking::panic_handler::{closure#0}
[INFO] [stdout]    8:     0x600ed7d490e9 - std[617be2ca0a6fd877]::sys::backtrace::__rust_end_short_backtrace::<std[617be2ca0a6fd877]::panicking::panic_handler::{closure#0}, !>
[INFO] [stdout]    9:     0x600ed7d5128d - __rustc[ea4f61d10b84890b]::rust_begin_unwind
[INFO] [stdout]   10:     0x600ed7d8a41c - core[a373ad73a504971]::panicking::panic_fmt
[INFO] [stdout]   11:     0x600ed7d8a1f2 - core[a373ad73a504971]::result::unwrap_failed
[INFO] [stdout]   12:     0x600ed7cf6396 - cli[bfb8cf6167c1a803]::run
[INFO] [stdout]   13:     0x600ed7cf88d0 - <cli[bfb8cf6167c1a803]::status_invalid_fails::{closure#0} as core[a373ad73a504971]::ops::function::FnOnce<()>>::call_once
[INFO] [stdout]   14:     0x600ed7cfbbbb - test[aada8e7e76ba119b]::__rust_begin_short_backtrace::<core[a373ad73a504971]::result::Result<(), alloc[2e1b2a31b91974c5]::string::String>, fn() -> core[a373ad73a504971]::result::Result<(), alloc[2e1b2a31b91974c5]::string::String>>
[INFO] [stdout]   15:     0x600ed7d08d95 - test[aada8e7e76ba119b]::run_test::{closure#0}
[INFO] [stdout]   16:     0x600ed7d02684 - std[617be2ca0a6fd877]::sys::backtrace::__rust_begin_short_backtrace::<test[aada8e7e76ba119b]::run_test::{closure#1}, ()>
[INFO] [stdout]   17:     0x600ed7d0be22 - <std[617be2ca0a6fd877]::thread::lifecycle::spawn_unchecked<test[aada8e7e76ba119b]::run_test::{closure#1}, ()>::{closure#1} as core[a373ad73a504971]::ops::function::FnOnce<()>>::call_once::{shim:vtable#0}
[INFO] [stdout]   18:     0x600ed7d74e0f - <std[617be2ca0a6fd877]::sys::thread::unix::Thread>::new::thread_start
[INFO] [stdout]   19:     0x7bbfa6331dfa - <unknown>
[INFO] [stdout]   20:     0x7bbfa63c53d4 - clone
[INFO] [stdout]   21:                0x0 - <unknown>
[INFO] [stdout] 
[INFO] [stdout] 
[INFO] [stdout] failures:
[INFO] [stdout]     init_creates_project
[INFO] [stdout]     init_idempotent_with_dir_only
[INFO] [stdout]     init_idempotent_with_yaml
[INFO] [stdout]     list_deep_nesting
[INFO] [stdout]     list_empty_project
[INFO] [stdout]     list_filtered_ancestor_shown_with_marker
[INFO] [stdout]     list_flat
[INFO] [stdout]     list_orphan_at_top_level
[INFO] [stdout]     list_tree_view
[INFO] [stdout]     list_with_negative_filter
[INFO] [stdout]     list_with_status_filter
[INFO] [stdout]     new_creates_ticket
[INFO] [stdout]     new_increments_number
[INFO] [stdout]     new_with_nonexistent_parent_fails
[INFO] [stdout]     new_with_parent
[INFO] [stdout]     new_with_parent_short_flag
[INFO] [stdout]     no_args_shows_usage
[INFO] [stdout]     show_basic
[INFO] [stdout]     show_displays_children
[INFO] [stdout]     show_displays_parent_chain
[INFO] [stdout]     spawn_creates_child_with_date_in_title
[INFO] [stdout]     spawn_nonexistent_ticket_fails
[INFO] [stdout]     status_change
[INFO] [stdout]     status_invalid_fails
[INFO] [stdout] 
[INFO] [stdout] test result: FAILED. 0 passed; 24 failed; 0 ignored; 0 measured; 0 filtered out; finished in 0.02s
[INFO] [stdout] 
[INFO] running `Command { std: "docker" "inspect" "846dd3a903fa3582a6483c4840d47b78aa9adfd32d60ba143ce4793abd2f469a", kill_on_drop: false }`
[INFO] running `Command { std: "docker" "rm" "-f" "846dd3a903fa3582a6483c4840d47b78aa9adfd32d60ba143ce4793abd2f469a", kill_on_drop: false }`
[INFO] [stdout] 846dd3a903fa3582a6483c4840d47b78aa9adfd32d60ba143ce4793abd2f469a
