[INFO] cloning repository https://github.com/koditoriet/totpm
[INFO] running `Command { std: "git" "-c" "credential.helper=" "-c" "credential.helper=/workspace/cargo-home/bin/git-credential-null" "clone" "--bare" "https://github.com/koditoriet/totpm" "/workspace/cache/git-repos/https%3A%2F%2Fgithub.com%2Fkoditoriet%2Ftotpm", kill_on_drop: false }`
[INFO] [stderr] Cloning into bare repository '/workspace/cache/git-repos/https%3A%2F%2Fgithub.com%2Fkoditoriet%2Ftotpm'...
[INFO] running `Command { std: "git" "rev-parse" "HEAD", kill_on_drop: false }`
[INFO] [stdout] 6789ed7f8616e4d90e8d6670f04fe815bd34462b
[INFO] testing koditoriet/totpm against 1.99.0-beta.8+cargoflags=--release for beta-release-1.100-3
[INFO] running `Command { std: "git" "clone" "/workspace/cache/git-repos/https%3A%2F%2Fgithub.com%2Fkoditoriet%2Ftotpm" "/workspace/builds/worker-6-tc1/source", kill_on_drop: false }`
[INFO] [stderr] Cloning into '/workspace/builds/worker-6-tc1/source'...
[INFO] [stderr] done.
[INFO] started tweaking git repo https://github.com/koditoriet/totpm
[INFO] finished tweaking git repo https://github.com/koditoriet/totpm
[INFO] tweaked toml for git repo https://github.com/koditoriet/totpm written to /workspace/builds/worker-6-tc1/source/Cargo.toml
[INFO] validating manifest of git repo https://github.com/koditoriet/totpm on toolchain 1.99.0-beta.8
[INFO] running `Command { std: CARGO_HOME="/workspace/cargo-home" RUSTUP_HOME="/workspace/rustup-home" "/workspace/cargo-home/bin/cargo" "+1.99.0-beta.8" "metadata" "--manifest-path" "Cargo.toml" "--no-deps", kill_on_drop: false }`
[INFO] crate git repo https://github.com/koditoriet/totpm already has a lockfile, it will not be regenerated
[INFO] running `Command { std: CARGO_HOME="/workspace/cargo-home" RUSTUP_HOME="/workspace/rustup-home" "/workspace/cargo-home/bin/cargo" "+1.99.0-beta.8" "fetch" "--manifest-path" "Cargo.toml", kill_on_drop: false }`
[INFO] [stderr]     Updating crates.io index
[INFO] [stderr]  Downloading crates ...
[INFO] [stderr]   Downloaded proc-macro2 v1.0.89
[INFO] [stderr]   Downloaded oid v0.2.1
[INFO] [stderr]   Downloaded rtoolbox v0.0.2
[INFO] [stderr]   Downloaded hostname-validator v1.1.1
[INFO] [stderr]   Downloaded anstyle v1.0.10
[INFO] [stderr]   Downloaded colorchoice v1.0.3
[INFO] [stderr]   Downloaded serial_test v3.2.0
[INFO] [stderr]   Downloaded clap_lex v0.7.2
[INFO] [stderr]   Downloaded mbox v0.7.1
[INFO] [stderr]   Downloaded serial_test_derive v3.2.0
[INFO] [stderr]   Downloaded is-terminal v0.4.13
[INFO] [stderr]   Downloaded anstyle-wincon v3.0.6
[INFO] [stderr]   Downloaded serde v1.0.214
[INFO] [stderr]   Downloaded stderrlog v0.6.0
[INFO] [stderr]   Downloaded anstyle-query v1.1.2
[INFO] [stderr]   Downloaded serde_bytes v0.11.15
[INFO] [stderr]   Downloaded fastrand v2.2.0
[INFO] [stderr]   Downloaded rpassword v7.3.1
[INFO] [stderr]   Downloaded bitfield v0.14.0
[INFO] [stderr]   Downloaded sdd v3.0.4
[INFO] [stderr]   Downloaded clap_derive v4.5.18
[INFO] [stderr]   Downloaded picky-asn1 v0.8.0
[INFO] [stderr]   Downloaded picky-asn1-der v0.4.1
[INFO] [stderr]   Downloaded anstream v0.6.18
[INFO] [stderr]   Downloaded tempfile v3.14.0
[INFO] [stderr]   Downloaded anstyle-parse v0.2.6
[INFO] [stderr]   Downloaded termcolor v1.1.3
[INFO] [stderr]   Downloaded ahash v0.8.11
[INFO] [stderr]   Downloaded clap v4.5.20
[INFO] [stderr]   Downloaded serde_derive v1.0.214
[INFO] [stderr]   Downloaded picky-asn1-x509 v0.12.0
[INFO] [stderr]   Downloaded cc v1.1.37
[INFO] [stderr]   Downloaded tss-esapi-sys v0.5.0
[INFO] [stderr]   Downloaded scc v2.2.4
[INFO] [stderr]   Downloaded serde_json v1.0.132
[INFO] [stderr]   Downloaded hashbrown v0.15.1
[INFO] [stderr]   Downloaded rusqlite v0.31.0
[INFO] [stderr]   Downloaded clap_builder v4.5.20
[INFO] [stderr]   Downloaded tss-esapi v7.5.1
[INFO] [stderr]   Downloaded syn v2.0.87
[INFO] [stderr]   Downloaded regex v1.11.1
[INFO] [stderr]   Downloaded rustix v0.38.40
[INFO] [stderr]   Downloaded regex-automata v0.4.9
[INFO] [stderr]   Downloaded libc v0.2.162
[INFO] [stderr]   Downloaded libsqlite3-sys v0.28.0
[INFO] running `Command { std: "docker" "create" "-v" "/var/lib/crater-agent-workspace/builds/worker-6-tc1/source:/opt/rustwide/workdir:ro,Z" "-v" "/var/lib/crater-agent-workspace/builds/worker-6-tc1/target:/opt/rustwide/target:rw,Z" "-v" "/var/lib/crater-agent-workspace/cargo-home:/opt/rustwide/cargo-home:ro,Z" "-v" "/var/lib/crater-agent-workspace/rustup-home:/opt/rustwide/rustup-home:ro,Z" "-m" "1610612736" "--network" "none" "ghcr.io/rust-lang/crates-build-env/linux@sha256:77db811e55d90add9212f6832c23229e3de5f1c1f9905e8cb07319ea15df73ac" "sleep" "infinity", kill_on_drop: false }`
[INFO] [stdout] 9f684ed228b95d7f0b66b02a6bef1e7998741ae298c08edb86c2518ab6e7933a
[INFO] running `Command { std: "docker" "start" "9f684ed228b95d7f0b66b02a6bef1e7998741ae298c08edb86c2518ab6e7933a", kill_on_drop: false }`
[INFO] running `Command { std: "docker" "inspect" "9f684ed228b95d7f0b66b02a6bef1e7998741ae298c08edb86c2518ab6e7933a", kill_on_drop: false }`
[INFO] running `Command { std: "docker" "exec" "-e" "SOURCE_DIR=/opt/rustwide/workdir" "-e" "CARGO_HOME=/opt/rustwide/cargo-home" "-e" "RUSTUP_HOME=/opt/rustwide/rustup-home" "-e" "CARGO_TARGET_DIR=/opt/rustwide/target" "-w" "/opt/rustwide/workdir" "--user" "0:0" "9f684ed228b95d7f0b66b02a6bef1e7998741ae298c08edb86c2518ab6e7933a" "/opt/rustwide/cargo-home/bin/cargo" "+1.99.0-beta.8" "metadata" "--no-deps" "--format-version=1", kill_on_drop: false }`
[INFO] running `Command { std: "docker" "inspect" "9f684ed228b95d7f0b66b02a6bef1e7998741ae298c08edb86c2518ab6e7933a", kill_on_drop: false }`
[INFO] running `Command { std: "docker" "exec" "-e" "SOURCE_DIR=/opt/rustwide/workdir" "-e" "CARGO_HOME=/opt/rustwide/cargo-home" "-e" "RUSTUP_HOME=/opt/rustwide/rustup-home" "-e" "CARGO_TARGET_DIR=/opt/rustwide/target" "-e" "CARGO_INCREMENTAL=0" "-e" "RUST_BACKTRACE=full" "-e" "RUSTFLAGS=--cap-lints=warn" "-e" "RUSTDOCFLAGS=--cap-lints=warn" "-w" "/opt/rustwide/workdir" "--user" "0:0" "9f684ed228b95d7f0b66b02a6bef1e7998741ae298c08edb86c2518ab6e7933a" "/opt/rustwide/cargo-home/bin/cargo" "+1.99.0-beta.8" "build" "--frozen" "--message-format=json" "--release", kill_on_drop: false }`
[INFO] [stderr]    Compiling proc-macro2 v1.0.89
[INFO] [stderr]    Compiling unicode-ident v1.0.13
[INFO] [stderr]    Compiling libc v0.2.162
[INFO] [stderr]    Compiling pkg-config v0.3.31
[INFO] [stderr]    Compiling serde v1.0.214
[INFO] [stderr]    Compiling cfg-if v1.0.0
[INFO] [stderr]    Compiling byteorder v1.5.0
[INFO] [stderr]    Compiling target-lexicon v0.12.16
[INFO] [stderr]    Compiling once_cell v1.20.2
[INFO] [stderr]    Compiling version_check v0.9.5
[INFO] [stderr]    Compiling autocfg v1.4.0
[INFO] [stderr]    Compiling memchr v2.7.4
[INFO] [stderr]    Compiling utf8parse v0.2.2
[INFO] [stderr]    Compiling vcpkg v0.2.15
[INFO] [stderr]    Compiling regex-syntax v0.8.5
[INFO] [stderr]    Compiling hashbrown v0.15.1
[INFO] [stderr]    Compiling equivalent v1.0.1
[INFO] [stderr]    Compiling is_terminal_polyfill v1.70.1
[INFO] [stderr]    Compiling anstyle-parse v0.2.6
[INFO] [stderr]    Compiling anstyle-query v1.1.2
[INFO] [stderr]    Compiling anstyle v1.0.10
[INFO] [stderr]    Compiling colorchoice v1.0.3
[INFO] [stderr]    Compiling clap_lex v0.7.2
[INFO] [stderr]    Compiling log v0.4.22
[INFO] [stderr]    Compiling ahash v0.8.11
[INFO] [stderr]    Compiling tss-esapi v7.5.1
[INFO] [stderr]    Compiling anstream v0.6.18
[INFO] [stderr]    Compiling base64 v0.21.7
[INFO] [stderr]    Compiling winnow v0.6.20
[INFO] [stderr]    Compiling heck v0.5.0
[INFO] [stderr]    Compiling iana-time-zone v0.1.61
[INFO] [stderr]    Compiling stable_deref_trait v1.2.0
[INFO] [stderr]    Compiling strsim v0.11.1
[INFO] [stderr]    Compiling serde_json v1.0.132
[INFO] [stderr]    Compiling num-traits v0.2.19
[INFO] [stderr]    Compiling thread_local v1.1.8
[INFO] [stderr]    Compiling itoa v1.0.11
[INFO] [stderr]    Compiling hostname-validator v1.1.1
[INFO] [stderr]    Compiling libdbus-sys v0.2.5
[INFO] [stderr]    Compiling clap_builder v4.5.20
[INFO] [stderr]    Compiling termcolor v1.1.3
[INFO] [stderr]    Compiling bitflags v2.6.0
[INFO] [stderr]    Compiling ryu v1.0.18
[INFO] [stderr]    Compiling fallible-streaming-iterator v0.1.9
[INFO] [stderr]    Compiling tss-esapi-sys v0.5.0
[INFO] [stderr]    Compiling libsqlite3-sys v0.28.0
[INFO] [stderr]    Compiling smallvec v1.13.2
[INFO] [stderr]    Compiling bitfield v0.14.0
[INFO] [stderr]    Compiling fallible-iterator v0.3.0
[INFO] [stderr]    Compiling quote v1.0.37
[INFO] [stderr]    Compiling getrandom v0.2.15
[INFO] [stderr]    Compiling syn v2.0.87
[INFO] [stderr]    Compiling rand_core v0.6.4
[INFO] [stderr]    Compiling is-terminal v0.4.13
[INFO] [stderr]    Compiling mbox v0.7.1
[INFO] [stderr]    Compiling aho-corasick v1.1.3
[INFO] [stderr]    Compiling rtoolbox v0.0.2
[INFO] [stderr]    Compiling dbus v0.9.7
[INFO] [stderr]    Compiling rpassword v7.3.1
[INFO] [stderr]    Compiling indexmap v2.6.0
[INFO] [stderr]    Compiling chrono v0.4.38
[INFO] [stderr]    Compiling regex-automata v0.4.9
[INFO] [stderr]    Compiling stderrlog v0.6.0
[INFO] [stderr]    Compiling regex v1.11.1
[INFO] [stderr]    Compiling serde_derive v1.0.214
[INFO] [stderr]    Compiling zerocopy-derive v0.7.35
[INFO] [stderr]    Compiling enumflags2_derive v0.7.10
[INFO] [stderr]    Compiling zeroize_derive v1.4.2
[INFO] [stderr]    Compiling clap_derive v4.5.18
[INFO] [stderr]    Compiling num-derive v0.4.2
[INFO] [stderr]    Compiling zeroize v1.8.1
[INFO] [stderr]    Compiling enumflags2 v0.7.10
[INFO] [stderr]    Compiling zerocopy v0.7.35
[INFO] [stderr]    Compiling ppv-lite86 v0.2.20
[INFO] [stderr]    Compiling hashbrown v0.14.5
[INFO] [stderr]    Compiling clap v4.5.20
[INFO] [stderr]    Compiling rand_chacha v0.3.1
[INFO] [stderr]    Compiling rand v0.8.5
[INFO] [stderr]    Compiling hashlink v0.9.1
[INFO] [stderr]    Compiling rusqlite v0.31.0
[INFO] [stderr]    Compiling serde_bytes v0.11.15
[INFO] [stderr]    Compiling oid v0.2.1
[INFO] [stderr]    Compiling toml_datetime v0.6.8
[INFO] [stderr]    Compiling serde_spanned v0.6.8
[INFO] [stderr]    Compiling picky-asn1 v0.8.0
[INFO] [stderr]    Compiling toml_edit v0.22.22
[INFO] [stderr]    Compiling picky-asn1-der v0.4.1
[INFO] [stderr]    Compiling picky-asn1-x509 v0.12.0
[INFO] [stderr]    Compiling toml v0.8.19
[INFO] [stderr]    Compiling totpm v0.1.2 (/opt/rustwide/workdir)
[INFO] [stdout] warning: unused import: `command`
[INFO] [stdout]  --> src/args.rs:2:12
[INFO] [stdout]   |
[INFO] [stdout] 2 | use clap::{command, Parser, Subcommand};
[INFO] [stdout]   |            ^^^^^^^
[INFO] [stdout]   |
[INFO] [stdout]   = note: `#[warn(unused_imports)]` (part of `#[warn(unused)]`) on by default
[INFO] [stdout] 
[INFO] [stdout] 
[INFO] [stderr]     Finished `release` profile [optimized] target(s) in 1m 26s
[INFO] [stderr] warning: the following packages contain code that will be rejected by a future version of Rust: picky-asn1-x509 v0.12.0
[INFO] [stderr] note: to see what the problems were, use the option `--future-incompat-report`, or run `cargo report future-incompatibilities --id 4`
[INFO] running `Command { std: "docker" "inspect" "9f684ed228b95d7f0b66b02a6bef1e7998741ae298c08edb86c2518ab6e7933a", kill_on_drop: false }`
[INFO] running `Command { std: "docker" "exec" "-e" "SOURCE_DIR=/opt/rustwide/workdir" "-e" "CARGO_HOME=/opt/rustwide/cargo-home" "-e" "RUSTUP_HOME=/opt/rustwide/rustup-home" "-e" "CARGO_TARGET_DIR=/opt/rustwide/target" "-e" "CARGO_INCREMENTAL=0" "-e" "RUST_BACKTRACE=full" "-e" "RUSTFLAGS=--cap-lints=warn" "-e" "RUSTDOCFLAGS=--cap-lints=warn" "-w" "/opt/rustwide/workdir" "--user" "0:0" "9f684ed228b95d7f0b66b02a6bef1e7998741ae298c08edb86c2518ab6e7933a" "/opt/rustwide/cargo-home/bin/cargo" "+1.99.0-beta.8" "test" "--frozen" "--no-run" "--message-format=json" "--release", kill_on_drop: false }`
[INFO] [stderr]    Compiling memchr v2.7.4
[INFO] [stderr]    Compiling futures-core v0.3.31
[INFO] [stderr]    Compiling bitflags v2.6.0
[INFO] [stderr]    Compiling slab v0.4.9
[INFO] [stderr]    Compiling futures-sink v0.3.31
[INFO] [stderr]    Compiling lock_api v0.4.12
[INFO] [stderr]    Compiling futures-task v0.3.31
[INFO] [stderr]    Compiling futures-io v0.3.31
[INFO] [stderr]    Compiling rustix v0.38.40
[INFO] [stderr]    Compiling parking_lot_core v0.9.10
[INFO] [stderr]    Compiling pin-utils v0.1.0
[INFO] [stderr]    Compiling pin-project-lite v0.2.15
[INFO] [stderr]    Compiling scopeguard v1.2.0
[INFO] [stderr]    Compiling linux-raw-sys v0.4.14
[INFO] [stderr]    Compiling sdd v3.0.4
[INFO] [stderr]    Compiling fastrand v2.2.0
[INFO] [stderr]    Compiling serial_test_derive v3.2.0
[INFO] [stderr]    Compiling rusqlite v0.31.0
[INFO] [stderr]    Compiling futures-channel v0.3.31
[INFO] [stderr]    Compiling parking_lot v0.12.3
[INFO] [stderr]    Compiling scc v2.2.4
[INFO] [stderr]    Compiling aho-corasick v1.1.3
[INFO] [stderr]    Compiling futures-util v0.3.31
[INFO] [stderr]    Compiling serde_json v1.0.132
[INFO] [stderr]    Compiling regex-automata v0.4.9
[INFO] [stderr]    Compiling tempfile v3.14.0
[INFO] [stderr]    Compiling testutil v0.1.0 (/opt/rustwide/workdir/testutil)
[INFO] [stdout] warning: hiding a lifetime that's elided elsewhere is confusing
[INFO] [stdout]   --> testutil/src/term.rs:42:25
[INFO] [stdout]    |
[INFO] [stdout] 42 |     pub fn stdin_stdout(&mut self) -> (MockStdin, MockStdout) {
[INFO] [stdout]    |                         ^^^^^^^^^      ^^^^^^^^^  ^^^^^^^^^^ the same lifetime is hidden here
[INFO] [stdout]    |                         |              |
[INFO] [stdout]    |                         |              the same lifetime is hidden here
[INFO] [stdout]    |                         the lifetime is elided here
[INFO] [stdout]    |
[INFO] [stdout]    = help: the same lifetime is referred to in inconsistent ways, making the signature confusing
[INFO] [stdout]    = note: `#[warn(mismatched_lifetime_syntaxes)]` on by default
[INFO] [stdout] help: use `'_` for type paths
[INFO] [stdout]    |
[INFO] [stdout] 42 |     pub fn stdin_stdout(&mut self) -> (MockStdin<'_>, MockStdout<'_>) {
[INFO] [stdout]    |                                                 ++++            ++++
[INFO] [stdout] 
[INFO] [stdout] 
[INFO] [stderr]    Compiling futures-executor v0.3.31
[INFO] [stderr]    Compiling futures v0.3.31
[INFO] [stderr]    Compiling serial_test v3.2.0
[INFO] [stderr]    Compiling regex v1.11.1
[INFO] [stderr]    Compiling tss-esapi v7.5.1
[INFO] [stderr]    Compiling totpm v0.1.2 (/opt/rustwide/workdir)
[INFO] [stdout] warning: unused import: `command`
[INFO] [stdout]  --> src/args.rs:2:12
[INFO] [stdout]   |
[INFO] [stdout] 2 | use clap::{command, Parser, Subcommand};
[INFO] [stdout]   |            ^^^^^^^
[INFO] [stdout]   |
[INFO] [stdout]   = note: `#[warn(unused_imports)]` (part of `#[warn(unused)]`) on by default
[INFO] [stdout] 
[INFO] [stdout] 
[INFO] [stdout] warning: unused import: `command`
[INFO] [stdout]  --> src/args.rs:2:12
[INFO] [stdout]   |
[INFO] [stdout] 2 | use clap::{command, Parser, Subcommand};
[INFO] [stdout]   |            ^^^^^^^
[INFO] [stdout]   |
[INFO] [stdout]   = note: `#[warn(unused_imports)]` (part of `#[warn(unused)]`) on by default
[INFO] [stdout] 
[INFO] [stdout] 
[INFO] [stderr]     Finished `release` profile [optimized] target(s) in 50.40s
[INFO] [stderr] warning: the following packages contain code that will be rejected by a future version of Rust: picky-asn1-x509 v0.12.0
[INFO] [stderr] note: to see what the problems were, use the option `--future-incompat-report`, or run `cargo report future-incompatibilities --id 4`
[INFO] running `Command { std: "docker" "inspect" "9f684ed228b95d7f0b66b02a6bef1e7998741ae298c08edb86c2518ab6e7933a", kill_on_drop: false }`
[INFO] running `Command { std: "docker" "exec" "-e" "SOURCE_DIR=/opt/rustwide/workdir" "-e" "CARGO_HOME=/opt/rustwide/cargo-home" "-e" "RUSTUP_HOME=/opt/rustwide/rustup-home" "-e" "CARGO_TARGET_DIR=/opt/rustwide/target" "-e" "CARGO_INCREMENTAL=0" "-e" "RUST_BACKTRACE=full" "-e" "RUSTFLAGS=--cap-lints=warn" "-e" "RUSTDOCFLAGS=--cap-lints=warn" "-w" "/opt/rustwide/workdir" "--user" "0:0" "9f684ed228b95d7f0b66b02a6bef1e7998741ae298c08edb86c2518ab6e7933a" "/opt/rustwide/cargo-home/bin/cargo" "+1.99.0-beta.8" "test" "--frozen" "--release", kill_on_drop: false }`
[INFO] [stderr] warning: hiding a lifetime that's elided elsewhere is confusing
[INFO] [stderr]   --> testutil/src/term.rs:42:25
[INFO] [stderr]    |
[INFO] [stderr] 42 |     pub fn stdin_stdout(&mut self) -> (MockStdin, MockStdout) {
[INFO] [stderr]    |                         ^^^^^^^^^      ^^^^^^^^^  ^^^^^^^^^^ the same lifetime is hidden here
[INFO] [stderr]    |                         |              |
[INFO] [stderr]    |                         |              the same lifetime is hidden here
[INFO] [stderr]    |                         the lifetime is elided here
[INFO] [stderr]    |
[INFO] [stderr]    = help: the same lifetime is referred to in inconsistent ways, making the signature confusing
[INFO] [stderr]    = note: `#[warn(mismatched_lifetime_syntaxes)]` on by default
[INFO] [stderr] help: use `'_` for type paths
[INFO] [stderr]    |
[INFO] [stderr] 42 |     pub fn stdin_stdout(&mut self) -> (MockStdin<'_>, MockStdout<'_>) {
[INFO] [stderr]    |                                                 ++++            ++++
[INFO] [stderr] 
[INFO] [stderr] warning: unused import: `command`
[INFO] [stderr]  --> src/args.rs:2:12
[INFO] [stderr]   |
[INFO] [stderr] 2 | use clap::{command, Parser, Subcommand};
[INFO] [stderr]   |            ^^^^^^^
[INFO] [stderr]   |
[INFO] [stderr]   = note: `#[warn(unused_imports)]` (part of `#[warn(unused)]`) on by default
[INFO] [stderr] 
[INFO] [stderr] warning: `testutil` (lib) generated 1 warning (run `cargo fix --lib -p testutil` to apply 1 suggestion)
[INFO] [stderr] warning: `totpm` (lib) generated 1 warning (run `cargo fix --lib -p totpm` to apply 1 suggestion)
[INFO] [stderr] warning: `totpm` (lib test) generated 1 warning (1 duplicate)
[INFO] [stderr]     Finished `release` profile [optimized] target(s) in 0.07s
[INFO] [stderr] warning: the following packages contain code that will be rejected by a future version of Rust: picky-asn1-x509 v0.12.0
[INFO] [stderr] note: to see what the problems were, use the option `--future-incompat-report`, or run `cargo report future-incompatibilities --id 4`
[INFO] [stderr]      Running unittests src/lib.rs (/opt/rustwide/target/release/deps/totpm-d6aca775cbaafc37)
[INFO] [stdout] 
[INFO] [stdout] running 70 tests
[INFO] [stdout] test base32::tests::bit_buffer_discards_incomplete_bytes ... ok
[INFO] [stdout] test base32::tests::bit_buffer_writes_left_to_right ... ok
[INFO] [stdout] test base32::tests::bit_buffer_properly_handles_writes_across_byte_boundaries ... ok
[INFO] [stdout] test base32::tests::decode_decodes_valid_base32 ... ok
[INFO] [stdout] test base32::tests::decode_returns_none_on_invalid_char ... ok
[INFO] [stdout] test base32::tests::decode_handles_lowercase_base32 ... ok
[INFO] [stdout] test commands::gen::tests::presence_verification_happens_after_disambiguation ... ignored
[INFO] [stdout] test config::tests::local_default_config_uses_local_defaults ... ok
[INFO] [stdout] test config::tests::global_default_config_uses_global_defaults ... ok
[INFO] [stdout] test commands::import::tests::import_fails_on_malformed_json ... FAILED
[INFO] [stdout] test commands::import::tests::import_succeeds_on_well_formed_json ... FAILED
[INFO] [stdout] test commands::gen::tests::gen_succeeds_on_unambiguous_secret ... FAILED
[INFO] [stdout] test commands::init::tests::not_being_able_to_install_exe_is_fine_if_install_feature_is_disabled ... FAILED
[INFO] [stdout] test commands::init::tests::local_init_does_not_install_exe_but_creates_files_with_correct_permissions ... FAILED
[INFO] [stdout] test commands::import::tests::import_succeeds_on_empty_json ... FAILED
[INFO] [stdout] test commands::import::tests::import_fails_on_mixed_valid_and_invalid_entries ... FAILED
[INFO] [stdout] test commands::import::tests::import_fails_on_json_array ... FAILED
[INFO] [stdout] test commands::init::tests::init_creates_all_necessary_secrets_and_files_with_correct_permissions ... FAILED
[INFO] [stdout] test commands::gen::tests::gen_fails_on_secret_not_found ... FAILED
[INFO] [stdout] test commands::import::tests::import_succeeds_on_mixed_format_json ... FAILED
[INFO] [stdout] test commands::import::tests::import_fails_on_missing_mandatory_field ... FAILED
[INFO] [stdout] test commands::import::tests::import_succeeds_on_minimal_single_secret_json ... FAILED
[INFO] [stdout] test db::tests::with_db_fails_if_db_file_exists_but_is_not_a_file ... ok
[INFO] [stdout] test presence_verification::tests::pv_method_deserializes_correctly ... ok
[INFO] [stdout] test term::tests::pick_one_outputs_prompt ... ok
[INFO] [stdout] test db::tests::with_db_fails_if_db_dir_is_not_a_directory ... ok
[INFO] [stdout] test term::tests::pick_one_retries_on_invalid_selection ... ok
[INFO] [stdout] test term::tests::pick_one_returns_none_on_empty_input ... ok
[INFO] [stdout] test term::tests::pick_one_returns_none_on_cancel ... ok
[INFO] [stdout] test term::tests::pick_one_returns_chosen_input ... ok
[INFO] [stdout] test term::tests::pick_one_returns_none_on_non_terminal_input ... ok
[INFO] [stdout] test term::tests::pick_one_returns_only_alternative_without_prompt ... ok
[INFO] [stdout] test totp_store::tests::can_generate_codes_from_added_secret ... FAILED
[INFO] [stdout] test totp_store::tests::del_on_nonexistent_id_errors ... FAILED
[INFO] [stdout] test totp_store::tests::del_deletes_secrets ... FAILED
[INFO] [stdout] test totp_store::tests::gen_on_nonexistent_id_errors ... FAILED
[INFO] [stdout] test totp_store::tests::init_fails_if_already_initialized ... FAILED
[INFO] [stdout] test totp_store::tests::list_after_add_lists_added_secrets ... FAILED
[INFO] [stdout] test totp_store::tests::list_on_empty_store_returns_empty_list ... FAILED
[INFO] [stdout] test totp_store::tests::list_properly_filters_secrets ... FAILED
[INFO] [stdout] test totp_store::tests::local_clear_removes_all_secrets_but_not_auth_file ... FAILED
[INFO] [stdout] test totp_store::tests::primary_key_is_gone_from_tpm_after_system_clear ... FAILED
[INFO] [stdout] test totp_store::tests::new_primary_key_can_not_be_used_to_access_old_secrets ... FAILED
[INFO] [stdout] test totp_store::tests::with_tpm_errors_after_system_clear ... FAILED
[INFO] [stdout] test totp_store::tests::with_tpm_fails_if_presence_verification_fails ... FAILED
[INFO] [stdout] test totp_store::tests::with_tpm_fails_if_presence_verification_errors ... FAILED
[INFO] [stdout] test totp_store::tests::with_tpm_fails_if_system_files_are_not_present ... FAILED
[INFO] [stdout] test tpm::tests::can_create_hmac_keys_with_primary_key ... FAILED
[INFO] [stdout] test totp_store::tests::with_tpm_succeeds_after_init ... FAILED
[INFO] [stdout] test tpm::tests::can_create_multiple_primary_keys ... FAILED
[INFO] [stdout] test tpm::tests::can_delete_primary_key ... FAILED
[INFO] [stdout] test tpm::tests::cant_create_tpm_without_presence_verification ... FAILED
[INFO] [stdout] test tpm::tests::creating_tpm_errors_if_presence_verification_errors ... FAILED
[INFO] [stdout] test tpm::tests::deleting_primary_key_does_not_affect_other_primary_keys ... FAILED
[INFO] [stdout] test tpm::tests::hmac_key_can_compute_hmac ... FAILED
[INFO] [stdout] test tpm::tests::primary_key_with_wrong_auth_value_is_useless ... FAILED
[INFO] [stdout] test tpm::tests::persistent_handle_can_be_loaded ... FAILED
[INFO] [stdout] test db::tests::del_secret_fails_if_id_does_not_exist ... ok
[INFO] [stdout] test db::tests::get_secret_fails_if_id_does_not_exist ... ok
[INFO] [stdout] test db::tests::with_db_ensures_db_dir_file_and_schema_are_created ... ok
[INFO] [stdout] test db::tests::get_secret_returns_correct_secret ... ok
[INFO] [stdout] test db::tests::with_db_does_not_fail_if_db_dir_is_owned_by_someone_else ... ok
[INFO] [stdout] test db::tests::list_secrets_return_value_is_sorted_alphabetically ... ok
[INFO] [stdout] test db::tests::transaction_is_rolled_back_on_error ... ok
[INFO] [stdout] test db::tests::transaction_is_committed_on_success ... ok
[INFO] [stdout] test db::tests::add_secret_preserves_everything_but_id ... ok
[INFO] [stdout] test db::tests::add_secret_auto_generates_insert_id ... ok
[INFO] [stdout] test db::tests::del_secret_only_affects_secret_with_given_id ... ok
[INFO] [stdout] test db::tests::list_secrets_returns_correct_secrets ... ok
[INFO] [stdout] test db::tests::db_file_always_has_secure_permissions ... ok
[INFO] [stdout] 
[INFO] [stdout] failures:
[INFO] [stdout] 
[INFO] [stdout] ---- commands::import::tests::import_fails_on_malformed_json stdout ----
[INFO] [stdout] 
[INFO] [stdout] thread 'commands::import::tests::import_fails_on_malformed_json' (2015) panicked at testutil/src/tpm.rs:37:18:
[INFO] [stdout] called `Result::unwrap()` on an `Err` value: Os { code: 2, kind: NotFound, message: "No such file or directory" }
[INFO] [stdout] stack backtrace:
[INFO] [stdout]    0:     0x564b275e9b35 - <unknown>
[INFO] [stdout]    1:     0x564b2751e85a - <unknown>
[INFO] [stdout]    2:     0x564b275e91cb - <unknown>
[INFO] [stdout]    3:     0x564b275e8caf - <unknown>
[INFO] [stdout]    4:     0x564b275e88da - <unknown>
[INFO] [stdout]    5:     0x564b275e8412 - <unknown>
[INFO] [stdout]    6:     0x564b2760f9c1 - <unknown>
[INFO] [stdout]    7:     0x564b2760f979 - <unknown>
[INFO] [stdout]    8:     0x564b2760fe8c - <unknown>
[INFO] [stdout]    9:     0x564b2751e6eb - <unknown>
[INFO] [stdout]   10:     0x564b275231a1 - <unknown>
[INFO] [stdout]   11:     0x564b27663e64 - <unknown>
[INFO] [stdout]   12:     0x564b2769f8a0 - <unknown>
[INFO] [stdout]   13:     0x564b2769f2f2 - <unknown>
[INFO] [stdout]   14:     0x564b274ea475 - <unknown>
[INFO] [stdout]   15:     0x564b2762ce3b - <unknown>
[INFO] [stdout]   16:     0x564b27628fb1 - <unknown>
[INFO] [stdout]   17:     0x564b2762879c - <unknown>
[INFO] [stdout]   18:     0x564b27644c4c - <unknown>
[INFO] [stdout]   19:     0x564b27611392 - <unknown>
[INFO] [stdout]   20:     0x7c4626aeadfa - <unknown>
[INFO] [stdout]   21:     0x7c4626b7e3d4 - clone
[INFO] [stdout]   22:                0x0 - <unknown>
[INFO] [stdout] 
[INFO] [stdout] ---- commands::import::tests::import_succeeds_on_well_formed_json stdout ----
[INFO] [stdout] 
[INFO] [stdout] thread 'commands::import::tests::import_succeeds_on_well_formed_json' (2025) panicked at testutil/src/tpm.rs:37:18:
[INFO] [stdout] called `Result::unwrap()` on an `Err` value: Os { code: 2, kind: NotFound, message: "No such file or directory" }
[INFO] [stdout] stack backtrace:
[INFO] [stdout]    0:     0x564b275e9b35 - <unknown>
[INFO] [stdout]    1:     0x564b2751e85a - <unknown>
[INFO] [stdout]    2:     0x564b275e91cb - <unknown>
[INFO] [stdout]    3:     0x564b275e8caf - <unknown>
[INFO] [stdout]    4:     0x564b275e88da - <unknown>
[INFO] [stdout]    5:     0x564b275e8412 - <unknown>
[INFO] [stdout]    6:     0x564b2760f9c1 - <unknown>
[INFO] [stdout]    7:     0x564b2760f979 - <unknown>
[INFO] [stdout]    8:     0x564b2760fe8c - <unknown>
[INFO] [stdout]    9:     0x564b2751e6eb - <unknown>
[INFO] [stdout]   10:     0x564b275231a1 - <unknown>
[INFO] [stdout]   11:     0x564b27663e64 - <unknown>
[INFO] [stdout]   12:     0x564b2769f8a0 - <unknown>
[INFO] [stdout]   13:     0x564b276a0529 - <unknown>
[INFO] [stdout]   14:     0x564b274ea4b8 - <unknown>
[INFO] [stdout]   15:     0x564b2762ce3b - <unknown>
[INFO] [stdout]   16:     0x564b27628fb1 - <unknown>
[INFO] [stdout]   17:     0x564b2762879c - <unknown>
[INFO] [stdout]   18:     0x564b27644c4c - <unknown>
[INFO] [stdout]   19:     0x564b27611392 - <unknown>
[INFO] [stdout]   20:     0x7c4626aeadfa - <unknown>
[INFO] [stdout]   21:     0x7c4626b7e3d4 - clone
[INFO] [stdout]   22:                0x0 - <unknown>
[INFO] [stdout] 
[INFO] [stdout] ---- commands::gen::tests::gen_succeeds_on_unambiguous_secret stdout ----
[INFO] [stdout] 
[INFO] [stdout] thread 'commands::gen::tests::gen_succeeds_on_unambiguous_secret' (2013) panicked at testutil/src/tpm.rs:37:18:
[INFO] [stdout] called `Result::unwrap()` on an `Err` value: Os { code: 2, kind: NotFound, message: "No such file or directory" }
[INFO] [stdout] stack backtrace:
[INFO] [stdout]    0:     0x564b275e9b35 - <unknown>
[INFO] [stdout]    1:     0x564b2751e85a - <unknown>
[INFO] [stdout]    2:     0x564b275e91cb - <unknown>
[INFO] [stdout]    3:     0x564b275e8caf - <unknown>
[INFO] [stdout]    4:     0x564b275e88da - <unknown>
[INFO] [stdout]    5:     0x564b275e8412 - <unknown>
[INFO] [stdout]    6:     0x564b2760f9c1 - <unknown>
[INFO] [stdout]    7:     0x564b2760f979 - <unknown>
[INFO] [stdout]    8:     0x564b2760fe8c - <unknown>
[INFO] [stdout]    9:     0x564b2751e6eb - <unknown>
[INFO] [stdout]   10:     0x564b275231a1 - <unknown>
[INFO] [stdout]   11:     0x564b27663e64 - <unknown>
[INFO] [stdout]   12:     0x564b2769da00 - <unknown>
[INFO] [stdout]   13:     0x564b274e4da3 - <unknown>
[INFO] [stdout]   14:     0x564b2762ce3b - <unknown>
[INFO] [stdout]   15:     0x564b27628fb1 - <unknown>
[INFO] [stdout]   16:     0x564b2762879c - <unknown>
[INFO] [stdout]   17:     0x564b27644c4c - <unknown>
[INFO] [stdout]   18:     0x564b27611392 - <unknown>
[INFO] [stdout]   19:     0x7c4626aeadfa - <unknown>
[INFO] [stdout]   20:     0x7c4626b7e3d4 - clone
[INFO] [stdout]   21:                0x0 - <unknown>
[INFO] [stdout] 
[INFO] [stdout] ---- commands::init::tests::not_being_able_to_install_exe_is_fine_if_install_feature_is_disabled stdout ----
[INFO] [stdout] 
[INFO] [stdout] thread 'commands::init::tests::not_being_able_to_install_exe_is_fine_if_install_feature_is_disabled' (2029) panicked at testutil/src/tpm.rs:37:18:
[INFO] [stdout] called `Result::unwrap()` on an `Err` value: Os { code: 2, kind: NotFound, message: "No such file or directory" }
[INFO] [stdout] stack backtrace:
[INFO] [stdout]    0:     0x564b275e9b35 - <unknown>
[INFO] [stdout]    1:     0x564b2751e85a - <unknown>
[INFO] [stdout]    2:     0x564b275e91cb - <unknown>
[INFO] [stdout]    3:     0x564b275e8caf - <unknown>
[INFO] [stdout]    4:     0x564b275e88da - <unknown>
[INFO] [stdout]    5:     0x564b275e8412 - <unknown>
[INFO] [stdout]    6:     0x564b2760f9c1 - <unknown>
[INFO] [stdout]    7:     0x564b2760f979 - <unknown>
[INFO] [stdout]    8:     0x564b2760fe8c - <unknown>
[INFO] [stdout]    9:     0x564b2751e6eb - <unknown>
[INFO] [stdout]   10:     0x564b275231a1 - <unknown>
[INFO] [stdout]   11:     0x564b27663e64 - <unknown>
[INFO] [stdout]   12:     0x564b274e79c1 - <unknown>
[INFO] [stdout]   13:     0x564b2762ce3b - <unknown>
[INFO] [stdout]   14:     0x564b27628fb1 - <unknown>
[INFO] [stdout]   15:     0x564b2762879c - <unknown>
[INFO] [stdout]   16:     0x564b27644c4c - <unknown>
[INFO] [stdout]   17:     0x564b27611392 - <unknown>
[INFO] [stdout]   18:     0x7c4626aeadfa - <unknown>
[INFO] [stdout]   19:     0x7c4626b7e3d4 - clone
[INFO] [stdout]   20:                0x0 - <unknown>
[INFO] [stdout] 
[INFO] [stdout] ---- commands::init::tests::local_init_does_not_install_exe_but_creates_files_with_correct_permissions stdout ----
[INFO] [stdout] 
[INFO] [stdout] thread 'commands::init::tests::local_init_does_not_install_exe_but_creates_files_with_correct_permissions' (2028) panicked at testutil/src/tpm.rs:37:18:
[INFO] [stdout] called `Result::unwrap()` on an `Err` value: Os { code: 2, kind: NotFound, message: "No such file or directory" }
[INFO] [stdout] stack backtrace:
[INFO] [stdout]    0:     0x564b275e9b35 - <unknown>
[INFO] [stdout]    1:     0x564b2751e85a - <unknown>
[INFO] [stdout]    2:     0x564b275e91cb - <unknown>
[INFO] [stdout]    3:     0x564b275e8caf - <unknown>
[INFO] [stdout]    4:     0x564b275e88da - <unknown>
[INFO] [stdout]    5:     0x564b275e8412 - <unknown>
[INFO] [stdout]    6:     0x564b2760f9c1 - <unknown>
[INFO] [stdout]    7:     0x564b2760f979 - <unknown>
[INFO] [stdout]    8:     0x564b2760fe8c - <unknown>
[INFO] [stdout]    9:     0x564b2751e6eb - <unknown>
[INFO] [stdout]   10:     0x564b275231a1 - <unknown>
[INFO] [stdout]   11:     0x564b27663e64 - <unknown>
[INFO] [stdout]   12:     0x564b274e92d1 - <unknown>
[INFO] [stdout]   13:     0x564b2762ce3b - <unknown>
[INFO] [stdout]   14:     0x564b27628fb1 - <unknown>
[INFO] [stdout]   15:     0x564b2762879c - <unknown>
[INFO] [stdout]   16:     0x564b27644c4c - <unknown>
[INFO] [stdout]   17:     0x564b27611392 - <unknown>
[INFO] [stdout]   18:     0x7c4626aeadfa - <unknown>
[INFO] [stdout]   19:     0x7c4626b7e3d4 - clone
[INFO] [stdout]   20:                0x0 - <unknown>
[INFO] [stdout] 
[INFO] [stdout] ---- commands::import::tests::import_succeeds_on_empty_json stdout ----
[INFO] [stdout] 
[INFO] [stdout] thread 'commands::import::tests::import_succeeds_on_empty_json' (2020) panicked at testutil/src/tpm.rs:37:18:
[INFO] [stdout] called `Result::unwrap()` on an `Err` value: Os { code: 2, kind: NotFound, message: "No such file or directory" }
[INFO] [stdout] stack backtrace:
[INFO] [stdout]    0:     0x564b275e9b35 - <unknown>
[INFO] [stdout]    1:     0x564b2751e85a - <unknown>
[INFO] [stdout]    2:     0x564b275e91cb - <unknown>
[INFO] [stdout]    3:     0x564b275e8caf - <unknown>
[INFO] [stdout]    4:     0x564b275e88da - <unknown>
[INFO] [stdout]    5:     0x564b275e8412 - <unknown>
[INFO] [stdout]    6:     0x564b2760f9c1 - <unknown>
[INFO] [stdout]    7:     0x564b2760f979 - <unknown>
[INFO] [stdout]    8:     0x564b2760fe8c - <unknown>
[INFO] [stdout]    9:     0x564b2751e6eb - <unknown>
[INFO] [stdout]   10:     0x564b275231a1 - <unknown>
[INFO] [stdout]   11:     0x564b27663e64 - <unknown>
[INFO] [stdout]   12:     0x564b2769f8a0 - <unknown>
[INFO] [stdout]   13:     0x564b276a0529 - <unknown>
[INFO] [stdout]   14:     0x564b274e9fa8 - <unknown>
[INFO] [stdout]   15:     0x564b2762ce3b - <unknown>
[INFO] [stdout]   16:     0x564b27628fb1 - <unknown>
[INFO] [stdout]   17:     0x564b2762879c - <unknown>
[INFO] [stdout]   18:     0x564b27644c4c - <unknown>
[INFO] [stdout]   19:     0x564b27611392 - <unknown>
[INFO] [stdout]   20:     0x7c4626aeadfa - <unknown>
[INFO] [stdout]   21:     0x7c4626b7e3d4 - clone
[INFO] [stdout]   22:                0x0 - <unknown>
[INFO] [stdout] 
[INFO] [stdout] ---- commands::import::tests::import_fails_on_mixed_valid_and_invalid_entries stdout ----
[INFO] [stdout] 
[INFO] [stdout] thread 'commands::import::tests::import_fails_on_mixed_valid_and_invalid_entries' (2018) panicked at testutil/src/tpm.rs:37:18:
[INFO] [stdout] called `Result::unwrap()` on an `Err` value: Os { code: 2, kind: NotFound, message: "No such file or directory" }
[INFO] [stdout] stack backtrace:
[INFO] [stdout]    0:     0x564b275e9b35 - <unknown>
[INFO] [stdout]    1:     0x564b2751e85a - <unknown>
[INFO] [stdout]    2:     0x564b275e91cb - <unknown>
[INFO] [stdout]    3:     0x564b275e8caf - <unknown>
[INFO] [stdout]    4:     0x564b275e88da - <unknown>
[INFO] [stdout]    5:     0x564b275e8412 - <unknown>
[INFO] [stdout]    6:     0x564b2760f9c1 - <unknown>
[INFO] [stdout]    7:     0x564b2760f979 - <unknown>
[INFO] [stdout]    8:     0x564b2760fe8c - <unknown>
[INFO] [stdout]    9:     0x564b2751e6eb - <unknown>
[INFO] [stdout]   10:     0x564b275231a1 - <unknown>
[INFO] [stdout]   11:     0x564b27663e64 - <unknown>
[INFO] [stdout]   12:     0x564b2769f8a0 - <unknown>
[INFO] [stdout]   13:     0x564b2769f2f2 - <unknown>
[INFO] [stdout]   14:     0x564b274ebd55 - <unknown>
[INFO] [stdout]   15:     0x564b2762ce3b - <unknown>
[INFO] [stdout]   16:     0x564b27628fb1 - <unknown>
[INFO] [stdout]   17:     0x564b2762879c - <unknown>
[INFO] [stdout]   18:     0x564b27644c4c - <unknown>
[INFO] [stdout]   19:     0x564b27611392 - <unknown>
[INFO] [stdout]   20:     0x7c4626aeadfa - <unknown>
[INFO] [stdout]   21:     0x7c4626b7e3d4 - clone
[INFO] [stdout]   22:                0x0 - <unknown>
[INFO] [stdout] 
[INFO] [stdout] ---- commands::import::tests::import_fails_on_json_array stdout ----
[INFO] [stdout] 
[INFO] [stdout] thread 'commands::import::tests::import_fails_on_json_array' (2014) panicked at testutil/src/tpm.rs:37:18:
[INFO] [stdout] called `Result::unwrap()` on an `Err` value: Os { code: 2, kind: NotFound, message: "No such file or directory" }
[INFO] [stdout] stack backtrace:
[INFO] [stdout]    0:     0x564b275e9b35 - <unknown>
[INFO] [stdout]    1:     0x564b2751e85a - <unknown>
[INFO] [stdout]    2:     0x564b275e91cb - <unknown>
[INFO] [stdout]    3:     0x564b275e8caf - <unknown>
[INFO] [stdout]    4:     0x564b275e88da - <unknown>
[INFO] [stdout]    5:     0x564b275e8412 - <unknown>
[INFO] [stdout]    6:     0x564b2760f9c1 - <unknown>
[INFO] [stdout]    7:     0x564b2760f979 - <unknown>
[INFO] [stdout]    8:     0x564b2760fe8c - <unknown>
[INFO] [stdout]    9:     0x564b2751e6eb - <unknown>
[INFO] [stdout]   10:     0x564b275231a1 - <unknown>
[INFO] [stdout]   11:     0x564b27663e64 - <unknown>
[INFO] [stdout]   12:     0x564b2769f8a0 - <unknown>
[INFO] [stdout]   13:     0x564b2769f2f2 - <unknown>
[INFO] [stdout]   14:     0x564b274e9f65 - <unknown>
[INFO] [stdout]   15:     0x564b2762ce3b - <unknown>
[INFO] [stdout]   16:     0x564b27628fb1 - <unknown>
[INFO] [stdout]   17:     0x564b2762879c - <unknown>
[INFO] [stdout]   18:     0x564b27644c4c - <unknown>
[INFO] [stdout]   19:     0x564b27611392 - <unknown>
[INFO] [stdout]   20:     0x7c4626aeadfa - <unknown>
[INFO] [stdout]   21:     0x7c4626b7e3d4 - clone
[INFO] [stdout]   22:                0x0 - <unknown>
[INFO] [stdout] 
[INFO] [stdout] ---- commands::init::tests::init_creates_all_necessary_secrets_and_files_with_correct_permissions stdout ----
[INFO] [stdout] 
[INFO] [stdout] thread 'commands::init::tests::init_creates_all_necessary_secrets_and_files_with_correct_permissions' (2027) panicked at testutil/src/tpm.rs:37:18:
[INFO] [stdout] called `Result::unwrap()` on an `Err` value: Os { code: 2, kind: NotFound, message: "No such file or directory" }
[INFO] [stdout] stack backtrace:
[INFO] [stdout]    0:     0x564b275e9b35 - <unknown>
[INFO] [stdout]    1:     0x564b2751e85a - <unknown>
[INFO] [stdout]    2:     0x564b275e91cb - <unknown>
[INFO] [stdout]    3:     0x564b275e8caf - <unknown>
[INFO] [stdout]    4:     0x564b275e88da - <unknown>
[INFO] [stdout]    5:     0x564b275e8412 - <unknown>
[INFO] [stdout]    6:     0x564b2760f9c1 - <unknown>
[INFO] [stdout]    7:     0x564b2760f979 - <unknown>
[INFO] [stdout]    8:     0x564b2760fe8c - <unknown>
[INFO] [stdout]    9:     0x564b2751e6eb - <unknown>
[INFO] [stdout]   10:     0x564b275231a1 - <unknown>
[INFO] [stdout]   11:     0x564b27663e64 - <unknown>
[INFO] [stdout]   12:     0x564b274e85f1 - <unknown>
[INFO] [stdout]   13:     0x564b2762ce3b - <unknown>
[INFO] [stdout]   14:     0x564b27628fb1 - <unknown>
[INFO] [stdout]   15:     0x564b2762879c - <unknown>
[INFO] [stdout]   16:     0x564b27644c4c - <unknown>
[INFO] [stdout]   17:     0x564b27611392 - <unknown>
[INFO] [stdout]   18:     0x7c4626aeadfa - <unknown>
[INFO] [stdout]   19:     0x7c4626b7e3d4 - clone
[INFO] [stdout]   20:                0x0 - <unknown>
[INFO] [stdout] 
[INFO] [stdout] ---- commands::gen::tests::gen_fails_on_secret_not_found stdout ----
[INFO] [stdout] 
[INFO] [stdout] thread 'commands::gen::tests::gen_fails_on_secret_not_found' (2012) panicked at testutil/src/tpm.rs:37:18:
[INFO] [stdout] called `Result::unwrap()` on an `Err` value: Os { code: 2, kind: NotFound, message: "No such file or directory" }
[INFO] [stdout] stack backtrace:
[INFO] [stdout]    0:     0x564b275e9b35 - <unknown>
[INFO] [stdout]    1:     0x564b2751e85a - <unknown>
[INFO] [stdout]    2:     0x564b275e91cb - <unknown>
[INFO] [stdout]    3:     0x564b275e8caf - <unknown>
[INFO] [stdout]    4:     0x564b275e88da - <unknown>
[INFO] [stdout]    5:     0x564b275e8412 - <unknown>
[INFO] [stdout]    6:     0x564b2760f9c1 - <unknown>
[INFO] [stdout]    7:     0x564b2760f979 - <unknown>
[INFO] [stdout]    8:     0x564b2760fe8c - <unknown>
[INFO] [stdout]    9:     0x564b2751e6eb - <unknown>
[INFO] [stdout]   10:     0x564b275231a1 - <unknown>
[INFO] [stdout]   11:     0x564b27663e64 - <unknown>
[INFO] [stdout]   12:     0x564b2769da00 - <unknown>
[INFO] [stdout]   13:     0x564b274e4903 - <unknown>
[INFO] [stdout]   14:     0x564b2762ce3b - <unknown>
[INFO] [stdout]   15:     0x564b27628fb1 - <unknown>
[INFO] [stdout]   16:     0x564b2762879c - <unknown>
[INFO] [stdout]   17:     0x564b27644c4c - <unknown>
[INFO] [stdout]   18:     0x564b27611392 - <unknown>
[INFO] [stdout]   19:     0x7c4626aeadfa - <unknown>
[INFO] [stdout]   20:     0x7c4626b7e3d4 - clone
[INFO] [stdout]   21:                0x0 - <unknown>
[INFO] [stdout] 
[INFO] [stdout] ---- commands::import::tests::import_succeeds_on_mixed_format_json stdout ----
[INFO] [stdout] 
[INFO] [stdout] thread 'commands::import::tests::import_succeeds_on_mixed_format_json' (2024) panicked at testutil/src/tpm.rs:37:18:
[INFO] [stdout] called `Result::unwrap()` on an `Err` value: Os { code: 2, kind: NotFound, message: "No such file or directory" }
[INFO] [stdout] stack backtrace:
[INFO] [stdout]    0:     0x564b275e9b35 - <unknown>
[INFO] [stdout]    1:     0x564b2751e85a - <unknown>
[INFO] [stdout]    2:     0x564b275e91cb - <unknown>
[INFO] [stdout]    3:     0x564b275e8caf - <unknown>
[INFO] [stdout]    4:     0x564b275e88da - <unknown>
[INFO] [stdout]    5:     0x564b275e8412 - <unknown>
[INFO] [stdout]    6:     0x564b2760f9c1 - <unknown>
[INFO] [stdout]    7:     0x564b2760f979 - <unknown>
[INFO] [stdout]    8:     0x564b2760fe8c - <unknown>
[INFO] [stdout]    9:     0x564b2751e6eb - <unknown>
[INFO] [stdout]   10:     0x564b275231a1 - <unknown>
[INFO] [stdout]   11:     0x564b27663e64 - <unknown>
[INFO] [stdout]   12:     0x564b2769f8a0 - <unknown>
[INFO] [stdout]   13:     0x564b276a0529 - <unknown>
[INFO] [stdout]   14:     0x564b274eaafd - <unknown>
[INFO] [stdout]   15:     0x564b2762ce3b - <unknown>
[INFO] [stdout]   16:     0x564b27628fb1 - <unknown>
[INFO] [stdout]   17:     0x564b2762879c - <unknown>
[INFO] [stdout]   18:     0x564b27644c4c - <unknown>
[INFO] [stdout]   19:     0x564b27611392 - <unknown>
[INFO] [stdout]   20:     0x7c4626aeadfa - <unknown>
[INFO] [stdout]   21:     0x7c4626b7e3d4 - clone
[INFO] [stdout]   22:                0x0 - <unknown>
[INFO] [stdout] 
[INFO] [stdout] ---- commands::import::tests::import_fails_on_missing_mandatory_field stdout ----
[INFO] [stdout] 
[INFO] [stdout] thread 'commands::import::tests::import_fails_on_missing_mandatory_field' (2016) panicked at testutil/src/tpm.rs:37:18:
[INFO] [stdout] called `Result::unwrap()` on an `Err` value: Os { code: 2, kind: NotFound, message: "No such file or directory" }
[INFO] [stdout] stack backtrace:
[INFO] [stdout]    0:     0x564b275e9b35 - <unknown>
[INFO] [stdout]    1:     0x564b2751e85a - <unknown>
[INFO] [stdout]    2:     0x564b275e91cb - <unknown>
[INFO] [stdout]    3:     0x564b275e8caf - <unknown>
[INFO] [stdout]    4:     0x564b275e88da - <unknown>
[INFO] [stdout]    5:     0x564b275e8412 - <unknown>
[INFO] [stdout]    6:     0x564b2760f9c1 - <unknown>
[INFO] [stdout]    7:     0x564b2760f979 - <unknown>
[INFO] [stdout]    8:     0x564b2760fe8c - <unknown>
[INFO] [stdout]    9:     0x564b2751e6eb - <unknown>
[INFO] [stdout]   10:     0x564b275231a1 - <unknown>
[INFO] [stdout]   11:     0x564b27663e64 - <unknown>
[INFO] [stdout]   12:     0x564b2769f8a0 - <unknown>
[INFO] [stdout]   13:     0x564b2769f2f2 - <unknown>
[INFO] [stdout]   14:     0x564b274eb6e5 - <unknown>
[INFO] [stdout]   15:     0x564b2762ce3b - <unknown>
[INFO] [stdout]   16:     0x564b27628fb1 - <unknown>
[INFO] [stdout]   17:     0x564b2762879c - <unknown>
[INFO] [stdout]   18:     0x564b27644c4c - <unknown>
[INFO] [stdout]   19:     0x564b27611392 - <unknown>
[INFO] [stdout]   20:     0x7c4626aeadfa - <unknown>
[INFO] [stdout]   21:     0x7c4626b7e3d4 - clone
[INFO] [stdout]   22:                0x0 - <unknown>
[INFO] [stdout] 
[INFO] [stdout] ---- commands::import::tests::import_succeeds_on_minimal_single_secret_json stdout ----
[INFO] [stdout] 
[INFO] [stdout] thread 'commands::import::tests::import_succeeds_on_minimal_single_secret_json' (2021) panicked at testutil/src/tpm.rs:37:18:
[INFO] [stdout] called `Result::unwrap()` on an `Err` value: Os { code: 2, kind: NotFound, message: "No such file or directory" }
[INFO] [stdout] stack backtrace:
[INFO] [stdout]    0:     0x564b275e9b35 - <unknown>
[INFO] [stdout]    1:     0x564b2751e85a - <unknown>
[INFO] [stdout]    2:     0x564b275e91cb - <unknown>
[INFO] [stdout]    3:     0x564b275e8caf - <unknown>
[INFO] [stdout]    4:     0x564b275e88da - <unknown>
[INFO] [stdout]    5:     0x564b275e8412 - <unknown>
[INFO] [stdout]    6:     0x564b2760f9c1 - <unknown>
[INFO] [stdout]    7:     0x564b2760f979 - <unknown>
[INFO] [stdout]    8:     0x564b2760fe8c - <unknown>
[INFO] [stdout]    9:     0x564b2751e6eb - <unknown>
[INFO] [stdout]   10:     0x564b275231a1 - <unknown>
[INFO] [stdout]   11:     0x564b27663e64 - <unknown>
[INFO] [stdout]   12:     0x564b2769f8a0 - <unknown>
[INFO] [stdout]   13:     0x564b276a0529 - <unknown>
[INFO] [stdout]   14:     0x564b274eb728 - <unknown>
[INFO] [stdout]   15:     0x564b2762ce3b - <unknown>
[INFO] [stdout]   16:     0x564b27628fb1 - <unknown>
[INFO] [stdout]   17:     0x564b2762879c - <unknown>
[INFO] [stdout]   18:     0x564b27644c4c - <unknown>
[INFO] [stdout]   19:     0x564b27611392 - <unknown>
[INFO] [stdout]   20:     0x7c4626aeadfa - <unknown>
[INFO] [stdout]   21:     0x7c4626b7e3d4 - clone
[INFO] [stdout]   22:                0x0 - <unknown>
[INFO] [stdout] 
[INFO] [stdout] ---- totp_store::tests::can_generate_codes_from_added_secret stdout ----
[INFO] [stdout] 
[INFO] [stdout] thread 'totp_store::tests::can_generate_codes_from_added_secret' (2063) panicked at testutil/src/tpm.rs:37:18:
[INFO] [stdout] called `Result::unwrap()` on an `Err` value: Os { code: 2, kind: NotFound, message: "No such file or directory" }
[INFO] [stdout] stack backtrace:
[INFO] [stdout]    0:     0x564b275e9b35 - <unknown>
[INFO] [stdout]    1:     0x564b2751e85a - <unknown>
[INFO] [stdout]    2:     0x564b275e91cb - <unknown>
[INFO] [stdout]    3:     0x564b275e8caf - <unknown>
[INFO] [stdout]    4:     0x564b275e88da - <unknown>
[INFO] [stdout]    5:     0x564b275e8412 - <unknown>
[INFO] [stdout]    6:     0x564b2760f9c1 - <unknown>
[INFO] [stdout]    7:     0x564b2760f979 - <unknown>
[INFO] [stdout]    8:     0x564b2760fe8c - <unknown>
[INFO] [stdout]    9:     0x564b2751e6eb - <unknown>
[INFO] [stdout]   10:     0x564b275231a1 - <unknown>
[INFO] [stdout]   11:     0x564b27663e64 - <unknown>
[INFO] [stdout]   12:     0x564b2767f631 - <unknown>
[INFO] [stdout]   13:     0x564b274ca7d9 - <unknown>
[INFO] [stdout]   14:     0x564b2762ce3b - <unknown>
[INFO] [stdout]   15:     0x564b27628fb1 - <unknown>
[INFO] [stdout]   16:     0x564b2762879c - <unknown>
[INFO] [stdout]   17:     0x564b27644c4c - <unknown>
[INFO] [stdout]   18:     0x564b27611392 - <unknown>
[INFO] [stdout]   19:     0x7c4626aeadfa - <unknown>
[INFO] [stdout]   20:     0x7c4626b7e3d4 - clone
[INFO] [stdout]   21:                0x0 - <unknown>
[INFO] [stdout] 
[INFO] [stdout] ---- totp_store::tests::del_on_nonexistent_id_errors stdout ----
[INFO] [stdout] 
[INFO] [stdout] thread 'totp_store::tests::del_on_nonexistent_id_errors' (2065) panicked at testutil/src/tpm.rs:37:18:
[INFO] [stdout] called `Result::unwrap()` on an `Err` value: Os { code: 2, kind: NotFound, message: "No such file or directory" }
[INFO] [stdout] stack backtrace:
[INFO] [stdout]    0:     0x564b275e9b35 - <unknown>
[INFO] [stdout]    1:     0x564b2751e85a - <unknown>
[INFO] [stdout]    2:     0x564b275e91cb - <unknown>
[INFO] [stdout]    3:     0x564b275e8caf - <unknown>
[INFO] [stdout]    4:     0x564b275e88da - <unknown>
[INFO] [stdout]    5:     0x564b275e8412 - <unknown>
[INFO] [stdout]    6:     0x564b2760f9c1 - <unknown>
[INFO] [stdout]    7:     0x564b2760f979 - <unknown>
[INFO] [stdout]    8:     0x564b2760fe8c - <unknown>
[INFO] [stdout]    9:     0x564b2751e6eb - <unknown>
[INFO] [stdout]   10:     0x564b275231a1 - <unknown>
[INFO] [stdout]   11:     0x564b27663e64 - <unknown>
[INFO] [stdout]   12:     0x564b2767f631 - <unknown>
[INFO] [stdout]   13:     0x564b274c6d71 - <unknown>
[INFO] [stdout]   14:     0x564b2762ce3b - <unknown>
[INFO] [stdout]   15:     0x564b27628fb1 - <unknown>
[INFO] [stdout]   16:     0x564b2762879c - <unknown>
[INFO] [stdout]   17:     0x564b27644c4c - <unknown>
[INFO] [stdout]   18:     0x564b27611392 - <unknown>
[INFO] [stdout]   19:     0x7c4626aeadfa - <unknown>
[INFO] [stdout]   20:     0x7c4626b7e3d4 - clone
[INFO] [stdout]   21:                0x0 - <unknown>
[INFO] [stdout] 
[INFO] [stdout] ---- totp_store::tests::del_deletes_secrets stdout ----
[INFO] [stdout] 
[INFO] [stdout] thread 'totp_store::tests::del_deletes_secrets' (2064) panicked at testutil/src/tpm.rs:37:18:
[INFO] [stdout] called `Result::unwrap()` on an `Err` value: Os { code: 2, kind: NotFound, message: "No such file or directory" }
[INFO] [stdout] stack backtrace:
[INFO] [stdout]    0:     0x564b275e9b35 - <unknown>
[INFO] [stdout]    1:     0x564b2751e85a - <unknown>
[INFO] [stdout]    2:     0x564b275e91cb - <unknown>
[INFO] [stdout]    3:     0x564b275e8caf - <unknown>
[INFO] [stdout]    4:     0x564b275e88da - <unknown>
[INFO] [stdout]    5:     0x564b275e8412 - <unknown>
[INFO] [stdout]    6:     0x564b2760f9c1 - <unknown>
[INFO] [stdout]    7:     0x564b2760f979 - <unknown>
[INFO] [stdout]    8:     0x564b2760fe8c - <unknown>
[INFO] [stdout]    9:     0x564b2751e6eb - <unknown>
[INFO] [stdout]   10:     0x564b275231a1 - <unknown>
[INFO] [stdout]   11:     0x564b27663e64 - <unknown>
[INFO] [stdout]   12:     0x564b2767f631 - <unknown>
[INFO] [stdout]   13:     0x564b274c60b9 - <unknown>
[INFO] [stdout]   14:     0x564b2762ce3b - <unknown>
[INFO] [stdout]   15:     0x564b27628fb1 - <unknown>
[INFO] [stdout]   16:     0x564b2762879c - <unknown>
[INFO] [stdout]   17:     0x564b27644c4c - <unknown>
[INFO] [stdout]   18:     0x564b27611392 - <unknown>
[INFO] [stdout]   19:     0x7c4626aeadfa - <unknown>
[INFO] [stdout]   20:     0x7c4626b7e3d4 - clone
[INFO] [stdout]   21:                0x0 - <unknown>
[INFO] [stdout] 
[INFO] [stdout] ---- totp_store::tests::gen_on_nonexistent_id_errors stdout ----
[INFO] [stdout] 
[INFO] [stdout] thread 'totp_store::tests::gen_on_nonexistent_id_errors' (2069) panicked at testutil/src/tpm.rs:37:18:
[INFO] [stdout] called `Result::unwrap()` on an `Err` value: Os { code: 2, kind: NotFound, message: "No such file or directory" }
[INFO] [stdout] stack backtrace:
[INFO] [stdout]    0:     0x564b275e9b35 - <unknown>
[INFO] [stdout]    1:     0x564b2751e85a - <unknown>
[INFO] [stdout]    2:     0x564b275e91cb - <unknown>
[INFO] [stdout]    3:     0x564b275e8caf - <unknown>
[INFO] [stdout]    4:     0x564b275e88da - <unknown>
[INFO] [stdout]    5:     0x564b275e8412 - <unknown>
[INFO] [stdout]    6:     0x564b2760f9c1 - <unknown>
[INFO] [stdout]    7:     0x564b2760f979 - <unknown>
[INFO] [stdout]    8:     0x564b2760fe8c - <unknown>
[INFO] [stdout]    9:     0x564b2751e6eb - <unknown>
[INFO] [stdout]   10:     0x564b275231a1 - <unknown>
[INFO] [stdout]   11:     0x564b27663e64 - <unknown>
[INFO] [stdout]   12:     0x564b2767f631 - <unknown>
[INFO] [stdout]   13:     0x564b274c7761 - <unknown>
[INFO] [stdout]   14:     0x564b2762ce3b - <unknown>
[INFO] [stdout]   15:     0x564b27628fb1 - <unknown>
[INFO] [stdout]   16:     0x564b2762879c - <unknown>
[INFO] [stdout]   17:     0x564b27644c4c - <unknown>
[INFO] [stdout]   18:     0x564b27611392 - <unknown>
[INFO] [stdout]   19:     0x7c4626aeadfa - <unknown>
[INFO] [stdout]   20:     0x7c4626b7e3d4 - clone
[INFO] [stdout]   21:                0x0 - <unknown>
[INFO] [stderr] error: test failed, to rerun pass `--lib`
[INFO] [stdout] 
[INFO] [stdout] ---- totp_store::tests::init_fails_if_already_initialized stdout ----
[INFO] [stdout] 
[INFO] [stdout] thread 'totp_store::tests::init_fails_if_already_initialized' (2070) panicked at testutil/src/tpm.rs:37:18:
[INFO] [stdout] called `Result::unwrap()` on an `Err` value: Os { code: 2, kind: NotFound, message: "No such file or directory" }
[INFO] [stdout] stack backtrace:
[INFO] [stdout]    0:     0x564b275e9b35 - <unknown>
[INFO] [stdout]    1:     0x564b2751e85a - <unknown>
[INFO] [stdout]    2:     0x564b275e91cb - <unknown>
[INFO] [stdout]    3:     0x564b275e8caf - <unknown>
[INFO] [stdout]    4:     0x564b275e88da - <unknown>
[INFO] [stdout]    5:     0x564b275e8412 - <unknown>
[INFO] [stdout]    6:     0x564b2760f9c1 - <unknown>
[INFO] [stdout]    7:     0x564b2760f979 - <unknown>
[INFO] [stdout]    8:     0x564b2760fe8c - <unknown>
[INFO] [stdout]    9:     0x564b2751e6eb - <unknown>
[INFO] [stdout]   10:     0x564b275231a1 - <unknown>
[INFO] [stdout]   11:     0x564b27663e64 - <unknown>
[INFO] [stdout]   12:     0x564b2767f631 - <unknown>
[INFO] [stdout]   13:     0x564b274c8821 - <unknown>
[INFO] [stdout]   14:     0x564b2762ce3b - <unknown>
[INFO] [stdout]   15:     0x564b27628fb1 - <unknown>
[INFO] [stdout]   16:     0x564b2762879c - <unknown>
[INFO] [stdout]   17:     0x564b27644c4c - <unknown>
[INFO] [stdout]   18:     0x564b27611392 - <unknown>
[INFO] [stdout]   19:     0x7c4626aeadfa - <unknown>
[INFO] [stdout]   20:     0x7c4626b7e3d4 - clone
[INFO] [stdout]   21:                0x0 - <unknown>
[INFO] [stdout] 
[INFO] [stdout] ---- totp_store::tests::list_after_add_lists_added_secrets stdout ----
[INFO] [stdout] 
[INFO] [stdout] thread 'totp_store::tests::list_after_add_lists_added_secrets' (2072) panicked at testutil/src/tpm.rs:37:18:
[INFO] [stdout] called `Result::unwrap()` on an `Err` value: Os { code: 2, kind: NotFound, message: "No such file or directory" }
[INFO] [stdout] stack backtrace:
[INFO] [stdout]    0:     0x564b275e9b35 - <unknown>
[INFO] [stdout]    1:     0x564b2751e85a - <unknown>
[INFO] [stdout]    2:     0x564b275e91cb - <unknown>
[INFO] [stdout]    3:     0x564b275e8caf - <unknown>
[INFO] [stdout]    4:     0x564b275e88da - <unknown>
[INFO] [stdout]    5:     0x564b275e8412 - <unknown>
[INFO] [stdout]    6:     0x564b2760f9c1 - <unknown>
[INFO] [stdout]    7:     0x564b2760f979 - <unknown>
[INFO] [stdout]    8:     0x564b2760fe8c - <unknown>
[INFO] [stdout]    9:     0x564b2751e6eb - <unknown>
[INFO] [stdout]   10:     0x564b275231a1 - <unknown>
[INFO] [stdout]   11:     0x564b27663e64 - <unknown>
[INFO] [stdout]   12:     0x564b2767f631 - <unknown>
[INFO] [stdout]   13:     0x564b274c8c99 - <unknown>
[INFO] [stdout]   14:     0x564b2762ce3b - <unknown>
[INFO] [stdout]   15:     0x564b27628fb1 - <unknown>
[INFO] [stdout]   16:     0x564b2762879c - <unknown>
[INFO] [stdout]   17:     0x564b27644c4c - <unknown>
[INFO] [stdout]   18:     0x564b27611392 - <unknown>
[INFO] [stdout]   19:     0x7c4626aeadfa - <unknown>
[INFO] [stdout]   20:     0x7c4626b7e3d4 - clone
[INFO] [stdout]   21:                0x0 - <unknown>
[INFO] [stdout] 
[INFO] [stdout] ---- totp_store::tests::list_on_empty_store_returns_empty_list stdout ----
[INFO] [stdout] 
[INFO] [stdout] thread 'totp_store::tests::list_on_empty_store_returns_empty_list' (2075) panicked at testutil/src/tpm.rs:37:18:
[INFO] [stdout] called `Result::unwrap()` on an `Err` value: Os { code: 2, kind: NotFound, message: "No such file or directory" }
[INFO] [stdout] stack backtrace:
[INFO] [stdout]    0:     0x564b275e9b35 - <unknown>
[INFO] [stdout]    1:     0x564b2751e85a - <unknown>
[INFO] [stdout]    2:     0x564b275e91cb - <unknown>
[INFO] [stdout]    3:     0x564b275e8caf - <unknown>
[INFO] [stdout]    4:     0x564b275e88da - <unknown>
[INFO] [stdout]    5:     0x564b275e8412 - <unknown>
[INFO] [stdout]    6:     0x564b2760f9c1 - <unknown>
[INFO] [stdout]    7:     0x564b2760f979 - <unknown>
[INFO] [stdout]    8:     0x564b2760fe8c - <unknown>
[INFO] [stdout]    9:     0x564b2751e6eb - <unknown>
[INFO] [stdout]   10:     0x564b275231a1 - <unknown>
[INFO] [stdout]   11:     0x564b27663e64 - <unknown>
[INFO] [stdout]   12:     0x564b2767f631 - <unknown>
[INFO] [stdout]   13:     0x564b274cb119 - <unknown>
[INFO] [stdout]   14:     0x564b2762ce3b - <unknown>
[INFO] [stdout]   15:     0x564b27628fb1 - <unknown>
[INFO] [stdout]   16:     0x564b2762879c - <unknown>
[INFO] [stdout]   17:     0x564b27644c4c - <unknown>
[INFO] [stdout]   18:     0x564b27611392 - <unknown>
[INFO] [stdout]   19:     0x7c4626aeadfa - <unknown>
[INFO] [stdout]   20:     0x7c4626b7e3d4 - clone
[INFO] [stdout]   21:                0x0 - <unknown>
[INFO] [stdout] 
[INFO] [stdout] ---- totp_store::tests::list_properly_filters_secrets stdout ----
[INFO] [stdout] 
[INFO] [stdout] thread 'totp_store::tests::list_properly_filters_secrets' (2076) panicked at testutil/src/tpm.rs:37:18:
[INFO] [stdout] called `Result::unwrap()` on an `Err` value: Os { code: 2, kind: NotFound, message: "No such file or directory" }
[INFO] [stdout] stack backtrace:
[INFO] [stdout]    0:     0x564b275e9b35 - <unknown>
[INFO] [stdout]    1:     0x564b2751e85a - <unknown>
[INFO] [stdout]    2:     0x564b275e91cb - <unknown>
[INFO] [stdout]    3:     0x564b275e8caf - <unknown>
[INFO] [stdout]    4:     0x564b275e88da - <unknown>
[INFO] [stdout]    5:     0x564b275e8412 - <unknown>
[INFO] [stdout]    6:     0x564b2760f9c1 - <unknown>
[INFO] [stdout]    7:     0x564b2760f979 - <unknown>
[INFO] [stdout]    8:     0x564b2760fe8c - <unknown>
[INFO] [stdout]    9:     0x564b2751e6eb - <unknown>
[INFO] [stdout]   10:     0x564b275231a1 - <unknown>
[INFO] [stdout]   11:     0x564b27663e64 - <unknown>
[INFO] [stdout]   12:     0x564b2767f631 - <unknown>
[INFO] [stdout]   13:     0x564b2767febe - <unknown>
[INFO] [stdout]   14:     0x564b274c87e9 - <unknown>
[INFO] [stdout]   15:     0x564b2762ce3b - <unknown>
[INFO] [stdout]   16:     0x564b27628fb1 - <unknown>
[INFO] [stdout]   17:     0x564b2762879c - <unknown>
[INFO] [stdout]   18:     0x564b27644c4c - <unknown>
[INFO] [stdout]   19:     0x564b27611392 - <unknown>
[INFO] [stdout]   20:     0x7c4626aeadfa - <unknown>
[INFO] [stdout]   21:     0x7c4626b7e3d4 - clone
[INFO] [stdout]   22:                0x0 - <unknown>
[INFO] [stdout] 
[INFO] [stdout] ---- totp_store::tests::local_clear_removes_all_secrets_but_not_auth_file stdout ----
[INFO] [stdout] 
[INFO] [stdout] thread 'totp_store::tests::local_clear_removes_all_secrets_but_not_auth_file' (2077) panicked at testutil/src/tpm.rs:37:18:
[INFO] [stdout] called `Result::unwrap()` on an `Err` value: Os { code: 2, kind: NotFound, message: "No such file or directory" }
[INFO] [stdout] stack backtrace:
[INFO] [stdout]    0:     0x564b275e9b35 - <unknown>
[INFO] [stdout]    1:     0x564b2751e85a - <unknown>
[INFO] [stdout]    2:     0x564b275e91cb - <unknown>
[INFO] [stdout]    3:     0x564b275e8caf - <unknown>
[INFO] [stdout]    4:     0x564b275e88da - <unknown>
[INFO] [stdout]    5:     0x564b275e8412 - <unknown>
[INFO] [stdout]    6:     0x564b2760f9c1 - <unknown>
[INFO] [stdout]    7:     0x564b2760f979 - <unknown>
[INFO] [stdout]    8:     0x564b2760fe8c - <unknown>
[INFO] [stdout]    9:     0x564b2751e6eb - <unknown>
[INFO] [stdout]   10:     0x564b275231a1 - <unknown>
[INFO] [stdout]   11:     0x564b27663e64 - <unknown>
[INFO] [stdout]   12:     0x564b2767f631 - <unknown>
[INFO] [stdout]   13:     0x564b274cdc66 - <unknown>
[INFO] [stdout]   14:     0x564b2762ce3b - <unknown>
[INFO] [stdout]   15:     0x564b27628fb1 - <unknown>
[INFO] [stdout]   16:     0x564b2762879c - <unknown>
[INFO] [stdout]   17:     0x564b27644c4c - <unknown>
[INFO] [stdout]   18:     0x564b27611392 - <unknown>
[INFO] [stdout]   19:     0x7c4626aeadfa - <unknown>
[INFO] [stdout]   20:     0x7c4626b7e3d4 - clone
[INFO] [stdout]   21:                0x0 - <unknown>
[INFO] [stdout] 
[INFO] [stdout] ---- totp_store::tests::primary_key_is_gone_from_tpm_after_system_clear stdout ----
[INFO] [stdout] 
[INFO] [stdout] thread 'totp_store::tests::primary_key_is_gone_from_tpm_after_system_clear' (2082) panicked at testutil/src/tpm.rs:37:18:
[INFO] [stdout] called `Result::unwrap()` on an `Err` value: Os { code: 2, kind: NotFound, message: "No such file or directory" }
[INFO] [stdout] stack backtrace:
[INFO] [stdout]    0:     0x564b275e9b35 - <unknown>
[INFO] [stdout]    1:     0x564b2751e85a - <unknown>
[INFO] [stdout]    2:     0x564b275e91cb - <unknown>
[INFO] [stdout]    3:     0x564b275e8caf - <unknown>
[INFO] [stdout]    4:     0x564b275e88da - <unknown>
[INFO] [stdout]    5:     0x564b275e8412 - <unknown>
[INFO] [stdout]    6:     0x564b2760f9c1 - <unknown>
[INFO] [stdout]    7:     0x564b2760f979 - <unknown>
[INFO] [stdout]    8:     0x564b2760fe8c - <unknown>
[INFO] [stdout]    9:     0x564b2751e6eb - <unknown>
[INFO] [stdout]   10:     0x564b275231a1 - <unknown>
[INFO] [stdout]   11:     0x564b27663e64 - <unknown>
[INFO] [stdout]   12:     0x564b2767f631 - <unknown>
[INFO] [stdout]   13:     0x564b274ccd09 - <unknown>
[INFO] [stdout]   14:     0x564b2762ce3b - <unknown>
[INFO] [stdout]   15:     0x564b27628fb1 - <unknown>
[INFO] [stdout]   16:     0x564b2762879c - <unknown>
[INFO] [stdout]   17:     0x564b27644c4c - <unknown>
[INFO] [stdout]   18:     0x564b27611392 - <unknown>
[INFO] [stdout]   19:     0x7c4626aeadfa - <unknown>
[INFO] [stdout]   20:     0x7c4626b7e3d4 - clone
[INFO] [stdout]   21:                0x0 - <unknown>
[INFO] [stdout] 
[INFO] [stdout] ---- totp_store::tests::new_primary_key_can_not_be_used_to_access_old_secrets stdout ----
[INFO] [stdout] 
[INFO] [stdout] thread 'totp_store::tests::new_primary_key_can_not_be_used_to_access_old_secrets' (2081) panicked at testutil/src/tpm.rs:37:18:
[INFO] [stdout] called `Result::unwrap()` on an `Err` value: Os { code: 2, kind: NotFound, message: "No such file or directory" }
[INFO] [stdout] stack backtrace:
[INFO] [stdout]    0:     0x564b275e9b35 - <unknown>
[INFO] [stdout]    1:     0x564b2751e85a - <unknown>
[INFO] [stdout]    2:     0x564b275e91cb - <unknown>
[INFO] [stdout]    3:     0x564b275e8caf - <unknown>
[INFO] [stdout]    4:     0x564b275e88da - <unknown>
[INFO] [stdout]    5:     0x564b275e8412 - <unknown>
[INFO] [stdout]    6:     0x564b2760f9c1 - <unknown>
[INFO] [stdout]    7:     0x564b2760f979 - <unknown>
[INFO] [stdout]    8:     0x564b2760fe8c - <unknown>
[INFO] [stdout]    9:     0x564b2751e6eb - <unknown>
[INFO] [stdout]   10:     0x564b275231a1 - <unknown>
[INFO] [stdout]   11:     0x564b27663e64 - <unknown>
[INFO] [stdout]   12:     0x564b2767f631 - <unknown>
[INFO] [stdout]   13:     0x564b274cf096 - <unknown>
[INFO] [stdout]   14:     0x564b2762ce3b - <unknown>
[INFO] [stdout]   15:     0x564b27628fb1 - <unknown>
[INFO] [stdout]   16:     0x564b2762879c - <unknown>
[INFO] [stdout]   17:     0x564b27644c4c - <unknown>
[INFO] [stdout]   18:     0x564b27611392 - <unknown>
[INFO] [stdout]   19:     0x7c4626aeadfa - <unknown>
[INFO] [stdout]   20:     0x7c4626b7e3d4 - clone
[INFO] [stdout]   21:                0x0 - <unknown>
[INFO] [stdout] 
[INFO] [stdout] ---- totp_store::tests::with_tpm_errors_after_system_clear stdout ----
[INFO] [stdout] 
[INFO] [stdout] thread 'totp_store::tests::with_tpm_errors_after_system_clear' (2085) panicked at testutil/src/tpm.rs:37:18:
[INFO] [stdout] called `Result::unwrap()` on an `Err` value: Os { code: 2, kind: NotFound, message: "No such file or directory" }
[INFO] [stdout] stack backtrace:
[INFO] [stdout]    0:     0x564b275e9b35 - <unknown>
[INFO] [stdout]    1:     0x564b2751e85a - <unknown>
[INFO] [stdout]    2:     0x564b275e91cb - <unknown>
[INFO] [stdout]    3:     0x564b275e8caf - <unknown>
[INFO] [stdout]    4:     0x564b275e88da - <unknown>
[INFO] [stdout]    5:     0x564b275e8412 - <unknown>
[INFO] [stdout]    6:     0x564b2760f9c1 - <unknown>
[INFO] [stdout]    7:     0x564b2760f979 - <unknown>
[INFO] [stdout]    8:     0x564b2760fe8c - <unknown>
[INFO] [stdout]    9:     0x564b2751e6eb - <unknown>
[INFO] [stdout]   10:     0x564b275231a1 - <unknown>
[INFO] [stdout]   11:     0x564b27663e64 - <unknown>
[INFO] [stdout]   12:     0x564b2767f631 - <unknown>
[INFO] [stdout]   13:     0x564b274c9961 - <unknown>
[INFO] [stdout]   14:     0x564b2762ce3b - <unknown>
[INFO] [stdout]   15:     0x564b27628fb1 - <unknown>
[INFO] [stdout]   16:     0x564b2762879c - <unknown>
[INFO] [stdout]   17:     0x564b27644c4c - <unknown>
[INFO] [stdout]   18:     0x564b27611392 - <unknown>
[INFO] [stdout]   19:     0x7c4626aeadfa - <unknown>
[INFO] [stdout]   20:     0x7c4626b7e3d4 - clone
[INFO] [stdout]   21:                0x0 - <unknown>
[INFO] [stdout] 
[INFO] [stdout] ---- totp_store::tests::with_tpm_fails_if_presence_verification_fails stdout ----
[INFO] [stdout] 
[INFO] [stdout] thread 'totp_store::tests::with_tpm_fails_if_presence_verification_fails' (2087) panicked at testutil/src/tpm.rs:37:18:
[INFO] [stdout] called `Result::unwrap()` on an `Err` value: Os { code: 2, kind: NotFound, message: "No such file or directory" }
[INFO] [stdout] stack backtrace:
[INFO] [stdout]    0:     0x564b275e9b35 - <unknown>
[INFO] [stdout]    1:     0x564b2751e85a - <unknown>
[INFO] [stdout]    2:     0x564b275e91cb - <unknown>
[INFO] [stdout]    3:     0x564b275e8caf - <unknown>
[INFO] [stdout]    4:     0x564b275e88da - <unknown>
[INFO] [stdout]    5:     0x564b275e8412 - <unknown>
[INFO] [stdout]    6:     0x564b2760f9c1 - <unknown>
[INFO] [stdout]    7:     0x564b2760f979 - <unknown>
[INFO] [stdout]    8:     0x564b2760fe8c - <unknown>
[INFO] [stdout]    9:     0x564b2751e6eb - <unknown>
[INFO] [stdout]   10:     0x564b275231a1 - <unknown>
[INFO] [stdout]   11:     0x564b27663e64 - <unknown>
[INFO] [stdout]   12:     0x564b2767f631 - <unknown>
[INFO] [stdout]   13:     0x564b274cb8a1 - <unknown>
[INFO] [stdout]   14:     0x564b2762ce3b - <unknown>
[INFO] [stdout]   15:     0x564b27628fb1 - <unknown>
[INFO] [stdout]   16:     0x564b2762879c - <unknown>
[INFO] [stdout]   17:     0x564b27644c4c - <unknown>
[INFO] [stdout]   18:     0x564b27611392 - <unknown>
[INFO] [stdout]   19:     0x7c4626aeadfa - <unknown>
[INFO] [stdout]   20:     0x7c4626b7e3d4 - clone
[INFO] [stdout]   21:                0x0 - <unknown>
[INFO] [stdout] 
[INFO] [stdout] ---- totp_store::tests::with_tpm_fails_if_presence_verification_errors stdout ----
[INFO] [stdout] 
[INFO] [stdout] thread 'totp_store::tests::with_tpm_fails_if_presence_verification_errors' (2086) panicked at testutil/src/tpm.rs:37:18:
[INFO] [stdout] called `Result::unwrap()` on an `Err` value: Os { code: 2, kind: NotFound, message: "No such file or directory" }
[INFO] [stdout] stack backtrace:
[INFO] [stdout]    0:     0x564b275e9b35 - <unknown>
[INFO] [stdout]    1:     0x564b2751e85a - <unknown>
[INFO] [stdout]    2:     0x564b275e91cb - <unknown>
[INFO] [stdout]    3:     0x564b275e8caf - <unknown>
[INFO] [stdout]    4:     0x564b275e88da - <unknown>
[INFO] [stdout]    5:     0x564b275e8412 - <unknown>
[INFO] [stdout]    6:     0x564b2760f9c1 - <unknown>
[INFO] [stdout]    7:     0x564b2760f979 - <unknown>
[INFO] [stdout]    8:     0x564b2760fe8c - <unknown>
[INFO] [stdout]    9:     0x564b2751e6eb - <unknown>
[INFO] [stdout]   10:     0x564b275231a1 - <unknown>
[INFO] [stdout]   11:     0x564b27663e64 - <unknown>
[INFO] [stdout]   12:     0x564b2767f631 - <unknown>
[INFO] [stdout]   13:     0x564b274cbff1 - <unknown>
[INFO] [stdout]   14:     0x564b2762ce3b - <unknown>
[INFO] [stdout]   15:     0x564b27628fb1 - <unknown>
[INFO] [stdout]   16:     0x564b2762879c - <unknown>
[INFO] [stdout]   17:     0x564b27644c4c - <unknown>
[INFO] [stdout]   18:     0x564b27611392 - <unknown>
[INFO] [stdout]   19:     0x7c4626aeadfa - <unknown>
[INFO] [stdout]   20:     0x7c4626b7e3d4 - clone
[INFO] [stdout]   21:                0x0 - <unknown>
[INFO] [stdout] 
[INFO] [stdout] ---- totp_store::tests::with_tpm_fails_if_system_files_are_not_present stdout ----
[INFO] [stdout] 
[INFO] [stdout] thread 'totp_store::tests::with_tpm_fails_if_system_files_are_not_present' (2091) panicked at testutil/src/tpm.rs:37:18:
[INFO] [stdout] called `Result::unwrap()` on an `Err` value: Os { code: 2, kind: NotFound, message: "No such file or directory" }
[INFO] [stdout] stack backtrace:
[INFO] [stdout]    0:     0x564b275e9b35 - <unknown>
[INFO] [stdout]    1:     0x564b2751e85a - <unknown>
[INFO] [stdout]    2:     0x564b275e91cb - <unknown>
[INFO] [stdout]    3:     0x564b275e8caf - <unknown>
[INFO] [stdout]    4:     0x564b275e88da - <unknown>
[INFO] [stdout]    5:     0x564b275e8412 - <unknown>
[INFO] [stdout]    6:     0x564b2760f9c1 - <unknown>
[INFO] [stdout]    7:     0x564b2760f979 - <unknown>
[INFO] [stdout]    8:     0x564b2760fe8c - <unknown>
[INFO] [stdout]    9:     0x564b2751e6eb - <unknown>
[INFO] [stdout]   10:     0x564b275231a1 - <unknown>
[INFO] [stdout]   11:     0x564b27663e64 - <unknown>
[INFO] [stdout]   12:     0x564b2767f631 - <unknown>
[INFO] [stdout]   13:     0x564b274cc6f9 - <unknown>
[INFO] [stdout]   14:     0x564b2762ce3b - <unknown>
[INFO] [stdout]   15:     0x564b27628fb1 - <unknown>
[INFO] [stdout]   16:     0x564b2762879c - <unknown>
[INFO] [stdout]   17:     0x564b27644c4c - <unknown>
[INFO] [stdout]   18:     0x564b27611392 - <unknown>
[INFO] [stdout]   19:     0x7c4626aeadfa - <unknown>
[INFO] [stdout]   20:     0x7c4626b7e3d4 - clone
[INFO] [stdout]   21:                0x0 - <unknown>
[INFO] [stdout] 
[INFO] [stdout] ---- tpm::tests::can_create_hmac_keys_with_primary_key stdout ----
[INFO] [stdout] 
[INFO] [stdout] thread 'tpm::tests::can_create_hmac_keys_with_primary_key' (2094) panicked at testutil/src/tpm.rs:37:18:
[INFO] [stdout] called `Result::unwrap()` on an `Err` value: Os { code: 2, kind: NotFound, message: "No such file or directory" }
[INFO] [stdout] stack backtrace:
[INFO] [stdout]    0:     0x564b275e9b35 - <unknown>
[INFO] [stdout]    1:     0x564b2751e85a - <unknown>
[INFO] [stdout]    2:     0x564b275e91cb - <unknown>
[INFO] [stdout]    3:     0x564b275e8caf - <unknown>
[INFO] [stdout]    4:     0x564b275e88da - <unknown>
[INFO] [stdout]    5:     0x564b275e8412 - <unknown>
[INFO] [stdout]    6:     0x564b2760f9c1 - <unknown>
[INFO] [stdout]    7:     0x564b2760f979 - <unknown>
[INFO] [stdout]    8:     0x564b2760fe8c - <unknown>
[INFO] [stdout]    9:     0x564b2751e6eb - <unknown>
[INFO] [stdout]   10:     0x564b275231a1 - <unknown>
[INFO] [stdout]   11:     0x564b27663e64 - <unknown>
[INFO] [stdout]   12:     0x564b274e0a3b - <unknown>
[INFO] [stdout]   13:     0x564b2762ce3b - <unknown>
[INFO] [stdout]   14:     0x564b27628fb1 - <unknown>
[INFO] [stdout]   15:     0x564b2762879c - <unknown>
[INFO] [stdout]   16:     0x564b27644c4c - <unknown>
[INFO] [stdout]   17:     0x564b27611392 - <unknown>
[INFO] [stdout]   18:     0x7c4626aeadfa - <unknown>
[INFO] [stdout]   19:     0x7c4626b7e3d4 - clone
[INFO] [stdout]   20:                0x0 - <unknown>
[INFO] [stdout] 
[INFO] [stdout] ---- totp_store::tests::with_tpm_succeeds_after_init stdout ----
[INFO] [stdout] 
[INFO] [stdout] thread 'totp_store::tests::with_tpm_succeeds_after_init' (2092) panicked at testutil/src/tpm.rs:37:18:
[INFO] [stdout] called `Result::unwrap()` on an `Err` value: Os { code: 2, kind: NotFound, message: "No such file or directory" }
[INFO] [stdout] stack backtrace:
[INFO] [stdout]    0:     0x564b275e9b35 - <unknown>
[INFO] [stdout]    1:     0x564b2751e85a - <unknown>
[INFO] [stdout]    2:     0x564b275e91cb - <unknown>
[INFO] [stdout]    3:     0x564b275e8caf - <unknown>
[INFO] [stdout]    4:     0x564b275e88da - <unknown>
[INFO] [stdout]    5:     0x564b275e8412 - <unknown>
[INFO] [stdout]    6:     0x564b2760f9c1 - <unknown>
[INFO] [stdout]    7:     0x564b2760f979 - <unknown>
[INFO] [stdout]    8:     0x564b2760fe8c - <unknown>
[INFO] [stdout]    9:     0x564b2751e6eb - <unknown>
[INFO] [stdout]   10:     0x564b275231a1 - <unknown>
[INFO] [stdout]   11:     0x564b27663e64 - <unknown>
[INFO] [stdout]   12:     0x564b2767f631 - <unknown>
[INFO] [stdout]   13:     0x564b274c8179 - <unknown>
[INFO] [stdout]   14:     0x564b2762ce3b - <unknown>
[INFO] [stdout]   15:     0x564b27628fb1 - <unknown>
[INFO] [stdout]   16:     0x564b2762879c - <unknown>
[INFO] [stdout]   17:     0x564b27644c4c - <unknown>
[INFO] [stdout]   18:     0x564b27611392 - <unknown>
[INFO] [stdout]   19:     0x7c4626aeadfa - <unknown>
[INFO] [stdout]   20:     0x7c4626b7e3d4 - clone
[INFO] [stdout]   21:                0x0 - <unknown>
[INFO] [stdout] 
[INFO] [stdout] ---- tpm::tests::can_create_multiple_primary_keys stdout ----
[INFO] [stdout] 
[INFO] [stdout] thread 'tpm::tests::can_create_multiple_primary_keys' (2097) panicked at testutil/src/tpm.rs:37:18:
[INFO] [stdout] called `Result::unwrap()` on an `Err` value: Os { code: 2, kind: NotFound, message: "No such file or directory" }
[INFO] [stdout] stack backtrace:
[INFO] [stdout]    0:     0x564b275e9b35 - <unknown>
[INFO] [stdout]    1:     0x564b2751e85a - <unknown>
[INFO] [stdout]    2:     0x564b275e91cb - <unknown>
[INFO] [stdout]    3:     0x564b275e8caf - <unknown>
[INFO] [stdout]    4:     0x564b275e88da - <unknown>
[INFO] [stdout]    5:     0x564b275e8412 - <unknown>
[INFO] [stdout]    6:     0x564b2760f9c1 - <unknown>
[INFO] [stdout]    7:     0x564b2760f979 - <unknown>
[INFO] [stdout]    8:     0x564b2760fe8c - <unknown>
[INFO] [stdout]    9:     0x564b2751e6eb - <unknown>
[INFO] [stdout]   10:     0x564b275231a1 - <unknown>
[INFO] [stdout]   11:     0x564b27663e64 - <unknown>
[INFO] [stdout]   12:     0x564b274e049a - <unknown>
[INFO] [stdout]   13:     0x564b2762ce3b - <unknown>
[INFO] [stdout]   14:     0x564b27628fb1 - <unknown>
[INFO] [stdout]   15:     0x564b2762879c - <unknown>
[INFO] [stdout]   16:     0x564b27644c4c - <unknown>
[INFO] [stdout]   17:     0x564b27611392 - <unknown>
[INFO] [stdout]   18:     0x7c4626aeadfa - <unknown>
[INFO] [stdout]   19:     0x7c4626b7e3d4 - clone
[INFO] [stdout]   20:                0x0 - <unknown>
[INFO] [stdout] 
[INFO] [stdout] ---- tpm::tests::can_delete_primary_key stdout ----
[INFO] [stdout] 
[INFO] [stdout] thread 'tpm::tests::can_delete_primary_key' (2098) panicked at testutil/src/tpm.rs:37:18:
[INFO] [stdout] called `Result::unwrap()` on an `Err` value: Os { code: 2, kind: NotFound, message: "No such file or directory" }
[INFO] [stdout] stack backtrace:
[INFO] [stdout]    0:     0x564b275e9b35 - <unknown>
[INFO] [stdout]    1:     0x564b2751e85a - <unknown>
[INFO] [stdout]    2:     0x564b275e91cb - <unknown>
[INFO] [stdout]    3:     0x564b275e8caf - <unknown>
[INFO] [stdout]    4:     0x564b275e88da - <unknown>
[INFO] [stdout]    5:     0x564b275e8412 - <unknown>
[INFO] [stdout]    6:     0x564b2760f9c1 - <unknown>
[INFO] [stdout]    7:     0x564b2760f979 - <unknown>
[INFO] [stdout]    8:     0x564b2760fe8c - <unknown>
[INFO] [stdout]    9:     0x564b2751e6eb - <unknown>
[INFO] [stdout]   10:     0x564b275231a1 - <unknown>
[INFO] [stdout]   11:     0x564b27663e64 - <unknown>
[INFO] [stdout]   12:     0x564b274df12d - <unknown>
[INFO] [stdout]   13:     0x564b2762ce3b - <unknown>
[INFO] [stdout]   14:     0x564b27628fb1 - <unknown>
[INFO] [stdout]   15:     0x564b2762879c - <unknown>
[INFO] [stdout]   16:     0x564b27644c4c - <unknown>
[INFO] [stdout]   17:     0x564b27611392 - <unknown>
[INFO] [stdout]   18:     0x7c4626aeadfa - <unknown>
[INFO] [stdout]   19:     0x7c4626b7e3d4 - clone
[INFO] [stdout]   20:                0x0 - <unknown>
[INFO] [stdout] 
[INFO] [stdout] ---- tpm::tests::cant_create_tpm_without_presence_verification stdout ----
[INFO] [stdout] 
[INFO] [stdout] thread 'tpm::tests::cant_create_tpm_without_presence_verification' (2101) panicked at testutil/src/tpm.rs:37:18:
[INFO] [stdout] called `Result::unwrap()` on an `Err` value: Os { code: 2, kind: NotFound, message: "No such file or directory" }
[INFO] [stdout] stack backtrace:
[INFO] [stdout]    0:     0x564b275e9b35 - <unknown>
[INFO] [stdout]    1:     0x564b2751e85a - <unknown>
[INFO] [stdout]    2:     0x564b275e91cb - <unknown>
[INFO] [stdout]    3:     0x564b275e8caf - <unknown>
[INFO] [stdout]    4:     0x564b275e88da - <unknown>
[INFO] [stdout]    5:     0x564b275e8412 - <unknown>
[INFO] [stdout]    6:     0x564b2760f9c1 - <unknown>
[INFO] [stdout]    7:     0x564b2760f979 - <unknown>
[INFO] [stdout]    8:     0x564b2760fe8c - <unknown>
[INFO] [stdout]    9:     0x564b2751e6eb - <unknown>
[INFO] [stdout]   10:     0x564b275231a1 - <unknown>
[INFO] [stdout]   11:     0x564b27663e64 - <unknown>
[INFO] [stdout]   12:     0x564b274e1935 - <unknown>
[INFO] [stdout]   13:     0x564b2762ce3b - <unknown>
[INFO] [stdout]   14:     0x564b27628fb1 - <unknown>
[INFO] [stdout]   15:     0x564b2762879c - <unknown>
[INFO] [stdout]   16:     0x564b27644c4c - <unknown>
[INFO] [stdout]   17:     0x564b27611392 - <unknown>
[INFO] [stdout]   18:     0x7c4626aeadfa - <unknown>
[INFO] [stdout]   19:     0x7c4626b7e3d4 - clone
[INFO] [stdout]   20:                0x0 - <unknown>
[INFO] [stdout] 
[INFO] [stdout] ---- tpm::tests::creating_tpm_errors_if_presence_verification_errors stdout ----
[INFO] [stdout] 
[INFO] [stdout] thread 'tpm::tests::creating_tpm_errors_if_presence_verification_errors' (2103) panicked at testutil/src/tpm.rs:37:18:
[INFO] [stdout] called `Result::unwrap()` on an `Err` value: Os { code: 2, kind: NotFound, message: "No such file or directory" }
[INFO] [stdout] stack backtrace:
[INFO] [stdout]    0:     0x564b275e9b35 - <unknown>
[INFO] [stdout]    1:     0x564b2751e85a - <unknown>
[INFO] [stdout]    2:     0x564b275e91cb - <unknown>
[INFO] [stdout]    3:     0x564b275e8caf - <unknown>
[INFO] [stdout]    4:     0x564b275e88da - <unknown>
[INFO] [stdout]    5:     0x564b275e8412 - <unknown>
[INFO] [stdout]    6:     0x564b2760f9c1 - <unknown>
[INFO] [stdout]    7:     0x564b2760f979 - <unknown>
[INFO] [stdout]    8:     0x564b2760fe8c - <unknown>
[INFO] [stdout]    9:     0x564b2751e6eb - <unknown>
[INFO] [stdout]   10:     0x564b275231a1 - <unknown>
[INFO] [stdout]   11:     0x564b27663e64 - <unknown>
[INFO] [stdout]   12:     0x564b274e1a8b - <unknown>
[INFO] [stdout]   13:     0x564b2762ce3b - <unknown>
[INFO] [stdout]   14:     0x564b27628fb1 - <unknown>
[INFO] [stdout]   15:     0x564b2762879c - <unknown>
[INFO] [stdout]   16:     0x564b27644c4c - <unknown>
[INFO] [stdout]   17:     0x564b27611392 - <unknown>
[INFO] [stdout]   18:     0x7c4626aeadfa - <unknown>
[INFO] [stdout]   19:     0x7c4626b7e3d4 - clone
[INFO] [stdout]   20:                0x0 - <unknown>
[INFO] [stdout] 
[INFO] [stdout] ---- tpm::tests::deleting_primary_key_does_not_affect_other_primary_keys stdout ----
[INFO] [stdout] 
[INFO] [stdout] thread 'tpm::tests::deleting_primary_key_does_not_affect_other_primary_keys' (2104) panicked at testutil/src/tpm.rs:37:18:
[INFO] [stdout] called `Result::unwrap()` on an `Err` value: Os { code: 2, kind: NotFound, message: "No such file or directory" }
[INFO] [stdout] stack backtrace:
[INFO] [stdout]    0:     0x564b275e9b35 - <unknown>
[INFO] [stdout]    1:     0x564b2751e85a - <unknown>
[INFO] [stdout]    2:     0x564b275e91cb - <unknown>
[INFO] [stdout]    3:     0x564b275e8caf - <unknown>
[INFO] [stdout]    4:     0x564b275e88da - <unknown>
[INFO] [stdout]    5:     0x564b275e8412 - <unknown>
[INFO] [stdout]    6:     0x564b2760f9c1 - <unknown>
[INFO] [stdout]    7:     0x564b2760f979 - <unknown>
[INFO] [stdout]    8:     0x564b2760fe8c - <unknown>
[INFO] [stdout]    9:     0x564b2751e6eb - <unknown>
[INFO] [stdout]   10:     0x564b275231a1 - <unknown>
[INFO] [stdout]   11:     0x564b27663e64 - <unknown>
[INFO] [stdout]   12:     0x564b274e1c6f - <unknown>
[INFO] [stdout]   13:     0x564b2762ce3b - <unknown>
[INFO] [stdout]   14:     0x564b27628fb1 - <unknown>
[INFO] [stdout]   15:     0x564b2762879c - <unknown>
[INFO] [stdout]   16:     0x564b27644c4c - <unknown>
[INFO] [stdout]   17:     0x564b27611392 - <unknown>
[INFO] [stdout]   18:     0x7c4626aeadfa - <unknown>
[INFO] [stdout]   19:     0x7c4626b7e3d4 - clone
[INFO] [stdout]   20:                0x0 - <unknown>
[INFO] [stdout] 
[INFO] [stdout] ---- tpm::tests::hmac_key_can_compute_hmac stdout ----
[INFO] [stdout] 
[INFO] [stdout] thread 'tpm::tests::hmac_key_can_compute_hmac' (2107) panicked at testutil/src/tpm.rs:37:18:
[INFO] [stdout] called `Result::unwrap()` on an `Err` value: Os { code: 2, kind: NotFound, message: "No such file or directory" }
[INFO] [stdout] stack backtrace:
[INFO] [stdout]    0:     0x564b275e9b35 - <unknown>
[INFO] [stdout]    1:     0x564b2751e85a - <unknown>
[INFO] [stdout]    2:     0x564b275e91cb - <unknown>
[INFO] [stdout]    3:     0x564b275e8caf - <unknown>
[INFO] [stdout]    4:     0x564b275e88da - <unknown>
[INFO] [stdout]    5:     0x564b275e8412 - <unknown>
[INFO] [stdout]    6:     0x564b2760f9c1 - <unknown>
[INFO] [stdout]    7:     0x564b2760f979 - <unknown>
[INFO] [stdout]    8:     0x564b2760fe8c - <unknown>
[INFO] [stdout]    9:     0x564b2751e6eb - <unknown>
[INFO] [stdout]   10:     0x564b275231a1 - <unknown>
[INFO] [stdout]   11:     0x564b27663e64 - <unknown>
[INFO] [stdout]   12:     0x564b274df6df - <unknown>
[INFO] [stdout]   13:     0x564b2762ce3b - <unknown>
[INFO] [stdout]   14:     0x564b27628fb1 - <unknown>
[INFO] [stdout]   15:     0x564b2762879c - <unknown>
[INFO] [stdout]   16:     0x564b27644c4c - <unknown>
[INFO] [stdout]   17:     0x564b27611392 - <unknown>
[INFO] [stdout]   18:     0x7c4626aeadfa - <unknown>
[INFO] [stdout]   19:     0x7c4626b7e3d4 - clone
[INFO] [stdout]   20:                0x0 - <unknown>
[INFO] [stdout] 
[INFO] [stdout] ---- tpm::tests::primary_key_with_wrong_auth_value_is_useless stdout ----
[INFO] [stdout] 
[INFO] [stdout] thread 'tpm::tests::primary_key_with_wrong_auth_value_is_useless' (2110) panicked at testutil/src/tpm.rs:37:18:
[INFO] [stdout] called `Result::unwrap()` on an `Err` value: Os { code: 2, kind: NotFound, message: "No such file or directory" }
[INFO] [stdout] stack backtrace:
[INFO] [stdout]    0:     0x564b275e9b35 - <unknown>
[INFO] [stdout]    1:     0x564b2751e85a - <unknown>
[INFO] [stdout]    2:     0x564b275e91cb - <unknown>
[INFO] [stdout]    3:     0x564b275e8caf - <unknown>
[INFO] [stdout]    4:     0x564b275e88da - <unknown>
[INFO] [stdout]    5:     0x564b275e8412 - <unknown>
[INFO] [stdout]    6:     0x564b2760f9c1 - <unknown>
[INFO] [stdout]    7:     0x564b2760f979 - <unknown>
[INFO] [stdout]    8:     0x564b2760fe8c - <unknown>
[INFO] [stdout]    9:     0x564b2751e6eb - <unknown>
[INFO] [stdout]   10:     0x564b275231a1 - <unknown>
[INFO] [stdout]   11:     0x564b27663e64 - <unknown>
[INFO] [stdout]   12:     0x564b274e127f - <unknown>
[INFO] [stdout]   13:     0x564b2762ce3b - <unknown>
[INFO] [stdout]   14:     0x564b27628fb1 - <unknown>
[INFO] [stdout]   15:     0x564b2762879c - <unknown>
[INFO] [stdout]   16:     0x564b27644c4c - <unknown>
[INFO] [stdout]   17:     0x564b27611392 - <unknown>
[INFO] [stdout]   18:     0x7c4626aeadfa - <unknown>
[INFO] [stdout]   19:     0x7c4626b7e3d4 - clone
[INFO] [stdout]   20:                0x0 - <unknown>
[INFO] [stdout] 
[INFO] [stdout] ---- tpm::tests::persistent_handle_can_be_loaded stdout ----
[INFO] [stdout] 
[INFO] [stdout] thread 'tpm::tests::persistent_handle_can_be_loaded' (2109) panicked at testutil/src/tpm.rs:37:18:
[INFO] [stdout] called `Result::unwrap()` on an `Err` value: Os { code: 2, kind: NotFound, message: "No such file or directory" }
[INFO] [stdout] stack backtrace:
[INFO] [stdout]    0:     0x564b275e9b35 - <unknown>
[INFO] [stdout]    1:     0x564b2751e85a - <unknown>
[INFO] [stdout]    2:     0x564b275e91cb - <unknown>
[INFO] [stdout]    3:     0x564b275e8caf - <unknown>
[INFO] [stdout]    4:     0x564b275e88da - <unknown>
[INFO] [stdout]    5:     0x564b275e8412 - <unknown>
[INFO] [stdout]    6:     0x564b2760f9c1 - <unknown>
[INFO] [stdout]    7:     0x564b2760f979 - <unknown>
[INFO] [stdout]    8:     0x564b2760fe8c - <unknown>
[INFO] [stdout]    9:     0x564b2751e6eb - <unknown>
[INFO] [stdout]   10:     0x564b275231a1 - <unknown>
[INFO] [stdout]   11:     0x564b27663e64 - <unknown>
[INFO] [stdout]   12:     0x564b274dffb8 - <unknown>
[INFO] [stdout]   13:     0x564b2762ce3b - <unknown>
[INFO] [stdout]   14:     0x564b27628fb1 - <unknown>
[INFO] [stdout]   15:     0x564b2762879c - <unknown>
[INFO] [stdout]   16:     0x564b27644c4c - <unknown>
[INFO] [stdout]   17:     0x564b27611392 - <unknown>
[INFO] [stdout]   18:     0x7c4626aeadfa - <unknown>
[INFO] [stdout]   19:     0x7c4626b7e3d4 - clone
[INFO] [stdout]   20:                0x0 - <unknown>
[INFO] [stdout] 
[INFO] [stdout] 
[INFO] [stdout] failures:
[INFO] [stdout]     commands::gen::tests::gen_fails_on_secret_not_found
[INFO] [stdout]     commands::gen::tests::gen_succeeds_on_unambiguous_secret
[INFO] [stdout]     commands::import::tests::import_fails_on_json_array
[INFO] [stdout]     commands::import::tests::import_fails_on_malformed_json
[INFO] [stdout]     commands::import::tests::import_fails_on_missing_mandatory_field
[INFO] [stdout]     commands::import::tests::import_fails_on_mixed_valid_and_invalid_entries
[INFO] [stdout]     commands::import::tests::import_succeeds_on_empty_json
[INFO] [stdout]     commands::import::tests::import_succeeds_on_minimal_single_secret_json
[INFO] [stdout]     commands::import::tests::import_succeeds_on_mixed_format_json
[INFO] [stdout]     commands::import::tests::import_succeeds_on_well_formed_json
[INFO] [stdout]     commands::init::tests::init_creates_all_necessary_secrets_and_files_with_correct_permissions
[INFO] [stdout]     commands::init::tests::local_init_does_not_install_exe_but_creates_files_with_correct_permissions
[INFO] [stdout]     commands::init::tests::not_being_able_to_install_exe_is_fine_if_install_feature_is_disabled
[INFO] [stdout]     totp_store::tests::can_generate_codes_from_added_secret
[INFO] [stdout]     totp_store::tests::del_deletes_secrets
[INFO] [stdout]     totp_store::tests::del_on_nonexistent_id_errors
[INFO] [stdout]     totp_store::tests::gen_on_nonexistent_id_errors
[INFO] [stdout]     totp_store::tests::init_fails_if_already_initialized
[INFO] [stdout]     totp_store::tests::list_after_add_lists_added_secrets
[INFO] [stdout]     totp_store::tests::list_on_empty_store_returns_empty_list
[INFO] [stdout]     totp_store::tests::list_properly_filters_secrets
[INFO] [stdout]     totp_store::tests::local_clear_removes_all_secrets_but_not_auth_file
[INFO] [stdout]     totp_store::tests::new_primary_key_can_not_be_used_to_access_old_secrets
[INFO] [stdout]     totp_store::tests::primary_key_is_gone_from_tpm_after_system_clear
[INFO] [stdout]     totp_store::tests::with_tpm_errors_after_system_clear
[INFO] [stdout]     totp_store::tests::with_tpm_fails_if_presence_verification_errors
[INFO] [stdout]     totp_store::tests::with_tpm_fails_if_presence_verification_fails
[INFO] [stdout]     totp_store::tests::with_tpm_fails_if_system_files_are_not_present
[INFO] [stdout]     totp_store::tests::with_tpm_succeeds_after_init
[INFO] [stdout]     tpm::tests::can_create_hmac_keys_with_primary_key
[INFO] [stdout]     tpm::tests::can_create_multiple_primary_keys
[INFO] [stdout]     tpm::tests::can_delete_primary_key
[INFO] [stdout]     tpm::tests::cant_create_tpm_without_presence_verification
[INFO] [stdout]     tpm::tests::creating_tpm_errors_if_presence_verification_errors
[INFO] [stdout]     tpm::tests::deleting_primary_key_does_not_affect_other_primary_keys
[INFO] [stdout]     tpm::tests::hmac_key_can_compute_hmac
[INFO] [stdout]     tpm::tests::persistent_handle_can_be_loaded
[INFO] [stdout]     tpm::tests::primary_key_with_wrong_auth_value_is_useless
[INFO] [stdout] 
[INFO] [stdout] test result: FAILED. 31 passed; 38 failed; 1 ignored; 0 measured; 0 filtered out; finished in 0.03s
[INFO] [stdout] 
[INFO] running `Command { std: "docker" "inspect" "9f684ed228b95d7f0b66b02a6bef1e7998741ae298c08edb86c2518ab6e7933a", kill_on_drop: false }`
[INFO] running `Command { std: "docker" "rm" "-f" "9f684ed228b95d7f0b66b02a6bef1e7998741ae298c08edb86c2518ab6e7933a", kill_on_drop: false }`
[INFO] [stdout] 9f684ed228b95d7f0b66b02a6bef1e7998741ae298c08edb86c2518ab6e7933a
