[INFO] cloning repository https://github.com/kmlaborat/ScopeFolio
[INFO] running `Command { std: "git" "-c" "credential.helper=" "-c" "credential.helper=/workspace/cargo-home/bin/git-credential-null" "clone" "--bare" "https://github.com/kmlaborat/ScopeFolio" "/workspace/cache/git-repos/https%3A%2F%2Fgithub.com%2Fkmlaborat%2FScopeFolio", kill_on_drop: false }`
[INFO] [stderr] Cloning into bare repository '/workspace/cache/git-repos/https%3A%2F%2Fgithub.com%2Fkmlaborat%2FScopeFolio'...
[INFO] running `Command { std: "git" "rev-parse" "HEAD", kill_on_drop: false }`
[INFO] [stdout] cec51f2b700d9bafbe2f22821d23da8510e83896
[INFO] testing kmlaborat/ScopeFolio against 1.100.0-beta.1+cargoflags=--release for beta-release-1.100-3
[INFO] running `Command { std: "git" "clone" "/workspace/cache/git-repos/https%3A%2F%2Fgithub.com%2Fkmlaborat%2FScopeFolio" "/workspace/builds/worker-1-tc2/source", kill_on_drop: false }`
[INFO] [stderr] Cloning into '/workspace/builds/worker-1-tc2/source'...
[INFO] [stderr] done.
[INFO] started tweaking git repo https://github.com/kmlaborat/ScopeFolio
[INFO] finished tweaking git repo https://github.com/kmlaborat/ScopeFolio
[INFO] tweaked toml for git repo https://github.com/kmlaborat/ScopeFolio written to /workspace/builds/worker-1-tc2/source/Cargo.toml
[INFO] validating manifest of git repo https://github.com/kmlaborat/ScopeFolio on toolchain 1.100.0-beta.1
[INFO] running `Command { std: CARGO_HOME="/workspace/cargo-home" RUSTUP_HOME="/workspace/rustup-home" "/workspace/cargo-home/bin/cargo" "+1.100.0-beta.1" "metadata" "--manifest-path" "Cargo.toml" "--no-deps", kill_on_drop: false }`
[INFO] crate git repo https://github.com/kmlaborat/ScopeFolio already has a lockfile, it will not be regenerated
[INFO] running `Command { std: CARGO_HOME="/workspace/cargo-home" RUSTUP_HOME="/workspace/rustup-home" "/workspace/cargo-home/bin/cargo" "+1.100.0-beta.1" "fetch" "--manifest-path" "Cargo.toml", kill_on_drop: false }`
[INFO] running `Command { std: "docker" "create" "-v" "/var/lib/crater-agent-workspace/builds/worker-1-tc2/source:/opt/rustwide/workdir:ro,Z" "-v" "/var/lib/crater-agent-workspace/builds/worker-1-tc2/target:/opt/rustwide/target:rw,Z" "-v" "/var/lib/crater-agent-workspace/cargo-home:/opt/rustwide/cargo-home:ro,Z" "-v" "/var/lib/crater-agent-workspace/rustup-home:/opt/rustwide/rustup-home:ro,Z" "-m" "1610612736" "--network" "none" "ghcr.io/rust-lang/crates-build-env/linux@sha256:77db811e55d90add9212f6832c23229e3de5f1c1f9905e8cb07319ea15df73ac" "sleep" "infinity", kill_on_drop: false }`
[INFO] [stdout] 5646ba8b022eb266c76238558df46f300f2b71b77c64c705c3ea7687a855d79f
[INFO] running `Command { std: "docker" "start" "5646ba8b022eb266c76238558df46f300f2b71b77c64c705c3ea7687a855d79f", kill_on_drop: false }`
[INFO] running `Command { std: "docker" "inspect" "5646ba8b022eb266c76238558df46f300f2b71b77c64c705c3ea7687a855d79f", kill_on_drop: false }`
[INFO] running `Command { std: "docker" "exec" "-e" "SOURCE_DIR=/opt/rustwide/workdir" "-e" "CARGO_HOME=/opt/rustwide/cargo-home" "-e" "RUSTUP_HOME=/opt/rustwide/rustup-home" "-e" "CARGO_TARGET_DIR=/opt/rustwide/target" "-w" "/opt/rustwide/workdir" "--user" "0:0" "5646ba8b022eb266c76238558df46f300f2b71b77c64c705c3ea7687a855d79f" "/opt/rustwide/cargo-home/bin/cargo" "+1.100.0-beta.1" "metadata" "--no-deps" "--format-version=1", kill_on_drop: false }`
[INFO] running `Command { std: "docker" "inspect" "5646ba8b022eb266c76238558df46f300f2b71b77c64c705c3ea7687a855d79f", kill_on_drop: false }`
[INFO] running `Command { std: "docker" "exec" "-e" "SOURCE_DIR=/opt/rustwide/workdir" "-e" "CARGO_HOME=/opt/rustwide/cargo-home" "-e" "RUSTUP_HOME=/opt/rustwide/rustup-home" "-e" "CARGO_TARGET_DIR=/opt/rustwide/target" "-e" "CARGO_INCREMENTAL=0" "-e" "RUST_BACKTRACE=full" "-e" "RUSTFLAGS=--cap-lints=warn" "-e" "RUSTDOCFLAGS=--cap-lints=warn" "-w" "/opt/rustwide/workdir" "--user" "0:0" "5646ba8b022eb266c76238558df46f300f2b71b77c64c705c3ea7687a855d79f" "/opt/rustwide/cargo-home/bin/cargo" "+1.100.0-beta.1" "build" "--frozen" "--message-format=json" "--release", kill_on_drop: false }`
[INFO] [stderr]    Compiling unicode-ident v1.0.24
[INFO] [stderr]    Compiling utf8parse v0.2.2
[INFO] [stderr]    Compiling colorchoice v1.0.5
[INFO] [stderr]    Compiling is_terminal_polyfill v1.70.2
[INFO] [stderr]    Compiling anstyle v1.0.14
[INFO] [stderr]    Compiling anstyle-query v1.1.5
[INFO] [stderr]    Compiling clap_lex v1.1.0
[INFO] [stderr]    Compiling strsim v0.11.1
[INFO] [stderr]    Compiling anstyle-parse v1.0.0
[INFO] [stderr]    Compiling proc-macro2 v1.0.107
[INFO] [stderr]    Compiling anstream v1.0.0
[INFO] [stderr]    Compiling clap_builder v4.6.6
[INFO] [stderr]    Compiling quote v1.0.47
[INFO] [stderr]    Compiling syn v3.0.3
[INFO] [stderr]    Compiling clap_derive v4.6.4
[INFO] [stderr]    Compiling clap v4.6.6
[INFO] [stderr]    Compiling scopefolio v0.2.1 (/opt/rustwide/workdir)
[INFO] [stderr]     Finished `release` profile [optimized] target(s) in 25.87s
[INFO] running `Command { std: "docker" "inspect" "5646ba8b022eb266c76238558df46f300f2b71b77c64c705c3ea7687a855d79f", kill_on_drop: false }`
[INFO] running `Command { std: "docker" "exec" "-e" "SOURCE_DIR=/opt/rustwide/workdir" "-e" "CARGO_HOME=/opt/rustwide/cargo-home" "-e" "RUSTUP_HOME=/opt/rustwide/rustup-home" "-e" "CARGO_TARGET_DIR=/opt/rustwide/target" "-e" "CARGO_INCREMENTAL=0" "-e" "RUST_BACKTRACE=full" "-e" "RUSTFLAGS=--cap-lints=warn" "-e" "RUSTDOCFLAGS=--cap-lints=warn" "-w" "/opt/rustwide/workdir" "--user" "0:0" "5646ba8b022eb266c76238558df46f300f2b71b77c64c705c3ea7687a855d79f" "/opt/rustwide/cargo-home/bin/cargo" "+1.100.0-beta.1" "test" "--frozen" "--no-run" "--message-format=json" "--release", kill_on_drop: false }`
[INFO] [stderr]    Compiling libc v0.2.189
[INFO] [stderr]    Compiling rustix v1.1.4
[INFO] [stderr]    Compiling bitflags v2.13.1
[INFO] [stderr]    Compiling cfg-if v1.0.4
[INFO] [stderr]    Compiling getrandom v0.4.3
[INFO] [stderr]    Compiling tempfile v3.27.0
[INFO] [stderr]    Compiling scopefolio v0.2.1 (/opt/rustwide/workdir)
[INFO] [stderr]     Finished `release` profile [optimized] target(s) in 11.31s
[INFO] running `Command { std: "docker" "inspect" "5646ba8b022eb266c76238558df46f300f2b71b77c64c705c3ea7687a855d79f", kill_on_drop: false }`
[INFO] running `Command { std: "docker" "exec" "-e" "SOURCE_DIR=/opt/rustwide/workdir" "-e" "CARGO_HOME=/opt/rustwide/cargo-home" "-e" "RUSTUP_HOME=/opt/rustwide/rustup-home" "-e" "CARGO_TARGET_DIR=/opt/rustwide/target" "-e" "CARGO_INCREMENTAL=0" "-e" "RUST_BACKTRACE=full" "-e" "RUSTFLAGS=--cap-lints=warn" "-e" "RUSTDOCFLAGS=--cap-lints=warn" "-w" "/opt/rustwide/workdir" "--user" "0:0" "5646ba8b022eb266c76238558df46f300f2b71b77c64c705c3ea7687a855d79f" "/opt/rustwide/cargo-home/bin/cargo" "+1.100.0-beta.1" "test" "--frozen" "--release", kill_on_drop: false }`
[INFO] [stderr]     Finished `release` profile [optimized] target(s) in 0.11s
[INFO] [stderr]      Running unittests src/lib.rs (/opt/rustwide/target/release/build/scopefolio/c54c84fbbf85ab44/out/scopefolio-c54c84fbbf85ab44)
[INFO] [stdout] 
[INFO] [stdout] running 38 tests
[INFO] [stdout] test partition::tests::canonical_n1200_t400_three_equal_leaves ... ok
[INFO] [stdout] test partition::tests::canonical_n453_t200_unequal_split ... ok
[INFO] [stdout] test lines::tests::simple_lf_lines ... ok
[INFO] [stdout] test lines::tests::crlf_bytes_are_preserved_in_range ... ok
[INFO] [stdout] test lines::tests::final_line_without_terminator_is_counted ... ok
[INFO] [stdout] test lines::tests::only_newline_is_one_empty_line ... ok
[INFO] [stdout] test lines::tests::empty_file_has_zero_lines ... ok
[INFO] [stdout] test partition::tests::canonical_n1000_t400_three_leaves ... ok
[INFO] [stdout] test partition::tests::canonical_n800_t400_two_equal_leaves ... ok
[INFO] [stdout] test partition::tests::canonical_n453_t400_single_leaf ... ok
[INFO] [stdout] test partition::tests::tree_is_deterministic ... ok
[INFO] [stdout] test partition::tests::root_covers_whole_file ... ok
[INFO] [stdout] test partition::tests::tree_property_10k_line_file ... ok
[INFO] [stdout] test partition::tests::leaf_count_tie_comparison_overflow_safe ... ok
[INFO] [stdout] test tests::crlf_preserved ... ok
[INFO] [stdout] test tests::content_preservation_matches_source_lines ... ok
[INFO] [stdout] test tests::custom_partition_lines ... ok
[INFO] [stdout] test partition::tests::canonical_n600_t400_two_equal_leaves ... ok
[INFO] [stdout] test partition::tests::canonical_n599_t400_single_leaf ... ok
[INFO] [stdout] test tests::file_not_found ... ok
[INFO] [stdout] test tests::invalid_line_above_range ... ok
[INFO] [stdout] test tests::final_line_without_terminator_preserved ... ok
[INFO] [stdout] test tests::invalid_line_below_range ... ok
[INFO] [stdout] test tests::invalid_offset_ratio ... ok
[INFO] [stdout] test tests::invalid_partition_lines ... ok
[INFO] [stdout] test tests::read_basic ... ok
[INFO] [stdout] test tests::empty_file_is_invalid_line ... ok
[INFO] [stdout] test tests::offset_expands_both_sides ... ok
[INFO] [stdout] test tests::error_display_codes ... ok
[INFO] [stdout] test tests::determinism_same_input_same_output ... ok
[INFO] [stdout] test tests::read_first_leaf ... ok
[INFO] [stdout] test tests::read_last_line_clamps_upper_boundary ... ok
[INFO] [stdout] test tests::default_t_400_single_leaf ... ok
[INFO] [stdout] test tests::small_file_single_leaf ... ok
[INFO] [stdout] test tests::read_first_line_clamps_lower_boundary ... ok
[INFO] [stdout] test tests::target_line_is_always_in_range ... ok
[INFO] [stdout] test partition::tests::invariant_grid_200k ... ok
[INFO] [stdout] test partition::tests::tree_lookup_equals_arithmetic_every_line ... ok
[INFO] [stdout] 
[INFO] [stdout] test result: ok. 38 passed; 0 failed; 0 ignored; 0 measured; 0 filtered out; finished in 1.08s
[INFO] [stdout] 
[INFO] [stderr]      Running unittests src/main.rs (/opt/rustwide/target/release/build/scopefolio/7beca7c60bcd5282/out/scopefolio-7beca7c60bcd5282)
[INFO] [stdout] 
[INFO] [stdout] running 0 tests
[INFO] [stdout] 
[INFO] [stdout] test result: ok. 0 passed; 0 failed; 0 ignored; 0 measured; 0 filtered out; finished in 0.00s
[INFO] [stdout] 
[INFO] [stderr]      Running tests/geometry.rs (/opt/rustwide/target/release/build/scopefolio/6b8cad89ae08542f/out/geometry-6b8cad89ae08542f)
[INFO] [stdout] 
[INFO] [stdout] running 6 tests
[INFO] [stdout] test boundary_lines_resolve_to_adjacent_leaves ... ok
[INFO] [stdout] test geometry_determinism ... ok
[INFO] [stdout] test canonical_leaf_table ... ok
[INFO] [stdout] test n453_single_leaf_invariant_across_offsets ... ok
[INFO] [stdout] test offset_floor_tie_break ... ok
[INFO] [stderr]      Running tests/integration.rs (/opt/rustwide/target/release/build/scopefolio/fbf3e7825e22dcae/out/integration-fbf3e7825e22dcae)
[INFO] [stdout] test line_sweep_n1200 ... ok
[INFO] [stdout] 
[INFO] [stdout] test result: ok. 6 passed; 0 failed; 0 ignored; 0 measured; 0 filtered out; finished in 0.05s
[INFO] [stdout] 
[INFO] [stdout] 
[INFO] [stdout] running 27 tests
[INFO] [stdout] test canonical_n1000_three_leaves ... FAILED
[INFO] [stdout] test canonical_n453_single_leaf ... FAILED
[INFO] [stdout] test canonical_n800_two_equal_leaves ... FAILED
[INFO] [stdout] test empty_file_is_invalid_line ... FAILED
[INFO] [stdout] test canonical_n600_tie_two_equal_leaves ... FAILED
[INFO] [stdout] test custom_partition_lines ... FAILED
[INFO] [stdout] test invalid_line_above_range ... FAILED
[INFO] [stdout] test first_line ... FAILED
[INFO] [stdout] test crlf_content_is_preserved_not_normalized ... FAILED
[INFO] [stdout] test invalid_utf8_is_deterministic_error ... FAILED
[INFO] [stdout] test invalid_line_below_range ... FAILED
[INFO] [stdout] test last_line ... FAILED
[INFO] [stdout] test large_offset_clamps_to_whole_file ... FAILED
[INFO] [stdout] test canonical_n1200_three_equal_leaves ... FAILED
[INFO] [stdout] test line_immediately_before_and_after_boundary ... FAILED
[INFO] [stdout] test content_preserves_whitespace_and_line_numbers ... FAILED
[INFO] [stdout] test offset_at_file_beginning_clamps ... FAILED
[INFO] [stdout] test large_file ... FAILED
[INFO] [stdout] test offset_at_file_end_clamps ... FAILED
[INFO] [stdout] test file_not_found_is_deterministic_error ... FAILED
[INFO] [stdout] test no_silent_substitution_on_error ... FAILED
[INFO] [stdout] test odd_line_count_small_file_single_leaf ... FAILED
[INFO] [stdout] test middle_of_partition ... FAILED
[INFO] [stdout] test repeated_reads_are_identical ... FAILED
[INFO] [stdout] test small_file_returns_whole_file ... FAILED
[INFO] [stdout] test positive_offset_expands ... FAILED
[INFO] [stdout] test zero_offset_is_default ... FAILED
[INFO] [stdout] 
[INFO] [stdout] failures:
[INFO] [stdout] 
[INFO] [stdout] ---- canonical_n1000_three_leaves stdout ----
[INFO] [stdout] 
[INFO] [stdout] thread 'canonical_n1000_three_leaves' (608) panicked at tests/integration.rs:29:10:
[INFO] [stdout] failed to execute scopefolio: Os { code: 2, kind: NotFound, message: "No such file or directory" }
[INFO] [stdout] stack backtrace:
[INFO] [stdout]    0:     0x5c1fdf30a5e1 - <<std[617be2ca0a6fd877]::sys::backtrace::BacktraceLock>::print::DisplayBacktrace as core[a373ad73a504971]::fmt::Display>::fmt
[INFO] [stdout]    1:     0x5c1fdf31e83a - core[a373ad73a504971]::fmt::write
[INFO] [stdout]    2:     0x5c1fdf30ea5c - <alloc[2e1b2a31b91974c5]::vec::Vec<u8> as core[a373ad73a504971]::io::write::Write>::write_fmt
[INFO] [stdout]    3:     0x5c1fdf2e5436 - std[617be2ca0a6fd877]::panicking::default_hook::{closure#0}
[INFO] [stdout]    4:     0x5c1fdf302379 - std[617be2ca0a6fd877]::panicking::default_hook
[INFO] [stdout]    5:     0x5c1fdf29c410 - test[aada8e7e76ba119b]::test_main_inner::{closure#0}
[INFO] [stdout]    6:     0x5c1fdf302532 - std[617be2ca0a6fd877]::panicking::panic_with_hook
[INFO] [stdout]    7:     0x5c1fdf2e54e2 - std[617be2ca0a6fd877]::panicking::panic_handler::{closure#0}
[INFO] [stdout]    8:     0x5c1fdf2de0d9 - std[617be2ca0a6fd877]::sys::backtrace::__rust_end_short_backtrace::<std[617be2ca0a6fd877]::panicking::panic_handler::{closure#0}, !>
[INFO] [stdout]    9:     0x5c1fdf2e60ed - __rustc[ea4f61d10b84890b]::rust_begin_unwind
[INFO] [stdout]   10:     0x5c1fdf31ef6c - core[a373ad73a504971]::panicking::panic_fmt
[INFO] [stdout]   11:     0x5c1fdf31ed42 - core[a373ad73a504971]::result::unwrap_failed
[INFO] [stdout]   12:     0x5c1fdf2857f4 - integration[850ae41ce34e36e4]::run_scopefolio
[INFO] [stdout]   13:     0x5c1fdf289c0b - <integration[850ae41ce34e36e4]::canonical_n1000_three_leaves::{closure#0} as core[a373ad73a504971]::ops::function::FnOnce<()>>::call_once
[INFO] [stdout]   14:     0x5c1fdf28f85b - test[aada8e7e76ba119b]::__rust_begin_short_backtrace::<core[a373ad73a504971]::result::Result<(), alloc[2e1b2a31b91974c5]::string::String>, fn() -> core[a373ad73a504971]::result::Result<(), alloc[2e1b2a31b91974c5]::string::String>>
[INFO] [stdout]   15:     0x5c1fdf29ca35 - test[aada8e7e76ba119b]::run_test::{closure#0}
[INFO] [stdout]   16:     0x5c1fdf296324 - std[617be2ca0a6fd877]::sys::backtrace::__rust_begin_short_backtrace::<test[aada8e7e76ba119b]::run_test::{closure#1}, ()>
[INFO] [stdout]   17:     0x5c1fdf29fac2 - <std[617be2ca0a6fd877]::thread::lifecycle::spawn_unchecked<test[aada8e7e76ba119b]::run_test::{closure#1}, ()>::{closure#1} as core[a373ad73a504971]::ops::function::FnOnce<()>>::call_once::{shim:vtable#0}
[INFO] [stdout]   18:     0x5c1fdf309c5f - <std[617be2ca0a6fd877]::sys::thread::unix::Thread>::new::thread_start
[INFO] [stdout]   19:     0x7928a5a81dfa - <unknown>
[INFO] [stdout]   20:     0x7928a5b153d4 - clone
[INFO] [stdout]   21:                0x0 - <unknown>
[INFO] [stdout] 
[INFO] [stdout] ---- canonical_n453_single_leaf stdout ----
[INFO] [stdout] 
[INFO] [stdout] thread 'canonical_n453_single_leaf' (610) panicked at tests/integration.rs:29:10:
[INFO] [stdout] failed to execute scopefolio: Os { code: 2, kind: NotFound, message: "No such file or directory" }
[INFO] [stdout] stack backtrace:
[INFO] [stdout]    0:     0x5c1fdf30a5e1 - <<std[617be2ca0a6fd877]::sys::backtrace::BacktraceLock>::print::DisplayBacktrace as core[a373ad73a504971]::fmt::Display>::fmt
[INFO] [stdout]    1:     0x5c1fdf31e83a - core[a373ad73a504971]::fmt::write
[INFO] [stdout]    2:     0x5c1fdf30ea5c - <alloc[2e1b2a31b91974c5]::vec::Vec<u8> as core[a373ad73a504971]::io::write::Write>::write_fmt
[INFO] [stdout]    3:     0x5c1fdf2e5436 - std[617be2ca0a6fd877]::panicking::default_hook::{closure#0}
[INFO] [stdout]    4:     0x5c1fdf302379 - std[617be2ca0a6fd877]::panicking::default_hook
[INFO] [stdout]    5:     0x5c1fdf29c410 - test[aada8e7e76ba119b]::test_main_inner::{closure#0}
[INFO] [stdout]    6:     0x5c1fdf302532 - std[617be2ca0a6fd877]::panicking::panic_with_hook
[INFO] [stdout]    7:     0x5c1fdf2e54e2 - std[617be2ca0a6fd877]::panicking::panic_handler::{closure#0}
[INFO] [stdout]    8:     0x5c1fdf2de0d9 - std[617be2ca0a6fd877]::sys::backtrace::__rust_end_short_backtrace::<std[617be2ca0a6fd877]::panicking::panic_handler::{closure#0}, !>
[INFO] [stdout]    9:     0x5c1fdf2e60ed - __rustc[ea4f61d10b84890b]::rust_begin_unwind
[INFO] [stdout]   10:     0x5c1fdf31ef6c - core[a373ad73a504971]::panicking::panic_fmt
[INFO] [stdout]   11:     0x5c1fdf31ed42 - core[a373ad73a504971]::result::unwrap_failed
[INFO] [stdout]   12:     0x5c1fdf2857f4 - integration[850ae41ce34e36e4]::run_scopefolio
[INFO] [stdout]   13:     0x5c1fdf28921e - <integration[850ae41ce34e36e4]::canonical_n453_single_leaf::{closure#0} as core[a373ad73a504971]::ops::function::FnOnce<()>>::call_once
[INFO] [stdout]   14:     0x5c1fdf28f85b - test[aada8e7e76ba119b]::__rust_begin_short_backtrace::<core[a373ad73a504971]::result::Result<(), alloc[2e1b2a31b91974c5]::string::String>, fn() -> core[a373ad73a504971]::result::Result<(), alloc[2e1b2a31b91974c5]::string::String>>
[INFO] [stdout]   15:     0x5c1fdf29ca35 - test[aada8e7e76ba119b]::run_test::{closure#0}
[INFO] [stdout]   16:     0x5c1fdf296324 - std[617be2ca0a6fd877]::sys::backtrace::__rust_begin_short_backtrace::<test[aada8e7e76ba119b]::run_test::{closure#1}, ()>
[INFO] [stdout]   17:     0x5c1fdf29fac2 - <std[617be2ca0a6fd877]::thread::lifecycle::spawn_unchecked<test[aada8e7e76ba119b]::run_test::{closure#1}, ()>::{closure#1} as core[a373ad73a504971]::ops::function::FnOnce<()>>::call_once::{shim:vtable#0}
[INFO] [stdout]   18:     0x5c1fdf309c5f - <std[617be2ca0a6fd877]::sys::thread::unix::Thread>::new::thread_start
[INFO] [stdout]   19:     0x7928a5a81dfa - <unknown>
[INFO] [stdout]   20:     0x7928a5b153d4 - clone
[INFO] [stdout]   21:                0x0 - <unknown>
[INFO] [stdout] 
[INFO] [stdout] ---- canonical_n800_two_equal_leaves stdout ----
[INFO] [stdout] 
[INFO] [stdout] thread 'canonical_n800_two_equal_leaves' (612) panicked at tests/integration.rs:29:10:
[INFO] [stdout] failed to execute scopefolio: Os { code: 2, kind: NotFound, message: "No such file or directory" }
[INFO] [stdout] stack backtrace:
[INFO] [stdout]    0:     0x5c1fdf30a5e1 - <<std[617be2ca0a6fd877]::sys::backtrace::BacktraceLock>::print::DisplayBacktrace as core[a373ad73a504971]::fmt::Display>::fmt
[INFO] [stdout]    1:     0x5c1fdf31e83a - core[a373ad73a504971]::fmt::write
[INFO] [stdout]    2:     0x5c1fdf30ea5c - <alloc[2e1b2a31b91974c5]::vec::Vec<u8> as core[a373ad73a504971]::io::write::Write>::write_fmt
[INFO] [stdout]    3:     0x5c1fdf2e5436 - std[617be2ca0a6fd877]::panicking::default_hook::{closure#0}
[INFO] [stdout]    4:     0x5c1fdf302379 - std[617be2ca0a6fd877]::panicking::default_hook
[INFO] [stdout]    5:     0x5c1fdf29c410 - test[aada8e7e76ba119b]::test_main_inner::{closure#0}
[INFO] [stdout]    6:     0x5c1fdf302532 - std[617be2ca0a6fd877]::panicking::panic_with_hook
[INFO] [stdout]    7:     0x5c1fdf2e54e2 - std[617be2ca0a6fd877]::panicking::panic_handler::{closure#0}
[INFO] [stdout]    8:     0x5c1fdf2de0d9 - std[617be2ca0a6fd877]::sys::backtrace::__rust_end_short_backtrace::<std[617be2ca0a6fd877]::panicking::panic_handler::{closure#0}, !>
[INFO] [stdout]    9:     0x5c1fdf2e60ed - __rustc[ea4f61d10b84890b]::rust_begin_unwind
[INFO] [stdout]   10:     0x5c1fdf31ef6c - core[a373ad73a504971]::panicking::panic_fmt
[INFO] [stdout]   11:     0x5c1fdf31ed42 - core[a373ad73a504971]::result::unwrap_failed
[INFO] [stdout]   12:     0x5c1fdf2857f4 - integration[850ae41ce34e36e4]::run_scopefolio
[INFO] [stdout]   13:     0x5c1fdf28af92 - <integration[850ae41ce34e36e4]::canonical_n800_two_equal_leaves::{closure#0} as core[a373ad73a504971]::ops::function::FnOnce<()>>::call_once
[INFO] [stdout]   14:     0x5c1fdf28f85b - test[aada8e7e76ba119b]::__rust_begin_short_backtrace::<core[a373ad73a504971]::result::Result<(), alloc[2e1b2a31b91974c5]::string::String>, fn() -> core[a373ad73a504971]::result::Result<(), alloc[2e1b2a31b91974c5]::string::String>>
[INFO] [stdout]   15:     0x5c1fdf29ca35 - test[aada8e7e76ba119b]::run_test::{closure#0}
[INFO] [stdout]   16:     0x5c1fdf296324 - std[617be2ca0a6fd877]::sys::backtrace::__rust_begin_short_backtrace::<test[aada8e7e76ba119b]::run_test::{closure#1}, ()>
[INFO] [stdout]   17:     0x5c1fdf29fac2 - <std[617be2ca0a6fd877]::thread::lifecycle::spawn_unchecked<test[aada8e7e76ba119b]::run_test::{closure#1}, ()>::{closure#1} as core[a373ad73a504971]::ops::function::FnOnce<()>>::call_once::{shim:vtable#0}
[INFO] [stdout]   18:     0x5c1fdf309c5f - <std[617be2ca0a6fd877]::sys::thread::unix::Thread>::new::thread_start
[INFO] [stdout]   19:     0x7928a5a81dfa - <unknown>
[INFO] [stdout]   20:     0x7928a5b153d4 - clone
[INFO] [stdout]   21:                0x0 - <unknown>
[INFO] [stdout] 
[INFO] [stdout] ---- empty_file_is_invalid_line stdout ----
[INFO] [stdout] 
[INFO] [stdout] thread 'empty_file_is_invalid_line' (622) panicked at tests/integration.rs:29:10:
[INFO] [stdout] failed to execute scopefolio: Os { code: 2, kind: NotFound, message: "No such file or directory" }
[INFO] [stdout] stack backtrace:
[INFO] [stdout]    0:     0x5c1fdf30a5e1 - <<std[617be2ca0a6fd877]::sys::backtrace::BacktraceLock>::print::DisplayBacktrace as core[a373ad73a504971]::fmt::Display>::fmt
[INFO] [stdout]    1:     0x5c1fdf31e83a - core[a373ad73a504971]::fmt::write
[INFO] [stdout]    2:     0x5c1fdf30ea5c - <alloc[2e1b2a31b91974c5]::vec::Vec<u8> as core[a373ad73a504971]::io::write::Write>::write_fmt
[INFO] [stdout]    3:     0x5c1fdf2e5436 - std[617be2ca0a6fd877]::panicking::default_hook::{closure#0}
[INFO] [stdout]    4:     0x5c1fdf302379 - std[617be2ca0a6fd877]::panicking::default_hook
[INFO] [stdout]    5:     0x5c1fdf29c410 - test[aada8e7e76ba119b]::test_main_inner::{closure#0}
[INFO] [stdout]    6:     0x5c1fdf302532 - std[617be2ca0a6fd877]::panicking::panic_with_hook
[INFO] [stdout]    7:     0x5c1fdf2e54e2 - std[617be2ca0a6fd877]::panicking::panic_handler::{closure#0}
[INFO] [stdout]    8:     0x5c1fdf2de0d9 - std[617be2ca0a6fd877]::sys::backtrace::__rust_end_short_backtrace::<std[617be2ca0a6fd877]::panicking::panic_handler::{closure#0}, !>
[INFO] [stdout]    9:     0x5c1fdf2e60ed - __rustc[ea4f61d10b84890b]::rust_begin_unwind
[INFO] [stdout]   10:     0x5c1fdf31ef6c - core[a373ad73a504971]::panicking::panic_fmt
[INFO] [stdout]   11:     0x5c1fdf31ed42 - core[a373ad73a504971]::result::unwrap_failed
[INFO] [stdout]   12:     0x5c1fdf2857f4 - integration[850ae41ce34e36e4]::run_scopefolio
[INFO] [stdout]   13:     0x5c1fdf289745 - <integration[850ae41ce34e36e4]::empty_file_is_invalid_line::{closure#0} as core[a373ad73a504971]::ops::function::FnOnce<()>>::call_once
[INFO] [stdout]   14:     0x5c1fdf28f85b - test[aada8e7e76ba119b]::__rust_begin_short_backtrace::<core[a373ad73a504971]::result::Result<(), alloc[2e1b2a31b91974c5]::string::String>, fn() -> core[a373ad73a504971]::result::Result<(), alloc[2e1b2a31b91974c5]::string::String>>
[INFO] [stdout]   15:     0x5c1fdf29ca35 - test[aada8e7e76ba119b]::run_test::{closure#0}
[INFO] [stdout]   16:     0x5c1fdf296324 - std[617be2ca0a6fd877]::sys::backtrace::__rust_begin_short_backtrace::<test[aada8e7e76ba119b]::run_test::{closure#1}, ()>
[INFO] [stdout]   17:     0x5c1fdf29fac2 - <std[617be2ca0a6fd877]::thread::lifecycle::spawn_unchecked<test[aada8e7e76ba119b]::run_test::{closure#1}, ()>::{closure#1} as core[a373ad73a504971]::ops::function::FnOnce<()>>::call_once::{shim:vtable#0}
[INFO] [stdout]   18:     0x5c1fdf309c5f - <std[617be2ca0a6fd877]::sys::thread::unix::Thread>::new::thread_start
[INFO] [stdout]   19:     0x7928a5a81dfa - <unknown>
[INFO] [stdout]   20:     0x7928a5b153d4 - clone
[INFO] [stdout]   21:                0x0 - <unknown>
[INFO] [stdout] 
[INFO] [stdout] ---- canonical_n600_tie_two_equal_leaves stdout ----
[INFO] [stdout] 
[INFO] [stdout] thread 'canonical_n600_tie_two_equal_leaves' (611) panicked at tests/integration.rs:29:10:
[INFO] [stdout] failed to execute scopefolio: Os { code: 2, kind: NotFound, message: "No such file or directory" }
[INFO] [stdout] stack backtrace:
[INFO] [stdout]    0:     0x5c1fdf30a5e1 - <<std[617be2ca0a6fd877]::sys::backtrace::BacktraceLock>::print::DisplayBacktrace as core[a373ad73a504971]::fmt::Display>::fmt
[INFO] [stdout]    1:     0x5c1fdf31e83a - core[a373ad73a504971]::fmt::write
[INFO] [stdout]    2:     0x5c1fdf30ea5c - <alloc[2e1b2a31b91974c5]::vec::Vec<u8> as core[a373ad73a504971]::io::write::Write>::write_fmt
[INFO] [stdout]    3:     0x5c1fdf2e5436 - std[617be2ca0a6fd877]::panicking::default_hook::{closure#0}
[INFO] [stdout]    4:     0x5c1fdf302379 - std[617be2ca0a6fd877]::panicking::default_hook
[INFO] [stdout]    5:     0x5c1fdf29c410 - test[aada8e7e76ba119b]::test_main_inner::{closure#0}
[INFO] [stdout]    6:     0x5c1fdf302532 - std[617be2ca0a6fd877]::panicking::panic_with_hook
[INFO] [stdout]    7:     0x5c1fdf2e54e2 - std[617be2ca0a6fd877]::panicking::panic_handler::{closure#0}
[INFO] [stdout]    8:     0x5c1fdf2de0d9 - std[617be2ca0a6fd877]::sys::backtrace::__rust_end_short_backtrace::<std[617be2ca0a6fd877]::panicking::panic_handler::{closure#0}, !>
[INFO] [stdout]    9:     0x5c1fdf2e60ed - __rustc[ea4f61d10b84890b]::rust_begin_unwind
[INFO] [stdout]   10:     0x5c1fdf31ef6c - core[a373ad73a504971]::panicking::panic_fmt
[INFO] [stdout]   11:     0x5c1fdf31ed42 - core[a373ad73a504971]::result::unwrap_failed
[INFO] [stdout]   12:     0x5c1fdf2857f4 - integration[850ae41ce34e36e4]::run_scopefolio
[INFO] [stdout]   13:     0x5c1fdf28cadb - <integration[850ae41ce34e36e4]::canonical_n600_tie_two_equal_leaves::{closure#0} as core[a373ad73a504971]::ops::function::FnOnce<()>>::call_once
[INFO] [stdout]   14:     0x5c1fdf28f85b - test[aada8e7e76ba119b]::__rust_begin_short_backtrace::<core[a373ad73a504971]::result::Result<(), alloc[2e1b2a31b91974c5]::string::String>, fn() -> core[a373ad73a504971]::result::Result<(), alloc[2e1b2a31b91974c5]::string::String>>
[INFO] [stdout]   15:     0x5c1fdf29ca35 - test[aada8e7e76ba119b]::run_test::{closure#0}
[INFO] [stdout]   16:     0x5c1fdf296324 - std[617be2ca0a6fd877]::sys::backtrace::__rust_begin_short_backtrace::<test[aada8e7e76ba119b]::run_test::{closure#1}, ()>
[INFO] [stdout]   17:     0x5c1fdf29fac2 - <std[617be2ca0a6fd877]::thread::lifecycle::spawn_unchecked<test[aada8e7e76ba119b]::run_test::{closure#1}, ()>::{closure#1} as core[a373ad73a504971]::ops::function::FnOnce<()>>::call_once::{shim:vtable#0}
[INFO] [stdout]   18:     0x5c1fdf309c5f - <std[617be2ca0a6fd877]::sys::thread::unix::Thread>::new::thread_start
[INFO] [stdout]   19:     0x7928a5a81dfa - <unknown>
[INFO] [stdout]   20:     0x7928a5b153d4 - clone
[INFO] [stdout]   21:                0x0 - <unknown>
[INFO] [stdout] 
[INFO] [stdout] ---- custom_partition_lines stdout ----
[INFO] [stdout] 
[INFO] [stdout] thread 'custom_partition_lines' (615) panicked at tests/integration.rs:29:10:
[INFO] [stdout] failed to execute scopefolio: Os { code: 2, kind: NotFound, message: "No such file or directory" }
[INFO] [stdout] stack backtrace:
[INFO] [stdout]    0:     0x5c1fdf30a5e1 - <<std[617be2ca0a6fd877]::sys::backtrace::BacktraceLock>::print::DisplayBacktrace as core[a373ad73a504971]::fmt::Display>::fmt
[INFO] [stdout]    1:     0x5c1fdf31e83a - core[a373ad73a504971]::fmt::write
[INFO] [stdout]    2:     0x5c1fdf30ea5c - <alloc[2e1b2a31b91974c5]::vec::Vec<u8> as core[a373ad73a504971]::io::write::Write>::write_fmt
[INFO] [stdout]    3:     0x5c1fdf2e5436 - std[617be2ca0a6fd877]::panicking::default_hook::{closure#0}
[INFO] [stdout]    4:     0x5c1fdf302379 - std[617be2ca0a6fd877]::panicking::default_hook
[INFO] [stdout]    5:     0x5c1fdf29c410 - test[aada8e7e76ba119b]::test_main_inner::{closure#0}
[INFO] [stdout]    6:     0x5c1fdf302532 - std[617be2ca0a6fd877]::panicking::panic_with_hook
[INFO] [stdout]    7:     0x5c1fdf2e54e2 - std[617be2ca0a6fd877]::panicking::panic_handler::{closure#0}
[INFO] [stdout]    8:     0x5c1fdf2de0d9 - std[617be2ca0a6fd877]::sys::backtrace::__rust_end_short_backtrace::<std[617be2ca0a6fd877]::panicking::panic_handler::{closure#0}, !>
[INFO] [stdout]    9:     0x5c1fdf2e60ed - __rustc[ea4f61d10b84890b]::rust_begin_unwind
[INFO] [stdout]   10:     0x5c1fdf31ef6c - core[a373ad73a504971]::panicking::panic_fmt
[INFO] [stdout]   11:     0x5c1fdf31ed42 - core[a373ad73a504971]::result::unwrap_failed
[INFO] [stdout]   12:     0x5c1fdf2857f4 - integration[850ae41ce34e36e4]::run_scopefolio
[INFO] [stdout]   13:     0x5c1fdf287a08 - <integration[850ae41ce34e36e4]::custom_partition_lines::{closure#0} as core[a373ad73a504971]::ops::function::FnOnce<()>>::call_once
[INFO] [stdout]   14:     0x5c1fdf28f85b - test[aada8e7e76ba119b]::__rust_begin_short_backtrace::<core[a373ad73a504971]::result::Result<(), alloc[2e1b2a31b91974c5]::string::String>, fn() -> core[a373ad73a504971]::result::Result<(), alloc[2e1b2a31b91974c5]::string::String>>
[INFO] [stdout]   15:     0x5c1fdf29ca35 - test[aada8e7e76ba119b]::run_test::{closure#0}
[INFO] [stdout]   16:     0x5c1fdf296324 - std[617be2ca0a6fd877]::sys::backtrace::__rust_begin_short_backtrace::<test[aada8e7e76ba119b]::run_test::{closure#1}, ()>
[INFO] [stdout]   17:     0x5c1fdf29fac2 - <std[617be2ca0a6fd877]::thread::lifecycle::spawn_unchecked<test[aada8e7e76ba119b]::run_test::{closure#1}, ()>::{closure#1} as core[a373ad73a504971]::ops::function::FnOnce<()>>::call_once::{shim:vtable#0}
[INFO] [stdout]   18:     0x5c1fdf309c5f - <std[617be2ca0a6fd877]::sys::thread::unix::Thread>::new::thread_start
[INFO] [stdout]   19:     0x7928a5a81dfa - <unknown>
[INFO] [stdout]   20:     0x7928a5b153d4 - clone
[INFO] [stdout]   21:                0x0 - <unknown>
[INFO] [stdout] 
[INFO] [stdout] ---- invalid_line_above_range stdout ----
[INFO] [stdout] 
[INFO] [stdout] thread 'invalid_line_above_range' (627) panicked at tests/integration.rs:29:10:
[INFO] [stdout] failed to execute scopefolio: Os { code: 2, kind: NotFound, message: "No such file or directory" }
[INFO] [stdout] stack backtrace:
[INFO] [stdout]    0:     0x5c1fdf30a5e1 - <<std[617be2ca0a6fd877]::sys::backtrace::BacktraceLock>::print::DisplayBacktrace as core[a373ad73a504971]::fmt::Display>::fmt
[INFO] [stdout]    1:     0x5c1fdf31e83a - core[a373ad73a504971]::fmt::write
[INFO] [stdout]    2:     0x5c1fdf30ea5c - <alloc[2e1b2a31b91974c5]::vec::Vec<u8> as core[a373ad73a504971]::io::write::Write>::write_fmt
[INFO] [stdout]    3:     0x5c1fdf2e5436 - std[617be2ca0a6fd877]::panicking::default_hook::{closure#0}
[INFO] [stdout]    4:     0x5c1fdf302379 - std[617be2ca0a6fd877]::panicking::default_hook
[INFO] [stdout]    5:     0x5c1fdf29c410 - test[aada8e7e76ba119b]::test_main_inner::{closure#0}
[INFO] [stdout]    6:     0x5c1fdf302532 - std[617be2ca0a6fd877]::panicking::panic_with_hook
[INFO] [stdout]    7:     0x5c1fdf2e54e2 - std[617be2ca0a6fd877]::panicking::panic_handler::{closure#0}
[INFO] [stdout]    8:     0x5c1fdf2de0d9 - std[617be2ca0a6fd877]::sys::backtrace::__rust_end_short_backtrace::<std[617be2ca0a6fd877]::panicking::panic_handler::{closure#0}, !>
[INFO] [stdout]    9:     0x5c1fdf2e60ed - __rustc[ea4f61d10b84890b]::rust_begin_unwind
[INFO] [stdout]   10:     0x5c1fdf31ef6c - core[a373ad73a504971]::panicking::panic_fmt
[INFO] [stdout]   11:     0x5c1fdf31ed42 - core[a373ad73a504971]::result::unwrap_failed
[INFO] [stdout]   12:     0x5c1fdf2857f4 - integration[850ae41ce34e36e4]::run_scopefolio
[INFO] [stdout]   13:     0x5c1fdf2886fa - <integration[850ae41ce34e36e4]::invalid_line_above_range::{closure#0} as core[a373ad73a504971]::ops::function::FnOnce<()>>::call_once
[INFO] [stdout]   14:     0x5c1fdf28f85b - test[aada8e7e76ba119b]::__rust_begin_short_backtrace::<core[a373ad73a504971]::result::Result<(), alloc[2e1b2a31b91974c5]::string::String>, fn() -> core[a373ad73a504971]::result::Result<(), alloc[2e1b2a31b91974c5]::string::String>>
[INFO] [stdout]   15:     0x5c1fdf29ca35 - test[aada8e7e76ba119b]::run_test::{closure#0}
[INFO] [stdout]   16:     0x5c1fdf296324 - std[617be2ca0a6fd877]::sys::backtrace::__rust_begin_short_backtrace::<test[aada8e7e76ba119b]::run_test::{closure#1}, ()>
[INFO] [stdout]   17:     0x5c1fdf29fac2 - <std[617be2ca0a6fd877]::thread::lifecycle::spawn_unchecked<test[aada8e7e76ba119b]::run_test::{closure#1}, ()>::{closure#1} as core[a373ad73a504971]::ops::function::FnOnce<()>>::call_once::{shim:vtable#0}
[INFO] [stdout]   18:     0x5c1fdf309c5f - <std[617be2ca0a6fd877]::sys::thread::unix::Thread>::new::thread_start
[INFO] [stdout]   19:     0x7928a5a81dfa - <unknown>
[INFO] [stdout]   20:     0x7928a5b153d4 - clone
[INFO] [stdout]   21:                0x0 - <unknown>
[INFO] [stdout] 
[INFO] [stdout] ---- first_line stdout ----
[INFO] [stdout] 
[INFO] [stdout] thread 'first_line' (626) panicked at tests/integration.rs:29:10:
[INFO] [stdout] failed to execute scopefolio: Os { code: 2, kind: NotFound, message: "No such file or directory" }
[INFO] [stdout] stack backtrace:
[INFO] [stdout]    0:     0x5c1fdf30a5e1 - <<std[617be2ca0a6fd877]::sys::backtrace::BacktraceLock>::print::DisplayBacktrace as core[a373ad73a504971]::fmt::Display>::fmt
[INFO] [stdout]    1:     0x5c1fdf31e83a - core[a373ad73a504971]::fmt::write
[INFO] [stdout]    2:     0x5c1fdf30ea5c - <alloc[2e1b2a31b91974c5]::vec::Vec<u8> as core[a373ad73a504971]::io::write::Write>::write_fmt
[INFO] [stdout]    3:     0x5c1fdf2e5436 - std[617be2ca0a6fd877]::panicking::default_hook::{closure#0}
[INFO] [stdout]    4:     0x5c1fdf302379 - std[617be2ca0a6fd877]::panicking::default_hook
[INFO] [stdout]    5:     0x5c1fdf29c410 - test[aada8e7e76ba119b]::test_main_inner::{closure#0}
[INFO] [stdout]    6:     0x5c1fdf302532 - std[617be2ca0a6fd877]::panicking::panic_with_hook
[INFO] [stdout]    7:     0x5c1fdf2e54e2 - std[617be2ca0a6fd877]::panicking::panic_handler::{closure#0}
[INFO] [stdout]    8:     0x5c1fdf2de0d9 - std[617be2ca0a6fd877]::sys::backtrace::__rust_end_short_backtrace::<std[617be2ca0a6fd877]::panicking::panic_handler::{closure#0}, !>
[INFO] [stdout]    9:     0x5c1fdf2e60ed - __rustc[ea4f61d10b84890b]::rust_begin_unwind
[INFO] [stdout]   10:     0x5c1fdf31ef6c - core[a373ad73a504971]::panicking::panic_fmt
[INFO] [stdout]   11:     0x5c1fdf31ed42 - core[a373ad73a504971]::result::unwrap_failed
[INFO] [stdout]   12:     0x5c1fdf2857f4 - integration[850ae41ce34e36e4]::run_scopefolio
[INFO] [stdout]   13:     0x5c1fdf286865 - <integration[850ae41ce34e36e4]::first_line::{closure#0} as core[a373ad73a504971]::ops::function::FnOnce<()>>::call_once
[INFO] [stdout]   14:     0x5c1fdf28f85b - test[aada8e7e76ba119b]::__rust_begin_short_backtrace::<core[a373ad73a504971]::result::Result<(), alloc[2e1b2a31b91974c5]::string::String>, fn() -> core[a373ad73a504971]::result::Result<(), alloc[2e1b2a31b91974c5]::string::String>>
[INFO] [stdout]   15:     0x5c1fdf29ca35 - test[aada8e7e76ba119b]::run_test::{closure#0}
[INFO] [stdout]   16:     0x5c1fdf296324 - std[617be2ca0a6fd877]::sys::backtrace::__rust_begin_short_backtrace::<test[aada8e7e76ba119b]::run_test::{closure#1}, ()>
[INFO] [stdout]   17:     0x5c1fdf29fac2 - <std[617be2ca0a6fd877]::thread::lifecycle::spawn_unchecked<test[aada8e7e76ba119b]::run_test::{closure#1}, ()>::{closure#1} as core[a373ad73a504971]::ops::function::FnOnce<()>>::call_once::{shim:vtable#0}
[INFO] [stdout]   18:     0x5c1fdf309c5f - <std[617be2ca0a6fd877]::sys::thread::unix::Thread>::new::thread_start
[INFO] [stdout]   19:     0x7928a5a81dfa - <unknown>
[INFO] [stdout]   20:     0x7928a5b153d4 - clone
[INFO] [stdout]   21:                0x0 - <unknown>
[INFO] [stdout] 
[INFO] [stdout] ---- crlf_content_is_preserved_not_normalized stdout ----
[INFO] [stdout] 
[INFO] [stdout] thread 'crlf_content_is_preserved_not_normalized' (614) panicked at tests/integration.rs:29:10:
[INFO] [stdout] failed to execute scopefolio: Os { code: 2, kind: NotFound, message: "No such file or directory" }
[INFO] [stdout] stack backtrace:
[INFO] [stdout]    0:     0x5c1fdf30a5e1 - <<std[617be2ca0a6fd877]::sys::backtrace::BacktraceLock>::print::DisplayBacktrace as core[a373ad73a504971]::fmt::Display>::fmt
[INFO] [stdout]    1:     0x5c1fdf31e83a - core[a373ad73a504971]::fmt::write
[INFO] [stdout]    2:     0x5c1fdf30ea5c - <alloc[2e1b2a31b91974c5]::vec::Vec<u8> as core[a373ad73a504971]::io::write::Write>::write_fmt
[INFO] [stdout]    3:     0x5c1fdf2e5436 - std[617be2ca0a6fd877]::panicking::default_hook::{closure#0}
[INFO] [stdout]    4:     0x5c1fdf302379 - std[617be2ca0a6fd877]::panicking::default_hook
[INFO] [stdout]    5:     0x5c1fdf29c410 - test[aada8e7e76ba119b]::test_main_inner::{closure#0}
[INFO] [stdout]    6:     0x5c1fdf302532 - std[617be2ca0a6fd877]::panicking::panic_with_hook
[INFO] [stdout]    7:     0x5c1fdf2e54e2 - std[617be2ca0a6fd877]::panicking::panic_handler::{closure#0}
[INFO] [stdout]    8:     0x5c1fdf2de0d9 - std[617be2ca0a6fd877]::sys::backtrace::__rust_end_short_backtrace::<std[617be2ca0a6fd877]::panicking::panic_handler::{closure#0}, !>
[INFO] [stdout]    9:     0x5c1fdf2e60ed - __rustc[ea4f61d10b84890b]::rust_begin_unwind
[INFO] [stdout]   10:     0x5c1fdf31ef6c - core[a373ad73a504971]::panicking::panic_fmt
[INFO] [stdout]   11:     0x5c1fdf31ed42 - core[a373ad73a504971]::result::unwrap_failed
[INFO] [stdout]   12:     0x5c1fdf2857f4 - integration[850ae41ce34e36e4]::run_scopefolio
[INFO] [stdout]   13:     0x5c1fdf28da72 - <integration[850ae41ce34e36e4]::crlf_content_is_preserved_not_normalized::{closure#0} as core[a373ad73a504971]::ops::function::FnOnce<()>>::call_once
[INFO] [stdout]   14:     0x5c1fdf28f85b - test[aada8e7e76ba119b]::__rust_begin_short_backtrace::<core[a373ad73a504971]::result::Result<(), alloc[2e1b2a31b91974c5]::string::String>, fn() -> core[a373ad73a504971]::result::Result<(), alloc[2e1b2a31b91974c5]::string::String>>
[INFO] [stdout]   15:     0x5c1fdf29ca35 - test[aada8e7e76ba119b]::run_test::{closure#0}
[INFO] [stdout]   16:     0x5c1fdf296324 - std[617be2ca0a6fd877]::sys::backtrace::__rust_begin_short_backtrace::<test[aada8e7e76ba119b]::run_test::{closure#1}, ()>
[INFO] [stdout]   17:     0x5c1fdf29fac2 - <std[617be2ca0a6fd877]::thread::lifecycle::spawn_unchecked<test[aada8e7e76ba119b]::run_test::{closure#1}, ()>::{closure#1} as core[a373ad73a504971]::ops::function::FnOnce<()>>::call_once::{shim:vtable#0}
[INFO] [stdout]   18:     0x5c1fdf309c5f - <std[617be2ca0a6fd877]::sys::thread::unix::Thread>::new::thread_start
[INFO] [stdout]   19:     0x7928a5a81dfa - <unknown>
[INFO] [stdout]   20:     0x7928a5b153d4 - clone
[INFO] [stdout]   21:                0x0 - <unknown>
[INFO] [stdout] 
[INFO] [stdout] ---- invalid_utf8_is_deterministic_error stdout ----
[INFO] [stdout] 
[INFO] [stdout] thread 'invalid_utf8_is_deterministic_error' (632) panicked at tests/integration.rs:29:10:
[INFO] [stdout] failed to execute scopefolio: Os { code: 2, kind: NotFound, message: "No such file or directory" }
[INFO] [stdout] stack backtrace:
[INFO] [stdout]    0:     0x5c1fdf30a5e1 - <<std[617be2ca0a6fd877]::sys::backtrace::BacktraceLock>::print::DisplayBacktrace as core[a373ad73a504971]::fmt::Display>::fmt
[INFO] [stdout]    1:     0x5c1fdf31e83a - core[a373ad73a504971]::fmt::write
[INFO] [stdout]    2:     0x5c1fdf30ea5c - <alloc[2e1b2a31b91974c5]::vec::Vec<u8> as core[a373ad73a504971]::io::write::Write>::write_fmt
[INFO] [stdout]    3:     0x5c1fdf2e5436 - std[617be2ca0a6fd877]::panicking::default_hook::{closure#0}
[INFO] [stdout]    4:     0x5c1fdf302379 - std[617be2ca0a6fd877]::panicking::default_hook
[INFO] [stdout]    5:     0x5c1fdf29c410 - test[aada8e7e76ba119b]::test_main_inner::{closure#0}
[INFO] [stdout]    6:     0x5c1fdf302532 - std[617be2ca0a6fd877]::panicking::panic_with_hook
[INFO] [stdout]    7:     0x5c1fdf2e54e2 - std[617be2ca0a6fd877]::panicking::panic_handler::{closure#0}
[INFO] [stdout]    8:     0x5c1fdf2de0d9 - std[617be2ca0a6fd877]::sys::backtrace::__rust_end_short_backtrace::<std[617be2ca0a6fd877]::panicking::panic_handler::{closure#0}, !>
[INFO] [stdout]    9:     0x5c1fdf2e60ed - __rustc[ea4f61d10b84890b]::rust_begin_unwind
[INFO] [stdout]   10:     0x5c1fdf31ef6c - core[a373ad73a504971]::panicking::panic_fmt
[INFO] [stdout]   11:     0x5c1fdf31ed42 - core[a373ad73a504971]::result::unwrap_failed
[INFO] [stdout]   12:     0x5c1fdf2857f4 - integration[850ae41ce34e36e4]::run_scopefolio
[INFO] [stdout]   13:     0x5c1fdf28d01a - <integration[850ae41ce34e36e4]::invalid_utf8_is_deterministic_error::{closure#0} as core[a373ad73a504971]::ops::function::FnOnce<()>>::call_once
[INFO] [stdout]   14:     0x5c1fdf28f85b - test[aada8e7e76ba119b]::__rust_begin_short_backtrace::<core[a373ad73a504971]::result::Result<(), alloc[2e1b2a31b91974c5]::string::String>, fn() -> core[a373ad73a504971]::result::Result<(), alloc[2e1b2a31b91974c5]::string::String>>
[INFO] [stdout]   15:     0x5c1fdf29ca35 - test[aada8e7e76ba119b]::run_test::{closure#0}
[INFO] [stdout]   16:     0x5c1fdf296324 - std[617be2ca0a6fd877]::sys::backtrace::__rust_begin_short_backtrace::<test[aada8e7e76ba119b]::run_test::{closure#1}, ()>
[INFO] [stdout]   17:     0x5c1fdf29fac2 - <std[617be2ca0a6fd877]::thread::lifecycle::spawn_unchecked<test[aada8e7e76ba119b]::run_test::{closure#1}, ()>::{closure#1} as core[a373ad73a504971]::ops::function::FnOnce<()>>::call_once::{shim:vtable#0}
[INFO] [stdout]   18:     0x5c1fdf309c5f - <std[617be2ca0a6fd877]::sys::thread::unix::Thread>::new::thread_start
[INFO] [stdout]   19:     0x7928a5a81dfa - <unknown>
[INFO] [stdout]   20:     0x7928a5b153d4 - clone
[INFO] [stdout]   21:                0x0 - <unknown>
[INFO] [stdout] 
[INFO] [stdout] ---- invalid_line_below_range stdout ----
[INFO] [stdout] 
[INFO] [stdout] thread 'invalid_line_below_range' (630) panicked at tests/integration.rs:29:10:
[INFO] [stdout] failed to execute scopefolio: Os { code: 2, kind: NotFound, message: "No such file or directory" }
[INFO] [stdout] stack backtrace:
[INFO] [stdout]    0:     0x5c1fdf30a5e1 - <<std[617be2ca0a6fd877]::sys::backtrace::BacktraceLock>::print::DisplayBacktrace as core[a373ad73a504971]::fmt::Display>::fmt
[INFO] [stdout]    1:     0x5c1fdf31e83a - core[a373ad73a504971]::fmt::write
[INFO] [stdout]    2:     0x5c1fdf30ea5c - <alloc[2e1b2a31b91974c5]::vec::Vec<u8> as core[a373ad73a504971]::io::write::Write>::write_fmt
[INFO] [stdout]    3:     0x5c1fdf2e5436 - std[617be2ca0a6fd877]::panicking::default_hook::{closure#0}
[INFO] [stdout]    4:     0x5c1fdf302379 - std[617be2ca0a6fd877]::panicking::default_hook
[INFO] [stdout]    5:     0x5c1fdf29c410 - test[aada8e7e76ba119b]::test_main_inner::{closure#0}
[INFO] [stdout]    6:     0x5c1fdf302532 - std[617be2ca0a6fd877]::panicking::panic_with_hook
[INFO] [stdout]    7:     0x5c1fdf2e54e2 - std[617be2ca0a6fd877]::panicking::panic_handler::{closure#0}
[INFO] [stdout]    8:     0x5c1fdf2de0d9 - std[617be2ca0a6fd877]::sys::backtrace::__rust_end_short_backtrace::<std[617be2ca0a6fd877]::panicking::panic_handler::{closure#0}, !>
[INFO] [stdout]    9:     0x5c1fdf2e60ed - __rustc[ea4f61d10b84890b]::rust_begin_unwind
[INFO] [stdout]   10:     0x5c1fdf31ef6c - core[a373ad73a504971]::panicking::panic_fmt
[INFO] [stdout]   11:     0x5c1fdf31ed42 - core[a373ad73a504971]::result::unwrap_failed
[INFO] [stdout]   12:     0x5c1fdf2857f4 - integration[850ae41ce34e36e4]::run_scopefolio
[INFO] [stdout]   13:     0x5c1fdf2889ba - <integration[850ae41ce34e36e4]::invalid_line_below_range::{closure#0} as core[a373ad73a504971]::ops::function::FnOnce<()>>::call_once
[INFO] [stdout]   14:     0x5c1fdf28f85b - test[aada8e7e76ba119b]::__rust_begin_short_backtrace::<core[a373ad73a504971]::result::Result<(), alloc[2e1b2a31b91974c5]::string::String>, fn() -> core[a373ad73a504971]::result::Result<(), alloc[2e1b2a31b91974c5]::string::String>>
[INFO] [stdout]   15:     0x5c1fdf29ca35 - test[aada8e7e76ba119b]::run_test::{closure#0}
[INFO] [stdout]   16:     0x5c1fdf296324 - std[617be2ca0a6fd877]::sys::backtrace::__rust_begin_short_backtrace::<test[aada8e7e76ba119b]::run_test::{closure#1}, ()>
[INFO] [stdout]   17:     0x5c1fdf29fac2 - <std[617be2ca0a6fd877]::thread::lifecycle::spawn_unchecked<test[aada8e7e76ba119b]::run_test::{closure#1}, ()>::{closure#1} as core[a373ad73a504971]::ops::function::FnOnce<()>>::call_once::{shim:vtable#0}
[INFO] [stdout]   18:     0x5c1fdf309c5f - <std[617be2ca0a6fd877]::sys::thread::unix::Thread>::new::thread_start
[INFO] [stdout]   19:     0x7928a5a81dfa - <unknown>
[INFO] [stdout]   20:     0x7928a5b153d4 - clone
[INFO] [stdout]   21:                0x0 - <unknown>
[INFO] [stdout] 
[INFO] [stdout] ---- last_line stdout ----
[INFO] [stdout] 
[INFO] [stdout] thread 'last_line' (639) panicked at tests/integration.rs:29:10:
[INFO] [stdout] failed to execute scopefolio: Os { code: 2, kind: NotFound, message: "No such file or directory" }
[INFO] [stdout] stack backtrace:
[INFO] [stdout]    0:     0x5c1fdf30a5e1 - <<std[617be2ca0a6fd877]::sys::backtrace::BacktraceLock>::print::DisplayBacktrace as core[a373ad73a504971]::fmt::Display>::fmt
[INFO] [stdout]    1:     0x5c1fdf31e83a - core[a373ad73a504971]::fmt::write
[INFO] [stdout]    2:     0x5c1fdf30ea5c - <alloc[2e1b2a31b91974c5]::vec::Vec<u8> as core[a373ad73a504971]::io::write::Write>::write_fmt
[INFO] [stdout]    3:     0x5c1fdf2e5436 - std[617be2ca0a6fd877]::panicking::default_hook::{closure#0}
[INFO] [stdout]    4:     0x5c1fdf302379 - std[617be2ca0a6fd877]::panicking::default_hook
[INFO] [stdout]    5:     0x5c1fdf29c410 - test[aada8e7e76ba119b]::test_main_inner::{closure#0}
[INFO] [stdout]    6:     0x5c1fdf302532 - std[617be2ca0a6fd877]::panicking::panic_with_hook
[INFO] [stdout]    7:     0x5c1fdf2e54e2 - std[617be2ca0a6fd877]::panicking::panic_handler::{closure#0}
[INFO] [stdout]    8:     0x5c1fdf2de0d9 - std[617be2ca0a6fd877]::sys::backtrace::__rust_end_short_backtrace::<std[617be2ca0a6fd877]::panicking::panic_handler::{closure#0}, !>
[INFO] [stdout]    9:     0x5c1fdf2e60ed - __rustc[ea4f61d10b84890b]::rust_begin_unwind
[INFO] [stdout]   10:     0x5c1fdf31ef6c - core[a373ad73a504971]::panicking::panic_fmt
[INFO] [stdout]   11:     0x5c1fdf31ed42 - core[a373ad73a504971]::result::unwrap_failed
[INFO] [stdout]   12:     0x5c1fdf2857f4 - integration[850ae41ce34e36e4]::run_scopefolio
[INFO] [stdout]   13:     0x5c1fdf28e875 - <integration[850ae41ce34e36e4]::last_line::{closure#0} as core[a373ad73a504971]::ops::function::FnOnce<()>>::call_once
[INFO] [stdout]   14:     0x5c1fdf28f85b - test[aada8e7e76ba119b]::__rust_begin_short_backtrace::<core[a373ad73a504971]::result::Result<(), alloc[2e1b2a31b91974c5]::string::String>, fn() -> core[a373ad73a504971]::result::Result<(), alloc[2e1b2a31b91974c5]::string::String>>
[INFO] [stdout]   15:     0x5c1fdf29ca35 - test[aada8e7e76ba119b]::run_test::{closure#0}
[INFO] [stdout]   16:     0x5c1fdf296324 - std[617be2ca0a6fd877]::sys::backtrace::__rust_begin_short_backtrace::<test[aada8e7e76ba119b]::run_test::{closure#1}, ()>
[INFO] [stdout]   17:     0x5c1fdf29fac2 - <std[617be2ca0a6fd877]::thread::lifecycle::spawn_unchecked<test[aada8e7e76ba119b]::run_test::{closure#1}, ()>::{closure#1} as core[a373ad73a504971]::ops::function::FnOnce<()>>::call_once::{shim:vtable#0}
[INFO] [stdout]   18:     0x5c1fdf309c5f - <std[617be2ca0a6fd877]::sys::thread::unix::Thread>::new::thread_start
[INFO] [stdout]   19:     0x7928a5a81dfa - <unknown>
[INFO] [stdout]   20:     0x7928a5b153d4 - clone
[INFO] [stdout]   21:                0x0 - <unknown>
[INFO] [stdout] 
[INFO] [stdout] ---- large_offset_clamps_to_whole_file stdout ----
[INFO] [stdout] 
[INFO] [stdout] thread 'large_offset_clamps_to_whole_file' (638) panicked at tests/integration.rs:29:10:
[INFO] [stdout] failed to execute scopefolio: Os { code: 2, kind: NotFound, message: "No such file or directory" }
[INFO] [stdout] stack backtrace:
[INFO] [stdout]    0:     0x5c1fdf30a5e1 - <<std[617be2ca0a6fd877]::sys::backtrace::BacktraceLock>::print::DisplayBacktrace as core[a373ad73a504971]::fmt::Display>::fmt
[INFO] [stdout]    1:     0x5c1fdf31e83a - core[a373ad73a504971]::fmt::write
[INFO] [stdout]    2:     0x5c1fdf30ea5c - <alloc[2e1b2a31b91974c5]::vec::Vec<u8> as core[a373ad73a504971]::io::write::Write>::write_fmt
[INFO] [stdout]    3:     0x5c1fdf2e5436 - std[617be2ca0a6fd877]::panicking::default_hook::{closure#0}
[INFO] [stdout]    4:     0x5c1fdf302379 - std[617be2ca0a6fd877]::panicking::default_hook
[INFO] [stdout]    5:     0x5c1fdf29c410 - test[aada8e7e76ba119b]::test_main_inner::{closure#0}
[INFO] [stdout]    6:     0x5c1fdf302532 - std[617be2ca0a6fd877]::panicking::panic_with_hook
[INFO] [stdout]    7:     0x5c1fdf2e54e2 - std[617be2ca0a6fd877]::panicking::panic_handler::{closure#0}
[INFO] [stdout]    8:     0x5c1fdf2de0d9 - std[617be2ca0a6fd877]::sys::backtrace::__rust_end_short_backtrace::<std[617be2ca0a6fd877]::panicking::panic_handler::{closure#0}, !>
[INFO] [stdout]    9:     0x5c1fdf2e60ed - __rustc[ea4f61d10b84890b]::rust_begin_unwind
[INFO] [stdout]   10:     0x5c1fdf31ef6c - core[a373ad73a504971]::panicking::panic_fmt
[INFO] [stdout]   11:     0x5c1fdf31ed42 - core[a373ad73a504971]::result::unwrap_failed
[INFO] [stdout]   12:     0x5c1fdf2857f4 - integration[850ae41ce34e36e4]::run_scopefolio
[INFO] [stdout]   13:     0x5c1fdf28bdc8 - <integration[850ae41ce34e36e4]::large_offset_clamps_to_whole_file::{closure#0} as core[a373ad73a504971]::ops::function::FnOnce<()>>::call_once
[INFO] [stdout]   14:     0x5c1fdf28f85b - test[aada8e7e76ba119b]::__rust_begin_short_backtrace::<core[a373ad73a504971]::result::Result<(), alloc[2e1b2a31b91974c5]::string::String>, fn() -> core[a373ad73a504971]::result::Result<(), alloc[2e1b2a31b91974c5]::string::String>>
[INFO] [stdout]   15:     0x5c1fdf29ca35 - test[aada8e7e76ba119b]::run_test::{closure#0}
[INFO] [stdout]   16:     0x5c1fdf296324 - std[617be2ca0a6fd877]::sys::backtrace::__rust_begin_short_backtrace::<test[aada8e7e76ba119b]::run_test::{closure#1}, ()>
[INFO] [stdout]   17:     0x5c1fdf29fac2 - <std[617be2ca0a6fd877]::thread::lifecycle::spawn_unchecked<test[aada8e7e76ba119b]::run_test::{closure#1}, ()>::{closure#1} as core[a373ad73a504971]::ops::function::FnOnce<()>>::call_once::{shim:vtable#0}
[INFO] [stdout]   18:     0x5c1fdf309c5f - <std[617be2ca0a6fd877]::sys::thread::unix::Thread>::new::thread_start
[INFO] [stdout]   19:     0x7928a5a81dfa - <unknown>
[INFO] [stdout]   20:     0x7928a5b153d4 - clone
[INFO] [stdout]   21:                0x0 - <unknown>
[INFO] [stdout] 
[INFO] [stdout] ---- canonical_n1200_three_equal_leaves stdout ----
[INFO] [stdout] 
[INFO] [stdout] thread 'canonical_n1200_three_equal_leaves' (609) panicked at tests/integration.rs:29:10:
[INFO] [stdout] failed to execute scopefolio: Os { code: 2, kind: NotFound, message: "No such file or directory" }
[INFO] [stdout] stack backtrace:
[INFO] [stdout]    0:     0x5c1fdf30a5e1 - <<std[617be2ca0a6fd877]::sys::backtrace::BacktraceLock>::print::DisplayBacktrace as core[a373ad73a504971]::fmt::Display>::fmt
[INFO] [stdout]    1:     0x5c1fdf31e83a - core[a373ad73a504971]::fmt::write
[INFO] [stdout]    2:     0x5c1fdf30ea5c - <alloc[2e1b2a31b91974c5]::vec::Vec<u8> as core[a373ad73a504971]::io::write::Write>::write_fmt
[INFO] [stdout]    3:     0x5c1fdf2e5436 - std[617be2ca0a6fd877]::panicking::default_hook::{closure#0}
[INFO] [stdout]    4:     0x5c1fdf302379 - std[617be2ca0a6fd877]::panicking::default_hook
[INFO] [stdout]    5:     0x5c1fdf29c410 - test[aada8e7e76ba119b]::test_main_inner::{closure#0}
[INFO] [stdout]    6:     0x5c1fdf302532 - std[617be2ca0a6fd877]::panicking::panic_with_hook
[INFO] [stdout]    7:     0x5c1fdf2e54e2 - std[617be2ca0a6fd877]::panicking::panic_handler::{closure#0}
[INFO] [stdout]    8:     0x5c1fdf2de0d9 - std[617be2ca0a6fd877]::sys::backtrace::__rust_end_short_backtrace::<std[617be2ca0a6fd877]::panicking::panic_handler::{closure#0}, !>
[INFO] [stdout]    9:     0x5c1fdf2e60ed - __rustc[ea4f61d10b84890b]::rust_begin_unwind
[INFO] [stdout]   10:     0x5c1fdf31ef6c - core[a373ad73a504971]::panicking::panic_fmt
[INFO] [stdout]   11:     0x5c1fdf31ed42 - core[a373ad73a504971]::result::unwrap_failed
[INFO] [stdout]   12:     0x5c1fdf2857f4 - integration[850ae41ce34e36e4]::run_scopefolio
[INFO] [stdout]   13:     0x5c1fdf28c3fb - <integration[850ae41ce34e36e4]::canonical_n1200_three_equal_leaves::{closure#0} as core[a373ad73a504971]::ops::function::FnOnce<()>>::call_once
[INFO] [stdout]   14:     0x5c1fdf28f85b - test[aada8e7e76ba119b]::__rust_begin_short_backtrace::<core[a373ad73a504971]::result::Result<(), alloc[2e1b2a31b91974c5]::string::String>, fn() -> core[a373ad73a504971]::result::Result<(), alloc[2e1b2a31b91974c5]::string::String>>
[INFO] [stdout]   15:     0x5c1fdf29ca35 - test[aada8e7e76ba119b]::run_test::{closure#0}
[INFO] [stdout]   16:     0x5c1fdf296324 - std[617be2ca0a6fd877]::sys::backtrace::__rust_begin_short_backtrace::<test[aada8e7e76ba119b]::run_test::{closure#1}, ()>
[INFO] [stdout]   17:     0x5c1fdf29fac2 - <std[617be2ca0a6fd877]::thread::lifecycle::spawn_unchecked<test[aada8e7e76ba119b]::run_test::{closure#1}, ()>::{closure#1} as core[a373ad73a504971]::ops::function::FnOnce<()>>::call_once::{shim:vtable#0}
[INFO] [stdout]   18:     0x5c1fdf309c5f - <std[617be2ca0a6fd877]::sys::thread::unix::Thread>::new::thread_start
[INFO] [stdout]   19:     0x7928a5a81dfa - <unknown>
[INFO] [stdout]   20:     0x7928a5b153d4 - clone
[INFO] [stdout]   21:                0x0 - <unknown>
[INFO] [stdout] 
[INFO] [stdout] ---- line_immediately_before_and_after_boundary stdout ----
[INFO] [stdout] 
[INFO] [stdout] thread 'line_immediately_before_and_after_boundary' (640) panicked at tests/integration.rs:29:10:
[INFO] [stdout] failed to execute scopefolio: Os { code: 2, kind: NotFound, message: "No such file or directory" }
[INFO] [stdout] stack backtrace:
[INFO] [stdout]    0:     0x5c1fdf30a5e1 - <<std[617be2ca0a6fd877]::sys::backtrace::BacktraceLock>::print::DisplayBacktrace as core[a373ad73a504971]::fmt::Display>::fmt
[INFO] [stdout]    1:     0x5c1fdf31e83a - core[a373ad73a504971]::fmt::write
[INFO] [stdout]    2:     0x5c1fdf30ea5c - <alloc[2e1b2a31b91974c5]::vec::Vec<u8> as core[a373ad73a504971]::io::write::Write>::write_fmt
[INFO] [stdout]    3:     0x5c1fdf2e5436 - std[617be2ca0a6fd877]::panicking::default_hook::{closure#0}
[INFO] [stdout]    4:     0x5c1fdf302379 - std[617be2ca0a6fd877]::panicking::default_hook
[INFO] [stdout]    5:     0x5c1fdf29c410 - test[aada8e7e76ba119b]::test_main_inner::{closure#0}
[INFO] [stdout]    6:     0x5c1fdf302532 - std[617be2ca0a6fd877]::panicking::panic_with_hook
[INFO] [stdout]    7:     0x5c1fdf2e54e2 - std[617be2ca0a6fd877]::panicking::panic_handler::{closure#0}
[INFO] [stdout]    8:     0x5c1fdf2de0d9 - std[617be2ca0a6fd877]::sys::backtrace::__rust_end_short_backtrace::<std[617be2ca0a6fd877]::panicking::panic_handler::{closure#0}, !>
[INFO] [stdout]    9:     0x5c1fdf2e60ed - __rustc[ea4f61d10b84890b]::rust_begin_unwind
[INFO] [stdout]   10:     0x5c1fdf31ef6c - core[a373ad73a504971]::panicking::panic_fmt
[INFO] [stdout]   11:     0x5c1fdf31ed42 - core[a373ad73a504971]::result::unwrap_failed
[INFO] [stdout]   12:     0x5c1fdf2857f4 - integration[850ae41ce34e36e4]::run_scopefolio
[INFO] [stdout]   13:     0x5c1fdf28debb - <integration[850ae41ce34e36e4]::line_immediately_before_and_after_boundary::{closure#0} as core[a373ad73a504971]::ops::function::FnOnce<()>>::call_once
[INFO] [stdout]   14:     0x5c1fdf28f85b - test[aada8e7e76ba119b]::__rust_begin_short_backtrace::<core[a373ad73a504971]::result::Result<(), alloc[2e1b2a31b91974c5]::string::String>, fn() -> core[a373ad73a504971]::result::Result<(), alloc[2e1b2a31b91974c5]::string::String>>
[INFO] [stdout]   15:     0x5c1fdf29ca35 - test[aada8e7e76ba119b]::run_test::{closure#0}
[INFO] [stdout]   16:     0x5c1fdf296324 - std[617be2ca0a6fd877]::sys::backtrace::__rust_begin_short_backtrace::<test[aada8e7e76ba119b]::run_test::{closure#1}, ()>
[INFO] [stdout]   17:     0x5c1fdf29fac2 - <std[617be2ca0a6fd877]::thread::lifecycle::spawn_unchecked<test[aada8e7e76ba119b]::run_test::{closure#1}, ()>::{closure#1} as core[a373ad73a504971]::ops::function::FnOnce<()>>::call_once::{shim:vtable#0}
[INFO] [stdout]   18:     0x5c1fdf309c5f - <std[617be2ca0a6fd877]::sys::thread::unix::Thread>::new::thread_start
[INFO] [stdout]   19:     0x7928a5a81dfa - <unknown>
[INFO] [stdout]   20:     0x7928a5b153d4 - clone
[INFO] [stdout]   21:                0x0 - <unknown>
[INFO] [stdout] 
[INFO] [stdout] ---- content_preserves_whitespace_and_line_numbers stdout ----
[INFO] [stdout] 
[INFO] [stdout] thread 'content_preserves_whitespace_and_line_numbers' (613) panicked at tests/integration.rs:29:10:
[INFO] [stdout] failed to execute scopefolio: Os { code: 2, kind: NotFound, message: "No such file or directory" }
[INFO] [stdout] stack backtrace:
[INFO] [stdout]    0:     0x5c1fdf30a5e1 - <<std[617be2ca0a6fd877]::sys::backtrace::BacktraceLock>::print::DisplayBacktrace as core[a373ad73a504971]::fmt::Display>::fmt
[INFO] [stdout]    1:     0x5c1fdf31e83a - core[a373ad73a504971]::fmt::write
[INFO] [stdout]    2:     0x5c1fdf30ea5c - <alloc[2e1b2a31b91974c5]::vec::Vec<u8> as core[a373ad73a504971]::io::write::Write>::write_fmt
[INFO] [stdout]    3:     0x5c1fdf2e5436 - std[617be2ca0a6fd877]::panicking::default_hook::{closure#0}
[INFO] [stdout]    4:     0x5c1fdf302379 - std[617be2ca0a6fd877]::panicking::default_hook
[INFO] [stdout]    5:     0x5c1fdf29c410 - test[aada8e7e76ba119b]::test_main_inner::{closure#0}
[INFO] [stdout]    6:     0x5c1fdf302532 - std[617be2ca0a6fd877]::panicking::panic_with_hook
[INFO] [stdout]    7:     0x5c1fdf2e54e2 - std[617be2ca0a6fd877]::panicking::panic_handler::{closure#0}
[INFO] [stdout]    8:     0x5c1fdf2de0d9 - std[617be2ca0a6fd877]::sys::backtrace::__rust_end_short_backtrace::<std[617be2ca0a6fd877]::panicking::panic_handler::{closure#0}, !>
[INFO] [stdout]    9:     0x5c1fdf2e60ed - __rustc[ea4f61d10b84890b]::rust_begin_unwind
[INFO] [stdout]   10:     0x5c1fdf31ef6c - core[a373ad73a504971]::panicking::panic_fmt
[INFO] [stdout]   11:     0x5c1fdf31ed42 - core[a373ad73a504971]::result::unwrap_failed
[INFO] [stdout]   12:     0x5c1fdf2857f4 - integration[850ae41ce34e36e4]::run_scopefolio
[INFO] [stdout]   13:     0x5c1fdf28e3fd - <integration[850ae41ce34e36e4]::content_preserves_whitespace_and_line_numbers::{closure#0} as core[a373ad73a504971]::ops::function::FnOnce<()>>::call_once
[INFO] [stdout]   14:     0x5c1fdf28f85b - test[aada8e7e76ba119b]::__rust_begin_short_backtrace::<core[a373ad73a504971]::result::Result<(), alloc[2e1b2a31b91974c5]::string::String>, fn() -> core[a373ad73a504971]::result::Result<(), alloc[2e1b2a31b91974c5]::string::String>>
[INFO] [stdout]   15:     0x5c1fdf29ca35 - test[aada8e7e76ba119b]::run_test::{closure#0}
[INFO] [stdout]   16:     0x5c1fdf296324 - std[617be2ca0a6fd877]::sys::backtrace::__rust_begin_short_backtrace::<test[aada8e7e76ba119b]::run_test::{closure#1}, ()>
[INFO] [stdout]   17:     0x5c1fdf29fac2 - <std[617be2ca0a6fd877]::thread::lifecycle::spawn_unchecked<test[aada8e7e76ba119b]::run_test::{closure#1}, ()>::{closure#1} as core[a373ad73a504971]::ops::function::FnOnce<()>>::call_once::{shim:vtable#0}
[INFO] [stdout]   18:     0x5c1fdf309c5f - <std[617be2ca0a6fd877]::sys::thread::unix::Thread>::new::thread_start
[INFO] [stdout]   19:     0x7928a5a81dfa - <unknown>
[INFO] [stdout]   20:     0x7928a5b153d4 - clone
[INFO] [stdout]   21:                0x0 - <unknown>
[INFO] [stdout] 
[INFO] [stdout] ---- offset_at_file_beginning_clamps stdout ----
[INFO] [stdout] 
[INFO] [stdout] thread 'offset_at_file_beginning_clamps' (647) panicked at tests/integration.rs:29:10:
[INFO] [stdout] failed to execute scopefolio: Os { code: 2, kind: NotFound, message: "No such file or directory" }
[INFO] [stdout] stack backtrace:
[INFO] [stdout]    0:     0x5c1fdf30a5e1 - <<std[617be2ca0a6fd877]::sys::backtrace::BacktraceLock>::print::DisplayBacktrace as core[a373ad73a504971]::fmt::Display>::fmt
[INFO] [stdout]    1:     0x5c1fdf31e83a - core[a373ad73a504971]::fmt::write
[INFO] [stdout]    2:     0x5c1fdf30ea5c - <alloc[2e1b2a31b91974c5]::vec::Vec<u8> as core[a373ad73a504971]::io::write::Write>::write_fmt
[INFO] [stdout]    3:     0x5c1fdf2e5436 - std[617be2ca0a6fd877]::panicking::default_hook::{closure#0}
[INFO] [stdout]    4:     0x5c1fdf302379 - std[617be2ca0a6fd877]::panicking::default_hook
[INFO] [stdout]    5:     0x5c1fdf29c410 - test[aada8e7e76ba119b]::test_main_inner::{closure#0}
[INFO] [stdout]    6:     0x5c1fdf302532 - std[617be2ca0a6fd877]::panicking::panic_with_hook
[INFO] [stdout]    7:     0x5c1fdf2e54e2 - std[617be2ca0a6fd877]::panicking::panic_handler::{closure#0}
[INFO] [stdout]    8:     0x5c1fdf2de0d9 - std[617be2ca0a6fd877]::sys::backtrace::__rust_end_short_backtrace::<std[617be2ca0a6fd877]::panicking::panic_handler::{closure#0}, !>
[INFO] [stdout]    9:     0x5c1fdf2e60ed - __rustc[ea4f61d10b84890b]::rust_begin_unwind
[INFO] [stdout]   10:     0x5c1fdf31ef6c - core[a373ad73a504971]::panicking::panic_fmt
[INFO] [stdout]   11:     0x5c1fdf31ed42 - core[a373ad73a504971]::result::unwrap_failed
[INFO] [stdout]   12:     0x5c1fdf2857f4 - integration[850ae41ce34e36e4]::run_scopefolio
[INFO] [stdout]   13:     0x5c1fdf28b938 - <integration[850ae41ce34e36e4]::offset_at_file_beginning_clamps::{closure#0} as core[a373ad73a504971]::ops::function::FnOnce<()>>::call_once
[INFO] [stdout]   14:     0x5c1fdf28f85b - test[aada8e7e76ba119b]::__rust_begin_short_backtrace::<core[a373ad73a504971]::result::Result<(), alloc[2e1b2a31b91974c5]::string::String>, fn() -> core[a373ad73a504971]::result::Result<(), alloc[2e1b2a31b91974c5]::string::String>>
[INFO] [stdout]   15:     0x5c1fdf29ca35 - test[aada8e7e76ba119b]::run_test::{closure#0}
[INFO] [stdout]   16:     0x5c1fdf296324 - std[617be2ca0a6fd877]::sys::backtrace::__rust_begin_short_backtrace::<test[aada8e7e76ba119b]::run_test::{closure#1}, ()>
[INFO] [stdout]   17:     0x5c1fdf29fac2 - <std[617be2ca0a6fd877]::thread::lifecycle::spawn_unchecked<test[aada8e7e76ba119b]::run_test::{closure#1}, ()>::{closure#1} as core[a373ad73a504971]::ops::function::FnOnce<()>>::call_once::{shim:vtable#0}
[INFO] [stdout]   18:     0x5c1fdf309c5f - <std[617be2ca0a6fd877]::sys::thread::unix::Thread>::new::thread_start
[INFO] [stdout]   19:     0x7928a5a81dfa - <unknown>
[INFO] [stdout]   20:     0x7928a5b153d4 - clone
[INFO] [stdout]   21:                0x0 - <unknown>
[INFO] [stdout] 
[INFO] [stdout] ---- large_file stdout ----
[INFO] [stdout] 
[INFO] [stdout] thread 'large_file' (636) panicked at tests/integration.rs:29:10:
[INFO] [stdout] failed to execute scopefolio: Os { code: 2, kind: NotFound, message: "No such file or directory" }
[INFO] [stdout] stack backtrace:
[INFO] [stdout]    0:     0x5c1fdf30a5e1 - <<std[617be2ca0a6fd877]::sys::backtrace::BacktraceLock>::print::DisplayBacktrace as core[a373ad73a504971]::fmt::Display>::fmt
[INFO] [stdout]    1:     0x5c1fdf31e83a - core[a373ad73a504971]::fmt::write
[INFO] [stdout]    2:     0x5c1fdf30ea5c - <alloc[2e1b2a31b91974c5]::vec::Vec<u8> as core[a373ad73a504971]::io::write::Write>::write_fmt
[INFO] [stdout]    3:     0x5c1fdf2e5436 - std[617be2ca0a6fd877]::panicking::default_hook::{closure#0}
[INFO] [stdout]    4:     0x5c1fdf302379 - std[617be2ca0a6fd877]::panicking::default_hook
[INFO] [stdout]    5:     0x5c1fdf29c410 - test[aada8e7e76ba119b]::test_main_inner::{closure#0}
[INFO] [stdout]    6:     0x5c1fdf302532 - std[617be2ca0a6fd877]::panicking::panic_with_hook
[INFO] [stdout]    7:     0x5c1fdf2e54e2 - std[617be2ca0a6fd877]::panicking::panic_handler::{closure#0}
[INFO] [stdout]    8:     0x5c1fdf2de0d9 - std[617be2ca0a6fd877]::sys::backtrace::__rust_end_short_backtrace::<std[617be2ca0a6fd877]::panicking::panic_handler::{closure#0}, !>
[INFO] [stdout]    9:     0x5c1fdf2e60ed - __rustc[ea4f61d10b84890b]::rust_begin_unwind
[INFO] [stdout]   10:     0x5c1fdf31ef6c - core[a373ad73a504971]::panicking::panic_fmt
[INFO] [stdout]   11:     0x5c1fdf31ed42 - core[a373ad73a504971]::result::unwrap_failed
[INFO] [stdout]   12:     0x5c1fdf2857f4 - integration[850ae41ce34e36e4]::run_scopefolio
[INFO] [stdout]   13:     0x5c1fdf286ca5 - <integration[850ae41ce34e36e4]::large_file::{closure#0} as core[a373ad73a504971]::ops::function::FnOnce<()>>::call_once
[INFO] [stdout]   14:     0x5c1fdf28f85b - test[aada8e7e76ba119b]::__rust_begin_short_backtrace::<core[a373ad73a504971]::result::Result<(), alloc[2e1b2a31b91974c5]::string::String>, fn() -> core[a373ad73a504971]::result::Result<(), alloc[2e1b2a31b91974c5]::string::String>>
[INFO] [stdout]   15:     0x5c1fdf29ca35 - test[aada8e7e76ba119b]::run_test::{closure#0}
[INFO] [stdout]   16:     0x5c1fdf296324 - std[617be2ca0a6fd877]::sys::backtrace::__rust_begin_short_backtrace::<test[aada8e7e76ba119b]::run_test::{closure#1}, ()>
[INFO] [stdout]   17:     0x5c1fdf29fac2 - <std[617be2ca0a6fd877]::thread::lifecycle::spawn_unchecked<test[aada8e7e76ba119b]::run_test::{closure#1}, ()>::{closure#1} as core[a373ad73a504971]::ops::function::FnOnce<()>>::call_once::{shim:vtable#0}
[INFO] [stdout]   18:     0x5c1fdf309c5f - <std[617be2ca0a6fd877]::sys::thread::unix::Thread>::new::thread_start
[INFO] [stdout]   19:     0x7928a5a81dfa - <unknown>
[INFO] [stdout]   20:     0x7928a5b153d4 - clone
[INFO] [stdout]   21:                0x0 - <unknown>
[INFO] [stdout] 
[INFO] [stdout] ---- offset_at_file_end_clamps stdout ----
[INFO] [stdout] 
[INFO] [stdout] thread 'offset_at_file_end_clamps' (650) panicked at tests/integration.rs:29:10:
[INFO] [stdout] failed to execute scopefolio: Os { code: 2, kind: NotFound, message: "No such file or directory" }
[INFO] [stdout] stack backtrace:
[INFO] [stdout]    0:     0x5c1fdf30a5e1 - <<std[617be2ca0a6fd877]::sys::backtrace::BacktraceLock>::print::DisplayBacktrace as core[a373ad73a504971]::fmt::Display>::fmt
[INFO] [stdout]    1:     0x5c1fdf31e83a - core[a373ad73a504971]::fmt::write
[INFO] [stdout]    2:     0x5c1fdf30ea5c - <alloc[2e1b2a31b91974c5]::vec::Vec<u8> as core[a373ad73a504971]::io::write::Write>::write_fmt
[INFO] [stdout]    3:     0x5c1fdf2e5436 - std[617be2ca0a6fd877]::panicking::default_hook::{closure#0}
[INFO] [stdout]    4:     0x5c1fdf302379 - std[617be2ca0a6fd877]::panicking::default_hook
[INFO] [stdout]    5:     0x5c1fdf29c410 - test[aada8e7e76ba119b]::test_main_inner::{closure#0}
[INFO] [stdout]    6:     0x5c1fdf302532 - std[617be2ca0a6fd877]::panicking::panic_with_hook
[INFO] [stdout]    7:     0x5c1fdf2e54e2 - std[617be2ca0a6fd877]::panicking::panic_handler::{closure#0}
[INFO] [stdout]    8:     0x5c1fdf2de0d9 - std[617be2ca0a6fd877]::sys::backtrace::__rust_end_short_backtrace::<std[617be2ca0a6fd877]::panicking::panic_handler::{closure#0}, !>
[INFO] [stdout]    9:     0x5c1fdf2e60ed - __rustc[ea4f61d10b84890b]::rust_begin_unwind
[INFO] [stdout]   10:     0x5c1fdf31ef6c - core[a373ad73a504971]::panicking::panic_fmt
[INFO] [stdout]   11:     0x5c1fdf31ed42 - core[a373ad73a504971]::result::unwrap_failed
[INFO] [stdout]   12:     0x5c1fdf2857f4 - integration[850ae41ce34e36e4]::run_scopefolio
[INFO] [stdout]   13:     0x5c1fdf288ce8 - <integration[850ae41ce34e36e4]::offset_at_file_end_clamps::{closure#0} as core[a373ad73a504971]::ops::function::FnOnce<()>>::call_once
[INFO] [stdout]   14:     0x5c1fdf28f85b - test[aada8e7e76ba119b]::__rust_begin_short_backtrace::<core[a373ad73a504971]::result::Result<(), alloc[2e1b2a31b91974c5]::string::String>, fn() -> core[a373ad73a504971]::result::Result<(), alloc[2e1b2a31b91974c5]::string::String>>
[INFO] [stdout]   15:     0x5c1fdf29ca35 - test[aada8e7e76ba119b]::run_test::{closure#0}
[INFO] [stdout]   16:     0x5c1fdf296324 - std[617be2ca0a6fd877]::sys::backtrace::__rust_begin_short_backtrace::<test[aada8e7e76ba119b]::run_test::{closure#1}, ()>
[INFO] [stdout]   17:     0x5c1fdf29fac2 - <std[617be2ca0a6fd877]::thread::lifecycle::spawn_unchecked<test[aada8e7e76ba119b]::run_test::{closure#1}, ()>::{closure#1} as core[a373ad73a504971]::ops::function::FnOnce<()>>::call_once::{shim:vtable#0}
[INFO] [stdout]   18:     0x5c1fdf309c5f - <std[617be2ca0a6fd877]::sys::thread::unix::Thread>::new::thread_start
[INFO] [stdout]   19:     0x7928a5a81dfa - <unknown>
[INFO] [stdout]   20:     0x7928a5b153d4 - clone
[INFO] [stdout]   21:                0x0 - <unknown>
[INFO] [stdout] 
[INFO] [stdout] ---- file_not_found_is_deterministic_error stdout ----
[INFO] [stdout] 
[INFO] [stdout] thread 'file_not_found_is_deterministic_error' (625) panicked at tests/integration.rs:29:10:
[INFO] [stdout] failed to execute scopefolio: Os { code: 2, kind: NotFound, message: "No such file or directory" }
[INFO] [stdout] stack backtrace:
[INFO] [stdout]    0:     0x5c1fdf30a5e1 - <<std[617be2ca0a6fd877]::sys::backtrace::BacktraceLock>::print::DisplayBacktrace as core[a373ad73a504971]::fmt::Display>::fmt
[INFO] [stdout]    1:     0x5c1fdf31e83a - core[a373ad73a504971]::fmt::write
[INFO] [stdout]    2:     0x5c1fdf30ea5c - <alloc[2e1b2a31b91974c5]::vec::Vec<u8> as core[a373ad73a504971]::io::write::Write>::write_fmt
[INFO] [stdout]    3:     0x5c1fdf2e5436 - std[617be2ca0a6fd877]::panicking::default_hook::{closure#0}
[INFO] [stdout]    4:     0x5c1fdf302379 - std[617be2ca0a6fd877]::panicking::default_hook
[INFO] [stdout]    5:     0x5c1fdf29c410 - test[aada8e7e76ba119b]::test_main_inner::{closure#0}
[INFO] [stdout]    6:     0x5c1fdf302532 - std[617be2ca0a6fd877]::panicking::panic_with_hook
[INFO] [stdout]    7:     0x5c1fdf2e54e2 - std[617be2ca0a6fd877]::panicking::panic_handler::{closure#0}
[INFO] [stdout]    8:     0x5c1fdf2de0d9 - std[617be2ca0a6fd877]::sys::backtrace::__rust_end_short_backtrace::<std[617be2ca0a6fd877]::panicking::panic_handler::{closure#0}, !>
[INFO] [stdout]    9:     0x5c1fdf2e60ed - __rustc[ea4f61d10b84890b]::rust_begin_unwind
[INFO] [stdout]   10:     0x5c1fdf31ef6c - core[a373ad73a504971]::panicking::panic_fmt
[INFO] [stdout]   11:     0x5c1fdf31ed42 - core[a373ad73a504971]::result::unwrap_failed
[INFO] [stdout]   12:     0x5c1fdf2857f4 - integration[850ae41ce34e36e4]::run_scopefolio
[INFO] [stdout]   13:     0x5c1fdf28d224 - <integration[850ae41ce34e36e4]::file_not_found_is_deterministic_error::{closure#0} as core[a373ad73a504971]::ops::function::FnOnce<()>>::call_once
[INFO] [stdout]   14:     0x5c1fdf28f85b - test[aada8e7e76ba119b]::__rust_begin_short_backtrace::<core[a373ad73a504971]::result::Result<(), alloc[2e1b2a31b91974c5]::string::String>, fn() -> core[a373ad73a504971]::result::Result<(), alloc[2e1b2a31b91974c5]::string::String>>
[INFO] [stdout]   15:     0x5c1fdf29ca35 - test[aada8e7e76ba119b]::run_test::{closure#0}
[INFO] [stdout]   16:     0x5c1fdf296324 - std[617be2ca0a6fd877]::sys::backtrace::__rust_begin_short_backtrace::<test[aada8e7e76ba119b]::run_test::{closure#1}, ()>
[INFO] [stdout]   17:     0x5c1fdf29fac2 - <std[617be2ca0a6fd877]::thread::lifecycle::spawn_unchecked<test[aada8e7e76ba119b]::run_test::{closure#1}, ()>::{closure#1} as core[a373ad73a504971]::ops::function::FnOnce<()>>::call_once::{shim:vtable#0}
[INFO] [stdout]   18:     0x5c1fdf309c5f - <std[617be2ca0a6fd877]::sys::thread::unix::Thread>::new::thread_start
[INFO] [stdout]   19:     0x7928a5a81dfa - <unknown>
[INFO] [stdout]   20:     0x7928a5b153d4 - clone
[INFO] [stdout]   21:                0x0 - <unknown>
[INFO] [stdout] 
[INFO] [stdout] ---- no_silent_substitution_on_error stdout ----
[INFO] [stdout] 
[INFO] [stdout] thread 'no_silent_substitution_on_error' (645) panicked at tests/integration.rs:29:10:
[INFO] [stdout] failed to execute scopefolio: Os { code: 2, kind: NotFound, message: "No such file or directory" }
[INFO] [stdout] stack backtrace:
[INFO] [stdout]    0:     0x5c1fdf30a5e1 - <<std[617be2ca0a6fd877]::sys::backtrace::BacktraceLock>::print::DisplayBacktrace as core[a373ad73a504971]::fmt::Display>::fmt
[INFO] [stdout]    1:     0x5c1fdf31e83a - core[a373ad73a504971]::fmt::write
[INFO] [stdout]    2:     0x5c1fdf30ea5c - <alloc[2e1b2a31b91974c5]::vec::Vec<u8> as core[a373ad73a504971]::io::write::Write>::write_fmt
[INFO] [stdout]    3:     0x5c1fdf2e5436 - std[617be2ca0a6fd877]::panicking::default_hook::{closure#0}
[INFO] [stdout]    4:     0x5c1fdf302379 - std[617be2ca0a6fd877]::panicking::default_hook
[INFO] [stdout]    5:     0x5c1fdf29c410 - test[aada8e7e76ba119b]::test_main_inner::{closure#0}
[INFO] [stdout]    6:     0x5c1fdf302532 - std[617be2ca0a6fd877]::panicking::panic_with_hook
[INFO] [stdout]    7:     0x5c1fdf2e54e2 - std[617be2ca0a6fd877]::panicking::panic_handler::{closure#0}
[INFO] [stdout]    8:     0x5c1fdf2de0d9 - std[617be2ca0a6fd877]::sys::backtrace::__rust_end_short_backtrace::<std[617be2ca0a6fd877]::panicking::panic_handler::{closure#0}, !>
[INFO] [stdout]    9:     0x5c1fdf2e60ed - __rustc[ea4f61d10b84890b]::rust_begin_unwind
[INFO] [stdout]   10:     0x5c1fdf31ef6c - core[a373ad73a504971]::panicking::panic_fmt
[INFO] [stdout]   11:     0x5c1fdf31ed42 - core[a373ad73a504971]::result::unwrap_failed
[INFO] [stdout]   12:     0x5c1fdf2857f4 - integration[850ae41ce34e36e4]::run_scopefolio
[INFO] [stdout]   13:     0x5c1fdf28b652 - <integration[850ae41ce34e36e4]::no_silent_substitution_on_error::{closure#0} as core[a373ad73a504971]::ops::function::FnOnce<()>>::call_once
[INFO] [stdout]   14:     0x5c1fdf28f85b - test[aada8e7e76ba119b]::__rust_begin_short_backtrace::<core[a373ad73a504971]::result::Result<(), alloc[2e1b2a31b91974c5]::string::String>, fn() -> core[a373ad73a504971]::result::Result<(), alloc[2e1b2a31b91974c5]::string::String>>
[INFO] [stdout]   15:     0x5c1fdf29ca35 - test[aada8e7e76ba119b]::run_test::{closure#0}
[INFO] [stdout]   16:     0x5c1fdf296324 - std[617be2ca0a6fd877]::sys::backtrace::__rust_begin_short_backtrace::<test[aada8e7e76ba119b]::run_test::{closure#1}, ()>
[INFO] [stdout]   17:     0x5c1fdf29fac2 - <std[617be2ca0a6fd877]::thread::lifecycle::spawn_unchecked<test[aada8e7e76ba119b]::run_test::{closure#1}, ()>::{closure#1} as core[a373ad73a504971]::ops::function::FnOnce<()>>::call_once::{shim:vtable#0}
[INFO] [stdout]   18:     0x5c1fdf309c5f - <std[617be2ca0a6fd877]::sys::thread::unix::Thread>::new::thread_start
[INFO] [stdout]   19:     0x7928a5a81dfa - <unknown>
[INFO] [stdout]   20:     0x7928a5b153d4 - clone
[INFO] [stdout]   21:                0x0 - <unknown>
[INFO] [stdout] 
[INFO] [stdout] ---- odd_line_count_small_file_single_leaf stdout ----
[INFO] [stdout] 
[INFO] [stdout] thread 'odd_line_count_small_file_single_leaf' (646) panicked at tests/integration.rs:29:10:
[INFO] [stdout] failed to execute scopefolio: Os { code: 2, kind: NotFound, message: "No such file or directory" }
[INFO] [stdout] stack backtrace:
[INFO] [stdout]    0:     0x5c1fdf30a5e1 - <<std[617be2ca0a6fd877]::sys::backtrace::BacktraceLock>::print::DisplayBacktrace as core[a373ad73a504971]::fmt::Display>::fmt
[INFO] [stdout]    1:     0x5c1fdf31e83a - core[a373ad73a504971]::fmt::write
[INFO] [stdout]    2:     0x5c1fdf30ea5c - <alloc[2e1b2a31b91974c5]::vec::Vec<u8> as core[a373ad73a504971]::io::write::Write>::write_fmt
[INFO] [stdout]    3:     0x5c1fdf2e5436 - std[617be2ca0a6fd877]::panicking::default_hook::{closure#0}
[INFO] [stdout]    4:     0x5c1fdf302379 - std[617be2ca0a6fd877]::panicking::default_hook
[INFO] [stdout]    5:     0x5c1fdf29c410 - test[aada8e7e76ba119b]::test_main_inner::{closure#0}
[INFO] [stdout]    6:     0x5c1fdf302532 - std[617be2ca0a6fd877]::panicking::panic_with_hook
[INFO] [stdout]    7:     0x5c1fdf2e54e2 - std[617be2ca0a6fd877]::panicking::panic_handler::{closure#0}
[INFO] [stdout]    8:     0x5c1fdf2de0d9 - std[617be2ca0a6fd877]::sys::backtrace::__rust_end_short_backtrace::<std[617be2ca0a6fd877]::panicking::panic_handler::{closure#0}, !>
[INFO] [stdout]    9:     0x5c1fdf2e60ed - __rustc[ea4f61d10b84890b]::rust_begin_unwind
[INFO] [stdout]   10:     0x5c1fdf31ef6c - core[a373ad73a504971]::panicking::panic_fmt
[INFO] [stdout]   11:     0x5c1fdf31ed42 - core[a373ad73a504971]::result::unwrap_failed
[INFO] [stdout]   12:     0x5c1fdf2857f4 - integration[850ae41ce34e36e4]::run_scopefolio
[INFO] [stdout]   13:     0x5c1fdf28d480 - <integration[850ae41ce34e36e4]::odd_line_count_small_file_single_leaf::{closure#0} as core[a373ad73a504971]::ops::function::FnOnce<()>>::call_once
[INFO] [stdout]   14:     0x5c1fdf28f85b - test[aada8e7e76ba119b]::__rust_begin_short_backtrace::<core[a373ad73a504971]::result::Result<(), alloc[2e1b2a31b91974c5]::string::String>, fn() -> core[a373ad73a504971]::result::Result<(), alloc[2e1b2a31b91974c5]::string::String>>
[INFO] [stdout]   15:     0x5c1fdf29ca35 - test[aada8e7e76ba119b]::run_test::{closure#0}
[INFO] [stdout]   16:     0x5c1fdf296324 - std[617be2ca0a6fd877]::sys::backtrace::__rust_begin_short_backtrace::<test[aada8e7e76ba119b]::run_test::{closure#1}, ()>
[INFO] [stdout]   17:     0x5c1fdf29fac2 - <std[617be2ca0a6fd877]::thread::lifecycle::spawn_unchecked<test[aada8e7e76ba119b]::run_test::{closure#1}, ()>::{closure#1} as core[a373ad73a504971]::ops::function::FnOnce<()>>::call_once::{shim:vtable#0}
[INFO] [stdout]   18:     0x5c1fdf309c5f - <std[617be2ca0a6fd877]::sys::thread::unix::Thread>::new::thread_start
[INFO] [stdout]   19:     0x7928a5a81dfa - <unknown>
[INFO] [stdout]   20:     0x7928a5b153d4 - clone
[INFO] [stdout]   21:                0x0 - <unknown>
[INFO] [stdout] 
[INFO] [stdout] ---- middle_of_partition stdout ----
[INFO] [stdout] 
[INFO] [stdout] thread 'middle_of_partition' (641) panicked at tests/integration.rs:29:10:
[INFO] [stdout] failed to execute scopefolio: Os { code: 2, kind: NotFound, message: "No such file or directory" }
[INFO] [stdout] stack backtrace:
[INFO] [stdout]    0:     0x5c1fdf30a5e1 - <<std[617be2ca0a6fd877]::sys::backtrace::BacktraceLock>::print::DisplayBacktrace as core[a373ad73a504971]::fmt::Display>::fmt
[INFO] [stdout]    1:     0x5c1fdf31e83a - core[a373ad73a504971]::fmt::write
[INFO] [stdout]    2:     0x5c1fdf30ea5c - <alloc[2e1b2a31b91974c5]::vec::Vec<u8> as core[a373ad73a504971]::io::write::Write>::write_fmt
[INFO] [stdout]    3:     0x5c1fdf2e5436 - std[617be2ca0a6fd877]::panicking::default_hook::{closure#0}
[INFO] [stdout]    4:     0x5c1fdf302379 - std[617be2ca0a6fd877]::panicking::default_hook
[INFO] [stdout]    5:     0x5c1fdf29c410 - test[aada8e7e76ba119b]::test_main_inner::{closure#0}
[INFO] [stdout]    6:     0x5c1fdf302532 - std[617be2ca0a6fd877]::panicking::panic_with_hook
[INFO] [stdout]    7:     0x5c1fdf2e54e2 - std[617be2ca0a6fd877]::panicking::panic_handler::{closure#0}
[INFO] [stdout]    8:     0x5c1fdf2de0d9 - std[617be2ca0a6fd877]::sys::backtrace::__rust_end_short_backtrace::<std[617be2ca0a6fd877]::panicking::panic_handler::{closure#0}, !>
[INFO] [stdout]    9:     0x5c1fdf2e60ed - __rustc[ea4f61d10b84890b]::rust_begin_unwind
[INFO] [stdout]   10:     0x5c1fdf31ef6c - core[a373ad73a504971]::panicking::panic_fmt
[INFO] [stdout]   11:     0x5c1fdf31ed42 - core[a373ad73a504971]::result::unwrap_failed
[INFO] [stdout]   12:     0x5c1fdf2857f4 - integration[850ae41ce34e36e4]::run_scopefolio
[INFO] [stdout]   13:     0x5c1fdf28758b - <integration[850ae41ce34e36e4]::middle_of_partition::{closure#0} as core[a373ad73a504971]::ops::function::FnOnce<()>>::call_once
[INFO] [stdout]   14:     0x5c1fdf28f85b - test[aada8e7e76ba119b]::__rust_begin_short_backtrace::<core[a373ad73a504971]::result::Result<(), alloc[2e1b2a31b91974c5]::string::String>, fn() -> core[a373ad73a504971]::result::Result<(), alloc[2e1b2a31b91974c5]::string::String>>
[INFO] [stdout]   15:     0x5c1fdf29ca35 - test[aada8e7e76ba119b]::run_test::{closure#0}
[INFO] [stdout]   16:     0x5c1fdf296324 - std[617be2ca0a6fd877]::sys::backtrace::__rust_begin_short_backtrace::<test[aada8e7e76ba119b]::run_test::{closure#1}, ()>
[INFO] [stdout]   17:     0x5c1fdf29fac2 - <std[617be2ca0a6fd877]::thread::lifecycle::spawn_unchecked<test[aada8e7e76ba119b]::run_test::{closure#1}, ()>::{closure#1} as core[a373ad73a504971]::ops::function::FnOnce<()>>::call_once::{shim:vtable#0}
[INFO] [stdout]   18:     0x5c1fdf309c5f - <std[617be2ca0a6fd877]::sys::thread::unix::Thread>::new::thread_start
[INFO] [stdout]   19:     0x7928a5a81dfa - <unknown>
[INFO] [stdout]   20:     0x7928a5b153d4 - clone
[INFO] [stdout]   21:                0x0 - <unknown>
[INFO] [stdout] 
[INFO] [stdout] ---- repeated_reads_are_identical stdout ----
[INFO] [stdout] 
[INFO] [stdout] thread 'repeated_reads_are_identical' (653) panicked at tests/integration.rs:29:10:
[INFO] [stdout] failed to execute scopefolio: Os { code: 2, kind: NotFound, message: "No such file or directory" }
[INFO] [stdout] stack backtrace:
[INFO] [stdout]    0:     0x5c1fdf30a5e1 - <<std[617be2ca0a6fd877]::sys::backtrace::BacktraceLock>::print::DisplayBacktrace as core[a373ad73a504971]::fmt::Display>::fmt
[INFO] [stdout]    1:     0x5c1fdf31e83a - core[a373ad73a504971]::fmt::write
[INFO] [stdout]    2:     0x5c1fdf30ea5c - <alloc[2e1b2a31b91974c5]::vec::Vec<u8> as core[a373ad73a504971]::io::write::Write>::write_fmt
[INFO] [stdout]    3:     0x5c1fdf2e5436 - std[617be2ca0a6fd877]::panicking::default_hook::{closure#0}
[INFO] [stdout]    4:     0x5c1fdf302379 - std[617be2ca0a6fd877]::panicking::default_hook
[INFO] [stdout]    5:     0x5c1fdf29c410 - test[aada8e7e76ba119b]::test_main_inner::{closure#0}
[INFO] [stdout]    6:     0x5c1fdf302532 - std[617be2ca0a6fd877]::panicking::panic_with_hook
[INFO] [stdout]    7:     0x5c1fdf2e54e2 - std[617be2ca0a6fd877]::panicking::panic_handler::{closure#0}
[INFO] [stdout]    8:     0x5c1fdf2de0d9 - std[617be2ca0a6fd877]::sys::backtrace::__rust_end_short_backtrace::<std[617be2ca0a6fd877]::panicking::panic_handler::{closure#0}, !>
[INFO] [stdout]    9:     0x5c1fdf2e60ed - __rustc[ea4f61d10b84890b]::rust_begin_unwind
[INFO] [stdout]   10:     0x5c1fdf31ef6c - core[a373ad73a504971]::panicking::panic_fmt
[INFO] [stdout]   11:     0x5c1fdf31ed42 - core[a373ad73a504971]::result::unwrap_failed
[INFO] [stdout]   12:     0x5c1fdf2857f4 - integration[850ae41ce34e36e4]::run_scopefolio
[INFO] [stdout]   13:     0x5c1fdf28a2ca - <integration[850ae41ce34e36e4]::repeated_reads_are_identical::{closure#0} as core[a373ad73a504971]::ops::function::FnOnce<()>>::call_once
[INFO] [stdout]   14:     0x5c1fdf28f85b - test[aada8e7e76ba119b]::__rust_begin_short_backtrace::<core[a373ad73a504971]::result::Result<(), alloc[2e1b2a31b91974c5]::string::String>, fn() -> core[a373ad73a504971]::result::Result<(), alloc[2e1b2a31b91974c5]::string::String>>
[INFO] [stdout]   15:     0x5c1fdf29ca35 - test[aada8e7e76ba119b]::run_test::{closure#0}
[INFO] [stdout]   16:     0x5c1fdf296324 - std[617be2ca0a6fd877]::sys::backtrace::__rust_begin_short_backtrace::<test[aada8e7e76ba119b]::run_test::{closure#1}, ()>
[INFO] [stdout]   17:     0x5c1fdf29fac2 - <std[617be2ca0a6fd877]::thread::lifecycle::spawn_unchecked<test[aada8e7e76ba119b]::run_test::{closure#1}, ()>::{closure#1} as core[a373ad73a504971]::ops::function::FnOnce<()>>::call_once::{shim:vtable#0}
[INFO] [stdout]   18:     0x5c1fdf309c5f - <std[617be2ca0a6fd877]::sys::thread::unix::Thread>::new::thread_start
[INFO] [stdout]   19:     0x7928a5a81dfa - <unknown>
[INFO] [stdout]   20:     0x7928a5b153d4 - clone
[INFO] [stdout]   21:                0x0 - <unknown>
[INFO] [stdout] 
[INFO] [stdout] ---- small_file_returns_whole_file stdout ----
[INFO] [stdout] 
[INFO] [stdout] thread 'small_file_returns_whole_file' (654) panicked at tests/integration.rs:29:10:
[INFO] [stdout] failed to execute scopefolio: Os { code: 2, kind: NotFound, message: "No such file or directory" }
[INFO] [stdout] stack backtrace:
[INFO] [stdout]    0:     0x5c1fdf30a5e1 - <<std[617be2ca0a6fd877]::sys::backtrace::BacktraceLock>::print::DisplayBacktrace as core[a373ad73a504971]::fmt::Display>::fmt
[INFO] [stdout]    1:     0x5c1fdf31e83a - core[a373ad73a504971]::fmt::write
[INFO] [stdout]    2:     0x5c1fdf30ea5c - <alloc[2e1b2a31b91974c5]::vec::Vec<u8> as core[a373ad73a504971]::io::write::Write>::write_fmt
[INFO] [stdout]    3:     0x5c1fdf2e5436 - std[617be2ca0a6fd877]::panicking::default_hook::{closure#0}
[INFO] [stdout]    4:     0x5c1fdf302379 - std[617be2ca0a6fd877]::panicking::default_hook
[INFO] [stdout]    5:     0x5c1fdf29c410 - test[aada8e7e76ba119b]::test_main_inner::{closure#0}
[INFO] [stdout]    6:     0x5c1fdf302532 - std[617be2ca0a6fd877]::panicking::panic_with_hook
[INFO] [stdout]    7:     0x5c1fdf2e54e2 - std[617be2ca0a6fd877]::panicking::panic_handler::{closure#0}
[INFO] [stdout]    8:     0x5c1fdf2de0d9 - std[617be2ca0a6fd877]::sys::backtrace::__rust_end_short_backtrace::<std[617be2ca0a6fd877]::panicking::panic_handler::{closure#0}, !>
[INFO] [stdout]    9:     0x5c1fdf2e60ed - __rustc[ea4f61d10b84890b]::rust_begin_unwind
[INFO] [stdout]   10:     0x5c1fdf31ef6c - core[a373ad73a504971]::panicking::panic_fmt
[INFO] [stdout]   11:     0x5c1fdf31ed42 - core[a373ad73a504971]::result::unwrap_failed
[INFO] [stdout]   12:     0x5c1fdf2857f4 - integration[850ae41ce34e36e4]::run_scopefolio
[INFO] [stdout]   13:     0x5c1fdf28aa83 - <integration[850ae41ce34e36e4]::small_file_returns_whole_file::{closure#0} as core[a373ad73a504971]::ops::function::FnOnce<()>>::call_once
[INFO] [stdout]   14:     0x5c1fdf28f85b - test[aada8e7e76ba119b]::__rust_begin_short_backtrace::<core[a373ad73a504971]::result::Result<(), alloc[2e1b2a31b91974c5]::string::String>, fn() -> core[a373ad73a504971]::result::Result<(), alloc[2e1b2a31b91974c5]::string::String>>
[INFO] [stdout]   15:     0x5c1fdf29ca35 - test[aada8e7e76ba119b]::run_test::{closure#0}
[INFO] [stdout]   16:     0x5c1fdf296324 - std[617be2ca0a6fd877]::sys::backtrace::__rust_begin_short_backtrace::<test[aada8e7e76ba119b]::run_test::{closure#1}, ()>
[INFO] [stdout]   17:     0x5c1fdf29fac2 - <std[617be2ca0a6fd877]::thread::lifecycle::spawn_unchecked<test[aada8e7e76ba119b]::run_test::{closure#1}, ()>::{closure#1} as core[a373ad73a504971]::ops::function::FnOnce<()>>::call_once::{shim:vtable#0}
[INFO] [stdout]   18:     0x5c1fdf309c5f - <std[617be2ca0a6fd877]::sys::thread::unix::Thread>::new::thread_start
[INFO] [stdout]   19:     0x7928a5a81dfa - <unknown>
[INFO] [stdout]   20:     0x7928a5b153d4 - clone
[INFO] [stdout]   21:                0x0 - <unknown>
[INFO] [stdout] 
[INFO] [stdout] ---- positive_offset_expands stdout ----
[INFO] [stdout] 
[INFO] [stdout] thread 'positive_offset_expands' (652) panicked at tests/integration.rs:29:10:
[INFO] [stdout] failed to execute scopefolio: Os { code: 2, kind: NotFound, message: "No such file or directory" }
[INFO] [stdout] stack backtrace:
[INFO] [stdout]    0:     0x5c1fdf30a5e1 - <<std[617be2ca0a6fd877]::sys::backtrace::BacktraceLock>::print::DisplayBacktrace as core[a373ad73a504971]::fmt::Display>::fmt
[INFO] [stdout]    1:     0x5c1fdf31e83a - core[a373ad73a504971]::fmt::write
[INFO] [stdout]    2:     0x5c1fdf30ea5c - <alloc[2e1b2a31b91974c5]::vec::Vec<u8> as core[a373ad73a504971]::io::write::Write>::write_fmt
[INFO] [stdout]    3:     0x5c1fdf2e5436 - std[617be2ca0a6fd877]::panicking::default_hook::{closure#0}
[INFO] [stdout]    4:     0x5c1fdf302379 - std[617be2ca0a6fd877]::panicking::default_hook
[INFO] [stdout]    5:     0x5c1fdf29c410 - test[aada8e7e76ba119b]::test_main_inner::{closure#0}
[INFO] [stdout]    6:     0x5c1fdf302532 - std[617be2ca0a6fd877]::panicking::panic_with_hook
[INFO] [stdout]    7:     0x5c1fdf2e54e2 - std[617be2ca0a6fd877]::panicking::panic_handler::{closure#0}
[INFO] [stderr] error: test failed, to rerun pass `--test integration`
[INFO] [stdout]    8:     0x5c1fdf2de0d9 - std[617be2ca0a6fd877]::sys::backtrace::__rust_end_short_backtrace::<std[617be2ca0a6fd877]::panicking::panic_handler::{closure#0}, !>
[INFO] [stdout]    9:     0x5c1fdf2e60ed - __rustc[ea4f61d10b84890b]::rust_begin_unwind
[INFO] [stdout]   10:     0x5c1fdf31ef6c - core[a373ad73a504971]::panicking::panic_fmt
[INFO] [stdout]   11:     0x5c1fdf31ed42 - core[a373ad73a504971]::result::unwrap_failed
[INFO] [stdout]   12:     0x5c1fdf2857f4 - integration[850ae41ce34e36e4]::run_scopefolio
[INFO] [stdout]   13:     0x5c1fdf2882d8 - <integration[850ae41ce34e36e4]::positive_offset_expands::{closure#0} as core[a373ad73a504971]::ops::function::FnOnce<()>>::call_once
[INFO] [stdout]   14:     0x5c1fdf28f85b - test[aada8e7e76ba119b]::__rust_begin_short_backtrace::<core[a373ad73a504971]::result::Result<(), alloc[2e1b2a31b91974c5]::string::String>, fn() -> core[a373ad73a504971]::result::Result<(), alloc[2e1b2a31b91974c5]::string::String>>
[INFO] [stdout]   15:     0x5c1fdf29ca35 - test[aada8e7e76ba119b]::run_test::{closure#0}
[INFO] [stdout]   16:     0x5c1fdf296324 - std[617be2ca0a6fd877]::sys::backtrace::__rust_begin_short_backtrace::<test[aada8e7e76ba119b]::run_test::{closure#1}, ()>
[INFO] [stdout]   17:     0x5c1fdf29fac2 - <std[617be2ca0a6fd877]::thread::lifecycle::spawn_unchecked<test[aada8e7e76ba119b]::run_test::{closure#1}, ()>::{closure#1} as core[a373ad73a504971]::ops::function::FnOnce<()>>::call_once::{shim:vtable#0}
[INFO] [stdout]   18:     0x5c1fdf309c5f - <std[617be2ca0a6fd877]::sys::thread::unix::Thread>::new::thread_start
[INFO] [stdout]   19:     0x7928a5a81dfa - <unknown>
[INFO] [stdout]   20:     0x7928a5b153d4 - clone
[INFO] [stdout]   21:                0x0 - <unknown>
[INFO] [stdout] 
[INFO] [stdout] ---- zero_offset_is_default stdout ----
[INFO] [stdout] 
[INFO] [stdout] thread 'zero_offset_is_default' (656) panicked at tests/integration.rs:29:10:
[INFO] [stdout] failed to execute scopefolio: Os { code: 2, kind: NotFound, message: "No such file or directory" }
[INFO] [stdout] stack backtrace:
[INFO] [stdout]    0:     0x5c1fdf30a5e1 - <<std[617be2ca0a6fd877]::sys::backtrace::BacktraceLock>::print::DisplayBacktrace as core[a373ad73a504971]::fmt::Display>::fmt
[INFO] [stdout]    1:     0x5c1fdf31e83a - core[a373ad73a504971]::fmt::write
[INFO] [stdout]    2:     0x5c1fdf30ea5c - <alloc[2e1b2a31b91974c5]::vec::Vec<u8> as core[a373ad73a504971]::io::write::Write>::write_fmt
[INFO] [stdout]    3:     0x5c1fdf2e5436 - std[617be2ca0a6fd877]::panicking::default_hook::{closure#0}
[INFO] [stdout]    4:     0x5c1fdf302379 - std[617be2ca0a6fd877]::panicking::default_hook
[INFO] [stdout]    5:     0x5c1fdf29c410 - test[aada8e7e76ba119b]::test_main_inner::{closure#0}
[INFO] [stdout]    6:     0x5c1fdf302532 - std[617be2ca0a6fd877]::panicking::panic_with_hook
[INFO] [stdout]    7:     0x5c1fdf2e54e2 - std[617be2ca0a6fd877]::panicking::panic_handler::{closure#0}
[INFO] [stdout]    8:     0x5c1fdf2de0d9 - std[617be2ca0a6fd877]::sys::backtrace::__rust_end_short_backtrace::<std[617be2ca0a6fd877]::panicking::panic_handler::{closure#0}, !>
[INFO] [stdout]    9:     0x5c1fdf2e60ed - __rustc[ea4f61d10b84890b]::rust_begin_unwind
[INFO] [stdout]   10:     0x5c1fdf31ef6c - core[a373ad73a504971]::panicking::panic_fmt
[INFO] [stdout]   11:     0x5c1fdf31ed42 - core[a373ad73a504971]::result::unwrap_failed
[INFO] [stdout]   12:     0x5c1fdf2857f4 - integration[850ae41ce34e36e4]::run_scopefolio
[INFO] [stdout]   13:     0x5c1fdf287e65 - <integration[850ae41ce34e36e4]::zero_offset_is_default::{closure#0} as core[a373ad73a504971]::ops::function::FnOnce<()>>::call_once
[INFO] [stdout]   14:     0x5c1fdf28f85b - test[aada8e7e76ba119b]::__rust_begin_short_backtrace::<core[a373ad73a504971]::result::Result<(), alloc[2e1b2a31b91974c5]::string::String>, fn() -> core[a373ad73a504971]::result::Result<(), alloc[2e1b2a31b91974c5]::string::String>>
[INFO] [stdout]   15:     0x5c1fdf29ca35 - test[aada8e7e76ba119b]::run_test::{closure#0}
[INFO] [stdout]   16:     0x5c1fdf296324 - std[617be2ca0a6fd877]::sys::backtrace::__rust_begin_short_backtrace::<test[aada8e7e76ba119b]::run_test::{closure#1}, ()>
[INFO] [stdout]   17:     0x5c1fdf29fac2 - <std[617be2ca0a6fd877]::thread::lifecycle::spawn_unchecked<test[aada8e7e76ba119b]::run_test::{closure#1}, ()>::{closure#1} as core[a373ad73a504971]::ops::function::FnOnce<()>>::call_once::{shim:vtable#0}
[INFO] [stdout]   18:     0x5c1fdf309c5f - <std[617be2ca0a6fd877]::sys::thread::unix::Thread>::new::thread_start
[INFO] [stdout]   19:     0x7928a5a81dfa - <unknown>
[INFO] [stdout]   20:     0x7928a5b153d4 - clone
[INFO] [stdout]   21:                0x0 - <unknown>
[INFO] [stdout] 
[INFO] [stdout] 
[INFO] [stdout] failures:
[INFO] [stdout]     canonical_n1000_three_leaves
[INFO] [stdout]     canonical_n1200_three_equal_leaves
[INFO] [stdout]     canonical_n453_single_leaf
[INFO] [stdout]     canonical_n600_tie_two_equal_leaves
[INFO] [stdout]     canonical_n800_two_equal_leaves
[INFO] [stdout]     content_preserves_whitespace_and_line_numbers
[INFO] [stdout]     crlf_content_is_preserved_not_normalized
[INFO] [stdout]     custom_partition_lines
[INFO] [stdout]     empty_file_is_invalid_line
[INFO] [stdout]     file_not_found_is_deterministic_error
[INFO] [stdout]     first_line
[INFO] [stdout]     invalid_line_above_range
[INFO] [stdout]     invalid_line_below_range
[INFO] [stdout]     invalid_utf8_is_deterministic_error
[INFO] [stdout]     large_file
[INFO] [stdout]     large_offset_clamps_to_whole_file
[INFO] [stdout]     last_line
[INFO] [stdout]     line_immediately_before_and_after_boundary
[INFO] [stdout]     middle_of_partition
[INFO] [stdout]     no_silent_substitution_on_error
[INFO] [stdout]     odd_line_count_small_file_single_leaf
[INFO] [stdout]     offset_at_file_beginning_clamps
[INFO] [stdout]     offset_at_file_end_clamps
[INFO] [stdout]     positive_offset_expands
[INFO] [stdout]     repeated_reads_are_identical
[INFO] [stdout]     small_file_returns_whole_file
[INFO] [stdout]     zero_offset_is_default
[INFO] [stdout] 
[INFO] [stdout] test result: FAILED. 0 passed; 27 failed; 0 ignored; 0 measured; 0 filtered out; finished in 0.03s
[INFO] [stdout] 
[INFO] running `Command { std: "docker" "inspect" "5646ba8b022eb266c76238558df46f300f2b71b77c64c705c3ea7687a855d79f", kill_on_drop: false }`
[INFO] running `Command { std: "docker" "rm" "-f" "5646ba8b022eb266c76238558df46f300f2b71b77c64c705c3ea7687a855d79f", kill_on_drop: false }`
[INFO] [stdout] 5646ba8b022eb266c76238558df46f300f2b71b77c64c705c3ea7687a855d79f
