[INFO] cloning repository https://github.com/kernzerfall/sp105e-rs
[INFO] running `Command { std: "git" "-c" "credential.helper=" "-c" "credential.helper=/workspace/cargo-home/bin/git-credential-null" "clone" "--bare" "https://github.com/kernzerfall/sp105e-rs" "/workspace/cache/git-repos/https%3A%2F%2Fgithub.com%2Fkernzerfall%2Fsp105e-rs", kill_on_drop: false }`
[INFO] [stderr] Cloning into bare repository '/workspace/cache/git-repos/https%3A%2F%2Fgithub.com%2Fkernzerfall%2Fsp105e-rs'...
[INFO] running `Command { std: "git" "rev-parse" "HEAD", kill_on_drop: false }`
[INFO] [stdout] 119f7e8c15a617884a37d7bc44c9d44026fbbc0a
[INFO] testing kernzerfall/sp105e-rs against 1.99.0-beta.8+cargoflags=--release for beta-release-1.100-3
[INFO] running `Command { std: "git" "clone" "/workspace/cache/git-repos/https%3A%2F%2Fgithub.com%2Fkernzerfall%2Fsp105e-rs" "/workspace/builds/worker-5-tc1/source", kill_on_drop: false }`
[INFO] [stderr] Cloning into '/workspace/builds/worker-5-tc1/source'...
[INFO] [stderr] done.
[INFO] started tweaking git repo https://github.com/kernzerfall/sp105e-rs
[INFO] finished tweaking git repo https://github.com/kernzerfall/sp105e-rs
[INFO] tweaked toml for git repo https://github.com/kernzerfall/sp105e-rs written to /workspace/builds/worker-5-tc1/source/Cargo.toml
[INFO] validating manifest of git repo https://github.com/kernzerfall/sp105e-rs on toolchain 1.99.0-beta.8
[INFO] running `Command { std: CARGO_HOME="/workspace/cargo-home" RUSTUP_HOME="/workspace/rustup-home" "/workspace/cargo-home/bin/cargo" "+1.99.0-beta.8" "metadata" "--manifest-path" "Cargo.toml" "--no-deps", kill_on_drop: false }`
[INFO] crate git repo https://github.com/kernzerfall/sp105e-rs already has a lockfile, it will not be regenerated
[INFO] running `Command { std: CARGO_HOME="/workspace/cargo-home" RUSTUP_HOME="/workspace/rustup-home" "/workspace/cargo-home/bin/cargo" "+1.99.0-beta.8" "fetch" "--manifest-path" "Cargo.toml", kill_on_drop: false }`
[INFO] [stderr]     Updating crates.io index
[INFO] [stderr]  Downloading crates ...
[INFO] [stderr]   Downloaded tokio-macros v2.5.0
[INFO] [stderr]   Downloaded quote v1.0.38
[INFO] [stderr]   Downloaded clap_lex v0.7.4
[INFO] [stderr]   Downloaded anstyle v1.0.10
[INFO] [stderr]   Downloaded is-terminal v0.4.13
[INFO] [stderr]   Downloaded anstyle-wincon v3.0.7
[INFO] [stderr]   Downloaded itoa v1.0.14
[INFO] [stderr]   Downloaded macaddr v1.0.1
[INFO] [stderr]   Downloaded hermit-abi v0.4.0
[INFO] [stderr]   Downloaded adler2 v2.0.0
[INFO] [stderr]   Downloaded futures-macro v0.3.31
[INFO] [stderr]   Downloaded futures-core v0.3.31
[INFO] [stderr]   Downloaded colorchoice v1.0.3
[INFO] [stderr]   Downloaded custom_debug v0.6.2
[INFO] [stderr]   Downloaded darling_macro v0.20.10
[INFO] [stderr]   Downloaded futures-task v0.3.31
[INFO] [stderr]   Downloaded futures-sink v0.3.31
[INFO] [stderr]   Downloaded anstream v0.6.18
[INFO] [stderr]   Downloaded anstyle-query v1.1.2
[INFO] [stderr]   Downloaded pkg-config v0.3.31
[INFO] [stderr]   Downloaded is_terminal_polyfill v1.70.1
[INFO] [stderr]   Downloaded custom_debug_derive v0.6.2
[INFO] [stderr]   Downloaded futures-io v0.3.31
[INFO] [stderr]   Downloaded futures-channel v0.3.31
[INFO] [stderr]   Downloaded clap_derive v4.5.24
[INFO] [stderr]   Downloaded synstructure v0.13.1
[INFO] [stderr]   Downloaded futures-executor v0.3.31
[INFO] [stderr]   Downloaded dbus-tokio v0.7.6
[INFO] [stderr]   Downloaded unicode-ident v1.0.14
[INFO] [stderr]   Downloaded rustc-demangle v0.1.24
[INFO] [stderr]   Downloaded anstyle-parse v0.2.6
[INFO] [stderr]   Downloaded uuid v1.12.0
[INFO] [stderr]   Downloaded rustversion v1.0.19
[INFO] [stderr]   Downloaded pin-project-internal v1.1.8
[INFO] [stderr]   Downloaded dbus-crossroads v0.5.2
[INFO] [stderr]   Downloaded proc-macro2 v1.0.93
[INFO] [stderr]   Downloaded once_cell v1.20.2
[INFO] [stderr]   Downloaded darling v0.20.10
[INFO] [stderr]   Downloaded pin-project v1.1.8
[INFO] [stderr]   Downloaded darling_core v0.20.10
[INFO] [stderr]   Downloaded serde_derive v1.0.217
[INFO] [stderr]   Downloaded tokio-stream v0.1.17
[INFO] [stderr]   Downloaded miniz_oxide v0.8.3
[INFO] [stderr]   Downloaded futures v0.3.31
[INFO] [stderr]   Downloaded addr2line v0.24.2
[INFO] [stderr]   Downloaded log v0.4.25
[INFO] [stderr]   Downloaded bitflags v2.8.0
[INFO] [stderr]   Downloaded socket2 v0.5.8
[INFO] [stderr]   Downloaded bytes v1.9.0
[INFO] [stderr]   Downloaded backtrace v0.3.74
[INFO] [stderr]   Downloaded clap v4.5.26
[INFO] [stderr]   Downloaded serde v1.0.217
[INFO] [stderr]   Downloaded anyhow v1.0.95
[INFO] [stderr]   Downloaded mio v1.0.3
[INFO] [stderr]   Downloaded futures-util v0.3.31
[INFO] [stderr]   Downloaded serde_json v1.0.135
[INFO] [stderr]   Downloaded clap_builder v4.5.26
[INFO] [stderr]   Downloaded bluer v0.17.3
[INFO] [stderr]   Downloaded gimli v0.31.1
[INFO] [stderr]   Downloaded syn v2.0.96
[INFO] [stderr]   Downloaded tokio v1.43.0
[INFO] [stderr]   Downloaded libc v0.2.169
[INFO] running `Command { std: "docker" "create" "-v" "/var/lib/crater-agent-workspace/builds/worker-5-tc1/source:/opt/rustwide/workdir:ro,Z" "-v" "/var/lib/crater-agent-workspace/builds/worker-5-tc1/target:/opt/rustwide/target:rw,Z" "-v" "/var/lib/crater-agent-workspace/cargo-home:/opt/rustwide/cargo-home:ro,Z" "-v" "/var/lib/crater-agent-workspace/rustup-home:/opt/rustwide/rustup-home:ro,Z" "-m" "1610612736" "--network" "none" "ghcr.io/rust-lang/crates-build-env/linux@sha256:77db811e55d90add9212f6832c23229e3de5f1c1f9905e8cb07319ea15df73ac" "sleep" "infinity", kill_on_drop: false }`
[INFO] [stdout] 96ca9a9f37c6b76b48ee4c146ae49d480970d7f1cd21172d1ec32ebbe94f3528
[INFO] running `Command { std: "docker" "start" "96ca9a9f37c6b76b48ee4c146ae49d480970d7f1cd21172d1ec32ebbe94f3528", kill_on_drop: false }`
[INFO] running `Command { std: "docker" "inspect" "96ca9a9f37c6b76b48ee4c146ae49d480970d7f1cd21172d1ec32ebbe94f3528", kill_on_drop: false }`
[INFO] running `Command { std: "docker" "exec" "-e" "SOURCE_DIR=/opt/rustwide/workdir" "-e" "CARGO_HOME=/opt/rustwide/cargo-home" "-e" "RUSTUP_HOME=/opt/rustwide/rustup-home" "-e" "CARGO_TARGET_DIR=/opt/rustwide/target" "-w" "/opt/rustwide/workdir" "--user" "0:0" "96ca9a9f37c6b76b48ee4c146ae49d480970d7f1cd21172d1ec32ebbe94f3528" "/opt/rustwide/cargo-home/bin/cargo" "+1.99.0-beta.8" "metadata" "--no-deps" "--format-version=1", kill_on_drop: false }`
[INFO] running `Command { std: "docker" "inspect" "96ca9a9f37c6b76b48ee4c146ae49d480970d7f1cd21172d1ec32ebbe94f3528", kill_on_drop: false }`
[INFO] running `Command { std: "docker" "exec" "-e" "SOURCE_DIR=/opt/rustwide/workdir" "-e" "CARGO_HOME=/opt/rustwide/cargo-home" "-e" "RUSTUP_HOME=/opt/rustwide/rustup-home" "-e" "CARGO_TARGET_DIR=/opt/rustwide/target" "-e" "CARGO_INCREMENTAL=0" "-e" "RUST_BACKTRACE=full" "-e" "RUSTFLAGS=--cap-lints=warn" "-e" "RUSTDOCFLAGS=--cap-lints=warn" "-w" "/opt/rustwide/workdir" "--user" "0:0" "96ca9a9f37c6b76b48ee4c146ae49d480970d7f1cd21172d1ec32ebbe94f3528" "/opt/rustwide/cargo-home/bin/cargo" "+1.99.0-beta.8" "build" "--frozen" "--message-format=json" "--release", kill_on_drop: false }`
[INFO] [stderr]    Compiling proc-macro2 v1.0.93
[INFO] [stderr]    Compiling unicode-ident v1.0.14
[INFO] [stderr]    Compiling libc v0.2.169
[INFO] [stderr]    Compiling autocfg v1.4.0
[INFO] [stderr]    Compiling memchr v2.7.4
[INFO] [stderr]    Compiling serde v1.0.217
[INFO] [stderr]    Compiling futures-core v0.3.31
[INFO] [stderr]    Compiling pin-project-lite v0.2.16
[INFO] [stderr]    Compiling futures-sink v0.3.31
[INFO] [stderr]    Compiling pin-utils v0.1.0
[INFO] [stderr]    Compiling futures-task v0.3.31
[INFO] [stderr]    Compiling pkg-config v0.3.31
[INFO] [stderr]    Compiling futures-io v0.3.31
[INFO] [stderr]    Compiling ident_case v1.0.1
[INFO] [stderr]    Compiling strsim v0.11.1
[INFO] [stderr]    Compiling fnv v1.0.7
[INFO] [stderr]    Compiling rustversion v1.0.19
[INFO] [stderr]    Compiling serde_json v1.0.135
[INFO] [stderr]    Compiling heck v0.5.0
[INFO] [stderr]    Compiling itoa v1.0.14
[INFO] [stderr]    Compiling bytes v1.9.0
[INFO] [stderr]    Compiling futures-channel v0.3.31
[INFO] [stderr]    Compiling cfg_aliases v0.2.1
[INFO] [stderr]    Compiling ryu v1.0.18
[INFO] [stderr]    Compiling cfg-if v1.0.0
[INFO] [stderr]    Compiling utf8parse v0.2.2
[INFO] [stderr]    Compiling nix v0.29.0
[INFO] [stderr]    Compiling regex-syntax v0.8.5
[INFO] [stderr]    Compiling anstyle v1.0.10
[INFO] [stderr]    Compiling anstyle-parse v0.2.6
[INFO] [stderr]    Compiling log v0.4.25
[INFO] [stderr]    Compiling is_terminal_polyfill v1.70.1
[INFO] [stderr]    Compiling colorchoice v1.0.3
[INFO] [stderr]    Compiling slab v0.4.9
[INFO] [stderr]    Compiling num-traits v0.2.19
[INFO] [stderr]    Compiling anstyle-query v1.1.2
[INFO] [stderr]    Compiling clap_lex v0.7.4
[INFO] [stderr]    Compiling bitflags v2.8.0
[INFO] [stderr]    Compiling anyhow v1.0.95
[INFO] [stderr]    Compiling anstream v0.6.18
[INFO] [stderr]    Compiling termcolor v1.4.1
[INFO] [stderr]    Compiling macaddr v1.0.1
[INFO] [stderr]    Compiling aho-corasick v1.1.3
[INFO] [stderr]    Compiling libdbus-sys v0.2.5
[INFO] [stderr]    Compiling lazy_static v1.5.0
[INFO] [stderr]    Compiling hex v0.4.3
[INFO] [stderr]    Compiling humantime v2.1.0
[INFO] [stderr]    Compiling clap_builder v4.5.26
[INFO] [stderr]    Compiling quote v1.0.38
[INFO] [stderr]    Compiling syn v2.0.96
[INFO] [stderr]    Compiling regex-automata v0.4.9
[INFO] [stderr]    Compiling mio v1.0.3
[INFO] [stderr]    Compiling socket2 v0.5.8
[INFO] [stderr]    Compiling getrandom v0.2.15
[INFO] [stderr]    Compiling is-terminal v0.4.13
[INFO] [stderr]    Compiling regex v1.11.1
[INFO] [stderr]    Compiling darling_core v0.20.10
[INFO] [stderr]    Compiling synstructure v0.13.1
[INFO] [stderr]    Compiling env_logger v0.10.2
[INFO] [stderr]    Compiling serde_derive v1.0.217
[INFO] [stderr]    Compiling futures-macro v0.3.31
[INFO] [stderr]    Compiling tokio-macros v2.5.0
[INFO] [stderr]    Compiling strum_macros v0.26.4
[INFO] [stderr]    Compiling pin-project-internal v1.1.8
[INFO] [stderr]    Compiling clap_derive v4.5.24
[INFO] [stderr]    Compiling displaydoc v0.2.5
[INFO] [stderr]    Compiling num-derive v0.4.2
[INFO] [stderr]    Compiling pretty_env_logger v0.5.0
[INFO] [stderr]    Compiling tokio v1.43.0
[INFO] [stderr]    Compiling futures-util v0.3.31
[INFO] [stderr]    Compiling darling_macro v0.20.10
[INFO] [stderr]    Compiling pin-project v1.1.8
[INFO] [stderr]    Compiling darling v0.20.10
[INFO] [stderr]    Compiling custom_debug_derive v0.6.2
[INFO] [stderr]    Compiling custom_debug v0.6.2
[INFO] [stderr]    Compiling clap v4.5.26
[INFO] [stderr]    Compiling strum v0.26.3
[INFO] [stderr]    Compiling dbus v0.9.7
[INFO] [stderr]    Compiling futures-executor v0.3.31
[INFO] [stderr]    Compiling futures v0.3.31
[INFO] [stderr]    Compiling tokio-stream v0.1.17
[INFO] [stderr]    Compiling uuid v1.12.0
[INFO] [stderr]    Compiling bluer v0.17.3
[INFO] [stderr]    Compiling dbus-crossroads v0.5.2
[INFO] [stderr]    Compiling dbus-tokio v0.7.6
[INFO] [stderr]    Compiling sp105e v0.1.0 (/opt/rustwide/workdir/sp105e)
[INFO] [stderr]    Compiling sp105e-cli v0.1.0 (/opt/rustwide/workdir/sp105e-cli)
[INFO] [stderr]     Finished `release` profile [optimized] target(s) in 1m 57s
[INFO] [stderr] warning: the following packages contain code that will be rejected by a future version of Rust: bluer v0.17.3
[INFO] [stderr] note: to see what the problems were, use the option `--future-incompat-report`, or run `cargo report future-incompatibilities --id 1`
[INFO] running `Command { std: "docker" "inspect" "96ca9a9f37c6b76b48ee4c146ae49d480970d7f1cd21172d1ec32ebbe94f3528", kill_on_drop: false }`
[INFO] running `Command { std: "docker" "exec" "-e" "SOURCE_DIR=/opt/rustwide/workdir" "-e" "CARGO_HOME=/opt/rustwide/cargo-home" "-e" "RUSTUP_HOME=/opt/rustwide/rustup-home" "-e" "CARGO_TARGET_DIR=/opt/rustwide/target" "-e" "CARGO_INCREMENTAL=0" "-e" "RUST_BACKTRACE=full" "-e" "RUSTFLAGS=--cap-lints=warn" "-e" "RUSTDOCFLAGS=--cap-lints=warn" "-w" "/opt/rustwide/workdir" "--user" "0:0" "96ca9a9f37c6b76b48ee4c146ae49d480970d7f1cd21172d1ec32ebbe94f3528" "/opt/rustwide/cargo-home/bin/cargo" "+1.99.0-beta.8" "test" "--frozen" "--no-run" "--message-format=json" "--release", kill_on_drop: false }`
[INFO] [stderr]    Compiling sp105e v0.1.0 (/opt/rustwide/workdir/sp105e)
[INFO] [stderr]    Compiling sp105e-cli v0.1.0 (/opt/rustwide/workdir/sp105e-cli)
[INFO] [stderr]     Finished `release` profile [optimized] target(s) in 4.39s
[INFO] [stderr] warning: the following packages contain code that will be rejected by a future version of Rust: bluer v0.17.3
[INFO] [stderr] note: to see what the problems were, use the option `--future-incompat-report`, or run `cargo report future-incompatibilities --id 1`
[INFO] running `Command { std: "docker" "inspect" "96ca9a9f37c6b76b48ee4c146ae49d480970d7f1cd21172d1ec32ebbe94f3528", kill_on_drop: false }`
[INFO] running `Command { std: "docker" "exec" "-e" "SOURCE_DIR=/opt/rustwide/workdir" "-e" "CARGO_HOME=/opt/rustwide/cargo-home" "-e" "RUSTUP_HOME=/opt/rustwide/rustup-home" "-e" "CARGO_TARGET_DIR=/opt/rustwide/target" "-e" "CARGO_INCREMENTAL=0" "-e" "RUST_BACKTRACE=full" "-e" "RUSTFLAGS=--cap-lints=warn" "-e" "RUSTDOCFLAGS=--cap-lints=warn" "-w" "/opt/rustwide/workdir" "--user" "0:0" "96ca9a9f37c6b76b48ee4c146ae49d480970d7f1cd21172d1ec32ebbe94f3528" "/opt/rustwide/cargo-home/bin/cargo" "+1.99.0-beta.8" "test" "--frozen" "--release", kill_on_drop: false }`
[INFO] [stderr]     Finished `release` profile [optimized] target(s) in 0.10s
[INFO] [stderr] warning: the following packages contain code that will be rejected by a future version of Rust: bluer v0.17.3
[INFO] [stderr] note: to see what the problems were, use the option `--future-incompat-report`, or run `cargo report future-incompatibilities --id 1`
[INFO] [stderr]      Running unittests src/lib.rs (/opt/rustwide/target/release/deps/sp105e-b4f2e223344fc1b5)
[INFO] [stdout] 
[INFO] [stdout] running 8 tests
[INFO] [stdout] test commands::tests::dynamic_color ... ok
[INFO] [stdout] test commands::tests::dynamic_order ... ok
[INFO] [stdout] test commands::tests::dynamic_led_num ... ok
[INFO] [stdout] test commands::tests::static_cmd ... FAILED
[INFO] [stdout] test client::tests::fixed_rgb ... FAILED
[INFO] [stdout] test client::tests::connection ... FAILED
[INFO] [stdout] test client::tests::custom_rgb ... FAILED
[INFO] [stdout] test client::tests::animation ... FAILED
[INFO] [stdout] 
[INFO] [stdout] failures:
[INFO] [stdout] 
[INFO] [stdout] ---- commands::tests::static_cmd stdout ----
[INFO] [stdout] 
[INFO] [stdout] thread 'commands::tests::static_cmd' (1954) panicked at sp105e/src/commands.rs:270:9:
[INFO] [stdout] assertion `left == right` failed
[INFO] [stdout]   left: [56, 0, 0, 0, 18]
[INFO] [stdout]  right: [56, 0, 0, 0, 54]
[INFO] [stdout] stack backtrace:
[INFO] [stdout]    0:     0x5d1d3c620e01 - <<std[70759c8f55707aa4]::sys::backtrace::BacktraceLock>::print::DisplayBacktrace as core[df12db4294e9bfd3]::fmt::Display>::fmt
[INFO] [stdout]    1:     0x5d1d3c6364ea - core[df12db4294e9bfd3]::fmt::write
[INFO] [stdout]    2:     0x5d1d3c62595c - <alloc[2182bb758b4b3781]::vec::Vec<u8> as core[df12db4294e9bfd3]::io::write::Write>::write_fmt
[INFO] [stdout]    3:     0x5d1d3c5fc156 - std[70759c8f55707aa4]::panicking::default_hook::{closure#0}
[INFO] [stdout]    4:     0x5d1d3c618ca9 - std[70759c8f55707aa4]::panicking::default_hook
[INFO] [stdout]    5:     0x5d1d3c481570 - test[9d35eded1c95d3be]::test_main_inner::<test[9d35eded1c95d3be]::test_main_static::{closure#0}>::{closure#0}
[INFO] [stdout]    6:     0x5d1d3c618fd2 - std[70759c8f55707aa4]::panicking::panic_with_hook
[INFO] [stdout]    7:     0x5d1d3c5fc202 - std[70759c8f55707aa4]::panicking::panic_handler::{closure#0}
[INFO] [stdout]    8:     0x5d1d3c5f49c9 - std[70759c8f55707aa4]::sys::backtrace::__rust_end_short_backtrace::<std[70759c8f55707aa4]::panicking::panic_handler::{closure#0}, !>
[INFO] [stdout]    9:     0x5d1d3c5fcf0d - __rustc[8fa7c3cbc660c2b3]::rust_begin_unwind
[INFO] [stdout]   10:     0x5d1d3c636c4c - core[df12db4294e9bfd3]::panicking::panic_fmt
[INFO] [stdout]   11:     0x5d1d3c636b63 - core[df12db4294e9bfd3]::panicking::assert_failed_inner
[INFO] [stdout]   12:     0x5d1d3c46ee74 - core[df12db4294e9bfd3]::panicking::assert_failed::<[u8; 5usize], [u8; 5usize]>
[INFO] [stdout]   13:     0x5d1d3c47295f - sp105e[acce1d4ecead230f]::commands::tests::static_cmd
[INFO] [stdout]   14:     0x5d1d3c4703d9 - <sp105e[acce1d4ecead230f]::commands::tests::static_cmd::{closure#0} as core[df12db4294e9bfd3]::ops::function::FnOnce<()>>::call_once
[INFO] [stdout]   15:     0x5d1d3c47485b - test[9d35eded1c95d3be]::__rust_begin_short_backtrace::<core[df12db4294e9bfd3]::result::Result<(), alloc[2182bb758b4b3781]::string::String>, fn() -> core[df12db4294e9bfd3]::result::Result<(), alloc[2182bb758b4b3781]::string::String>>
[INFO] [stdout]   16:     0x5d1d3c481ec5 - test[9d35eded1c95d3be]::run_test::{closure#0}
[INFO] [stdout]   17:     0x5d1d3c47b784 - std[70759c8f55707aa4]::sys::backtrace::__rust_begin_short_backtrace::<test[9d35eded1c95d3be]::run_test::{closure#1}, ()>
[INFO] [stdout]   18:     0x5d1d3c485022 - <std[70759c8f55707aa4]::thread::lifecycle::spawn_unchecked<test[9d35eded1c95d3be]::run_test::{closure#1}, ()>::{closure#1} as core[df12db4294e9bfd3]::ops::function::FnOnce<()>>::call_once::{shim:vtable#0}
[INFO] [stdout]   19:     0x5d1d3c6206c9 - <std[70759c8f55707aa4]::sys::thread::unix::Thread>::new::thread_start
[INFO] [stdout]   20:     0x7ba1747b5dfa - <unknown>
[INFO] [stdout]   21:     0x7ba1748493d4 - clone
[INFO] [stdout]   22:                0x0 - <unknown>
[INFO] [stdout] 
[INFO] [stdout] ---- client::tests::fixed_rgb stdout ----
[INFO] [stdout] 
[INFO] [stdout] thread 'client::tests::fixed_rgb' (1950) panicked at sp105e/src/client.rs:151:66:
[INFO] [stdout] called `Result::unwrap()` on an `Err` value: internal error: D-Bus error org.freedesktop.DBus.Error.FileNotFound: Failed to connect to socket /run/dbus/system_bus_socket: No such file or directory
[INFO] [stdout] 
[INFO] [stdout] Stack backtrace:
[INFO] [stdout]    0: <anyhow::Error as core::convert::From<bluer::Error>>::from
[INFO] [stdout]    1: <sp105e::client::LEDClient>::new::{closure#0}
[INFO] [stdout]    2: sp105e::client::tests::fixed_rgb::{closure#0}
[INFO] [stdout]    3: <tokio::runtime::scheduler::current_thread::Context>::enter::<core::task::poll::Poll<()>, <tokio::runtime::scheduler::current_thread::CoreGuard>::block_on<core::pin::Pin<&mut core::pin::Pin<&mut dyn core::future::future::Future<Output = ()>>>>::{closure#0}::{closure#0}>
[INFO] [stdout]    4: <tokio::runtime::context::scoped::Scoped<tokio::runtime::scheduler::Context>>::set::<<tokio::runtime::scheduler::current_thread::CoreGuard>::enter<<tokio::runtime::scheduler::current_thread::CoreGuard>::block_on<core::pin::Pin<&mut core::pin::Pin<&mut dyn core::future::future::Future<Output = ()>>>>::{closure#0}, core::option::Option<()>>::{closure#0}, (alloc::boxed::Box<tokio::runtime::scheduler::current_thread::Core>, core::option::Option<()>)>
[INFO] [stdout]    5: <tokio::runtime::scheduler::current_thread::CurrentThread>::block_on::<core::pin::Pin<&mut dyn core::future::future::Future<Output = ()>>>
[INFO] [stdout]    6: <tokio::runtime::runtime::Runtime>::block_on::<core::pin::Pin<&mut dyn core::future::future::Future<Output = ()>>>
[INFO] [stdout]    7: sp105e::client::tests::fixed_rgb
[INFO] [stdout]    8: <sp105e::client::tests::fixed_rgb::{closure#0} as core::ops::function::FnOnce<()>>::call_once
[INFO] [stdout]    9: test::__rust_begin_short_backtrace::<core::result::Result<(), alloc::string::String>, fn() -> core::result::Result<(), alloc::string::String>>
[INFO] [stdout]   10: test::run_test::{closure#0}
[INFO] [stdout]   11: std::sys::backtrace::__rust_begin_short_backtrace::<test::run_test::{closure#1}, ()>
[INFO] [stdout]   12: <std::thread::lifecycle::spawn_unchecked<test::run_test::{closure#1}, ()>::{closure#1} as core::ops::function::FnOnce<()>>::call_once::{shim:vtable#0}
[INFO] [stdout]   13: <std::sys::thread::unix::Thread>::new::thread_start
[INFO] [stdout]   14: <unknown>
[INFO] [stdout]   15: clone
[INFO] [stdout] stack backtrace:
[INFO] [stdout]    0:     0x5d1d3c620e01 - <<std[70759c8f55707aa4]::sys::backtrace::BacktraceLock>::print::DisplayBacktrace as core[df12db4294e9bfd3]::fmt::Display>::fmt
[INFO] [stdout]    1:     0x5d1d3c6364ea - core[df12db4294e9bfd3]::fmt::write
[INFO] [stdout]    2:     0x5d1d3c62595c - <alloc[2182bb758b4b3781]::vec::Vec<u8> as core[df12db4294e9bfd3]::io::write::Write>::write_fmt
[INFO] [stdout]    3:     0x5d1d3c5fc156 - std[70759c8f55707aa4]::panicking::default_hook::{closure#0}
[INFO] [stdout]    4:     0x5d1d3c618ca9 - std[70759c8f55707aa4]::panicking::default_hook
[INFO] [stdout]    5:     0x5d1d3c481570 - test[9d35eded1c95d3be]::test_main_inner::<test[9d35eded1c95d3be]::test_main_static::{closure#0}>::{closure#0}
[INFO] [stdout]    6:     0x5d1d3c618fd2 - std[70759c8f55707aa4]::panicking::panic_with_hook
[INFO] [stdout]    7:     0x5d1d3c5fc202 - std[70759c8f55707aa4]::panicking::panic_handler::{closure#0}
[INFO] [stdout]    8:     0x5d1d3c5f49c9 - std[70759c8f55707aa4]::sys::backtrace::__rust_end_short_backtrace::<std[70759c8f55707aa4]::panicking::panic_handler::{closure#0}, !>
[INFO] [stdout]    9:     0x5d1d3c5fcf0d - __rustc[8fa7c3cbc660c2b3]::rust_begin_unwind
[INFO] [stdout]   10:     0x5d1d3c636c4c - core[df12db4294e9bfd3]::panicking::panic_fmt
[INFO] [stdout]   11:     0x5d1d3c636a22 - core[df12db4294e9bfd3]::result::unwrap_failed
[INFO] [stdout]   12:     0x5d1d3c452809 - sp105e[acce1d4ecead230f]::client::tests::fixed_rgb::{closure#0}
[INFO] [stdout]   13:     0x5d1d3c473433 - <tokio[abe3365d06094545]::runtime::scheduler::current_thread::Context>::enter::<core[df12db4294e9bfd3]::task::poll::Poll<()>, <tokio[abe3365d06094545]::runtime::scheduler::current_thread::CoreGuard>::block_on<core[df12db4294e9bfd3]::pin::Pin<&mut core[df12db4294e9bfd3]::pin::Pin<&mut dyn core[df12db4294e9bfd3]::future::future::Future<Output = ()>>>>::{closure#0}::{closure#0}>
[INFO] [stdout]   14:     0x5d1d3c4618d2 - <tokio[abe3365d06094545]::runtime::context::scoped::Scoped<tokio[abe3365d06094545]::runtime::scheduler::Context>>::set::<<tokio[abe3365d06094545]::runtime::scheduler::current_thread::CoreGuard>::enter<<tokio[abe3365d06094545]::runtime::scheduler::current_thread::CoreGuard>::block_on<core[df12db4294e9bfd3]::pin::Pin<&mut core[df12db4294e9bfd3]::pin::Pin<&mut dyn core[df12db4294e9bfd3]::future::future::Future<Output = ()>>>>::{closure#0}, core[df12db4294e9bfd3]::option::Option<()>>::{closure#0}, (alloc[2182bb758b4b3781]::boxed::Box<tokio[abe3365d06094545]::runtime::scheduler::current_thread::Core>, core[df12db4294e9bfd3]::option::Option<()>)>
[INFO] [stdout]   15:     0x5d1d3c472d86 - <tokio[abe3365d06094545]::runtime::scheduler::current_thread::CurrentThread>::block_on::<core[df12db4294e9bfd3]::pin::Pin<&mut dyn core[df12db4294e9bfd3]::future::future::Future<Output = ()>>>
[INFO] [stdout]   16:     0x5d1d3c46e692 - <tokio[abe3365d06094545]::runtime::runtime::Runtime>::block_on::<core[df12db4294e9bfd3]::pin::Pin<&mut dyn core[df12db4294e9bfd3]::future::future::Future<Output = ()>>>
[INFO] [stdout]   17:     0x5d1d3c452f0b - sp105e[acce1d4ecead230f]::client::tests::fixed_rgb
[INFO] [stdout]   18:     0x5d1d3c4703b9 - <sp105e[acce1d4ecead230f]::client::tests::fixed_rgb::{closure#0} as core[df12db4294e9bfd3]::ops::function::FnOnce<()>>::call_once
[INFO] [stdout]   19:     0x5d1d3c47485b - test[9d35eded1c95d3be]::__rust_begin_short_backtrace::<core[df12db4294e9bfd3]::result::Result<(), alloc[2182bb758b4b3781]::string::String>, fn() -> core[df12db4294e9bfd3]::result::Result<(), alloc[2182bb758b4b3781]::string::String>>
[INFO] [stdout]   20:     0x5d1d3c481ec5 - test[9d35eded1c95d3be]::run_test::{closure#0}
[INFO] [stdout]   21:     0x5d1d3c47b784 - std[70759c8f55707aa4]::sys::backtrace::__rust_begin_short_backtrace::<test[9d35eded1c95d3be]::run_test::{closure#1}, ()>
[INFO] [stdout]   22:     0x5d1d3c485022 - <std[70759c8f55707aa4]::thread::lifecycle::spawn_unchecked<test[9d35eded1c95d3be]::run_test::{closure#1}, ()>::{closure#1} as core[df12db4294e9bfd3]::ops::function::FnOnce<()>>::call_once::{shim:vtable#0}
[INFO] [stdout]   23:     0x5d1d3c6206c9 - <std[70759c8f55707aa4]::sys::thread::unix::Thread>::new::thread_start
[INFO] [stdout]   24:     0x7ba1747b5dfa - <unknown>
[INFO] [stdout]   25:     0x7ba1748493d4 - clone
[INFO] [stdout]   26:                0x0 - <unknown>
[INFO] [stdout] 
[INFO] [stdout] ---- client::tests::connection stdout ----
[INFO] [stdout] 
[INFO] [stdout] thread 'client::tests::connection' (1948) panicked at sp105e/src/client.rs:146:66:
[INFO] [stdout] called `Result::unwrap()` on an `Err` value: internal error: D-Bus error org.freedesktop.DBus.Error.FileNotFound: Failed to connect to socket /run/dbus/system_bus_socket: No such file or directory
[INFO] [stdout] 
[INFO] [stdout] Stack backtrace:
[INFO] [stdout]    0: <anyhow::Error as core::convert::From<bluer::Error>>::from
[INFO] [stdout]    1: <sp105e::client::LEDClient>::new::{closure#0}
[INFO] [stdout]    2: sp105e::client::tests::connection::{closure#0}
[INFO] [stdout]    3: <tokio::runtime::scheduler::current_thread::Context>::enter::<core::task::poll::Poll<()>, <tokio::runtime::scheduler::current_thread::CoreGuard>::block_on<core::pin::Pin<&mut core::pin::Pin<&mut dyn core::future::future::Future<Output = ()>>>>::{closure#0}::{closure#0}>
[INFO] [stdout]    4: <tokio::runtime::context::scoped::Scoped<tokio::runtime::scheduler::Context>>::set::<<tokio::runtime::scheduler::current_thread::CoreGuard>::enter<<tokio::runtime::scheduler::current_thread::CoreGuard>::block_on<core::pin::Pin<&mut core::pin::Pin<&mut dyn core::future::future::Future<Output = ()>>>>::{closure#0}, core::option::Option<()>>::{closure#0}, (alloc::boxed::Box<tokio::runtime::scheduler::current_thread::Core>, core::option::Option<()>)>
[INFO] [stdout]    5: <tokio::runtime::scheduler::current_thread::CurrentThread>::block_on::<core::pin::Pin<&mut dyn core::future::future::Future<Output = ()>>>
[INFO] [stdout]    6: <tokio::runtime::runtime::Runtime>::block_on::<core::pin::Pin<&mut dyn core::future::future::Future<Output = ()>>>
[INFO] [stdout]    7: sp105e::client::tests::connection
[INFO] [stdout]    8: <sp105e::client::tests::connection::{closure#0} as core::ops::function::FnOnce<()>>::call_once
[INFO] [stdout]    9: test::__rust_begin_short_backtrace::<core::result::Result<(), alloc::string::String>, fn() -> core::result::Result<(), alloc::string::String>>
[INFO] [stdout]   10: test::run_test::{closure#0}
[INFO] [stdout]   11: std::sys::backtrace::__rust_begin_short_backtrace::<test::run_test::{closure#1}, ()>
[INFO] [stdout]   12: <std::thread::lifecycle::spawn_unchecked<test::run_test::{closure#1}, ()>::{closure#1} as core::ops::function::FnOnce<()>>::call_once::{shim:vtable#0}
[INFO] [stdout]   13: <std::sys::thread::unix::Thread>::new::thread_start
[INFO] [stdout]   14: <unknown>
[INFO] [stdout]   15: clone
[INFO] [stdout] stack backtrace:
[INFO] [stdout]    0:     0x5d1d3c620e01 - <<std[70759c8f55707aa4]::sys::backtrace::BacktraceLock>::print::DisplayBacktrace as core[df12db4294e9bfd3]::fmt::Display>::fmt
[INFO] [stdout]    1:     0x5d1d3c6364ea - core[df12db4294e9bfd3]::fmt::write
[INFO] [stdout]    2:     0x5d1d3c62595c - <alloc[2182bb758b4b3781]::vec::Vec<u8> as core[df12db4294e9bfd3]::io::write::Write>::write_fmt
[INFO] [stdout]    3:     0x5d1d3c5fc156 - std[70759c8f55707aa4]::panicking::default_hook::{closure#0}
[INFO] [stdout]    4:     0x5d1d3c618ca9 - std[70759c8f55707aa4]::panicking::default_hook
[INFO] [stdout]    5:     0x5d1d3c481570 - test[9d35eded1c95d3be]::test_main_inner::<test[9d35eded1c95d3be]::test_main_static::{closure#0}>::{closure#0}
[INFO] [stdout]    6:     0x5d1d3c618fd2 - std[70759c8f55707aa4]::panicking::panic_with_hook
[INFO] [stdout]    7:     0x5d1d3c5fc202 - std[70759c8f55707aa4]::panicking::panic_handler::{closure#0}
[INFO] [stdout]    8:     0x5d1d3c5f49c9 - std[70759c8f55707aa4]::sys::backtrace::__rust_end_short_backtrace::<std[70759c8f55707aa4]::panicking::panic_handler::{closure#0}, !>
[INFO] [stdout]    9:     0x5d1d3c5fcf0d - __rustc[8fa7c3cbc660c2b3]::rust_begin_unwind
[INFO] [stdout]   10:     0x5d1d3c636c4c - core[df12db4294e9bfd3]::panicking::panic_fmt
[INFO] [stdout]   11:     0x5d1d3c636a22 - core[df12db4294e9bfd3]::result::unwrap_failed
[INFO] [stdout]   12:     0x5d1d3c451eca - sp105e[acce1d4ecead230f]::client::tests::connection::{closure#0}
[INFO] [stdout]   13:     0x5d1d3c473433 - <tokio[abe3365d06094545]::runtime::scheduler::current_thread::Context>::enter::<core[df12db4294e9bfd3]::task::poll::Poll<()>, <tokio[abe3365d06094545]::runtime::scheduler::current_thread::CoreGuard>::block_on<core[df12db4294e9bfd3]::pin::Pin<&mut core[df12db4294e9bfd3]::pin::Pin<&mut dyn core[df12db4294e9bfd3]::future::future::Future<Output = ()>>>>::{closure#0}::{closure#0}>
[INFO] [stdout]   14:     0x5d1d3c4618d2 - <tokio[abe3365d06094545]::runtime::context::scoped::Scoped<tokio[abe3365d06094545]::runtime::scheduler::Context>>::set::<<tokio[abe3365d06094545]::runtime::scheduler::current_thread::CoreGuard>::enter<<tokio[abe3365d06094545]::runtime::scheduler::current_thread::CoreGuard>::block_on<core[df12db4294e9bfd3]::pin::Pin<&mut core[df12db4294e9bfd3]::pin::Pin<&mut dyn core[df12db4294e9bfd3]::future::future::Future<Output = ()>>>>::{closure#0}, core[df12db4294e9bfd3]::option::Option<()>>::{closure#0}, (alloc[2182bb758b4b3781]::boxed::Box<tokio[abe3365d06094545]::runtime::scheduler::current_thread::Core>, core[df12db4294e9bfd3]::option::Option<()>)>
[INFO] [stdout]   15:     0x5d1d3c472d86 - <tokio[abe3365d06094545]::runtime::scheduler::current_thread::CurrentThread>::block_on::<core[df12db4294e9bfd3]::pin::Pin<&mut dyn core[df12db4294e9bfd3]::future::future::Future<Output = ()>>>
[INFO] [stdout]   16:     0x5d1d3c46e692 - <tokio[abe3365d06094545]::runtime::runtime::Runtime>::block_on::<core[df12db4294e9bfd3]::pin::Pin<&mut dyn core[df12db4294e9bfd3]::future::future::Future<Output = ()>>>
[INFO] [stdout]   17:     0x5d1d3c452b0b - sp105e[acce1d4ecead230f]::client::tests::connection
[INFO] [stdout]   18:     0x5d1d3c470359 - <sp105e[acce1d4ecead230f]::client::tests::connection::{closure#0} as core[df12db4294e9bfd3]::ops::function::FnOnce<()>>::call_once
[INFO] [stdout]   19:     0x5d1d3c47485b - test[9d35eded1c95d3be]::__rust_begin_short_backtrace::<core[df12db4294e9bfd3]::result::Result<(), alloc[2182bb758b4b3781]::string::String>, fn() -> core[df12db4294e9bfd3]::result::Result<(), alloc[2182bb758b4b3781]::string::String>>
[INFO] [stdout]   20:     0x5d1d3c481ec5 - test[9d35eded1c95d3be]::run_test::{closure#0}
[INFO] [stdout]   21:     0x5d1d3c47b784 - std[70759c8f55707aa4]::sys::backtrace::__rust_begin_short_backtrace::<test[9d35eded1c95d3be]::run_test::{closure#1}, ()>
[INFO] [stdout]   22:     0x5d1d3c485022 - <std[70759c8f55707aa4]::thread::lifecycle::spawn_unchecked<test[9d35eded1c95d3be]::run_test::{closure#1}, ()>::{closure#1} as core[df12db4294e9bfd3]::ops::function::FnOnce<()>>::call_once::{shim:vtable#0}
[INFO] [stdout]   23:     0x5d1d3c6206c9 - <std[70759c8f55707aa4]::sys::thread::unix::Thread>::new::thread_start
[INFO] [stdout]   24:     0x7ba1747b5dfa - <unknown>
[INFO] [stdout]   25:     0x7ba1748493d4 - clone
[INFO] [stdout]   26:                0x0 - <unknown>
[INFO] [stdout] 
[INFO] [stdout] ---- client::tests::custom_rgb stdout ----
[INFO] [stdout] 
[INFO] [stdout] thread 'client::tests::custom_rgb' (1949) panicked at sp105e/src/client.rs:167:66:
[INFO] [stdout] called `Result::unwrap()` on an `Err` value: internal error: D-Bus error org.freedesktop.DBus.Error.FileNotFound: Failed to connect to socket /run/dbus/system_bus_socket: No such file or directory
[INFO] [stdout] 
[INFO] [stdout] Stack backtrace:
[INFO] [stdout]    0: <anyhow::Error as core::convert::From<bluer::Error>>::from
[INFO] [stdout]    1: <sp105e::client::LEDClient>::new::{closure#0}
[INFO] [stdout]    2: sp105e::client::tests::custom_rgb::{closure#0}
[INFO] [stdout]    3: <tokio::runtime::scheduler::current_thread::Context>::enter::<core::task::poll::Poll<()>, <tokio::runtime::scheduler::current_thread::CoreGuard>::block_on<core::pin::Pin<&mut core::pin::Pin<&mut dyn core::future::future::Future<Output = ()>>>>::{closure#0}::{closure#0}>
[INFO] [stdout]    4: <tokio::runtime::context::scoped::Scoped<tokio::runtime::scheduler::Context>>::set::<<tokio::runtime::scheduler::current_thread::CoreGuard>::enter<<tokio::runtime::scheduler::current_thread::CoreGuard>::block_on<core::pin::Pin<&mut core::pin::Pin<&mut dyn core::future::future::Future<Output = ()>>>>::{closure#0}, core::option::Option<()>>::{closure#0}, (alloc::boxed::Box<tokio::runtime::scheduler::current_thread::Core>, core::option::Option<()>)>
[INFO] [stdout]    5: <tokio::runtime::scheduler::current_thread::CurrentThread>::block_on::<core::pin::Pin<&mut dyn core::future::future::Future<Output = ()>>>
[INFO] [stdout]    6: <tokio::runtime::runtime::Runtime>::block_on::<core::pin::Pin<&mut dyn core::future::future::Future<Output = ()>>>
[INFO] [stdout]    7: sp105e::client::tests::custom_rgb
[INFO] [stdout]    8: <sp105e::client::tests::custom_rgb::{closure#0} as core::ops::function::FnOnce<()>>::call_once
[INFO] [stdout]    9: test::__rust_begin_short_backtrace::<core::result::Result<(), alloc::string::String>, fn() -> core::result::Result<(), alloc::string::String>>
[INFO] [stdout]   10: test::run_test::{closure#0}
[INFO] [stdout]   11: std::sys::backtrace::__rust_begin_short_backtrace::<test::run_test::{closure#1}, ()>
[INFO] [stdout]   12: <std::thread::lifecycle::spawn_unchecked<test::run_test::{closure#1}, ()>::{closure#1} as core::ops::function::FnOnce<()>>::call_once::{shim:vtable#0}
[INFO] [stdout]   13: <std::sys::thread::unix::Thread>::new::thread_start
[INFO] [stdout]   14: <unknown>
[INFO] [stdout]   15: clone
[INFO] [stdout] stack backtrace:
[INFO] [stdout]    0:     0x5d1d3c620e01 - <<std[70759c8f55707aa4]::sys::backtrace::BacktraceLock>::print::DisplayBacktrace as core[df12db4294e9bfd3]::fmt::Display>::fmt
[INFO] [stdout]    1:     0x5d1d3c6364ea - core[df12db4294e9bfd3]::fmt::write
[INFO] [stdout]    2:     0x5d1d3c62595c - <alloc[2182bb758b4b3781]::vec::Vec<u8> as core[df12db4294e9bfd3]::io::write::Write>::write_fmt
[INFO] [stdout]    3:     0x5d1d3c5fc156 - std[70759c8f55707aa4]::panicking::default_hook::{closure#0}
[INFO] [stdout]    4:     0x5d1d3c618ca9 - std[70759c8f55707aa4]::panicking::default_hook
[INFO] [stdout]    5:     0x5d1d3c481570 - test[9d35eded1c95d3be]::test_main_inner::<test[9d35eded1c95d3be]::test_main_static::{closure#0}>::{closure#0}
[INFO] [stdout]    6:     0x5d1d3c618fd2 - std[70759c8f55707aa4]::panicking::panic_with_hook
[INFO] [stdout]    7:     0x5d1d3c5fc202 - std[70759c8f55707aa4]::panicking::panic_handler::{closure#0}
[INFO] [stdout]    8:     0x5d1d3c5f49c9 - std[70759c8f55707aa4]::sys::backtrace::__rust_end_short_backtrace::<std[70759c8f55707aa4]::panicking::panic_handler::{closure#0}, !>
[INFO] [stdout]    9:     0x5d1d3c5fcf0d - __rustc[8fa7c3cbc660c2b3]::rust_begin_unwind
[INFO] [stdout]   10:     0x5d1d3c636c4c - core[df12db4294e9bfd3]::panicking::panic_fmt
[INFO] [stdout]   11:     0x5d1d3c636a22 - core[df12db4294e9bfd3]::result::unwrap_failed
[INFO] [stdout]   12:     0x5d1d3c45210b - sp105e[acce1d4ecead230f]::client::tests::custom_rgb::{closure#0}
[INFO] [stdout]   13:     0x5d1d3c473433 - <tokio[abe3365d06094545]::runtime::scheduler::current_thread::Context>::enter::<core[df12db4294e9bfd3]::task::poll::Poll<()>, <tokio[abe3365d06094545]::runtime::scheduler::current_thread::CoreGuard>::block_on<core[df12db4294e9bfd3]::pin::Pin<&mut core[df12db4294e9bfd3]::pin::Pin<&mut dyn core[df12db4294e9bfd3]::future::future::Future<Output = ()>>>>::{closure#0}::{closure#0}>
[INFO] [stdout]   14:     0x5d1d3c4618d2 - <tokio[abe3365d06094545]::runtime::context::scoped::Scoped<tokio[abe3365d06094545]::runtime::scheduler::Context>>::set::<<tokio[abe3365d06094545]::runtime::scheduler::current_thread::CoreGuard>::enter<<tokio[abe3365d06094545]::runtime::scheduler::current_thread::CoreGuard>::block_on<core[df12db4294e9bfd3]::pin::Pin<&mut core[df12db4294e9bfd3]::pin::Pin<&mut dyn core[df12db4294e9bfd3]::future::future::Future<Output = ()>>>>::{closure#0}, core[df12db4294e9bfd3]::option::Option<()>>::{closure#0}, (alloc[2182bb758b4b3781]::boxed::Box<tokio[abe3365d06094545]::runtime::scheduler::current_thread::Core>, core[df12db4294e9bfd3]::option::Option<()>)>
[INFO] [stdout]   15:     0x5d1d3c472d86 - <tokio[abe3365d06094545]::runtime::scheduler::current_thread::CurrentThread>::block_on::<core[df12db4294e9bfd3]::pin::Pin<&mut dyn core[df12db4294e9bfd3]::future::future::Future<Output = ()>>>
[INFO] [stdout]   16:     0x5d1d3c46e692 - <tokio[abe3365d06094545]::runtime::runtime::Runtime>::block_on::<core[df12db4294e9bfd3]::pin::Pin<&mut dyn core[df12db4294e9bfd3]::future::future::Future<Output = ()>>>
[INFO] [stdout]   17:     0x5d1d3c452c6b - sp105e[acce1d4ecead230f]::client::tests::custom_rgb
[INFO] [stdout]   18:     0x5d1d3c470379 - <sp105e[acce1d4ecead230f]::client::tests::custom_rgb::{closure#0} as core[df12db4294e9bfd3]::ops::function::FnOnce<()>>::call_once
[INFO] [stdout]   19:     0x5d1d3c47485b - test[9d35eded1c95d3be]::__rust_begin_short_backtrace::<core[df12db4294e9bfd3]::result::Result<(), alloc[2182bb758b4b3781]::string::String>, fn() -> core[df12db4294e9bfd3]::result::Result<(), alloc[2182bb758b4b3781]::string::String>>
[INFO] [stdout]   20:     0x5d1d3c481ec5 - test[9d35eded1c95d3be]::run_test::{closure#0}
[INFO] [stdout]   21:     0x5d1d3c47b784 - std[70759c8f55707aa4]::sys::backtrace::__rust_begin_short_backtrace::<test[9d35eded1c95d3be]::run_test::{closure#1}, ()>
[INFO] [stdout]   22:     0x5d1d3c485022 - <std[70759c8f55707aa4]::thread::lifecycle::spawn_unchecked<test[9d35eded1c95d3be]::run_test::{closure#1}, ()>::{closure#1} as core[df12db4294e9bfd3]::ops::function::FnOnce<()>>::call_once::{shim:vtable#0}
[INFO] [stdout]   23:     0x5d1d3c6206c9 - <std[70759c8f55707aa4]::sys::thread::unix::Thread>::new::thread_start
[INFO] [stdout]   24:     0x7ba1747b5dfa - <unknown>
[INFO] [stdout]   25:     0x7ba1748493d4 - clone
[INFO] [stdout]   26:                0x0 - <unknown>
[INFO] [stdout] 
[INFO] [stdout] ---- client::tests::animation stdout ----
[INFO] [stdout] 
[INFO] [stdout] thread 'client::tests::animation' (1947) panicked at sp105e/src/client.rs:182:66:
[INFO] [stdout] called `Result::unwrap()` on an `Err` value: internal error: D-Bus error org.freedesktop.DBus.Error.FileNotFound: Failed to connect to socket /run/dbus/system_bus_socket: No such file or directory
[INFO] [stdout] 
[INFO] [stdout] Stack backtrace:
[INFO] [stdout]    0: <anyhow::Error as core::convert::From<bluer::Error>>::from
[INFO] [stdout]    1: <sp105e::client::LEDClient>::new::{closure#0}
[INFO] [stdout]    2: sp105e::client::tests::animation::{closure#0}
[INFO] [stdout]    3: <tokio::runtime::scheduler::current_thread::Context>::enter::<core::task::poll::Poll<()>, <tokio::runtime::scheduler::current_thread::CoreGuard>::block_on<core::pin::Pin<&mut core::pin::Pin<&mut dyn core::future::future::Future<Output = ()>>>>::{closure#0}::{closure#0}>
[INFO] [stdout]    4: <tokio::runtime::context::scoped::Scoped<tokio::runtime::scheduler::Context>>::set::<<tokio::runtime::scheduler::current_thread::CoreGuard>::enter<<tokio::runtime::scheduler::current_thread::CoreGuard>::block_on<core::pin::Pin<&mut core::pin::Pin<&mut dyn core::future::future::Future<Output = ()>>>>::{closure#0}, core::option::Option<()>>::{closure#0}, (alloc::boxed::Box<tokio::runtime::scheduler::current_thread::Core>, core::option::Option<()>)>
[INFO] [stdout]    5: <tokio::runtime::scheduler::current_thread::CurrentThread>::block_on::<core::pin::Pin<&mut dyn core::future::future::Future<Output = ()>>>
[INFO] [stdout]    6: <tokio::runtime::runtime::Runtime>::block_on::<core::pin::Pin<&mut dyn core::future::future::Future<Output = ()>>>
[INFO] [stdout]    7: sp105e::client::tests::animation
[INFO] [stdout]    8: <sp105e::client::tests::animation::{closure#0} as core::ops::function::FnOnce<()>>::call_once
[INFO] [stdout]    9: test::__rust_begin_short_backtrace::<core::result::Result<(), alloc::string::String>, fn() -> core::result::Result<(), alloc::string::String>>
[INFO] [stdout]   10: test::run_test::{closure#0}
[INFO] [stdout]   11: std::sys::backtrace::__rust_begin_short_backtrace::<test::run_test::{closure#1}, ()>
[INFO] [stdout]   12: <std::thread::lifecycle::spawn_unchecked<test::run_test::{closure#1}, ()>::{closure#1} as core::ops::function::FnOnce<()>>::call_once::{shim:vtable#0}
[INFO] [stdout]   13: <std::sys::thread::unix::Thread>::new::thread_start
[INFO] [stdout]   14: <unknown>
[INFO] [stdout]   15: clone
[INFO] [stdout] stack backtrace:
[INFO] [stdout]    0:     0x5d1d3c620e01 - <<std[70759c8f55707aa4]::sys::backtrace::BacktraceLock>::print::DisplayBacktrace as core[df12db4294e9bfd3]::fmt::Display>::fmt
[INFO] [stdout]    1:     0x5d1d3c6364ea - core[df12db4294e9bfd3]::fmt::write
[INFO] [stdout]    2:     0x5d1d3c62595c - <alloc[2182bb758b4b3781]::vec::Vec<u8> as core[df12db4294e9bfd3]::io::write::Write>::write_fmt
[INFO] [stdout]    3:     0x5d1d3c5fc156 - std[70759c8f55707aa4]::panicking::default_hook::{closure#0}
[INFO] [stdout]    4:     0x5d1d3c618ca9 - std[70759c8f55707aa4]::panicking::default_hook
[INFO] [stdout]    5:     0x5d1d3c481570 - test[9d35eded1c95d3be]::test_main_inner::<test[9d35eded1c95d3be]::test_main_static::{closure#0}>::{closure#0}
[INFO] [stdout]    6:     0x5d1d3c618fd2 - std[70759c8f55707aa4]::panicking::panic_with_hook
[INFO] [stdout]    7:     0x5d1d3c5fc202 - std[70759c8f55707aa4]::panicking::panic_handler::{closure#0}
[INFO] [stdout]    8:     0x5d1d3c5f49c9 - std[70759c8f55707aa4]::sys::backtrace::__rust_end_short_backtrace::<std[70759c8f55707aa4]::panicking::panic_handler::{closure#0}, !>
[INFO] [stdout]    9:     0x5d1d3c5fcf0d - __rustc[8fa7c3cbc660c2b3]::rust_begin_unwind
[INFO] [stdout]   10:     0x5d1d3c636c4c - core[df12db4294e9bfd3]::panicking::panic_fmt
[INFO] [stdout]   11:     0x5d1d3c636a22 - core[df12db4294e9bfd3]::result::unwrap_failed
[INFO] [stdout]   12:     0x5d1d3c4524af - sp105e[acce1d4ecead230f]::client::tests::animation::{closure#0}
[INFO] [stderr] error: test failed, to rerun pass `-p sp105e --lib`
[INFO] [stdout]   13:     0x5d1d3c473433 - <tokio[abe3365d06094545]::runtime::scheduler::current_thread::Context>::enter::<core[df12db4294e9bfd3]::task::poll::Poll<()>, <tokio[abe3365d06094545]::runtime::scheduler::current_thread::CoreGuard>::block_on<core[df12db4294e9bfd3]::pin::Pin<&mut core[df12db4294e9bfd3]::pin::Pin<&mut dyn core[df12db4294e9bfd3]::future::future::Future<Output = ()>>>>::{closure#0}::{closure#0}>
[INFO] [stdout]   14:     0x5d1d3c4618d2 - <tokio[abe3365d06094545]::runtime::context::scoped::Scoped<tokio[abe3365d06094545]::runtime::scheduler::Context>>::set::<<tokio[abe3365d06094545]::runtime::scheduler::current_thread::CoreGuard>::enter<<tokio[abe3365d06094545]::runtime::scheduler::current_thread::CoreGuard>::block_on<core[df12db4294e9bfd3]::pin::Pin<&mut core[df12db4294e9bfd3]::pin::Pin<&mut dyn core[df12db4294e9bfd3]::future::future::Future<Output = ()>>>>::{closure#0}, core[df12db4294e9bfd3]::option::Option<()>>::{closure#0}, (alloc[2182bb758b4b3781]::boxed::Box<tokio[abe3365d06094545]::runtime::scheduler::current_thread::Core>, core[df12db4294e9bfd3]::option::Option<()>)>
[INFO] [stdout]   15:     0x5d1d3c472d86 - <tokio[abe3365d06094545]::runtime::scheduler::current_thread::CurrentThread>::block_on::<core[df12db4294e9bfd3]::pin::Pin<&mut dyn core[df12db4294e9bfd3]::future::future::Future<Output = ()>>>
[INFO] [stdout]   16:     0x5d1d3c46e692 - <tokio[abe3365d06094545]::runtime::runtime::Runtime>::block_on::<core[df12db4294e9bfd3]::pin::Pin<&mut dyn core[df12db4294e9bfd3]::future::future::Future<Output = ()>>>
[INFO] [stdout]   17:     0x5d1d3c452dbb - sp105e[acce1d4ecead230f]::client::tests::animation
[INFO] [stdout]   18:     0x5d1d3c470399 - <sp105e[acce1d4ecead230f]::client::tests::animation::{closure#0} as core[df12db4294e9bfd3]::ops::function::FnOnce<()>>::call_once
[INFO] [stdout]   19:     0x5d1d3c47485b - test[9d35eded1c95d3be]::__rust_begin_short_backtrace::<core[df12db4294e9bfd3]::result::Result<(), alloc[2182bb758b4b3781]::string::String>, fn() -> core[df12db4294e9bfd3]::result::Result<(), alloc[2182bb758b4b3781]::string::String>>
[INFO] [stdout]   20:     0x5d1d3c481ec5 - test[9d35eded1c95d3be]::run_test::{closure#0}
[INFO] [stdout]   21:     0x5d1d3c47b784 - std[70759c8f55707aa4]::sys::backtrace::__rust_begin_short_backtrace::<test[9d35eded1c95d3be]::run_test::{closure#1}, ()>
[INFO] [stdout]   22:     0x5d1d3c485022 - <std[70759c8f55707aa4]::thread::lifecycle::spawn_unchecked<test[9d35eded1c95d3be]::run_test::{closure#1}, ()>::{closure#1} as core[df12db4294e9bfd3]::ops::function::FnOnce<()>>::call_once::{shim:vtable#0}
[INFO] [stdout]   23:     0x5d1d3c6206c9 - <std[70759c8f55707aa4]::sys::thread::unix::Thread>::new::thread_start
[INFO] [stdout]   24:     0x7ba1747b5dfa - <unknown>
[INFO] [stdout]   25:     0x7ba1748493d4 - clone
[INFO] [stdout]   26:                0x0 - <unknown>
[INFO] [stdout] 
[INFO] [stdout] 
[INFO] [stdout] failures:
[INFO] [stdout]     client::tests::animation
[INFO] [stdout]     client::tests::connection
[INFO] [stdout]     client::tests::custom_rgb
[INFO] [stdout]     client::tests::fixed_rgb
[INFO] [stdout]     commands::tests::static_cmd
[INFO] [stdout] 
[INFO] [stdout] test result: FAILED. 3 passed; 5 failed; 0 ignored; 0 measured; 0 filtered out; finished in 0.01s
[INFO] [stdout] 
[INFO] running `Command { std: "docker" "inspect" "96ca9a9f37c6b76b48ee4c146ae49d480970d7f1cd21172d1ec32ebbe94f3528", kill_on_drop: false }`
[INFO] running `Command { std: "docker" "rm" "-f" "96ca9a9f37c6b76b48ee4c146ae49d480970d7f1cd21172d1ec32ebbe94f3528", kill_on_drop: false }`
[INFO] [stdout] 96ca9a9f37c6b76b48ee4c146ae49d480970d7f1cd21172d1ec32ebbe94f3528
