[INFO] cloning repository https://github.com/keirsalterego/stranger
[INFO] running `Command { std: "git" "-c" "credential.helper=" "-c" "credential.helper=/workspace/cargo-home/bin/git-credential-null" "clone" "--bare" "https://github.com/keirsalterego/stranger" "/workspace/cache/git-repos/https%3A%2F%2Fgithub.com%2Fkeirsalterego%2Fstranger", kill_on_drop: false }`
[INFO] [stderr] Cloning into bare repository '/workspace/cache/git-repos/https%3A%2F%2Fgithub.com%2Fkeirsalterego%2Fstranger'...
[INFO] running `Command { std: "git" "rev-parse" "HEAD", kill_on_drop: false }`
[INFO] [stdout] 8f2b74e808f285372a38468bf1c1debb59001dfa
[INFO] testing keirsalterego/stranger against 1.100.0-beta.1+cargoflags=--release for beta-release-1.100-3
[INFO] running `Command { std: "git" "clone" "/workspace/cache/git-repos/https%3A%2F%2Fgithub.com%2Fkeirsalterego%2Fstranger" "/workspace/builds/worker-1-tc2/source", kill_on_drop: false }`
[INFO] [stderr] Cloning into '/workspace/builds/worker-1-tc2/source'...
[INFO] [stderr] done.
[INFO] removed /workspace/builds/worker-1-tc2/source/rust-toolchain.toml
[INFO] started tweaking git repo https://github.com/keirsalterego/stranger
[INFO] finished tweaking git repo https://github.com/keirsalterego/stranger
[INFO] tweaked toml for git repo https://github.com/keirsalterego/stranger written to /workspace/builds/worker-1-tc2/source/Cargo.toml
[INFO] validating manifest of git repo https://github.com/keirsalterego/stranger on toolchain 1.100.0-beta.1
[INFO] running `Command { std: CARGO_HOME="/workspace/cargo-home" RUSTUP_HOME="/workspace/rustup-home" "/workspace/cargo-home/bin/cargo" "+1.100.0-beta.1" "metadata" "--manifest-path" "Cargo.toml" "--no-deps", kill_on_drop: false }`
[INFO] crate git repo https://github.com/keirsalterego/stranger already has a lockfile, it will not be regenerated
[INFO] running `Command { std: CARGO_HOME="/workspace/cargo-home" RUSTUP_HOME="/workspace/rustup-home" "/workspace/cargo-home/bin/cargo" "+1.100.0-beta.1" "fetch" "--manifest-path" "Cargo.toml", kill_on_drop: false }`
[INFO] running `Command { std: "docker" "create" "-v" "/var/lib/crater-agent-workspace/builds/worker-1-tc2/source:/opt/rustwide/workdir:ro,Z" "-v" "/var/lib/crater-agent-workspace/builds/worker-1-tc2/target:/opt/rustwide/target:rw,Z" "-v" "/var/lib/crater-agent-workspace/cargo-home:/opt/rustwide/cargo-home:ro,Z" "-v" "/var/lib/crater-agent-workspace/rustup-home:/opt/rustwide/rustup-home:ro,Z" "-m" "1610612736" "--network" "none" "ghcr.io/rust-lang/crates-build-env/linux@sha256:77db811e55d90add9212f6832c23229e3de5f1c1f9905e8cb07319ea15df73ac" "sleep" "infinity", kill_on_drop: false }`
[INFO] [stdout] fcc3a4b792833c813f2ec3e00c6ce8c3ed37a29de60e2a685707fc04481c410f
[INFO] running `Command { std: "docker" "start" "fcc3a4b792833c813f2ec3e00c6ce8c3ed37a29de60e2a685707fc04481c410f", kill_on_drop: false }`
[INFO] running `Command { std: "docker" "inspect" "fcc3a4b792833c813f2ec3e00c6ce8c3ed37a29de60e2a685707fc04481c410f", kill_on_drop: false }`
[INFO] running `Command { std: "docker" "exec" "-e" "SOURCE_DIR=/opt/rustwide/workdir" "-e" "CARGO_HOME=/opt/rustwide/cargo-home" "-e" "RUSTUP_HOME=/opt/rustwide/rustup-home" "-e" "CARGO_TARGET_DIR=/opt/rustwide/target" "-w" "/opt/rustwide/workdir" "--user" "0:0" "fcc3a4b792833c813f2ec3e00c6ce8c3ed37a29de60e2a685707fc04481c410f" "/opt/rustwide/cargo-home/bin/cargo" "+1.100.0-beta.1" "metadata" "--no-deps" "--format-version=1", kill_on_drop: false }`
[INFO] running `Command { std: "docker" "inspect" "fcc3a4b792833c813f2ec3e00c6ce8c3ed37a29de60e2a685707fc04481c410f", kill_on_drop: false }`
[INFO] running `Command { std: "docker" "exec" "-e" "SOURCE_DIR=/opt/rustwide/workdir" "-e" "CARGO_HOME=/opt/rustwide/cargo-home" "-e" "RUSTUP_HOME=/opt/rustwide/rustup-home" "-e" "CARGO_TARGET_DIR=/opt/rustwide/target" "-e" "CARGO_INCREMENTAL=0" "-e" "RUST_BACKTRACE=full" "-e" "RUSTFLAGS=--cap-lints=warn" "-e" "RUSTDOCFLAGS=--cap-lints=warn" "-w" "/opt/rustwide/workdir" "--user" "0:0" "fcc3a4b792833c813f2ec3e00c6ce8c3ed37a29de60e2a685707fc04481c410f" "/opt/rustwide/cargo-home/bin/cargo" "+1.100.0-beta.1" "build" "--frozen" "--message-format=json" "--release", kill_on_drop: false }`
[INFO] [stderr]    Compiling stranger v0.1.0 (/opt/rustwide/workdir)
[INFO] [stderr]     Finished `release` profile [optimized] target(s) in 8.34s
[INFO] running `Command { std: "docker" "inspect" "fcc3a4b792833c813f2ec3e00c6ce8c3ed37a29de60e2a685707fc04481c410f", kill_on_drop: false }`
[INFO] running `Command { std: "docker" "exec" "-e" "SOURCE_DIR=/opt/rustwide/workdir" "-e" "CARGO_HOME=/opt/rustwide/cargo-home" "-e" "RUSTUP_HOME=/opt/rustwide/rustup-home" "-e" "CARGO_TARGET_DIR=/opt/rustwide/target" "-e" "CARGO_INCREMENTAL=0" "-e" "RUST_BACKTRACE=full" "-e" "RUSTFLAGS=--cap-lints=warn" "-e" "RUSTDOCFLAGS=--cap-lints=warn" "-w" "/opt/rustwide/workdir" "--user" "0:0" "fcc3a4b792833c813f2ec3e00c6ce8c3ed37a29de60e2a685707fc04481c410f" "/opt/rustwide/cargo-home/bin/cargo" "+1.100.0-beta.1" "test" "--frozen" "--no-run" "--message-format=json" "--release", kill_on_drop: false }`
[INFO] [stderr]    Compiling stranger v0.1.0 (/opt/rustwide/workdir)
[INFO] [stderr]     Finished `release` profile [optimized] target(s) in 19.78s
[INFO] running `Command { std: "docker" "inspect" "fcc3a4b792833c813f2ec3e00c6ce8c3ed37a29de60e2a685707fc04481c410f", kill_on_drop: false }`
[INFO] running `Command { std: "docker" "exec" "-e" "SOURCE_DIR=/opt/rustwide/workdir" "-e" "CARGO_HOME=/opt/rustwide/cargo-home" "-e" "RUSTUP_HOME=/opt/rustwide/rustup-home" "-e" "CARGO_TARGET_DIR=/opt/rustwide/target" "-e" "CARGO_INCREMENTAL=0" "-e" "RUST_BACKTRACE=full" "-e" "RUSTFLAGS=--cap-lints=warn" "-e" "RUSTDOCFLAGS=--cap-lints=warn" "-w" "/opt/rustwide/workdir" "--user" "0:0" "fcc3a4b792833c813f2ec3e00c6ce8c3ed37a29de60e2a685707fc04481c410f" "/opt/rustwide/cargo-home/bin/cargo" "+1.100.0-beta.1" "test" "--frozen" "--release", kill_on_drop: false }`
[INFO] [stderr]     Finished `release` profile [optimized] target(s) in 0.05s
[INFO] [stderr]      Running unittests src/lib.rs (/opt/rustwide/target/release/build/stranger/7e026a02c3f80f38/out/stranger-7e026a02c3f80f38)
[INFO] [stdout] 
[INFO] [stdout] running 15 tests
[INFO] [stdout] test lock::tests::a_prefixed_fixture_still_picks_its_reader ... ok
[INFO] [stdout] test lock::tests::every_known_name_has_a_format ... ok
[INFO] [stdout] test report::tests::nothing_scores_zero ... ok
[INFO] [stdout] test report::tests::the_band_comes_from_the_worst_finding_not_the_first ... ok
[INFO] [stdout] test rules::tests::all_five_rules_are_in_all ... ok
[INFO] [stdout] test report::tests::a_worse_severity_always_outranks_more_of_a_lesser_one ... ok
[INFO] [stdout] test diff::tests::a_bump_is_a_change ... ok
[INFO] [stdout] test diff::tests::a_finding_moving_alone_is_not_an_empty_diff ... ok
[INFO] [stdout] test diff::tests::a_bump_does_not_reintroduce_a_finding ... ok
[INFO] [stdout] test diff::tests::a_new_install_script_is_introduced ... ok
[INFO] [stdout] test diff::tests::removing_the_problem_resolves_it ... ok
[INFO] [stdout] test diff::tests::an_uneven_change_pads ... ok
[INFO] [stdout] test report::tests::volume_moves_the_number_without_ever_filling_the_band ... ok
[INFO] [stdout] test diff::tests::added_and_removed ... ok
[INFO] [stdout] test diff::tests::an_unchanged_tree_diffs_to_nothing ... ok
[INFO] [stderr]      Running unittests src/main.rs (/opt/rustwide/target/release/build/stranger/1275ff57e9f9606d/out/stranger-1275ff57e9f9606d)
[INFO] [stdout] 
[INFO] [stdout] test result: ok. 15 passed; 0 failed; 0 ignored; 0 measured; 0 filtered out; finished in 0.12s
[INFO] [stdout] 
[INFO] [stdout] 
[INFO] [stderr]      Running tests/ablation.rs (/opt/rustwide/target/release/build/stranger/d7ad28b7f4315636/out/ablation-d7ad28b7f4315636)
[INFO] [stdout] running 0 tests
[INFO] [stdout] 
[INFO] [stdout] test result: ok. 0 passed; 0 failed; 0 ignored; 0 measured; 0 filtered out; finished in 0.00s
[INFO] [stdout] 
[INFO] [stdout] 
[INFO] [stdout] running 4 tests
[INFO] [stdout] test ablation_under_corpus_decay ... ignored, slow; run with `make ablation`
[INFO] [stdout] test ablation_table ... ok
[INFO] [stdout] test the_sweep_measures_the_rule_that_ships ... ok
[INFO] [stderr]      Running tests/cargo.rs (/opt/rustwide/target/release/build/stranger/4ca212119740e1b9/out/cargo-4ca212119740e1b9)
[INFO] [stdout] test edit_budget_policy_sweep ... ok
[INFO] [stdout] 
[INFO] [stdout] test result: ok. 3 passed; 0 failed; 1 ignored; 0 measured; 0 filtered out; finished in 4.49s
[INFO] [stdout] 
[INFO] [stdout] 
[INFO] [stdout] running 14 tests
[INFO] [stdout] test a_toml_file_that_is_not_a_lockfile_is_refused ... ok
[INFO] [stdout] test a_dangling_dependency_is_skipped ... ok
[INFO] [stdout] test nothing_claims_dev_or_build_scripts ... ok
[INFO] [stdout] test counts ... ok
[INFO] [stdout] test versioned_names_pick_the_right_twin ... ok
[INFO] [stdout] test bare_names_resolve ... ok
[INFO] [stdout] test sourced_names_pick_the_right_registry ... ok
[INFO] [stdout] test member_edges_become_roots ... ok
[INFO] [stdout] test workspace_members_are_first_party ... ok
[INFO] [stdout] test checksums_are_registry_only ... ok
[INFO] [stdout] test in_degree_is_not_flat ... ok
[INFO] [stdout] test roots_exclude_first_party ... ok
[INFO] [stdout] test dispatch_matches_the_suffix ... ok
[INFO] [stdout] test git_dependencies_are_not_registry_packages ... ok
[INFO] [stdout] 
[INFO] [stdout] test result: ok. 14 passed; 0 failed; 0 ignored; 0 measured; 0 filtered out; finished in 0.09s
[INFO] [stdout] 
[INFO] [stderr]      Running tests/cli.rs (/opt/rustwide/target/release/build/stranger/365cc8930c4f04c3/out/cli-365cc8930c4f04c3)
[INFO] [stdout] 
[INFO] [stdout] running 47 tests
[INFO] [stdout] test a_non_utf8_argument_is_a_usage_error_not_an_abort ... FAILED
[INFO] [stdout] test a_syntax_error_names_its_file ... FAILED
[INFO] [stdout] test a_hostile_name_does_not_break_the_columns ... FAILED
[INFO] [stdout] test a_tree_where_nothing_reads_exits_two ... FAILED
[INFO] [stdout] test a_directory_with_no_lockfile_says_so_and_exits_zero ... FAILED
[INFO] [stdout] test a_flag_from_a_sibling_command_is_named_not_unknown ... FAILED
[INFO] [stdout] test a_rule_with_no_signal_in_this_format_says_so ... FAILED
[INFO] [stdout] test broken_things_exit_two ... FAILED
[INFO] [stdout] test clean_scan_exits_zero ... FAILED
[INFO] [stdout] test a_device_node_is_not_reported_as_missing ... FAILED
[INFO] [stdout] test a_switch_refuses_a_value ... FAILED
[INFO] [stdout] test a_pnpm_lock_with_no_packages_is_an_empty_tree ... FAILED
[INFO] [stdout] test a_directory_scan_is_deterministic ... FAILED
[INFO] [stdout] test a_closed_pipe_does_not_erase_the_gate ... FAILED
[INFO] [stdout] test diff_names_the_flags_that_are_not_its_own ... FAILED
[INFO] [stdout] test diff_needs_two_paths ... FAILED
[INFO] [stdout] test diff_across_two_readers_of_one_ecosystem_is_allowed ... FAILED
[INFO] [stdout] test help_and_version ... FAILED
[INFO] [stdout] test a_double_dash_ends_the_options ... FAILED
[INFO] [stdout] test every_json_line_parses ... FAILED
[INFO] [stdout] test json_carries_the_integrity_count ... FAILED
[INFO] [stdout] test diff_json_is_a_single_object ... FAILED
[INFO] [stdout] test diff_of_a_file_against_itself_is_empty ... FAILED
[INFO] [stdout] test fail_on_gates_by_severity ... FAILED
[INFO] [stdout] test findings_without_a_threshold_still_exit_zero ... FAILED
[INFO] [stdout] test diff_across_ecosystems_is_refused ... FAILED
[INFO] [stdout] test fail_on_is_monotone_across_every_fixture ... FAILED
[INFO] [stdout] test json_lists_the_rules_that_could_not_fire ... FAILED
[INFO] [stdout] test json_is_byte_identical_between_runs ... FAILED
[INFO] [stdout] test json_findings_are_in_report_order ... FAILED
[INFO] [stdout] test json_is_parseable_by_our_own_parser ... FAILED
[INFO] [stdout] test diff_isolates_what_the_change_added ... FAILED
[INFO] [stdout] test json_carries_the_workspace_count ... FAILED
[INFO] [stdout] test lockfiles_with_no_reader_are_named_not_ignored ... FAILED
[INFO] [stdout] test quiet_drops_the_header_and_the_risk_line ... FAILED
[INFO] [stdout] test options_take_an_equals_sign ... FAILED
[INFO] [stdout] test json_on_a_directory_with_no_lockfile_stays_json ... FAILED
[INFO] [stdout] test an_unreadable_root_exits_two ... ok
[INFO] [stdout] test the_trivial_percentage_matches_the_header_count ... FAILED
[INFO] [stdout] test the_error_stream_is_in_path_order_and_deterministic ... FAILED
[INFO] [stdout] test verbose_expands_the_collapsed_rules ... FAILED
[INFO] [stdout] test piped_output_carries_no_escape_codes ... FAILED
[INFO] [stdout] test the_gate_reads_the_direction_of_the_change ... FAILED
[INFO] [stdout] test an_unreadable_subdirectory_exits_two_beside_a_readable_sibling ... ok
[INFO] [stdout] test a_directory_scan_skips_vendored_lockfiles ... FAILED
[INFO] [stdout] test verbose_names_the_directories_it_would_not_enter ... FAILED
[INFO] [stdout] test one_unreadable_lockfile_does_not_cancel_its_siblings ... FAILED
[INFO] [stdout] 
[INFO] [stdout] failures:
[INFO] [stdout] 
[INFO] [stdout] ---- a_non_utf8_argument_is_a_usage_error_not_an_abort stdout ----
[INFO] [stdout] 
[INFO] [stdout] thread 'a_non_utf8_argument_is_a_usage_error_not_an_abort' (1044) panicked at tests/cli.rs:640:10:
[INFO] [stdout] stranger should run: Os { code: 2, kind: NotFound, message: "No such file or directory" }
[INFO] [stdout] stack backtrace:
[INFO] [stdout]    0:     0x5f5c34b07f21 - <<std[617be2ca0a6fd877]::sys::backtrace::BacktraceLock>::print::DisplayBacktrace as core[a373ad73a504971]::fmt::Display>::fmt
[INFO] [stdout]    1:     0x5f5c34b1ce7a - core[a373ad73a504971]::fmt::write
[INFO] [stdout]    2:     0x5f5c34b0c40c - <alloc[2e1b2a31b91974c5]::vec::Vec<u8> as core[a373ad73a504971]::io::write::Write>::write_fmt
[INFO] [stdout]    3:     0x5f5c34ae23c6 - std[617be2ca0a6fd877]::panicking::default_hook::{closure#0}
[INFO] [stdout]    4:     0x5f5c34aff649 - std[617be2ca0a6fd877]::panicking::default_hook
[INFO] [stdout]    5:     0x5f5c34a9a4c0 - test[aada8e7e76ba119b]::test_main_inner::{closure#0}
[INFO] [stdout]    6:     0x5f5c34aff802 - std[617be2ca0a6fd877]::panicking::panic_with_hook
[INFO] [stdout]    7:     0x5f5c34ae2472 - std[617be2ca0a6fd877]::panicking::panic_handler::{closure#0}
[INFO] [stdout]    8:     0x5f5c34adae39 - std[617be2ca0a6fd877]::sys::backtrace::__rust_end_short_backtrace::<std[617be2ca0a6fd877]::panicking::panic_handler::{closure#0}, !>
[INFO] [stdout]    9:     0x5f5c34ae313d - __rustc[ea4f61d10b84890b]::rust_begin_unwind
[INFO] [stdout]   10:     0x5f5c34b1d5ac - core[a373ad73a504971]::panicking::panic_fmt
[INFO] [stdout]   11:     0x5f5c34b1d382 - core[a373ad73a504971]::result::unwrap_failed
[INFO] [stdout]   12:     0x5f5c34a80b4b - <cli[899cecdba801c5d2]::a_non_utf8_argument_is_a_usage_error_not_an_abort::{closure#0} as core[a373ad73a504971]::ops::function::FnOnce<()>>::call_once
[INFO] [stdout]   13:     0x5f5c34a8d90b - test[aada8e7e76ba119b]::__rust_begin_short_backtrace::<core[a373ad73a504971]::result::Result<(), alloc[2e1b2a31b91974c5]::string::String>, fn() -> core[a373ad73a504971]::result::Result<(), alloc[2e1b2a31b91974c5]::string::String>>
[INFO] [stdout]   14:     0x5f5c34a9aae5 - test[aada8e7e76ba119b]::run_test::{closure#0}
[INFO] [stdout]   15:     0x5f5c34a943d4 - std[617be2ca0a6fd877]::sys::backtrace::__rust_begin_short_backtrace::<test[aada8e7e76ba119b]::run_test::{closure#1}, ()>
[INFO] [stdout]   16:     0x5f5c34a9db72 - <std[617be2ca0a6fd877]::thread::lifecycle::spawn_unchecked<test[aada8e7e76ba119b]::run_test::{closure#1}, ()>::{closure#1} as core[a373ad73a504971]::ops::function::FnOnce<()>>::call_once::{shim:vtable#0}
[INFO] [stdout]   17:     0x5f5c34b0723f - <std[617be2ca0a6fd877]::sys::thread::unix::Thread>::new::thread_start
[INFO] [stdout]   18:     0x7906d5adbdfa - <unknown>
[INFO] [stdout]   19:     0x7906d5b6f3d4 - clone
[INFO] [stdout]   20:                0x0 - <unknown>
[INFO] [stdout] 
[INFO] [stdout] ---- a_syntax_error_names_its_file stdout ----
[INFO] [stdout] 
[INFO] [stdout] thread 'a_syntax_error_names_its_file' (1048) panicked at tests/cli.rs:26:10:
[INFO] [stdout] stranger should run: Os { code: 2, kind: NotFound, message: "No such file or directory" }
[INFO] [stdout] stack backtrace:
[INFO] [stdout]    0:     0x5f5c34b07f21 - <<std[617be2ca0a6fd877]::sys::backtrace::BacktraceLock>::print::DisplayBacktrace as core[a373ad73a504971]::fmt::Display>::fmt
[INFO] [stdout]    1:     0x5f5c34b1ce7a - core[a373ad73a504971]::fmt::write
[INFO] [stdout]    2:     0x5f5c34b0c40c - <alloc[2e1b2a31b91974c5]::vec::Vec<u8> as core[a373ad73a504971]::io::write::Write>::write_fmt
[INFO] [stdout]    3:     0x5f5c34ae23c6 - std[617be2ca0a6fd877]::panicking::default_hook::{closure#0}
[INFO] [stdout]    4:     0x5f5c34aff649 - std[617be2ca0a6fd877]::panicking::default_hook
[INFO] [stdout]    5:     0x5f5c34a9a4c0 - test[aada8e7e76ba119b]::test_main_inner::{closure#0}
[INFO] [stdout]    6:     0x5f5c34aff802 - std[617be2ca0a6fd877]::panicking::panic_with_hook
[INFO] [stdout]    7:     0x5f5c34ae2472 - std[617be2ca0a6fd877]::panicking::panic_handler::{closure#0}
[INFO] [stdout]    8:     0x5f5c34adae39 - std[617be2ca0a6fd877]::sys::backtrace::__rust_end_short_backtrace::<std[617be2ca0a6fd877]::panicking::panic_handler::{closure#0}, !>
[INFO] [stdout]    9:     0x5f5c34ae313d - __rustc[ea4f61d10b84890b]::rust_begin_unwind
[INFO] [stdout]   10:     0x5f5c34b1d5ac - core[a373ad73a504971]::panicking::panic_fmt
[INFO] [stdout]   11:     0x5f5c34b1d382 - core[a373ad73a504971]::result::unwrap_failed
[INFO] [stdout]   12:     0x5f5c34a730de - cli[899cecdba801c5d2]::run
[INFO] [stdout]   13:     0x5f5c34a7716a - <cli[899cecdba801c5d2]::a_syntax_error_names_its_file::{closure#0} as core[a373ad73a504971]::ops::function::FnOnce<()>>::call_once
[INFO] [stdout]   14:     0x5f5c34a8d90b - test[aada8e7e76ba119b]::__rust_begin_short_backtrace::<core[a373ad73a504971]::result::Result<(), alloc[2e1b2a31b91974c5]::string::String>, fn() -> core[a373ad73a504971]::result::Result<(), alloc[2e1b2a31b91974c5]::string::String>>
[INFO] [stdout]   15:     0x5f5c34a9aae5 - test[aada8e7e76ba119b]::run_test::{closure#0}
[INFO] [stdout]   16:     0x5f5c34a943d4 - std[617be2ca0a6fd877]::sys::backtrace::__rust_begin_short_backtrace::<test[aada8e7e76ba119b]::run_test::{closure#1}, ()>
[INFO] [stdout]   17:     0x5f5c34a9db72 - <std[617be2ca0a6fd877]::thread::lifecycle::spawn_unchecked<test[aada8e7e76ba119b]::run_test::{closure#1}, ()>::{closure#1} as core[a373ad73a504971]::ops::function::FnOnce<()>>::call_once::{shim:vtable#0}
[INFO] [stdout]   18:     0x5f5c34b0723f - <std[617be2ca0a6fd877]::sys::thread::unix::Thread>::new::thread_start
[INFO] [stdout]   19:     0x7906d5adbdfa - <unknown>
[INFO] [stdout]   20:     0x7906d5b6f3d4 - clone
[INFO] [stdout]   21:                0x0 - <unknown>
[INFO] [stdout] 
[INFO] [stdout] ---- a_hostile_name_does_not_break_the_columns stdout ----
[INFO] [stdout] 
[INFO] [stdout] thread 'a_hostile_name_does_not_break_the_columns' (1043) panicked at tests/cli.rs:26:10:
[INFO] [stdout] stranger should run: Os { code: 2, kind: NotFound, message: "No such file or directory" }
[INFO] [stdout] stack backtrace:
[INFO] [stdout]    0:     0x5f5c34b07f21 - <<std[617be2ca0a6fd877]::sys::backtrace::BacktraceLock>::print::DisplayBacktrace as core[a373ad73a504971]::fmt::Display>::fmt
[INFO] [stdout]    1:     0x5f5c34b1ce7a - core[a373ad73a504971]::fmt::write
[INFO] [stdout]    2:     0x5f5c34b0c40c - <alloc[2e1b2a31b91974c5]::vec::Vec<u8> as core[a373ad73a504971]::io::write::Write>::write_fmt
[INFO] [stdout]    3:     0x5f5c34ae23c6 - std[617be2ca0a6fd877]::panicking::default_hook::{closure#0}
[INFO] [stdout]    4:     0x5f5c34aff649 - std[617be2ca0a6fd877]::panicking::default_hook
[INFO] [stdout]    5:     0x5f5c34a9a4c0 - test[aada8e7e76ba119b]::test_main_inner::{closure#0}
[INFO] [stdout]    6:     0x5f5c34aff802 - std[617be2ca0a6fd877]::panicking::panic_with_hook
[INFO] [stdout]    7:     0x5f5c34ae2472 - std[617be2ca0a6fd877]::panicking::panic_handler::{closure#0}
[INFO] [stdout]    8:     0x5f5c34adae39 - std[617be2ca0a6fd877]::sys::backtrace::__rust_end_short_backtrace::<std[617be2ca0a6fd877]::panicking::panic_handler::{closure#0}, !>
[INFO] [stdout]    9:     0x5f5c34ae313d - __rustc[ea4f61d10b84890b]::rust_begin_unwind
[INFO] [stdout]   10:     0x5f5c34b1d5ac - core[a373ad73a504971]::panicking::panic_fmt
[INFO] [stdout]   11:     0x5f5c34b1d382 - core[a373ad73a504971]::result::unwrap_failed
[INFO] [stdout]   12:     0x5f5c34a730de - cli[899cecdba801c5d2]::run
[INFO] [stdout]   13:     0x5f5c34a7cfa7 - <cli[899cecdba801c5d2]::a_hostile_name_does_not_break_the_columns::{closure#0} as core[a373ad73a504971]::ops::function::FnOnce<()>>::call_once
[INFO] [stdout]   14:     0x5f5c34a8d90b - test[aada8e7e76ba119b]::__rust_begin_short_backtrace::<core[a373ad73a504971]::result::Result<(), alloc[2e1b2a31b91974c5]::string::String>, fn() -> core[a373ad73a504971]::result::Result<(), alloc[2e1b2a31b91974c5]::string::String>>
[INFO] [stdout]   15:     0x5f5c34a9aae5 - test[aada8e7e76ba119b]::run_test::{closure#0}
[INFO] [stdout]   16:     0x5f5c34a943d4 - std[617be2ca0a6fd877]::sys::backtrace::__rust_begin_short_backtrace::<test[aada8e7e76ba119b]::run_test::{closure#1}, ()>
[INFO] [stdout]   17:     0x5f5c34a9db72 - <std[617be2ca0a6fd877]::thread::lifecycle::spawn_unchecked<test[aada8e7e76ba119b]::run_test::{closure#1}, ()>::{closure#1} as core[a373ad73a504971]::ops::function::FnOnce<()>>::call_once::{shim:vtable#0}
[INFO] [stdout]   18:     0x5f5c34b0723f - <std[617be2ca0a6fd877]::sys::thread::unix::Thread>::new::thread_start
[INFO] [stdout]   19:     0x7906d5adbdfa - <unknown>
[INFO] [stdout]   20:     0x7906d5b6f3d4 - clone
[INFO] [stdout]   21:                0x0 - <unknown>
[INFO] [stdout] 
[INFO] [stdout] ---- a_tree_where_nothing_reads_exits_two stdout ----
[INFO] [stdout] 
[INFO] [stdout] thread 'a_tree_where_nothing_reads_exits_two' (1049) panicked at tests/cli.rs:26:10:
[INFO] [stdout] stranger should run: Os { code: 2, kind: NotFound, message: "No such file or directory" }
[INFO] [stdout] stack backtrace:
[INFO] [stdout]    0:     0x5f5c34b07f21 - <<std[617be2ca0a6fd877]::sys::backtrace::BacktraceLock>::print::DisplayBacktrace as core[a373ad73a504971]::fmt::Display>::fmt
[INFO] [stdout]    1:     0x5f5c34b1ce7a - core[a373ad73a504971]::fmt::write
[INFO] [stdout]    2:     0x5f5c34b0c40c - <alloc[2e1b2a31b91974c5]::vec::Vec<u8> as core[a373ad73a504971]::io::write::Write>::write_fmt
[INFO] [stdout]    3:     0x5f5c34ae23c6 - std[617be2ca0a6fd877]::panicking::default_hook::{closure#0}
[INFO] [stdout]    4:     0x5f5c34aff649 - std[617be2ca0a6fd877]::panicking::default_hook
[INFO] [stdout]    5:     0x5f5c34a9a4c0 - test[aada8e7e76ba119b]::test_main_inner::{closure#0}
[INFO] [stdout]    6:     0x5f5c34aff802 - std[617be2ca0a6fd877]::panicking::panic_with_hook
[INFO] [stdout]    7:     0x5f5c34ae2472 - std[617be2ca0a6fd877]::panicking::panic_handler::{closure#0}
[INFO] [stdout]    8:     0x5f5c34adae39 - std[617be2ca0a6fd877]::sys::backtrace::__rust_end_short_backtrace::<std[617be2ca0a6fd877]::panicking::panic_handler::{closure#0}, !>
[INFO] [stdout]    9:     0x5f5c34ae313d - __rustc[ea4f61d10b84890b]::rust_begin_unwind
[INFO] [stdout]   10:     0x5f5c34b1d5ac - core[a373ad73a504971]::panicking::panic_fmt
[INFO] [stdout]   11:     0x5f5c34b1d382 - core[a373ad73a504971]::result::unwrap_failed
[INFO] [stdout]   12:     0x5f5c34a730de - cli[899cecdba801c5d2]::run
[INFO] [stdout]   13:     0x5f5c34a7ab84 - <cli[899cecdba801c5d2]::a_tree_where_nothing_reads_exits_two::{closure#0} as core[a373ad73a504971]::ops::function::FnOnce<()>>::call_once
[INFO] [stdout]   14:     0x5f5c34a8d90b - test[aada8e7e76ba119b]::__rust_begin_short_backtrace::<core[a373ad73a504971]::result::Result<(), alloc[2e1b2a31b91974c5]::string::String>, fn() -> core[a373ad73a504971]::result::Result<(), alloc[2e1b2a31b91974c5]::string::String>>
[INFO] [stdout]   15:     0x5f5c34a9aae5 - test[aada8e7e76ba119b]::run_test::{closure#0}
[INFO] [stdout]   16:     0x5f5c34a943d4 - std[617be2ca0a6fd877]::sys::backtrace::__rust_begin_short_backtrace::<test[aada8e7e76ba119b]::run_test::{closure#1}, ()>
[INFO] [stdout]   17:     0x5f5c34a9db72 - <std[617be2ca0a6fd877]::thread::lifecycle::spawn_unchecked<test[aada8e7e76ba119b]::run_test::{closure#1}, ()>::{closure#1} as core[a373ad73a504971]::ops::function::FnOnce<()>>::call_once::{shim:vtable#0}
[INFO] [stdout]   18:     0x5f5c34b0723f - <std[617be2ca0a6fd877]::sys::thread::unix::Thread>::new::thread_start
[INFO] [stdout]   19:     0x7906d5adbdfa - <unknown>
[INFO] [stdout]   20:     0x7906d5b6f3d4 - clone
[INFO] [stdout]   21:                0x0 - <unknown>
[INFO] [stdout] 
[INFO] [stdout] ---- a_directory_with_no_lockfile_says_so_and_exits_zero stdout ----
[INFO] [stdout] 
[INFO] [stdout] thread 'a_directory_with_no_lockfile_says_so_and_exits_zero' (1040) panicked at tests/cli.rs:26:10:
[INFO] [stdout] stranger should run: Os { code: 2, kind: NotFound, message: "No such file or directory" }
[INFO] [stdout] stack backtrace:
[INFO] [stdout]    0:     0x5f5c34b07f21 - <<std[617be2ca0a6fd877]::sys::backtrace::BacktraceLock>::print::DisplayBacktrace as core[a373ad73a504971]::fmt::Display>::fmt
[INFO] [stdout]    1:     0x5f5c34b1ce7a - core[a373ad73a504971]::fmt::write
[INFO] [stdout]    2:     0x5f5c34b0c40c - <alloc[2e1b2a31b91974c5]::vec::Vec<u8> as core[a373ad73a504971]::io::write::Write>::write_fmt
[INFO] [stdout]    3:     0x5f5c34ae23c6 - std[617be2ca0a6fd877]::panicking::default_hook::{closure#0}
[INFO] [stdout]    4:     0x5f5c34aff649 - std[617be2ca0a6fd877]::panicking::default_hook
[INFO] [stdout]    5:     0x5f5c34a9a4c0 - test[aada8e7e76ba119b]::test_main_inner::{closure#0}
[INFO] [stdout]    6:     0x5f5c34aff802 - std[617be2ca0a6fd877]::panicking::panic_with_hook
[INFO] [stdout]    7:     0x5f5c34ae2472 - std[617be2ca0a6fd877]::panicking::panic_handler::{closure#0}
[INFO] [stdout]    8:     0x5f5c34adae39 - std[617be2ca0a6fd877]::sys::backtrace::__rust_end_short_backtrace::<std[617be2ca0a6fd877]::panicking::panic_handler::{closure#0}, !>
[INFO] [stdout]    9:     0x5f5c34ae313d - __rustc[ea4f61d10b84890b]::rust_begin_unwind
[INFO] [stdout]   10:     0x5f5c34b1d5ac - core[a373ad73a504971]::panicking::panic_fmt
[INFO] [stdout]   11:     0x5f5c34b1d382 - core[a373ad73a504971]::result::unwrap_failed
[INFO] [stdout]   12:     0x5f5c34a730de - cli[899cecdba801c5d2]::run
[INFO] [stdout]   13:     0x5f5c34a814e5 - <cli[899cecdba801c5d2]::a_directory_with_no_lockfile_says_so_and_exits_zero::{closure#0} as core[a373ad73a504971]::ops::function::FnOnce<()>>::call_once
[INFO] [stdout]   14:     0x5f5c34a8d90b - test[aada8e7e76ba119b]::__rust_begin_short_backtrace::<core[a373ad73a504971]::result::Result<(), alloc[2e1b2a31b91974c5]::string::String>, fn() -> core[a373ad73a504971]::result::Result<(), alloc[2e1b2a31b91974c5]::string::String>>
[INFO] [stdout]   15:     0x5f5c34a9aae5 - test[aada8e7e76ba119b]::run_test::{closure#0}
[INFO] [stdout]   16:     0x5f5c34a943d4 - std[617be2ca0a6fd877]::sys::backtrace::__rust_begin_short_backtrace::<test[aada8e7e76ba119b]::run_test::{closure#1}, ()>
[INFO] [stdout]   17:     0x5f5c34a9db72 - <std[617be2ca0a6fd877]::thread::lifecycle::spawn_unchecked<test[aada8e7e76ba119b]::run_test::{closure#1}, ()>::{closure#1} as core[a373ad73a504971]::ops::function::FnOnce<()>>::call_once::{shim:vtable#0}
[INFO] [stdout]   18:     0x5f5c34b0723f - <std[617be2ca0a6fd877]::sys::thread::unix::Thread>::new::thread_start
[INFO] [stdout]   19:     0x7906d5adbdfa - <unknown>
[INFO] [stdout]   20:     0x7906d5b6f3d4 - clone
[INFO] [stdout]   21:                0x0 - <unknown>
[INFO] [stdout] 
[INFO] [stdout] ---- a_flag_from_a_sibling_command_is_named_not_unknown stdout ----
[INFO] [stdout] 
[INFO] [stdout] thread 'a_flag_from_a_sibling_command_is_named_not_unknown' (1042) panicked at tests/cli.rs:26:10:
[INFO] [stdout] stranger should run: Os { code: 2, kind: NotFound, message: "No such file or directory" }
[INFO] [stdout] stack backtrace:
[INFO] [stdout]    0:     0x5f5c34b07f21 - <<std[617be2ca0a6fd877]::sys::backtrace::BacktraceLock>::print::DisplayBacktrace as core[a373ad73a504971]::fmt::Display>::fmt
[INFO] [stdout]    1:     0x5f5c34b1ce7a - core[a373ad73a504971]::fmt::write
[INFO] [stdout]    2:     0x5f5c34b0c40c - <alloc[2e1b2a31b91974c5]::vec::Vec<u8> as core[a373ad73a504971]::io::write::Write>::write_fmt
[INFO] [stdout]    3:     0x5f5c34ae23c6 - std[617be2ca0a6fd877]::panicking::default_hook::{closure#0}
[INFO] [stdout]    4:     0x5f5c34aff649 - std[617be2ca0a6fd877]::panicking::default_hook
[INFO] [stdout]    5:     0x5f5c34a9a4c0 - test[aada8e7e76ba119b]::test_main_inner::{closure#0}
[INFO] [stdout]    6:     0x5f5c34aff802 - std[617be2ca0a6fd877]::panicking::panic_with_hook
[INFO] [stdout]    7:     0x5f5c34ae2472 - std[617be2ca0a6fd877]::panicking::panic_handler::{closure#0}
[INFO] [stdout]    8:     0x5f5c34adae39 - std[617be2ca0a6fd877]::sys::backtrace::__rust_end_short_backtrace::<std[617be2ca0a6fd877]::panicking::panic_handler::{closure#0}, !>
[INFO] [stdout]    9:     0x5f5c34ae313d - __rustc[ea4f61d10b84890b]::rust_begin_unwind
[INFO] [stdout]   10:     0x5f5c34b1d5ac - core[a373ad73a504971]::panicking::panic_fmt
[INFO] [stdout]   11:     0x5f5c34b1d382 - core[a373ad73a504971]::result::unwrap_failed
[INFO] [stdout]   12:     0x5f5c34a730de - cli[899cecdba801c5d2]::run
[INFO] [stdout]   13:     0x5f5c34a80ffe - <cli[899cecdba801c5d2]::a_flag_from_a_sibling_command_is_named_not_unknown::{closure#0} as core[a373ad73a504971]::ops::function::FnOnce<()>>::call_once
[INFO] [stdout]   14:     0x5f5c34a8d90b - test[aada8e7e76ba119b]::__rust_begin_short_backtrace::<core[a373ad73a504971]::result::Result<(), alloc[2e1b2a31b91974c5]::string::String>, fn() -> core[a373ad73a504971]::result::Result<(), alloc[2e1b2a31b91974c5]::string::String>>
[INFO] [stdout]   15:     0x5f5c34a9aae5 - test[aada8e7e76ba119b]::run_test::{closure#0}
[INFO] [stdout]   16:     0x5f5c34a943d4 - std[617be2ca0a6fd877]::sys::backtrace::__rust_begin_short_backtrace::<test[aada8e7e76ba119b]::run_test::{closure#1}, ()>
[INFO] [stdout]   17:     0x5f5c34a9db72 - <std[617be2ca0a6fd877]::thread::lifecycle::spawn_unchecked<test[aada8e7e76ba119b]::run_test::{closure#1}, ()>::{closure#1} as core[a373ad73a504971]::ops::function::FnOnce<()>>::call_once::{shim:vtable#0}
[INFO] [stdout]   18:     0x5f5c34b0723f - <std[617be2ca0a6fd877]::sys::thread::unix::Thread>::new::thread_start
[INFO] [stdout]   19:     0x7906d5adbdfa - <unknown>
[INFO] [stdout]   20:     0x7906d5b6f3d4 - clone
[INFO] [stdout]   21:                0x0 - <unknown>
[INFO] [stdout] 
[INFO] [stdout] ---- a_rule_with_no_signal_in_this_format_says_so stdout ----
[INFO] [stdout] 
[INFO] [stdout] thread 'a_rule_with_no_signal_in_this_format_says_so' (1046) panicked at tests/cli.rs:26:10:
[INFO] [stdout] stranger should run: Os { code: 2, kind: NotFound, message: "No such file or directory" }
[INFO] [stdout] stack backtrace:
[INFO] [stdout]    0:     0x5f5c34b07f21 - <<std[617be2ca0a6fd877]::sys::backtrace::BacktraceLock>::print::DisplayBacktrace as core[a373ad73a504971]::fmt::Display>::fmt
[INFO] [stdout]    1:     0x5f5c34b1ce7a - core[a373ad73a504971]::fmt::write
[INFO] [stdout]    2:     0x5f5c34b0c40c - <alloc[2e1b2a31b91974c5]::vec::Vec<u8> as core[a373ad73a504971]::io::write::Write>::write_fmt
[INFO] [stdout]    3:     0x5f5c34ae23c6 - std[617be2ca0a6fd877]::panicking::default_hook::{closure#0}
[INFO] [stdout]    4:     0x5f5c34aff649 - std[617be2ca0a6fd877]::panicking::default_hook
[INFO] [stdout]    5:     0x5f5c34a9a4c0 - test[aada8e7e76ba119b]::test_main_inner::{closure#0}
[INFO] [stdout]    6:     0x5f5c34aff802 - std[617be2ca0a6fd877]::panicking::panic_with_hook
[INFO] [stdout]    7:     0x5f5c34ae2472 - std[617be2ca0a6fd877]::panicking::panic_handler::{closure#0}
[INFO] [stdout]    8:     0x5f5c34adae39 - std[617be2ca0a6fd877]::sys::backtrace::__rust_end_short_backtrace::<std[617be2ca0a6fd877]::panicking::panic_handler::{closure#0}, !>
[INFO] [stdout]    9:     0x5f5c34ae313d - __rustc[ea4f61d10b84890b]::rust_begin_unwind
[INFO] [stdout]   10:     0x5f5c34b1d5ac - core[a373ad73a504971]::panicking::panic_fmt
[INFO] [stdout]   11:     0x5f5c34b1d382 - core[a373ad73a504971]::result::unwrap_failed
[INFO] [stdout]   12:     0x5f5c34a730de - cli[899cecdba801c5d2]::run
[INFO] [stdout]   13:     0x5f5c34a7d802 - <cli[899cecdba801c5d2]::a_rule_with_no_signal_in_this_format_says_so::{closure#0} as core[a373ad73a504971]::ops::function::FnOnce<()>>::call_once
[INFO] [stdout]   14:     0x5f5c34a8d90b - test[aada8e7e76ba119b]::__rust_begin_short_backtrace::<core[a373ad73a504971]::result::Result<(), alloc[2e1b2a31b91974c5]::string::String>, fn() -> core[a373ad73a504971]::result::Result<(), alloc[2e1b2a31b91974c5]::string::String>>
[INFO] [stdout]   15:     0x5f5c34a9aae5 - test[aada8e7e76ba119b]::run_test::{closure#0}
[INFO] [stdout]   16:     0x5f5c34a943d4 - std[617be2ca0a6fd877]::sys::backtrace::__rust_begin_short_backtrace::<test[aada8e7e76ba119b]::run_test::{closure#1}, ()>
[INFO] [stdout]   17:     0x5f5c34a9db72 - <std[617be2ca0a6fd877]::thread::lifecycle::spawn_unchecked<test[aada8e7e76ba119b]::run_test::{closure#1}, ()>::{closure#1} as core[a373ad73a504971]::ops::function::FnOnce<()>>::call_once::{shim:vtable#0}
[INFO] [stdout]   18:     0x5f5c34b0723f - <std[617be2ca0a6fd877]::sys::thread::unix::Thread>::new::thread_start
[INFO] [stdout]   19:     0x7906d5adbdfa - <unknown>
[INFO] [stdout]   20:     0x7906d5b6f3d4 - clone
[INFO] [stdout]   21:                0x0 - <unknown>
[INFO] [stdout] 
[INFO] [stdout] ---- broken_things_exit_two stdout ----
[INFO] [stdout] 
[INFO] [stdout] thread 'broken_things_exit_two' (1064) panicked at tests/cli.rs:26:10:
[INFO] [stdout] stranger should run: Os { code: 2, kind: NotFound, message: "No such file or directory" }
[INFO] [stdout] stack backtrace:
[INFO] [stdout]    0:     0x5f5c34b07f21 - <<std[617be2ca0a6fd877]::sys::backtrace::BacktraceLock>::print::DisplayBacktrace as core[a373ad73a504971]::fmt::Display>::fmt
[INFO] [stdout]    1:     0x5f5c34b1ce7a - core[a373ad73a504971]::fmt::write
[INFO] [stdout]    2:     0x5f5c34b0c40c - <alloc[2e1b2a31b91974c5]::vec::Vec<u8> as core[a373ad73a504971]::io::write::Write>::write_fmt
[INFO] [stdout]    3:     0x5f5c34ae23c6 - std[617be2ca0a6fd877]::panicking::default_hook::{closure#0}
[INFO] [stdout]    4:     0x5f5c34aff649 - std[617be2ca0a6fd877]::panicking::default_hook
[INFO] [stdout]    5:     0x5f5c34a9a4c0 - test[aada8e7e76ba119b]::test_main_inner::{closure#0}
[INFO] [stdout]    6:     0x5f5c34aff802 - std[617be2ca0a6fd877]::panicking::panic_with_hook
[INFO] [stdout]    7:     0x5f5c34ae2472 - std[617be2ca0a6fd877]::panicking::panic_handler::{closure#0}
[INFO] [stdout]    8:     0x5f5c34adae39 - std[617be2ca0a6fd877]::sys::backtrace::__rust_end_short_backtrace::<std[617be2ca0a6fd877]::panicking::panic_handler::{closure#0}, !>
[INFO] [stdout]    9:     0x5f5c34ae313d - __rustc[ea4f61d10b84890b]::rust_begin_unwind
[INFO] [stdout]   10:     0x5f5c34b1d5ac - core[a373ad73a504971]::panicking::panic_fmt
[INFO] [stdout]   11:     0x5f5c34b1d382 - core[a373ad73a504971]::result::unwrap_failed
[INFO] [stdout]   12:     0x5f5c34a730de - cli[899cecdba801c5d2]::run
[INFO] [stdout]   13:     0x5f5c34a75163 - <cli[899cecdba801c5d2]::broken_things_exit_two::{closure#0} as core[a373ad73a504971]::ops::function::FnOnce<()>>::call_once
[INFO] [stdout]   14:     0x5f5c34a8d90b - test[aada8e7e76ba119b]::__rust_begin_short_backtrace::<core[a373ad73a504971]::result::Result<(), alloc[2e1b2a31b91974c5]::string::String>, fn() -> core[a373ad73a504971]::result::Result<(), alloc[2e1b2a31b91974c5]::string::String>>
[INFO] [stdout]   15:     0x5f5c34a9aae5 - test[aada8e7e76ba119b]::run_test::{closure#0}
[INFO] [stdout]   16:     0x5f5c34a943d4 - std[617be2ca0a6fd877]::sys::backtrace::__rust_begin_short_backtrace::<test[aada8e7e76ba119b]::run_test::{closure#1}, ()>
[INFO] [stdout]   17:     0x5f5c34a9db72 - <std[617be2ca0a6fd877]::thread::lifecycle::spawn_unchecked<test[aada8e7e76ba119b]::run_test::{closure#1}, ()>::{closure#1} as core[a373ad73a504971]::ops::function::FnOnce<()>>::call_once::{shim:vtable#0}
[INFO] [stdout]   18:     0x5f5c34b0723f - <std[617be2ca0a6fd877]::sys::thread::unix::Thread>::new::thread_start
[INFO] [stdout]   19:     0x7906d5adbdfa - <unknown>
[INFO] [stdout]   20:     0x7906d5b6f3d4 - clone
[INFO] [stdout]   21:                0x0 - <unknown>
[INFO] [stdout] 
[INFO] [stdout] ---- clean_scan_exits_zero stdout ----
[INFO] [stdout] 
[INFO] [stdout] thread 'clean_scan_exits_zero' (1067) panicked at tests/cli.rs:26:10:
[INFO] [stdout] stranger should run: Os { code: 2, kind: NotFound, message: "No such file or directory" }
[INFO] [stdout] stack backtrace:
[INFO] [stdout]    0:     0x5f5c34b07f21 - <<std[617be2ca0a6fd877]::sys::backtrace::BacktraceLock>::print::DisplayBacktrace as core[a373ad73a504971]::fmt::Display>::fmt
[INFO] [stdout]    1:     0x5f5c34b1ce7a - core[a373ad73a504971]::fmt::write
[INFO] [stdout]    2:     0x5f5c34b0c40c - <alloc[2e1b2a31b91974c5]::vec::Vec<u8> as core[a373ad73a504971]::io::write::Write>::write_fmt
[INFO] [stdout]    3:     0x5f5c34ae23c6 - std[617be2ca0a6fd877]::panicking::default_hook::{closure#0}
[INFO] [stdout]    4:     0x5f5c34aff649 - std[617be2ca0a6fd877]::panicking::default_hook
[INFO] [stdout]    5:     0x5f5c34a9a4c0 - test[aada8e7e76ba119b]::test_main_inner::{closure#0}
[INFO] [stdout]    6:     0x5f5c34aff802 - std[617be2ca0a6fd877]::panicking::panic_with_hook
[INFO] [stdout]    7:     0x5f5c34ae2472 - std[617be2ca0a6fd877]::panicking::panic_handler::{closure#0}
[INFO] [stdout]    8:     0x5f5c34adae39 - std[617be2ca0a6fd877]::sys::backtrace::__rust_end_short_backtrace::<std[617be2ca0a6fd877]::panicking::panic_handler::{closure#0}, !>
[INFO] [stdout]    9:     0x5f5c34ae313d - __rustc[ea4f61d10b84890b]::rust_begin_unwind
[INFO] [stdout]   10:     0x5f5c34b1d5ac - core[a373ad73a504971]::panicking::panic_fmt
[INFO] [stdout]   11:     0x5f5c34b1d382 - core[a373ad73a504971]::result::unwrap_failed
[INFO] [stdout]   12:     0x5f5c34a730de - cli[899cecdba801c5d2]::run
[INFO] [stdout]   13:     0x5f5c34a7509e - <cli[899cecdba801c5d2]::clean_scan_exits_zero::{closure#0} as core[a373ad73a504971]::ops::function::FnOnce<()>>::call_once
[INFO] [stdout]   14:     0x5f5c34a8d90b - test[aada8e7e76ba119b]::__rust_begin_short_backtrace::<core[a373ad73a504971]::result::Result<(), alloc[2e1b2a31b91974c5]::string::String>, fn() -> core[a373ad73a504971]::result::Result<(), alloc[2e1b2a31b91974c5]::string::String>>
[INFO] [stdout]   15:     0x5f5c34a9aae5 - test[aada8e7e76ba119b]::run_test::{closure#0}
[INFO] [stdout]   16:     0x5f5c34a943d4 - std[617be2ca0a6fd877]::sys::backtrace::__rust_begin_short_backtrace::<test[aada8e7e76ba119b]::run_test::{closure#1}, ()>
[INFO] [stdout]   17:     0x5f5c34a9db72 - <std[617be2ca0a6fd877]::thread::lifecycle::spawn_unchecked<test[aada8e7e76ba119b]::run_test::{closure#1}, ()>::{closure#1} as core[a373ad73a504971]::ops::function::FnOnce<()>>::call_once::{shim:vtable#0}
[INFO] [stdout]   18:     0x5f5c34b0723f - <std[617be2ca0a6fd877]::sys::thread::unix::Thread>::new::thread_start
[INFO] [stdout]   19:     0x7906d5adbdfa - <unknown>
[INFO] [stdout]   20:     0x7906d5b6f3d4 - clone
[INFO] [stdout]   21:                0x0 - <unknown>
[INFO] [stdout] 
[INFO] [stdout] ---- a_device_node_is_not_reported_as_missing stdout ----
[INFO] [stdout] 
[INFO] [stdout] thread 'a_device_node_is_not_reported_as_missing' (1037) panicked at tests/cli.rs:26:10:
[INFO] [stdout] stranger should run: Os { code: 2, kind: NotFound, message: "No such file or directory" }
[INFO] [stdout] stack backtrace:
[INFO] [stdout]    0:     0x5f5c34b07f21 - <<std[617be2ca0a6fd877]::sys::backtrace::BacktraceLock>::print::DisplayBacktrace as core[a373ad73a504971]::fmt::Display>::fmt
[INFO] [stdout]    1:     0x5f5c34b1ce7a - core[a373ad73a504971]::fmt::write
[INFO] [stdout]    2:     0x5f5c34b0c40c - <alloc[2e1b2a31b91974c5]::vec::Vec<u8> as core[a373ad73a504971]::io::write::Write>::write_fmt
[INFO] [stdout]    3:     0x5f5c34ae23c6 - std[617be2ca0a6fd877]::panicking::default_hook::{closure#0}
[INFO] [stdout]    4:     0x5f5c34aff649 - std[617be2ca0a6fd877]::panicking::default_hook
[INFO] [stdout]    5:     0x5f5c34a9a4c0 - test[aada8e7e76ba119b]::test_main_inner::{closure#0}
[INFO] [stdout]    6:     0x5f5c34aff802 - std[617be2ca0a6fd877]::panicking::panic_with_hook
[INFO] [stdout]    7:     0x5f5c34ae2472 - std[617be2ca0a6fd877]::panicking::panic_handler::{closure#0}
[INFO] [stdout]    8:     0x5f5c34adae39 - std[617be2ca0a6fd877]::sys::backtrace::__rust_end_short_backtrace::<std[617be2ca0a6fd877]::panicking::panic_handler::{closure#0}, !>
[INFO] [stdout]    9:     0x5f5c34ae313d - __rustc[ea4f61d10b84890b]::rust_begin_unwind
[INFO] [stdout]   10:     0x5f5c34b1d5ac - core[a373ad73a504971]::panicking::panic_fmt
[INFO] [stdout]   11:     0x5f5c34b1d382 - core[a373ad73a504971]::result::unwrap_failed
[INFO] [stdout]   12:     0x5f5c34a730de - cli[899cecdba801c5d2]::run
[INFO] [stdout]   13:     0x5f5c34a7b71a - <cli[899cecdba801c5d2]::a_device_node_is_not_reported_as_missing::{closure#0} as core[a373ad73a504971]::ops::function::FnOnce<()>>::call_once
[INFO] [stdout]   14:     0x5f5c34a8d90b - test[aada8e7e76ba119b]::__rust_begin_short_backtrace::<core[a373ad73a504971]::result::Result<(), alloc[2e1b2a31b91974c5]::string::String>, fn() -> core[a373ad73a504971]::result::Result<(), alloc[2e1b2a31b91974c5]::string::String>>
[INFO] [stdout]   15:     0x5f5c34a9aae5 - test[aada8e7e76ba119b]::run_test::{closure#0}
[INFO] [stdout]   16:     0x5f5c34a943d4 - std[617be2ca0a6fd877]::sys::backtrace::__rust_begin_short_backtrace::<test[aada8e7e76ba119b]::run_test::{closure#1}, ()>
[INFO] [stdout]   17:     0x5f5c34a9db72 - <std[617be2ca0a6fd877]::thread::lifecycle::spawn_unchecked<test[aada8e7e76ba119b]::run_test::{closure#1}, ()>::{closure#1} as core[a373ad73a504971]::ops::function::FnOnce<()>>::call_once::{shim:vtable#0}
[INFO] [stdout]   18:     0x5f5c34b0723f - <std[617be2ca0a6fd877]::sys::thread::unix::Thread>::new::thread_start
[INFO] [stdout]   19:     0x7906d5adbdfa - <unknown>
[INFO] [stdout]   20:     0x7906d5b6f3d4 - clone
[INFO] [stdout]   21:                0x0 - <unknown>
[INFO] [stdout] 
[INFO] [stdout] ---- a_switch_refuses_a_value stdout ----
[INFO] [stdout] 
[INFO] [stdout] thread 'a_switch_refuses_a_value' (1047) panicked at tests/cli.rs:26:10:
[INFO] [stdout] stranger should run: Os { code: 2, kind: NotFound, message: "No such file or directory" }
[INFO] [stdout] stack backtrace:
[INFO] [stdout]    0:     0x5f5c34b07f21 - <<std[617be2ca0a6fd877]::sys::backtrace::BacktraceLock>::print::DisplayBacktrace as core[a373ad73a504971]::fmt::Display>::fmt
[INFO] [stdout]    1:     0x5f5c34b1ce7a - core[a373ad73a504971]::fmt::write
[INFO] [stdout]    2:     0x5f5c34b0c40c - <alloc[2e1b2a31b91974c5]::vec::Vec<u8> as core[a373ad73a504971]::io::write::Write>::write_fmt
[INFO] [stdout]    3:     0x5f5c34ae23c6 - std[617be2ca0a6fd877]::panicking::default_hook::{closure#0}
[INFO] [stdout]    4:     0x5f5c34aff649 - std[617be2ca0a6fd877]::panicking::default_hook
[INFO] [stdout]    5:     0x5f5c34a9a4c0 - test[aada8e7e76ba119b]::test_main_inner::{closure#0}
[INFO] [stdout]    6:     0x5f5c34aff802 - std[617be2ca0a6fd877]::panicking::panic_with_hook
[INFO] [stdout]    7:     0x5f5c34ae2472 - std[617be2ca0a6fd877]::panicking::panic_handler::{closure#0}
[INFO] [stdout]    8:     0x5f5c34adae39 - std[617be2ca0a6fd877]::sys::backtrace::__rust_end_short_backtrace::<std[617be2ca0a6fd877]::panicking::panic_handler::{closure#0}, !>
[INFO] [stdout]    9:     0x5f5c34ae313d - __rustc[ea4f61d10b84890b]::rust_begin_unwind
[INFO] [stdout]   10:     0x5f5c34b1d5ac - core[a373ad73a504971]::panicking::panic_fmt
[INFO] [stdout]   11:     0x5f5c34b1d382 - core[a373ad73a504971]::result::unwrap_failed
[INFO] [stdout]   12:     0x5f5c34a730de - cli[899cecdba801c5d2]::run
[INFO] [stdout]   13:     0x5f5c34a75cd7 - <cli[899cecdba801c5d2]::a_switch_refuses_a_value::{closure#0} as core[a373ad73a504971]::ops::function::FnOnce<()>>::call_once
[INFO] [stdout]   14:     0x5f5c34a8d90b - test[aada8e7e76ba119b]::__rust_begin_short_backtrace::<core[a373ad73a504971]::result::Result<(), alloc[2e1b2a31b91974c5]::string::String>, fn() -> core[a373ad73a504971]::result::Result<(), alloc[2e1b2a31b91974c5]::string::String>>
[INFO] [stdout]   15:     0x5f5c34a9aae5 - test[aada8e7e76ba119b]::run_test::{closure#0}
[INFO] [stdout]   16:     0x5f5c34a943d4 - std[617be2ca0a6fd877]::sys::backtrace::__rust_begin_short_backtrace::<test[aada8e7e76ba119b]::run_test::{closure#1}, ()>
[INFO] [stdout]   17:     0x5f5c34a9db72 - <std[617be2ca0a6fd877]::thread::lifecycle::spawn_unchecked<test[aada8e7e76ba119b]::run_test::{closure#1}, ()>::{closure#1} as core[a373ad73a504971]::ops::function::FnOnce<()>>::call_once::{shim:vtable#0}
[INFO] [stdout]   18:     0x5f5c34b0723f - <std[617be2ca0a6fd877]::sys::thread::unix::Thread>::new::thread_start
[INFO] [stdout]   19:     0x7906d5adbdfa - <unknown>
[INFO] [stdout]   20:     0x7906d5b6f3d4 - clone
[INFO] [stdout]   21:                0x0 - <unknown>
[INFO] [stdout] 
[INFO] [stdout] ---- a_pnpm_lock_with_no_packages_is_an_empty_tree stdout ----
[INFO] [stdout] 
[INFO] [stdout] thread 'a_pnpm_lock_with_no_packages_is_an_empty_tree' (1045) panicked at tests/cli.rs:26:10:
[INFO] [stdout] stranger should run: Os { code: 2, kind: NotFound, message: "No such file or directory" }
[INFO] [stdout] stack backtrace:
[INFO] [stdout]    0:     0x5f5c34b07f21 - <<std[617be2ca0a6fd877]::sys::backtrace::BacktraceLock>::print::DisplayBacktrace as core[a373ad73a504971]::fmt::Display>::fmt
[INFO] [stdout]    1:     0x5f5c34b1ce7a - core[a373ad73a504971]::fmt::write
[INFO] [stdout]    2:     0x5f5c34b0c40c - <alloc[2e1b2a31b91974c5]::vec::Vec<u8> as core[a373ad73a504971]::io::write::Write>::write_fmt
[INFO] [stdout]    3:     0x5f5c34ae23c6 - std[617be2ca0a6fd877]::panicking::default_hook::{closure#0}
[INFO] [stdout]    4:     0x5f5c34aff649 - std[617be2ca0a6fd877]::panicking::default_hook
[INFO] [stdout]    5:     0x5f5c34a9a4c0 - test[aada8e7e76ba119b]::test_main_inner::{closure#0}
[INFO] [stdout]    6:     0x5f5c34aff802 - std[617be2ca0a6fd877]::panicking::panic_with_hook
[INFO] [stdout]    7:     0x5f5c34ae2472 - std[617be2ca0a6fd877]::panicking::panic_handler::{closure#0}
[INFO] [stdout]    8:     0x5f5c34adae39 - std[617be2ca0a6fd877]::sys::backtrace::__rust_end_short_backtrace::<std[617be2ca0a6fd877]::panicking::panic_handler::{closure#0}, !>
[INFO] [stdout]    9:     0x5f5c34ae313d - __rustc[ea4f61d10b84890b]::rust_begin_unwind
[INFO] [stdout]   10:     0x5f5c34b1d5ac - core[a373ad73a504971]::panicking::panic_fmt
[INFO] [stdout]   11:     0x5f5c34b1d382 - core[a373ad73a504971]::result::unwrap_failed
[INFO] [stdout]   12:     0x5f5c34a730de - cli[899cecdba801c5d2]::run
[INFO] [stdout]   13:     0x5f5c34a7e533 - <cli[899cecdba801c5d2]::a_pnpm_lock_with_no_packages_is_an_empty_tree::{closure#0} as core[a373ad73a504971]::ops::function::FnOnce<()>>::call_once
[INFO] [stdout]   14:     0x5f5c34a8d90b - test[aada8e7e76ba119b]::__rust_begin_short_backtrace::<core[a373ad73a504971]::result::Result<(), alloc[2e1b2a31b91974c5]::string::String>, fn() -> core[a373ad73a504971]::result::Result<(), alloc[2e1b2a31b91974c5]::string::String>>
[INFO] [stdout]   15:     0x5f5c34a9aae5 - test[aada8e7e76ba119b]::run_test::{closure#0}
[INFO] [stdout]   16:     0x5f5c34a943d4 - std[617be2ca0a6fd877]::sys::backtrace::__rust_begin_short_backtrace::<test[aada8e7e76ba119b]::run_test::{closure#1}, ()>
[INFO] [stdout]   17:     0x5f5c34a9db72 - <std[617be2ca0a6fd877]::thread::lifecycle::spawn_unchecked<test[aada8e7e76ba119b]::run_test::{closure#1}, ()>::{closure#1} as core[a373ad73a504971]::ops::function::FnOnce<()>>::call_once::{shim:vtable#0}
[INFO] [stdout]   18:     0x5f5c34b0723f - <std[617be2ca0a6fd877]::sys::thread::unix::Thread>::new::thread_start
[INFO] [stdout]   19:     0x7906d5adbdfa - <unknown>
[INFO] [stdout]   20:     0x7906d5b6f3d4 - clone
[INFO] [stdout]   21:                0x0 - <unknown>
[INFO] [stdout] 
[INFO] [stdout] ---- a_directory_scan_is_deterministic stdout ----
[INFO] [stdout] 
[INFO] [stdout] thread 'a_directory_scan_is_deterministic' (1038) panicked at tests/cli.rs:26:10:
[INFO] [stdout] stranger should run: Os { code: 2, kind: NotFound, message: "No such file or directory" }
[INFO] [stdout] stack backtrace:
[INFO] [stdout]    0:     0x5f5c34b07f21 - <<std[617be2ca0a6fd877]::sys::backtrace::BacktraceLock>::print::DisplayBacktrace as core[a373ad73a504971]::fmt::Display>::fmt
[INFO] [stdout]    1:     0x5f5c34b1ce7a - core[a373ad73a504971]::fmt::write
[INFO] [stdout]    2:     0x5f5c34b0c40c - <alloc[2e1b2a31b91974c5]::vec::Vec<u8> as core[a373ad73a504971]::io::write::Write>::write_fmt
[INFO] [stdout]    3:     0x5f5c34ae23c6 - std[617be2ca0a6fd877]::panicking::default_hook::{closure#0}
[INFO] [stdout]    4:     0x5f5c34aff649 - std[617be2ca0a6fd877]::panicking::default_hook
[INFO] [stdout]    5:     0x5f5c34a9a4c0 - test[aada8e7e76ba119b]::test_main_inner::{closure#0}
[INFO] [stdout]    6:     0x5f5c34aff802 - std[617be2ca0a6fd877]::panicking::panic_with_hook
[INFO] [stdout]    7:     0x5f5c34ae2472 - std[617be2ca0a6fd877]::panicking::panic_handler::{closure#0}
[INFO] [stdout]    8:     0x5f5c34adae39 - std[617be2ca0a6fd877]::sys::backtrace::__rust_end_short_backtrace::<std[617be2ca0a6fd877]::panicking::panic_handler::{closure#0}, !>
[INFO] [stdout]    9:     0x5f5c34ae313d - __rustc[ea4f61d10b84890b]::rust_begin_unwind
[INFO] [stdout]   10:     0x5f5c34b1d5ac - core[a373ad73a504971]::panicking::panic_fmt
[INFO] [stdout]   11:     0x5f5c34b1d382 - core[a373ad73a504971]::result::unwrap_failed
[INFO] [stdout]   12:     0x5f5c34a730de - cli[899cecdba801c5d2]::run
[INFO] [stdout]   13:     0x5f5c34a7885f - <cli[899cecdba801c5d2]::a_directory_scan_is_deterministic::{closure#0} as core[a373ad73a504971]::ops::function::FnOnce<()>>::call_once
[INFO] [stdout]   14:     0x5f5c34a8d90b - test[aada8e7e76ba119b]::__rust_begin_short_backtrace::<core[a373ad73a504971]::result::Result<(), alloc[2e1b2a31b91974c5]::string::String>, fn() -> core[a373ad73a504971]::result::Result<(), alloc[2e1b2a31b91974c5]::string::String>>
[INFO] [stdout]   15:     0x5f5c34a9aae5 - test[aada8e7e76ba119b]::run_test::{closure#0}
[INFO] [stdout]   16:     0x5f5c34a943d4 - std[617be2ca0a6fd877]::sys::backtrace::__rust_begin_short_backtrace::<test[aada8e7e76ba119b]::run_test::{closure#1}, ()>
[INFO] [stdout]   17:     0x5f5c34a9db72 - <std[617be2ca0a6fd877]::thread::lifecycle::spawn_unchecked<test[aada8e7e76ba119b]::run_test::{closure#1}, ()>::{closure#1} as core[a373ad73a504971]::ops::function::FnOnce<()>>::call_once::{shim:vtable#0}
[INFO] [stdout]   18:     0x5f5c34b0723f - <std[617be2ca0a6fd877]::sys::thread::unix::Thread>::new::thread_start
[INFO] [stdout]   19:     0x7906d5adbdfa - <unknown>
[INFO] [stdout]   20:     0x7906d5b6f3d4 - clone
[INFO] [stdout]   21:                0x0 - <unknown>
[INFO] [stdout] 
[INFO] [stdout] ---- a_closed_pipe_does_not_erase_the_gate stdout ----
[INFO] [stdout] 
[INFO] [stdout] thread 'a_closed_pipe_does_not_erase_the_gate' (1036) panicked at tests/cli.rs:604:10:
[INFO] [stdout] spawn: Os { code: 2, kind: NotFound, message: "No such file or directory" }
[INFO] [stdout] stack backtrace:
[INFO] [stdout]    0:     0x5f5c34b07f21 - <<std[617be2ca0a6fd877]::sys::backtrace::BacktraceLock>::print::DisplayBacktrace as core[a373ad73a504971]::fmt::Display>::fmt
[INFO] [stdout]    1:     0x5f5c34b1ce7a - core[a373ad73a504971]::fmt::write
[INFO] [stdout]    2:     0x5f5c34b0c40c - <alloc[2e1b2a31b91974c5]::vec::Vec<u8> as core[a373ad73a504971]::io::write::Write>::write_fmt
[INFO] [stdout]    3:     0x5f5c34ae23c6 - std[617be2ca0a6fd877]::panicking::default_hook::{closure#0}
[INFO] [stdout]    4:     0x5f5c34aff649 - std[617be2ca0a6fd877]::panicking::default_hook
[INFO] [stdout]    5:     0x5f5c34a9a4c0 - test[aada8e7e76ba119b]::test_main_inner::{closure#0}
[INFO] [stdout]    6:     0x5f5c34aff802 - std[617be2ca0a6fd877]::panicking::panic_with_hook
[INFO] [stdout]    7:     0x5f5c34ae2472 - std[617be2ca0a6fd877]::panicking::panic_handler::{closure#0}
[INFO] [stdout]    8:     0x5f5c34adae39 - std[617be2ca0a6fd877]::sys::backtrace::__rust_end_short_backtrace::<std[617be2ca0a6fd877]::panicking::panic_handler::{closure#0}, !>
[INFO] [stdout]    9:     0x5f5c34ae313d - __rustc[ea4f61d10b84890b]::rust_begin_unwind
[INFO] [stdout]   10:     0x5f5c34b1d5ac - core[a373ad73a504971]::panicking::panic_fmt
[INFO] [stdout]   11:     0x5f5c34b1d382 - core[a373ad73a504971]::result::unwrap_failed
[INFO] [stdout]   12:     0x5f5c34a7b3b3 - <cli[899cecdba801c5d2]::a_closed_pipe_does_not_erase_the_gate::{closure#0} as core[a373ad73a504971]::ops::function::FnOnce<()>>::call_once
[INFO] [stdout]   13:     0x5f5c34a8d90b - test[aada8e7e76ba119b]::__rust_begin_short_backtrace::<core[a373ad73a504971]::result::Result<(), alloc[2e1b2a31b91974c5]::string::String>, fn() -> core[a373ad73a504971]::result::Result<(), alloc[2e1b2a31b91974c5]::string::String>>
[INFO] [stdout]   14:     0x5f5c34a9aae5 - test[aada8e7e76ba119b]::run_test::{closure#0}
[INFO] [stdout]   15:     0x5f5c34a943d4 - std[617be2ca0a6fd877]::sys::backtrace::__rust_begin_short_backtrace::<test[aada8e7e76ba119b]::run_test::{closure#1}, ()>
[INFO] [stdout]   16:     0x5f5c34a9db72 - <std[617be2ca0a6fd877]::thread::lifecycle::spawn_unchecked<test[aada8e7e76ba119b]::run_test::{closure#1}, ()>::{closure#1} as core[a373ad73a504971]::ops::function::FnOnce<()>>::call_once::{shim:vtable#0}
[INFO] [stdout]   17:     0x5f5c34b0723f - <std[617be2ca0a6fd877]::sys::thread::unix::Thread>::new::thread_start
[INFO] [stdout]   18:     0x7906d5adbdfa - <unknown>
[INFO] [stdout]   19:     0x7906d5b6f3d4 - clone
[INFO] [stdout]   20:                0x0 - <unknown>
[INFO] [stdout] 
[INFO] [stdout] ---- diff_names_the_flags_that_are_not_its_own stdout ----
[INFO] [stdout] 
[INFO] [stdout] thread 'diff_names_the_flags_that_are_not_its_own' (1074) panicked at tests/cli.rs:26:10:
[INFO] [stdout] stranger should run: Os { code: 2, kind: NotFound, message: "No such file or directory" }
[INFO] [stdout] stack backtrace:
[INFO] [stdout]    0:     0x5f5c34b07f21 - <<std[617be2ca0a6fd877]::sys::backtrace::BacktraceLock>::print::DisplayBacktrace as core[a373ad73a504971]::fmt::Display>::fmt
[INFO] [stdout]    1:     0x5f5c34b1ce7a - core[a373ad73a504971]::fmt::write
[INFO] [stdout]    2:     0x5f5c34b0c40c - <alloc[2e1b2a31b91974c5]::vec::Vec<u8> as core[a373ad73a504971]::io::write::Write>::write_fmt
[INFO] [stdout]    3:     0x5f5c34ae23c6 - std[617be2ca0a6fd877]::panicking::default_hook::{closure#0}
[INFO] [stdout]    4:     0x5f5c34aff649 - std[617be2ca0a6fd877]::panicking::default_hook
[INFO] [stdout]    5:     0x5f5c34a9a4c0 - test[aada8e7e76ba119b]::test_main_inner::{closure#0}
[INFO] [stdout]    6:     0x5f5c34aff802 - std[617be2ca0a6fd877]::panicking::panic_with_hook
[INFO] [stdout]    7:     0x5f5c34ae2472 - std[617be2ca0a6fd877]::panicking::panic_handler::{closure#0}
[INFO] [stdout]    8:     0x5f5c34adae39 - std[617be2ca0a6fd877]::sys::backtrace::__rust_end_short_backtrace::<std[617be2ca0a6fd877]::panicking::panic_handler::{closure#0}, !>
[INFO] [stdout]    9:     0x5f5c34ae313d - __rustc[ea4f61d10b84890b]::rust_begin_unwind
[INFO] [stdout]   10:     0x5f5c34b1d5ac - core[a373ad73a504971]::panicking::panic_fmt
[INFO] [stdout]   11:     0x5f5c34b1d382 - core[a373ad73a504971]::result::unwrap_failed
[INFO] [stdout]   12:     0x5f5c34a730de - cli[899cecdba801c5d2]::run
[INFO] [stdout]   13:     0x5f5c34a7d257 - <cli[899cecdba801c5d2]::diff_names_the_flags_that_are_not_its_own::{closure#0} as core[a373ad73a504971]::ops::function::FnOnce<()>>::call_once
[INFO] [stdout]   14:     0x5f5c34a8d90b - test[aada8e7e76ba119b]::__rust_begin_short_backtrace::<core[a373ad73a504971]::result::Result<(), alloc[2e1b2a31b91974c5]::string::String>, fn() -> core[a373ad73a504971]::result::Result<(), alloc[2e1b2a31b91974c5]::string::String>>
[INFO] [stdout]   15:     0x5f5c34a9aae5 - test[aada8e7e76ba119b]::run_test::{closure#0}
[INFO] [stdout]   16:     0x5f5c34a943d4 - std[617be2ca0a6fd877]::sys::backtrace::__rust_begin_short_backtrace::<test[aada8e7e76ba119b]::run_test::{closure#1}, ()>
[INFO] [stdout]   17:     0x5f5c34a9db72 - <std[617be2ca0a6fd877]::thread::lifecycle::spawn_unchecked<test[aada8e7e76ba119b]::run_test::{closure#1}, ()>::{closure#1} as core[a373ad73a504971]::ops::function::FnOnce<()>>::call_once::{shim:vtable#0}
[INFO] [stdout]   18:     0x5f5c34b0723f - <std[617be2ca0a6fd877]::sys::thread::unix::Thread>::new::thread_start
[INFO] [stdout]   19:     0x7906d5adbdfa - <unknown>
[INFO] [stdout]   20:     0x7906d5b6f3d4 - clone
[INFO] [stdout]   21:                0x0 - <unknown>
[INFO] [stdout] 
[INFO] [stdout] ---- diff_needs_two_paths stdout ----
[INFO] [stdout] 
[INFO] [stdout] thread 'diff_needs_two_paths' (1075) panicked at tests/cli.rs:26:10:
[INFO] [stdout] stranger should run: Os { code: 2, kind: NotFound, message: "No such file or directory" }
[INFO] [stdout] stack backtrace:
[INFO] [stdout]    0:     0x5f5c34b07f21 - <<std[617be2ca0a6fd877]::sys::backtrace::BacktraceLock>::print::DisplayBacktrace as core[a373ad73a504971]::fmt::Display>::fmt
[INFO] [stdout]    1:     0x5f5c34b1ce7a - core[a373ad73a504971]::fmt::write
[INFO] [stdout]    2:     0x5f5c34b0c40c - <alloc[2e1b2a31b91974c5]::vec::Vec<u8> as core[a373ad73a504971]::io::write::Write>::write_fmt
[INFO] [stdout]    3:     0x5f5c34ae23c6 - std[617be2ca0a6fd877]::panicking::default_hook::{closure#0}
[INFO] [stdout]    4:     0x5f5c34aff649 - std[617be2ca0a6fd877]::panicking::default_hook
[INFO] [stdout]    5:     0x5f5c34a9a4c0 - test[aada8e7e76ba119b]::test_main_inner::{closure#0}
[INFO] [stdout]    6:     0x5f5c34aff802 - std[617be2ca0a6fd877]::panicking::panic_with_hook
[INFO] [stdout]    7:     0x5f5c34ae2472 - std[617be2ca0a6fd877]::panicking::panic_handler::{closure#0}
[INFO] [stdout]    8:     0x5f5c34adae39 - std[617be2ca0a6fd877]::sys::backtrace::__rust_end_short_backtrace::<std[617be2ca0a6fd877]::panicking::panic_handler::{closure#0}, !>
[INFO] [stdout]    9:     0x5f5c34ae313d - __rustc[ea4f61d10b84890b]::rust_begin_unwind
[INFO] [stdout]   10:     0x5f5c34b1d5ac - core[a373ad73a504971]::panicking::panic_fmt
[INFO] [stdout]   11:     0x5f5c34b1d382 - core[a373ad73a504971]::result::unwrap_failed
[INFO] [stdout]   12:     0x5f5c34a730de - cli[899cecdba801c5d2]::run
[INFO] [stdout]   13:     0x5f5c34a74b8b - <cli[899cecdba801c5d2]::diff_needs_two_paths::{closure#0} as core[a373ad73a504971]::ops::function::FnOnce<()>>::call_once
[INFO] [stdout]   14:     0x5f5c34a8d90b - test[aada8e7e76ba119b]::__rust_begin_short_backtrace::<core[a373ad73a504971]::result::Result<(), alloc[2e1b2a31b91974c5]::string::String>, fn() -> core[a373ad73a504971]::result::Result<(), alloc[2e1b2a31b91974c5]::string::String>>
[INFO] [stdout]   15:     0x5f5c34a9aae5 - test[aada8e7e76ba119b]::run_test::{closure#0}
[INFO] [stdout]   16:     0x5f5c34a943d4 - std[617be2ca0a6fd877]::sys::backtrace::__rust_begin_short_backtrace::<test[aada8e7e76ba119b]::run_test::{closure#1}, ()>
[INFO] [stdout]   17:     0x5f5c34a9db72 - <std[617be2ca0a6fd877]::thread::lifecycle::spawn_unchecked<test[aada8e7e76ba119b]::run_test::{closure#1}, ()>::{closure#1} as core[a373ad73a504971]::ops::function::FnOnce<()>>::call_once::{shim:vtable#0}
[INFO] [stdout]   18:     0x5f5c34b0723f - <std[617be2ca0a6fd877]::sys::thread::unix::Thread>::new::thread_start
[INFO] [stdout]   19:     0x7906d5adbdfa - <unknown>
[INFO] [stdout]   20:     0x7906d5b6f3d4 - clone
[INFO] [stdout]   21:                0x0 - <unknown>
[INFO] [stdout] 
[INFO] [stdout] ---- diff_across_two_readers_of_one_ecosystem_is_allowed stdout ----
[INFO] [stdout] 
[INFO] [stdout] thread 'diff_across_two_readers_of_one_ecosystem_is_allowed' (1070) panicked at tests/cli.rs:26:10:
[INFO] [stdout] stranger should run: Os { code: 2, kind: NotFound, message: "No such file or directory" }
[INFO] [stdout] stack backtrace:
[INFO] [stdout]    0:     0x5f5c34b07f21 - <<std[617be2ca0a6fd877]::sys::backtrace::BacktraceLock>::print::DisplayBacktrace as core[a373ad73a504971]::fmt::Display>::fmt
[INFO] [stdout]    1:     0x5f5c34b1ce7a - core[a373ad73a504971]::fmt::write
[INFO] [stdout]    2:     0x5f5c34b0c40c - <alloc[2e1b2a31b91974c5]::vec::Vec<u8> as core[a373ad73a504971]::io::write::Write>::write_fmt
[INFO] [stdout]    3:     0x5f5c34ae23c6 - std[617be2ca0a6fd877]::panicking::default_hook::{closure#0}
[INFO] [stdout]    4:     0x5f5c34aff649 - std[617be2ca0a6fd877]::panicking::default_hook
[INFO] [stdout]    5:     0x5f5c34a9a4c0 - test[aada8e7e76ba119b]::test_main_inner::{closure#0}
[INFO] [stdout]    6:     0x5f5c34aff802 - std[617be2ca0a6fd877]::panicking::panic_with_hook
[INFO] [stdout]    7:     0x5f5c34ae2472 - std[617be2ca0a6fd877]::panicking::panic_handler::{closure#0}
[INFO] [stdout]    8:     0x5f5c34adae39 - std[617be2ca0a6fd877]::sys::backtrace::__rust_end_short_backtrace::<std[617be2ca0a6fd877]::panicking::panic_handler::{closure#0}, !>
[INFO] [stdout]    9:     0x5f5c34ae313d - __rustc[ea4f61d10b84890b]::rust_begin_unwind
[INFO] [stdout]   10:     0x5f5c34b1d5ac - core[a373ad73a504971]::panicking::panic_fmt
[INFO] [stdout]   11:     0x5f5c34b1d382 - core[a373ad73a504971]::result::unwrap_failed
[INFO] [stdout]   12:     0x5f5c34a730de - cli[899cecdba801c5d2]::run
[INFO] [stdout]   13:     0x5f5c34a817b7 - <cli[899cecdba801c5d2]::diff_across_two_readers_of_one_ecosystem_is_allowed::{closure#0} as core[a373ad73a504971]::ops::function::FnOnce<()>>::call_once
[INFO] [stdout]   14:     0x5f5c34a8d90b - test[aada8e7e76ba119b]::__rust_begin_short_backtrace::<core[a373ad73a504971]::result::Result<(), alloc[2e1b2a31b91974c5]::string::String>, fn() -> core[a373ad73a504971]::result::Result<(), alloc[2e1b2a31b91974c5]::string::String>>
[INFO] [stdout]   15:     0x5f5c34a9aae5 - test[aada8e7e76ba119b]::run_test::{closure#0}
[INFO] [stdout]   16:     0x5f5c34a943d4 - std[617be2ca0a6fd877]::sys::backtrace::__rust_begin_short_backtrace::<test[aada8e7e76ba119b]::run_test::{closure#1}, ()>
[INFO] [stdout]   17:     0x5f5c34a9db72 - <std[617be2ca0a6fd877]::thread::lifecycle::spawn_unchecked<test[aada8e7e76ba119b]::run_test::{closure#1}, ()>::{closure#1} as core[a373ad73a504971]::ops::function::FnOnce<()>>::call_once::{shim:vtable#0}
[INFO] [stdout]   18:     0x5f5c34b0723f - <std[617be2ca0a6fd877]::sys::thread::unix::Thread>::new::thread_start
[INFO] [stdout]   19:     0x7906d5adbdfa - <unknown>
[INFO] [stdout]   20:     0x7906d5b6f3d4 - clone
[INFO] [stdout]   21:                0x0 - <unknown>
[INFO] [stdout] 
[INFO] [stdout] ---- help_and_version stdout ----
[INFO] [stdout] 
[INFO] [stdout] thread 'help_and_version' (1081) panicked at tests/cli.rs:26:10:
[INFO] [stdout] stranger should run: Os { code: 2, kind: NotFound, message: "No such file or directory" }
[INFO] [stdout] stack backtrace:
[INFO] [stdout]    0:     0x5f5c34b07f21 - <<std[617be2ca0a6fd877]::sys::backtrace::BacktraceLock>::print::DisplayBacktrace as core[a373ad73a504971]::fmt::Display>::fmt
[INFO] [stdout]    1:     0x5f5c34b1ce7a - core[a373ad73a504971]::fmt::write
[INFO] [stdout]    2:     0x5f5c34b0c40c - <alloc[2e1b2a31b91974c5]::vec::Vec<u8> as core[a373ad73a504971]::io::write::Write>::write_fmt
[INFO] [stdout]    3:     0x5f5c34ae23c6 - std[617be2ca0a6fd877]::panicking::default_hook::{closure#0}
[INFO] [stdout]    4:     0x5f5c34aff649 - std[617be2ca0a6fd877]::panicking::default_hook
[INFO] [stdout]    5:     0x5f5c34a9a4c0 - test[aada8e7e76ba119b]::test_main_inner::{closure#0}
[INFO] [stdout]    6:     0x5f5c34aff802 - std[617be2ca0a6fd877]::panicking::panic_with_hook
[INFO] [stdout]    7:     0x5f5c34ae2472 - std[617be2ca0a6fd877]::panicking::panic_handler::{closure#0}
[INFO] [stdout]    8:     0x5f5c34adae39 - std[617be2ca0a6fd877]::sys::backtrace::__rust_end_short_backtrace::<std[617be2ca0a6fd877]::panicking::panic_handler::{closure#0}, !>
[INFO] [stdout]    9:     0x5f5c34ae313d - __rustc[ea4f61d10b84890b]::rust_begin_unwind
[INFO] [stdout]   10:     0x5f5c34b1d5ac - core[a373ad73a504971]::panicking::panic_fmt
[INFO] [stdout]   11:     0x5f5c34b1d382 - core[a373ad73a504971]::result::unwrap_failed
[INFO] [stdout]   12:     0x5f5c34a730de - cli[899cecdba801c5d2]::run
[INFO] [stdout]   13:     0x5f5c34a746da - <cli[899cecdba801c5d2]::help_and_version::{closure#0} as core[a373ad73a504971]::ops::function::FnOnce<()>>::call_once
[INFO] [stdout]   14:     0x5f5c34a8d90b - test[aada8e7e76ba119b]::__rust_begin_short_backtrace::<core[a373ad73a504971]::result::Result<(), alloc[2e1b2a31b91974c5]::string::String>, fn() -> core[a373ad73a504971]::result::Result<(), alloc[2e1b2a31b91974c5]::string::String>>
[INFO] [stdout]   15:     0x5f5c34a9aae5 - test[aada8e7e76ba119b]::run_test::{closure#0}
[INFO] [stdout]   16:     0x5f5c34a943d4 - std[617be2ca0a6fd877]::sys::backtrace::__rust_begin_short_backtrace::<test[aada8e7e76ba119b]::run_test::{closure#1}, ()>
[INFO] [stdout]   17:     0x5f5c34a9db72 - <std[617be2ca0a6fd877]::thread::lifecycle::spawn_unchecked<test[aada8e7e76ba119b]::run_test::{closure#1}, ()>::{closure#1} as core[a373ad73a504971]::ops::function::FnOnce<()>>::call_once::{shim:vtable#0}
[INFO] [stdout]   18:     0x5f5c34b0723f - <std[617be2ca0a6fd877]::sys::thread::unix::Thread>::new::thread_start
[INFO] [stdout]   19:     0x7906d5adbdfa - <unknown>
[INFO] [stdout]   20:     0x7906d5b6f3d4 - clone
[INFO] [stdout]   21:                0x0 - <unknown>
[INFO] [stdout] 
[INFO] [stdout] ---- a_double_dash_ends_the_options stdout ----
[INFO] [stdout] 
[INFO] [stdout] thread 'a_double_dash_ends_the_options' (1041) panicked at tests/cli.rs:587:10:
[INFO] [stdout] stranger should run: Os { code: 2, kind: NotFound, message: "No such file or directory" }
[INFO] [stdout] stack backtrace:
[INFO] [stdout]    0:     0x5f5c34b07f21 - <<std[617be2ca0a6fd877]::sys::backtrace::BacktraceLock>::print::DisplayBacktrace as core[a373ad73a504971]::fmt::Display>::fmt
[INFO] [stdout]    1:     0x5f5c34b1ce7a - core[a373ad73a504971]::fmt::write
[INFO] [stdout]    2:     0x5f5c34b0c40c - <alloc[2e1b2a31b91974c5]::vec::Vec<u8> as core[a373ad73a504971]::io::write::Write>::write_fmt
[INFO] [stdout]    3:     0x5f5c34ae23c6 - std[617be2ca0a6fd877]::panicking::default_hook::{closure#0}
[INFO] [stdout]    4:     0x5f5c34aff649 - std[617be2ca0a6fd877]::panicking::default_hook
[INFO] [stdout]    5:     0x5f5c34a9a4c0 - test[aada8e7e76ba119b]::test_main_inner::{closure#0}
[INFO] [stdout]    6:     0x5f5c34aff802 - std[617be2ca0a6fd877]::panicking::panic_with_hook
[INFO] [stdout]    7:     0x5f5c34ae2472 - std[617be2ca0a6fd877]::panicking::panic_handler::{closure#0}
[INFO] [stdout]    8:     0x5f5c34adae39 - std[617be2ca0a6fd877]::sys::backtrace::__rust_end_short_backtrace::<std[617be2ca0a6fd877]::panicking::panic_handler::{closure#0}, !>
[INFO] [stdout]    9:     0x5f5c34ae313d - __rustc[ea4f61d10b84890b]::rust_begin_unwind
[INFO] [stdout]   10:     0x5f5c34b1d5ac - core[a373ad73a504971]::panicking::panic_fmt
[INFO] [stdout]   11:     0x5f5c34b1d382 - core[a373ad73a504971]::result::unwrap_failed
[INFO] [stdout]   12:     0x5f5c34a777db - <cli[899cecdba801c5d2]::a_double_dash_ends_the_options::{closure#0} as core[a373ad73a504971]::ops::function::FnOnce<()>>::call_once
[INFO] [stdout]   13:     0x5f5c34a8d90b - test[aada8e7e76ba119b]::__rust_begin_short_backtrace::<core[a373ad73a504971]::result::Result<(), alloc[2e1b2a31b91974c5]::string::String>, fn() -> core[a373ad73a504971]::result::Result<(), alloc[2e1b2a31b91974c5]::string::String>>
[INFO] [stdout]   14:     0x5f5c34a9aae5 - test[aada8e7e76ba119b]::run_test::{closure#0}
[INFO] [stdout]   15:     0x5f5c34a943d4 - std[617be2ca0a6fd877]::sys::backtrace::__rust_begin_short_backtrace::<test[aada8e7e76ba119b]::run_test::{closure#1}, ()>
[INFO] [stdout]   16:     0x5f5c34a9db72 - <std[617be2ca0a6fd877]::thread::lifecycle::spawn_unchecked<test[aada8e7e76ba119b]::run_test::{closure#1}, ()>::{closure#1} as core[a373ad73a504971]::ops::function::FnOnce<()>>::call_once::{shim:vtable#0}
[INFO] [stdout]   17:     0x5f5c34b0723f - <std[617be2ca0a6fd877]::sys::thread::unix::Thread>::new::thread_start
[INFO] [stdout]   18:     0x7906d5adbdfa - <unknown>
[INFO] [stdout]   19:     0x7906d5b6f3d4 - clone
[INFO] [stdout]   20:                0x0 - <unknown>
[INFO] [stdout] 
[INFO] [stdout] ---- every_json_line_parses stdout ----
[INFO] [stdout] 
[INFO] [stdout] thread 'every_json_line_parses' (1077) panicked at tests/cli.rs:26:10:
[INFO] [stdout] stranger should run: Os { code: 2, kind: NotFound, message: "No such file or directory" }
[INFO] [stdout] stack backtrace:
[INFO] [stdout]    0:     0x5f5c34b07f21 - <<std[617be2ca0a6fd877]::sys::backtrace::BacktraceLock>::print::DisplayBacktrace as core[a373ad73a504971]::fmt::Display>::fmt
[INFO] [stdout]    1:     0x5f5c34b1ce7a - core[a373ad73a504971]::fmt::write
[INFO] [stdout]    2:     0x5f5c34b0c40c - <alloc[2e1b2a31b91974c5]::vec::Vec<u8> as core[a373ad73a504971]::io::write::Write>::write_fmt
[INFO] [stdout]    3:     0x5f5c34ae23c6 - std[617be2ca0a6fd877]::panicking::default_hook::{closure#0}
[INFO] [stdout]    4:     0x5f5c34aff649 - std[617be2ca0a6fd877]::panicking::default_hook
[INFO] [stdout]    5:     0x5f5c34a9a4c0 - test[aada8e7e76ba119b]::test_main_inner::{closure#0}
[INFO] [stdout]    6:     0x5f5c34aff802 - std[617be2ca0a6fd877]::panicking::panic_with_hook
[INFO] [stdout]    7:     0x5f5c34ae2472 - std[617be2ca0a6fd877]::panicking::panic_handler::{closure#0}
[INFO] [stdout]    8:     0x5f5c34adae39 - std[617be2ca0a6fd877]::sys::backtrace::__rust_end_short_backtrace::<std[617be2ca0a6fd877]::panicking::panic_handler::{closure#0}, !>
[INFO] [stdout]    9:     0x5f5c34ae313d - __rustc[ea4f61d10b84890b]::rust_begin_unwind
[INFO] [stdout]   10:     0x5f5c34b1d5ac - core[a373ad73a504971]::panicking::panic_fmt
[INFO] [stdout]   11:     0x5f5c34b1d382 - core[a373ad73a504971]::result::unwrap_failed
[INFO] [stdout]   12:     0x5f5c34a730de - cli[899cecdba801c5d2]::run
[INFO] [stdout]   13:     0x5f5c34a7571d - <cli[899cecdba801c5d2]::every_json_line_parses::{closure#0} as core[a373ad73a504971]::ops::function::FnOnce<()>>::call_once
[INFO] [stdout]   14:     0x5f5c34a8d90b - test[aada8e7e76ba119b]::__rust_begin_short_backtrace::<core[a373ad73a504971]::result::Result<(), alloc[2e1b2a31b91974c5]::string::String>, fn() -> core[a373ad73a504971]::result::Result<(), alloc[2e1b2a31b91974c5]::string::String>>
[INFO] [stdout]   15:     0x5f5c34a9aae5 - test[aada8e7e76ba119b]::run_test::{closure#0}
[INFO] [stdout]   16:     0x5f5c34a943d4 - std[617be2ca0a6fd877]::sys::backtrace::__rust_begin_short_backtrace::<test[aada8e7e76ba119b]::run_test::{closure#1}, ()>
[INFO] [stdout]   17:     0x5f5c34a9db72 - <std[617be2ca0a6fd877]::thread::lifecycle::spawn_unchecked<test[aada8e7e76ba119b]::run_test::{closure#1}, ()>::{closure#1} as core[a373ad73a504971]::ops::function::FnOnce<()>>::call_once::{shim:vtable#0}
[INFO] [stdout]   18:     0x5f5c34b0723f - <std[617be2ca0a6fd877]::sys::thread::unix::Thread>::new::thread_start
[INFO] [stdout]   19:     0x7906d5adbdfa - <unknown>
[INFO] [stdout]   20:     0x7906d5b6f3d4 - clone
[INFO] [stdout]   21:                0x0 - <unknown>
[INFO] [stdout] 
[INFO] [stdout] ---- json_carries_the_integrity_count stdout ----
[INFO] [stdout] 
[INFO] [stdout] thread 'json_carries_the_integrity_count' (1087) panicked at tests/cli.rs:26:10:
[INFO] [stdout] stranger should run: Os { code: 2, kind: NotFound, message: "No such file or directory" }
[INFO] [stdout] stack backtrace:
[INFO] [stdout]    0:     0x5f5c34b07f21 - <<std[617be2ca0a6fd877]::sys::backtrace::BacktraceLock>::print::DisplayBacktrace as core[a373ad73a504971]::fmt::Display>::fmt
[INFO] [stdout]    1:     0x5f5c34b1ce7a - core[a373ad73a504971]::fmt::write
[INFO] [stdout]    2:     0x5f5c34b0c40c - <alloc[2e1b2a31b91974c5]::vec::Vec<u8> as core[a373ad73a504971]::io::write::Write>::write_fmt
[INFO] [stdout]    3:     0x5f5c34ae23c6 - std[617be2ca0a6fd877]::panicking::default_hook::{closure#0}
[INFO] [stdout]    4:     0x5f5c34aff649 - std[617be2ca0a6fd877]::panicking::default_hook
[INFO] [stdout]    5:     0x5f5c34a9a4c0 - test[aada8e7e76ba119b]::test_main_inner::{closure#0}
[INFO] [stdout]    6:     0x5f5c34aff802 - std[617be2ca0a6fd877]::panicking::panic_with_hook
[INFO] [stdout]    7:     0x5f5c34ae2472 - std[617be2ca0a6fd877]::panicking::panic_handler::{closure#0}
[INFO] [stdout]    8:     0x5f5c34adae39 - std[617be2ca0a6fd877]::sys::backtrace::__rust_end_short_backtrace::<std[617be2ca0a6fd877]::panicking::panic_handler::{closure#0}, !>
[INFO] [stdout]    9:     0x5f5c34ae313d - __rustc[ea4f61d10b84890b]::rust_begin_unwind
[INFO] [stdout]   10:     0x5f5c34b1d5ac - core[a373ad73a504971]::panicking::panic_fmt
[INFO] [stdout]   11:     0x5f5c34b1d382 - core[a373ad73a504971]::result::unwrap_failed
[INFO] [stdout]   12:     0x5f5c34a730de - cli[899cecdba801c5d2]::run
[INFO] [stdout]   13:     0x5f5c34a779ca - <cli[899cecdba801c5d2]::json_carries_the_integrity_count::{closure#0} as core[a373ad73a504971]::ops::function::FnOnce<()>>::call_once
[INFO] [stdout]   14:     0x5f5c34a8d90b - test[aada8e7e76ba119b]::__rust_begin_short_backtrace::<core[a373ad73a504971]::result::Result<(), alloc[2e1b2a31b91974c5]::string::String>, fn() -> core[a373ad73a504971]::result::Result<(), alloc[2e1b2a31b91974c5]::string::String>>
[INFO] [stdout]   15:     0x5f5c34a9aae5 - test[aada8e7e76ba119b]::run_test::{closure#0}
[INFO] [stdout]   16:     0x5f5c34a943d4 - std[617be2ca0a6fd877]::sys::backtrace::__rust_begin_short_backtrace::<test[aada8e7e76ba119b]::run_test::{closure#1}, ()>
[INFO] [stdout]   17:     0x5f5c34a9db72 - <std[617be2ca0a6fd877]::thread::lifecycle::spawn_unchecked<test[aada8e7e76ba119b]::run_test::{closure#1}, ()>::{closure#1} as core[a373ad73a504971]::ops::function::FnOnce<()>>::call_once::{shim:vtable#0}
[INFO] [stdout]   18:     0x5f5c34b0723f - <std[617be2ca0a6fd877]::sys::thread::unix::Thread>::new::thread_start
[INFO] [stdout]   19:     0x7906d5adbdfa - <unknown>
[INFO] [stdout]   20:     0x7906d5b6f3d4 - clone
[INFO] [stdout]   21:                0x0 - <unknown>
[INFO] [stdout] 
[INFO] [stdout] ---- diff_json_is_a_single_object stdout ----
[INFO] [stdout] 
[INFO] [stdout] thread 'diff_json_is_a_single_object' (1072) panicked at tests/cli.rs:26:10:
[INFO] [stdout] stranger should run: Os { code: 2, kind: NotFound, message: "No such file or directory" }
[INFO] [stdout] stack backtrace:
[INFO] [stdout]    0:     0x5f5c34b07f21 - <<std[617be2ca0a6fd877]::sys::backtrace::BacktraceLock>::print::DisplayBacktrace as core[a373ad73a504971]::fmt::Display>::fmt
[INFO] [stderr] error: test failed, to rerun pass `--test cli`
[INFO] [stdout]    1:     0x5f5c34b1ce7a - core[a373ad73a504971]::fmt::write
[INFO] [stdout]    2:     0x5f5c34b0c40c - <alloc[2e1b2a31b91974c5]::vec::Vec<u8> as core[a373ad73a504971]::io::write::Write>::write_fmt
[INFO] [stdout]    3:     0x5f5c34ae23c6 - std[617be2ca0a6fd877]::panicking::default_hook::{closure#0}
[INFO] [stdout]    4:     0x5f5c34aff649 - std[617be2ca0a6fd877]::panicking::default_hook
[INFO] [stdout]    5:     0x5f5c34a9a4c0 - test[aada8e7e76ba119b]::test_main_inner::{closure#0}
[INFO] [stdout]    6:     0x5f5c34aff802 - std[617be2ca0a6fd877]::panicking::panic_with_hook
[INFO] [stdout]    7:     0x5f5c34ae2472 - std[617be2ca0a6fd877]::panicking::panic_handler::{closure#0}
[INFO] [stdout]    8:     0x5f5c34adae39 - std[617be2ca0a6fd877]::sys::backtrace::__rust_end_short_backtrace::<std[617be2ca0a6fd877]::panicking::panic_handler::{closure#0}, !>
[INFO] [stdout]    9:     0x5f5c34ae313d - __rustc[ea4f61d10b84890b]::rust_begin_unwind
[INFO] [stdout]   10:     0x5f5c34b1d5ac - core[a373ad73a504971]::panicking::panic_fmt
[INFO] [stdout]   11:     0x5f5c34b1d382 - core[a373ad73a504971]::result::unwrap_failed
[INFO] [stdout]   12:     0x5f5c34a730de - cli[899cecdba801c5d2]::run
[INFO] [stdout]   13:     0x5f5c34a76cea - <cli[899cecdba801c5d2]::diff_json_is_a_single_object::{closure#0} as core[a373ad73a504971]::ops::function::FnOnce<()>>::call_once
[INFO] [stdout]   14:     0x5f5c34a8d90b - test[aada8e7e76ba119b]::__rust_begin_short_backtrace::<core[a373ad73a504971]::result::Result<(), alloc[2e1b2a31b91974c5]::string::String>, fn() -> core[a373ad73a504971]::result::Result<(), alloc[2e1b2a31b91974c5]::string::String>>
[INFO] [stdout]   15:     0x5f5c34a9aae5 - test[aada8e7e76ba119b]::run_test::{closure#0}
[INFO] [stdout]   16:     0x5f5c34a943d4 - std[617be2ca0a6fd877]::sys::backtrace::__rust_begin_short_backtrace::<test[aada8e7e76ba119b]::run_test::{closure#1}, ()>
[INFO] [stdout]   17:     0x5f5c34a9db72 - <std[617be2ca0a6fd877]::thread::lifecycle::spawn_unchecked<test[aada8e7e76ba119b]::run_test::{closure#1}, ()>::{closure#1} as core[a373ad73a504971]::ops::function::FnOnce<()>>::call_once::{shim:vtable#0}
[INFO] [stdout]   18:     0x5f5c34b0723f - <std[617be2ca0a6fd877]::sys::thread::unix::Thread>::new::thread_start
[INFO] [stdout]   19:     0x7906d5adbdfa - <unknown>
[INFO] [stdout]   20:     0x7906d5b6f3d4 - clone
[INFO] [stdout]   21:                0x0 - <unknown>
[INFO] [stdout] 
[INFO] [stdout] ---- diff_of_a_file_against_itself_is_empty stdout ----
[INFO] [stdout] 
[INFO] [stdout] thread 'diff_of_a_file_against_itself_is_empty' (1076) panicked at tests/cli.rs:26:10:
[INFO] [stdout] stranger should run: Os { code: 2, kind: NotFound, message: "No such file or directory" }
[INFO] [stdout] stack backtrace:
[INFO] [stdout]    0:     0x5f5c34b07f21 - <<std[617be2ca0a6fd877]::sys::backtrace::BacktraceLock>::print::DisplayBacktrace as core[a373ad73a504971]::fmt::Display>::fmt
[INFO] [stdout]    1:     0x5f5c34b1ce7a - core[a373ad73a504971]::fmt::write
[INFO] [stdout]    2:     0x5f5c34b0c40c - <alloc[2e1b2a31b91974c5]::vec::Vec<u8> as core[a373ad73a504971]::io::write::Write>::write_fmt
[INFO] [stdout]    3:     0x5f5c34ae23c6 - std[617be2ca0a6fd877]::panicking::default_hook::{closure#0}
[INFO] [stdout]    4:     0x5f5c34aff649 - std[617be2ca0a6fd877]::panicking::default_hook
[INFO] [stdout]    5:     0x5f5c34a9a4c0 - test[aada8e7e76ba119b]::test_main_inner::{closure#0}
[INFO] [stdout]    6:     0x5f5c34aff802 - std[617be2ca0a6fd877]::panicking::panic_with_hook
[INFO] [stdout]    7:     0x5f5c34ae2472 - std[617be2ca0a6fd877]::panicking::panic_handler::{closure#0}
[INFO] [stdout]    8:     0x5f5c34adae39 - std[617be2ca0a6fd877]::sys::backtrace::__rust_end_short_backtrace::<std[617be2ca0a6fd877]::panicking::panic_handler::{closure#0}, !>
[INFO] [stdout]    9:     0x5f5c34ae313d - __rustc[ea4f61d10b84890b]::rust_begin_unwind
[INFO] [stdout]   10:     0x5f5c34b1d5ac - core[a373ad73a504971]::panicking::panic_fmt
[INFO] [stdout]   11:     0x5f5c34b1d382 - core[a373ad73a504971]::result::unwrap_failed
[INFO] [stdout]   12:     0x5f5c34a730de - cli[899cecdba801c5d2]::run
[INFO] [stdout]   13:     0x5f5c34a7b4d7 - <cli[899cecdba801c5d2]::diff_of_a_file_against_itself_is_empty::{closure#0} as core[a373ad73a504971]::ops::function::FnOnce<()>>::call_once
[INFO] [stdout]   14:     0x5f5c34a8d90b - test[aada8e7e76ba119b]::__rust_begin_short_backtrace::<core[a373ad73a504971]::result::Result<(), alloc[2e1b2a31b91974c5]::string::String>, fn() -> core[a373ad73a504971]::result::Result<(), alloc[2e1b2a31b91974c5]::string::String>>
[INFO] [stdout]   15:     0x5f5c34a9aae5 - test[aada8e7e76ba119b]::run_test::{closure#0}
[INFO] [stdout]   16:     0x5f5c34a943d4 - std[617be2ca0a6fd877]::sys::backtrace::__rust_begin_short_backtrace::<test[aada8e7e76ba119b]::run_test::{closure#1}, ()>
[INFO] [stdout]   17:     0x5f5c34a9db72 - <std[617be2ca0a6fd877]::thread::lifecycle::spawn_unchecked<test[aada8e7e76ba119b]::run_test::{closure#1}, ()>::{closure#1} as core[a373ad73a504971]::ops::function::FnOnce<()>>::call_once::{shim:vtable#0}
[INFO] [stdout]   18:     0x5f5c34b0723f - <std[617be2ca0a6fd877]::sys::thread::unix::Thread>::new::thread_start
[INFO] [stdout]   19:     0x7906d5adbdfa - <unknown>
[INFO] [stdout]   20:     0x7906d5b6f3d4 - clone
[INFO] [stdout]   21:                0x0 - <unknown>
[INFO] [stdout] 
[INFO] [stdout] ---- fail_on_gates_by_severity stdout ----
[INFO] [stdout] 
[INFO] [stdout] thread 'fail_on_gates_by_severity' (1078) panicked at tests/cli.rs:26:10:
[INFO] [stdout] stranger should run: Os { code: 2, kind: NotFound, message: "No such file or directory" }
[INFO] [stdout] stack backtrace:
[INFO] [stdout]    0:     0x5f5c34b07f21 - <<std[617be2ca0a6fd877]::sys::backtrace::BacktraceLock>::print::DisplayBacktrace as core[a373ad73a504971]::fmt::Display>::fmt
[INFO] [stdout]    1:     0x5f5c34b1ce7a - core[a373ad73a504971]::fmt::write
[INFO] [stdout]    2:     0x5f5c34b0c40c - <alloc[2e1b2a31b91974c5]::vec::Vec<u8> as core[a373ad73a504971]::io::write::Write>::write_fmt
[INFO] [stdout]    3:     0x5f5c34ae23c6 - std[617be2ca0a6fd877]::panicking::default_hook::{closure#0}
[INFO] [stdout]    4:     0x5f5c34aff649 - std[617be2ca0a6fd877]::panicking::default_hook
[INFO] [stdout]    5:     0x5f5c34a9a4c0 - test[aada8e7e76ba119b]::test_main_inner::{closure#0}
[INFO] [stdout]    6:     0x5f5c34aff802 - std[617be2ca0a6fd877]::panicking::panic_with_hook
[INFO] [stdout]    7:     0x5f5c34ae2472 - std[617be2ca0a6fd877]::panicking::panic_handler::{closure#0}
[INFO] [stdout]    8:     0x5f5c34adae39 - std[617be2ca0a6fd877]::sys::backtrace::__rust_end_short_backtrace::<std[617be2ca0a6fd877]::panicking::panic_handler::{closure#0}, !>
[INFO] [stdout]    9:     0x5f5c34ae313d - __rustc[ea4f61d10b84890b]::rust_begin_unwind
[INFO] [stdout]   10:     0x5f5c34b1d5ac - core[a373ad73a504971]::panicking::panic_fmt
[INFO] [stdout]   11:     0x5f5c34b1d382 - core[a373ad73a504971]::result::unwrap_failed
[INFO] [stdout]   12:     0x5f5c34a730de - cli[899cecdba801c5d2]::run
[INFO] [stdout]   13:     0x5f5c34a75f13 - <cli[899cecdba801c5d2]::fail_on_gates_by_severity::{closure#0} as core[a373ad73a504971]::ops::function::FnOnce<()>>::call_once
[INFO] [stdout]   14:     0x5f5c34a8d90b - test[aada8e7e76ba119b]::__rust_begin_short_backtrace::<core[a373ad73a504971]::result::Result<(), alloc[2e1b2a31b91974c5]::string::String>, fn() -> core[a373ad73a504971]::result::Result<(), alloc[2e1b2a31b91974c5]::string::String>>
[INFO] [stdout]   15:     0x5f5c34a9aae5 - test[aada8e7e76ba119b]::run_test::{closure#0}
[INFO] [stdout]   16:     0x5f5c34a943d4 - std[617be2ca0a6fd877]::sys::backtrace::__rust_begin_short_backtrace::<test[aada8e7e76ba119b]::run_test::{closure#1}, ()>
[INFO] [stdout]   17:     0x5f5c34a9db72 - <std[617be2ca0a6fd877]::thread::lifecycle::spawn_unchecked<test[aada8e7e76ba119b]::run_test::{closure#1}, ()>::{closure#1} as core[a373ad73a504971]::ops::function::FnOnce<()>>::call_once::{shim:vtable#0}
[INFO] [stdout]   18:     0x5f5c34b0723f - <std[617be2ca0a6fd877]::sys::thread::unix::Thread>::new::thread_start
[INFO] [stdout]   19:     0x7906d5adbdfa - <unknown>
[INFO] [stdout]   20:     0x7906d5b6f3d4 - clone
[INFO] [stdout]   21:                0x0 - <unknown>
[INFO] [stdout] 
[INFO] [stdout] ---- findings_without_a_threshold_still_exit_zero stdout ----
[INFO] [stdout] 
[INFO] [stdout] thread 'findings_without_a_threshold_still_exit_zero' (1080) panicked at tests/cli.rs:26:10:
[INFO] [stdout] stranger should run: Os { code: 2, kind: NotFound, message: "No such file or directory" }
[INFO] [stdout] stack backtrace:
[INFO] [stdout]    0:     0x5f5c34b07f21 - <<std[617be2ca0a6fd877]::sys::backtrace::BacktraceLock>::print::DisplayBacktrace as core[a373ad73a504971]::fmt::Display>::fmt
[INFO] [stdout]    1:     0x5f5c34b1ce7a - core[a373ad73a504971]::fmt::write
[INFO] [stdout]    2:     0x5f5c34b0c40c - <alloc[2e1b2a31b91974c5]::vec::Vec<u8> as core[a373ad73a504971]::io::write::Write>::write_fmt
[INFO] [stdout]    3:     0x5f5c34ae23c6 - std[617be2ca0a6fd877]::panicking::default_hook::{closure#0}
[INFO] [stdout]    4:     0x5f5c34aff649 - std[617be2ca0a6fd877]::panicking::default_hook
[INFO] [stdout]    5:     0x5f5c34a9a4c0 - test[aada8e7e76ba119b]::test_main_inner::{closure#0}
[INFO] [stdout]    6:     0x5f5c34aff802 - std[617be2ca0a6fd877]::panicking::panic_with_hook
[INFO] [stdout]    7:     0x5f5c34ae2472 - std[617be2ca0a6fd877]::panicking::panic_handler::{closure#0}
[INFO] [stdout]    8:     0x5f5c34adae39 - std[617be2ca0a6fd877]::sys::backtrace::__rust_end_short_backtrace::<std[617be2ca0a6fd877]::panicking::panic_handler::{closure#0}, !>
[INFO] [stdout]    9:     0x5f5c34ae313d - __rustc[ea4f61d10b84890b]::rust_begin_unwind
[INFO] [stdout]   10:     0x5f5c34b1d5ac - core[a373ad73a504971]::panicking::panic_fmt
[INFO] [stdout]   11:     0x5f5c34b1d382 - core[a373ad73a504971]::result::unwrap_failed
[INFO] [stdout]   12:     0x5f5c34a730de - cli[899cecdba801c5d2]::run
[INFO] [stdout]   13:     0x5f5c34a7e287 - <cli[899cecdba801c5d2]::findings_without_a_threshold_still_exit_zero::{closure#0} as core[a373ad73a504971]::ops::function::FnOnce<()>>::call_once
[INFO] [stdout]   14:     0x5f5c34a8d90b - test[aada8e7e76ba119b]::__rust_begin_short_backtrace::<core[a373ad73a504971]::result::Result<(), alloc[2e1b2a31b91974c5]::string::String>, fn() -> core[a373ad73a504971]::result::Result<(), alloc[2e1b2a31b91974c5]::string::String>>
[INFO] [stdout]   15:     0x5f5c34a9aae5 - test[aada8e7e76ba119b]::run_test::{closure#0}
[INFO] [stdout]   16:     0x5f5c34a943d4 - std[617be2ca0a6fd877]::sys::backtrace::__rust_begin_short_backtrace::<test[aada8e7e76ba119b]::run_test::{closure#1}, ()>
[INFO] [stdout]   17:     0x5f5c34a9db72 - <std[617be2ca0a6fd877]::thread::lifecycle::spawn_unchecked<test[aada8e7e76ba119b]::run_test::{closure#1}, ()>::{closure#1} as core[a373ad73a504971]::ops::function::FnOnce<()>>::call_once::{shim:vtable#0}
[INFO] [stdout]   18:     0x5f5c34b0723f - <std[617be2ca0a6fd877]::sys::thread::unix::Thread>::new::thread_start
[INFO] [stdout]   19:     0x7906d5adbdfa - <unknown>
[INFO] [stdout]   20:     0x7906d5b6f3d4 - clone
[INFO] [stdout]   21:                0x0 - <unknown>
[INFO] [stdout] 
[INFO] [stdout] ---- diff_across_ecosystems_is_refused stdout ----
[INFO] [stdout] 
[INFO] [stdout] thread 'diff_across_ecosystems_is_refused' (1069) panicked at tests/cli.rs:26:10:
[INFO] [stdout] stranger should run: Os { code: 2, kind: NotFound, message: "No such file or directory" }
[INFO] [stdout] stack backtrace:
[INFO] [stdout]    0:     0x5f5c34b07f21 - <<std[617be2ca0a6fd877]::sys::backtrace::BacktraceLock>::print::DisplayBacktrace as core[a373ad73a504971]::fmt::Display>::fmt
[INFO] [stdout]    1:     0x5f5c34b1ce7a - core[a373ad73a504971]::fmt::write
[INFO] [stdout]    2:     0x5f5c34b0c40c - <alloc[2e1b2a31b91974c5]::vec::Vec<u8> as core[a373ad73a504971]::io::write::Write>::write_fmt
[INFO] [stdout]    3:     0x5f5c34ae23c6 - std[617be2ca0a6fd877]::panicking::default_hook::{closure#0}
[INFO] [stdout]    4:     0x5f5c34aff649 - std[617be2ca0a6fd877]::panicking::default_hook
[INFO] [stdout]    5:     0x5f5c34a9a4c0 - test[aada8e7e76ba119b]::test_main_inner::{closure#0}
[INFO] [stdout]    6:     0x5f5c34aff802 - std[617be2ca0a6fd877]::panicking::panic_with_hook
[INFO] [stdout]    7:     0x5f5c34ae2472 - std[617be2ca0a6fd877]::panicking::panic_handler::{closure#0}
[INFO] [stdout]    8:     0x5f5c34adae39 - std[617be2ca0a6fd877]::sys::backtrace::__rust_end_short_backtrace::<std[617be2ca0a6fd877]::panicking::panic_handler::{closure#0}, !>
[INFO] [stdout]    9:     0x5f5c34ae313d - __rustc[ea4f61d10b84890b]::rust_begin_unwind
[INFO] [stdout]   10:     0x5f5c34b1d5ac - core[a373ad73a504971]::panicking::panic_fmt
[INFO] [stdout]   11:     0x5f5c34b1d382 - core[a373ad73a504971]::result::unwrap_failed
[INFO] [stdout]   12:     0x5f5c34a730de - cli[899cecdba801c5d2]::run
[INFO] [stdout]   13:     0x5f5c34a792f7 - <cli[899cecdba801c5d2]::diff_across_ecosystems_is_refused::{closure#0} as core[a373ad73a504971]::ops::function::FnOnce<()>>::call_once
[INFO] [stdout]   14:     0x5f5c34a8d90b - test[aada8e7e76ba119b]::__rust_begin_short_backtrace::<core[a373ad73a504971]::result::Result<(), alloc[2e1b2a31b91974c5]::string::String>, fn() -> core[a373ad73a504971]::result::Result<(), alloc[2e1b2a31b91974c5]::string::String>>
[INFO] [stdout]   15:     0x5f5c34a9aae5 - test[aada8e7e76ba119b]::run_test::{closure#0}
[INFO] [stdout]   16:     0x5f5c34a943d4 - std[617be2ca0a6fd877]::sys::backtrace::__rust_begin_short_backtrace::<test[aada8e7e76ba119b]::run_test::{closure#1}, ()>
[INFO] [stdout]   17:     0x5f5c34a9db72 - <std[617be2ca0a6fd877]::thread::lifecycle::spawn_unchecked<test[aada8e7e76ba119b]::run_test::{closure#1}, ()>::{closure#1} as core[a373ad73a504971]::ops::function::FnOnce<()>>::call_once::{shim:vtable#0}
[INFO] [stdout]   18:     0x5f5c34b0723f - <std[617be2ca0a6fd877]::sys::thread::unix::Thread>::new::thread_start
[INFO] [stdout]   19:     0x7906d5adbdfa - <unknown>
[INFO] [stdout]   20:     0x7906d5b6f3d4 - clone
[INFO] [stdout]   21:                0x0 - <unknown>
[INFO] [stdout] 
[INFO] [stdout] ---- fail_on_is_monotone_across_every_fixture stdout ----
[INFO] [stdout] 
[INFO] [stdout] thread 'fail_on_is_monotone_across_every_fixture' (1079) panicked at tests/cli.rs:26:10:
[INFO] [stdout] stranger should run: Os { code: 2, kind: NotFound, message: "No such file or directory" }
[INFO] [stdout] stack backtrace:
[INFO] [stdout]    0:     0x5f5c34b07f21 - <<std[617be2ca0a6fd877]::sys::backtrace::BacktraceLock>::print::DisplayBacktrace as core[a373ad73a504971]::fmt::Display>::fmt
[INFO] [stdout]    1:     0x5f5c34b1ce7a - core[a373ad73a504971]::fmt::write
[INFO] [stdout]    2:     0x5f5c34b0c40c - <alloc[2e1b2a31b91974c5]::vec::Vec<u8> as core[a373ad73a504971]::io::write::Write>::write_fmt
[INFO] [stdout]    3:     0x5f5c34ae23c6 - std[617be2ca0a6fd877]::panicking::default_hook::{closure#0}
[INFO] [stdout]    4:     0x5f5c34aff649 - std[617be2ca0a6fd877]::panicking::default_hook
[INFO] [stdout]    5:     0x5f5c34a9a4c0 - test[aada8e7e76ba119b]::test_main_inner::{closure#0}
[INFO] [stdout]    6:     0x5f5c34aff802 - std[617be2ca0a6fd877]::panicking::panic_with_hook
[INFO] [stdout]    7:     0x5f5c34ae2472 - std[617be2ca0a6fd877]::panicking::panic_handler::{closure#0}
[INFO] [stdout]    8:     0x5f5c34adae39 - std[617be2ca0a6fd877]::sys::backtrace::__rust_end_short_backtrace::<std[617be2ca0a6fd877]::panicking::panic_handler::{closure#0}, !>
[INFO] [stdout]    9:     0x5f5c34ae313d - __rustc[ea4f61d10b84890b]::rust_begin_unwind
[INFO] [stdout]   10:     0x5f5c34b1d5ac - core[a373ad73a504971]::panicking::panic_fmt
[INFO] [stdout]   11:     0x5f5c34b1d382 - core[a373ad73a504971]::result::unwrap_failed
[INFO] [stdout]   12:     0x5f5c34a730de - cli[899cecdba801c5d2]::run
[INFO] [stdout]   13:     0x5f5c34a884db - <core[a373ad73a504971]::iter::adapters::map::Map<core[a373ad73a504971]::slice::iter::Iter<&str>, cli[899cecdba801c5d2]::fail_on_is_monotone_across_every_fixture::{closure#0}> as core[a373ad73a504971]::iter::traits::iterator::Iterator>::fold::<(), core[a373ad73a504971]::iter::traits::iterator::Iterator::for_each::call<bool, <alloc[2e1b2a31b91974c5]::vec::Vec<bool>>::extend_trusted<core[a373ad73a504971]::iter::adapters::map::Map<core[a373ad73a504971]::slice::iter::Iter<&str>, cli[899cecdba801c5d2]::fail_on_is_monotone_across_every_fixture::{closure#0}>>::{closure#0}>::{closure#0}>
[INFO] [stdout]   14:     0x5f5c34a84bd8 - <alloc[2e1b2a31b91974c5]::vec::Vec<bool> as alloc[2e1b2a31b91974c5]::vec::spec_from_iter_nested::SpecFromIterNested<bool, core[a373ad73a504971]::iter::adapters::map::Map<core[a373ad73a504971]::slice::iter::Iter<&str>, cli[899cecdba801c5d2]::fail_on_is_monotone_across_every_fixture::{closure#0}>>>::from_iter
[INFO] [stdout]   15:     0x5f5c34a7bd7b - <cli[899cecdba801c5d2]::fail_on_is_monotone_across_every_fixture::{closure#0} as core[a373ad73a504971]::ops::function::FnOnce<()>>::call_once
[INFO] [stdout]   16:     0x5f5c34a8d90b - test[aada8e7e76ba119b]::__rust_begin_short_backtrace::<core[a373ad73a504971]::result::Result<(), alloc[2e1b2a31b91974c5]::string::String>, fn() -> core[a373ad73a504971]::result::Result<(), alloc[2e1b2a31b91974c5]::string::String>>
[INFO] [stdout]   17:     0x5f5c34a9aae5 - test[aada8e7e76ba119b]::run_test::{closure#0}
[INFO] [stdout]   18:     0x5f5c34a943d4 - std[617be2ca0a6fd877]::sys::backtrace::__rust_begin_short_backtrace::<test[aada8e7e76ba119b]::run_test::{closure#1}, ()>
[INFO] [stdout]   19:     0x5f5c34a9db72 - <std[617be2ca0a6fd877]::thread::lifecycle::spawn_unchecked<test[aada8e7e76ba119b]::run_test::{closure#1}, ()>::{closure#1} as core[a373ad73a504971]::ops::function::FnOnce<()>>::call_once::{shim:vtable#0}
[INFO] [stdout]   20:     0x5f5c34b0723f - <std[617be2ca0a6fd877]::sys::thread::unix::Thread>::new::thread_start
[INFO] [stdout]   21:     0x7906d5adbdfa - <unknown>
[INFO] [stdout]   22:     0x7906d5b6f3d4 - clone
[INFO] [stdout]   23:                0x0 - <unknown>
[INFO] [stdout] 
[INFO] [stdout] ---- json_lists_the_rules_that_could_not_fire stdout ----
[INFO] [stdout] 
[INFO] [stdout] thread 'json_lists_the_rules_that_could_not_fire' (1102) panicked at tests/cli.rs:26:10:
[INFO] [stdout] stranger should run: Os { code: 2, kind: NotFound, message: "No such file or directory" }
[INFO] [stdout] stack backtrace:
[INFO] [stdout]    0:     0x5f5c34b07f21 - <<std[617be2ca0a6fd877]::sys::backtrace::BacktraceLock>::print::DisplayBacktrace as core[a373ad73a504971]::fmt::Display>::fmt
[INFO] [stdout]    1:     0x5f5c34b1ce7a - core[a373ad73a504971]::fmt::write
[INFO] [stdout]    2:     0x5f5c34b0c40c - <alloc[2e1b2a31b91974c5]::vec::Vec<u8> as core[a373ad73a504971]::io::write::Write>::write_fmt
[INFO] [stdout]    3:     0x5f5c34ae23c6 - std[617be2ca0a6fd877]::panicking::default_hook::{closure#0}
[INFO] [stdout]    4:     0x5f5c34aff649 - std[617be2ca0a6fd877]::panicking::default_hook
[INFO] [stdout]    5:     0x5f5c34a9a4c0 - test[aada8e7e76ba119b]::test_main_inner::{closure#0}
[INFO] [stdout]    6:     0x5f5c34aff802 - std[617be2ca0a6fd877]::panicking::panic_with_hook
[INFO] [stdout]    7:     0x5f5c34ae2472 - std[617be2ca0a6fd877]::panicking::panic_handler::{closure#0}
[INFO] [stdout]    8:     0x5f5c34adae39 - std[617be2ca0a6fd877]::sys::backtrace::__rust_end_short_backtrace::<std[617be2ca0a6fd877]::panicking::panic_handler::{closure#0}, !>
[INFO] [stdout]    9:     0x5f5c34ae313d - __rustc[ea4f61d10b84890b]::rust_begin_unwind
[INFO] [stdout]   10:     0x5f5c34b1d5ac - core[a373ad73a504971]::panicking::panic_fmt
[INFO] [stdout]   11:     0x5f5c34b1d382 - core[a373ad73a504971]::result::unwrap_failed
[INFO] [stdout]   12:     0x5f5c34a730de - cli[899cecdba801c5d2]::run
[INFO] [stdout]   13:     0x5f5c34a72b5e - cli[899cecdba801c5d2]::json_lists_the_rules_that_could_not_fire::{closure#0}
[INFO] [stdout]   14:     0x5f5c34a7c112 - <cli[899cecdba801c5d2]::json_lists_the_rules_that_could_not_fire::{closure#0} as core[a373ad73a504971]::ops::function::FnOnce<()>>::call_once
[INFO] [stdout]   15:     0x5f5c34a8d90b - test[aada8e7e76ba119b]::__rust_begin_short_backtrace::<core[a373ad73a504971]::result::Result<(), alloc[2e1b2a31b91974c5]::string::String>, fn() -> core[a373ad73a504971]::result::Result<(), alloc[2e1b2a31b91974c5]::string::String>>
[INFO] [stdout]   16:     0x5f5c34a9aae5 - test[aada8e7e76ba119b]::run_test::{closure#0}
[INFO] [stdout]   17:     0x5f5c34a943d4 - std[617be2ca0a6fd877]::sys::backtrace::__rust_begin_short_backtrace::<test[aada8e7e76ba119b]::run_test::{closure#1}, ()>
[INFO] [stdout]   18:     0x5f5c34a9db72 - <std[617be2ca0a6fd877]::thread::lifecycle::spawn_unchecked<test[aada8e7e76ba119b]::run_test::{closure#1}, ()>::{closure#1} as core[a373ad73a504971]::ops::function::FnOnce<()>>::call_once::{shim:vtable#0}
[INFO] [stdout]   19:     0x5f5c34b0723f - <std[617be2ca0a6fd877]::sys::thread::unix::Thread>::new::thread_start
[INFO] [stdout]   20:     0x7906d5adbdfa - <unknown>
[INFO] [stdout]   21:     0x7906d5b6f3d4 - clone
[INFO] [stdout]   22:                0x0 - <unknown>
[INFO] [stdout] 
[INFO] [stdout] ---- json_is_byte_identical_between_runs stdout ----
[INFO] [stdout] 
[INFO] [stdout] thread 'json_is_byte_identical_between_runs' (1098) panicked at tests/cli.rs:26:10:
[INFO] [stdout] stranger should run: Os { code: 2, kind: NotFound, message: "No such file or directory" }
[INFO] [stdout] stack backtrace:
[INFO] [stdout]    0:     0x5f5c34b07f21 - <<std[617be2ca0a6fd877]::sys::backtrace::BacktraceLock>::print::DisplayBacktrace as core[a373ad73a504971]::fmt::Display>::fmt
[INFO] [stdout]    1:     0x5f5c34b1ce7a - core[a373ad73a504971]::fmt::write
[INFO] [stdout]    2:     0x5f5c34b0c40c - <alloc[2e1b2a31b91974c5]::vec::Vec<u8> as core[a373ad73a504971]::io::write::Write>::write_fmt
[INFO] [stdout]    3:     0x5f5c34ae23c6 - std[617be2ca0a6fd877]::panicking::default_hook::{closure#0}
[INFO] [stdout]    4:     0x5f5c34aff649 - std[617be2ca0a6fd877]::panicking::default_hook
[INFO] [stdout]    5:     0x5f5c34a9a4c0 - test[aada8e7e76ba119b]::test_main_inner::{closure#0}
[INFO] [stdout]    6:     0x5f5c34aff802 - std[617be2ca0a6fd877]::panicking::panic_with_hook
[INFO] [stdout]    7:     0x5f5c34ae2472 - std[617be2ca0a6fd877]::panicking::panic_handler::{closure#0}
[INFO] [stdout]    8:     0x5f5c34adae39 - std[617be2ca0a6fd877]::sys::backtrace::__rust_end_short_backtrace::<std[617be2ca0a6fd877]::panicking::panic_handler::{closure#0}, !>
[INFO] [stdout]    9:     0x5f5c34ae313d - __rustc[ea4f61d10b84890b]::rust_begin_unwind
[INFO] [stdout]   10:     0x5f5c34b1d5ac - core[a373ad73a504971]::panicking::panic_fmt
[INFO] [stdout]   11:     0x5f5c34b1d382 - core[a373ad73a504971]::result::unwrap_failed
[INFO] [stdout]   12:     0x5f5c34a730de - cli[899cecdba801c5d2]::run
[INFO] [stdout]   13:     0x5f5c34a79b5a - <cli[899cecdba801c5d2]::json_is_byte_identical_between_runs::{closure#0} as core[a373ad73a504971]::ops::function::FnOnce<()>>::call_once
[INFO] [stdout]   14:     0x5f5c34a8d90b - test[aada8e7e76ba119b]::__rust_begin_short_backtrace::<core[a373ad73a504971]::result::Result<(), alloc[2e1b2a31b91974c5]::string::String>, fn() -> core[a373ad73a504971]::result::Result<(), alloc[2e1b2a31b91974c5]::string::String>>
[INFO] [stdout]   15:     0x5f5c34a9aae5 - test[aada8e7e76ba119b]::run_test::{closure#0}
[INFO] [stdout]   16:     0x5f5c34a943d4 - std[617be2ca0a6fd877]::sys::backtrace::__rust_begin_short_backtrace::<test[aada8e7e76ba119b]::run_test::{closure#1}, ()>
[INFO] [stdout]   17:     0x5f5c34a9db72 - <std[617be2ca0a6fd877]::thread::lifecycle::spawn_unchecked<test[aada8e7e76ba119b]::run_test::{closure#1}, ()>::{closure#1} as core[a373ad73a504971]::ops::function::FnOnce<()>>::call_once::{shim:vtable#0}
[INFO] [stdout]   18:     0x5f5c34b0723f - <std[617be2ca0a6fd877]::sys::thread::unix::Thread>::new::thread_start
[INFO] [stdout]   19:     0x7906d5adbdfa - <unknown>
[INFO] [stdout]   20:     0x7906d5b6f3d4 - clone
[INFO] [stdout]   21:                0x0 - <unknown>
[INFO] [stdout] 
[INFO] [stdout] ---- json_findings_are_in_report_order stdout ----
[INFO] [stdout] 
[INFO] [stdout] thread 'json_findings_are_in_report_order' (1096) panicked at tests/cli.rs:26:10:
[INFO] [stdout] stranger should run: Os { code: 2, kind: NotFound, message: "No such file or directory" }
[INFO] [stdout] stack backtrace:
[INFO] [stdout]    0:     0x5f5c34b07f21 - <<std[617be2ca0a6fd877]::sys::backtrace::BacktraceLock>::print::DisplayBacktrace as core[a373ad73a504971]::fmt::Display>::fmt
[INFO] [stdout]    1:     0x5f5c34b1ce7a - core[a373ad73a504971]::fmt::write
[INFO] [stdout]    2:     0x5f5c34b0c40c - <alloc[2e1b2a31b91974c5]::vec::Vec<u8> as core[a373ad73a504971]::io::write::Write>::write_fmt
[INFO] [stdout]    3:     0x5f5c34ae23c6 - std[617be2ca0a6fd877]::panicking::default_hook::{closure#0}
[INFO] [stdout]    4:     0x5f5c34aff649 - std[617be2ca0a6fd877]::panicking::default_hook
[INFO] [stdout]    5:     0x5f5c34a9a4c0 - test[aada8e7e76ba119b]::test_main_inner::{closure#0}
[INFO] [stdout]    6:     0x5f5c34aff802 - std[617be2ca0a6fd877]::panicking::panic_with_hook
[INFO] [stdout]    7:     0x5f5c34ae2472 - std[617be2ca0a6fd877]::panicking::panic_handler::{closure#0}
[INFO] [stdout]    8:     0x5f5c34adae39 - std[617be2ca0a6fd877]::sys::backtrace::__rust_end_short_backtrace::<std[617be2ca0a6fd877]::panicking::panic_handler::{closure#0}, !>
[INFO] [stdout]    9:     0x5f5c34ae313d - __rustc[ea4f61d10b84890b]::rust_begin_unwind
[INFO] [stdout]   10:     0x5f5c34b1d5ac - core[a373ad73a504971]::panicking::panic_fmt
[INFO] [stdout]   11:     0x5f5c34b1d382 - core[a373ad73a504971]::result::unwrap_failed
[INFO] [stdout]   12:     0x5f5c34a730de - cli[899cecdba801c5d2]::run
[INFO] [stdout]   13:     0x5f5c34a7956d - <cli[899cecdba801c5d2]::json_findings_are_in_report_order::{closure#0} as core[a373ad73a504971]::ops::function::FnOnce<()>>::call_once
[INFO] [stdout]   14:     0x5f5c34a8d90b - test[aada8e7e76ba119b]::__rust_begin_short_backtrace::<core[a373ad73a504971]::result::Result<(), alloc[2e1b2a31b91974c5]::string::String>, fn() -> core[a373ad73a504971]::result::Result<(), alloc[2e1b2a31b91974c5]::string::String>>
[INFO] [stdout]   15:     0x5f5c34a9aae5 - test[aada8e7e76ba119b]::run_test::{closure#0}
[INFO] [stdout]   16:     0x5f5c34a943d4 - std[617be2ca0a6fd877]::sys::backtrace::__rust_begin_short_backtrace::<test[aada8e7e76ba119b]::run_test::{closure#1}, ()>
[INFO] [stdout]   17:     0x5f5c34a9db72 - <std[617be2ca0a6fd877]::thread::lifecycle::spawn_unchecked<test[aada8e7e76ba119b]::run_test::{closure#1}, ()>::{closure#1} as core[a373ad73a504971]::ops::function::FnOnce<()>>::call_once::{shim:vtable#0}
[INFO] [stdout]   18:     0x5f5c34b0723f - <std[617be2ca0a6fd877]::sys::thread::unix::Thread>::new::thread_start
[INFO] [stdout]   19:     0x7906d5adbdfa - <unknown>
[INFO] [stdout]   20:     0x7906d5b6f3d4 - clone
[INFO] [stdout]   21:                0x0 - <unknown>
[INFO] [stdout] 
[INFO] [stdout] ---- json_is_parseable_by_our_own_parser stdout ----
[INFO] [stdout] 
[INFO] [stdout] thread 'json_is_parseable_by_our_own_parser' (1100) panicked at tests/cli.rs:26:10:
[INFO] [stdout] stranger should run: Os { code: 2, kind: NotFound, message: "No such file or directory" }
[INFO] [stdout] stack backtrace:
[INFO] [stdout]    0:     0x5f5c34b07f21 - <<std[617be2ca0a6fd877]::sys::backtrace::BacktraceLock>::print::DisplayBacktrace as core[a373ad73a504971]::fmt::Display>::fmt
[INFO] [stdout]    1:     0x5f5c34b1ce7a - core[a373ad73a504971]::fmt::write
[INFO] [stdout]    2:     0x5f5c34b0c40c - <alloc[2e1b2a31b91974c5]::vec::Vec<u8> as core[a373ad73a504971]::io::write::Write>::write_fmt
[INFO] [stdout]    3:     0x5f5c34ae23c6 - std[617be2ca0a6fd877]::panicking::default_hook::{closure#0}
[INFO] [stdout]    4:     0x5f5c34aff649 - std[617be2ca0a6fd877]::panicking::default_hook
[INFO] [stdout]    5:     0x5f5c34a9a4c0 - test[aada8e7e76ba119b]::test_main_inner::{closure#0}
[INFO] [stdout]    6:     0x5f5c34aff802 - std[617be2ca0a6fd877]::panicking::panic_with_hook
[INFO] [stdout]    7:     0x5f5c34ae2472 - std[617be2ca0a6fd877]::panicking::panic_handler::{closure#0}
[INFO] [stdout]    8:     0x5f5c34adae39 - std[617be2ca0a6fd877]::sys::backtrace::__rust_end_short_backtrace::<std[617be2ca0a6fd877]::panicking::panic_handler::{closure#0}, !>
[INFO] [stdout]    9:     0x5f5c34ae313d - __rustc[ea4f61d10b84890b]::rust_begin_unwind
[INFO] [stdout]   10:     0x5f5c34b1d5ac - core[a373ad73a504971]::panicking::panic_fmt
[INFO] [stdout]   11:     0x5f5c34b1d382 - core[a373ad73a504971]::result::unwrap_failed
[INFO] [stdout]   12:     0x5f5c34a730de - cli[899cecdba801c5d2]::run
[INFO] [stdout]   13:     0x5f5c34a7a2a7 - <cli[899cecdba801c5d2]::json_is_parseable_by_our_own_parser::{closure#0} as core[a373ad73a504971]::ops::function::FnOnce<()>>::call_once
[INFO] [stdout]   14:     0x5f5c34a8d90b - test[aada8e7e76ba119b]::__rust_begin_short_backtrace::<core[a373ad73a504971]::result::Result<(), alloc[2e1b2a31b91974c5]::string::String>, fn() -> core[a373ad73a504971]::result::Result<(), alloc[2e1b2a31b91974c5]::string::String>>
[INFO] [stdout]   15:     0x5f5c34a9aae5 - test[aada8e7e76ba119b]::run_test::{closure#0}
[INFO] [stdout]   16:     0x5f5c34a943d4 - std[617be2ca0a6fd877]::sys::backtrace::__rust_begin_short_backtrace::<test[aada8e7e76ba119b]::run_test::{closure#1}, ()>
[INFO] [stdout]   17:     0x5f5c34a9db72 - <std[617be2ca0a6fd877]::thread::lifecycle::spawn_unchecked<test[aada8e7e76ba119b]::run_test::{closure#1}, ()>::{closure#1} as core[a373ad73a504971]::ops::function::FnOnce<()>>::call_once::{shim:vtable#0}
[INFO] [stdout]   18:     0x5f5c34b0723f - <std[617be2ca0a6fd877]::sys::thread::unix::Thread>::new::thread_start
[INFO] [stdout]   19:     0x7906d5adbdfa - <unknown>
[INFO] [stdout]   20:     0x7906d5b6f3d4 - clone
[INFO] [stdout]   21:                0x0 - <unknown>
[INFO] [stdout] 
[INFO] [stdout] ---- diff_isolates_what_the_change_added stdout ----
[INFO] [stdout] 
[INFO] [stdout] thread 'diff_isolates_what_the_change_added' (1071) panicked at tests/cli.rs:26:10:
[INFO] [stdout] stranger should run: Os { code: 2, kind: NotFound, message: "No such file or directory" }
[INFO] [stdout] stack backtrace:
[INFO] [stdout]    0:     0x5f5c34b07f21 - <<std[617be2ca0a6fd877]::sys::backtrace::BacktraceLock>::print::DisplayBacktrace as core[a373ad73a504971]::fmt::Display>::fmt
[INFO] [stdout]    1:     0x5f5c34b1ce7a - core[a373ad73a504971]::fmt::write
[INFO] [stdout]    2:     0x5f5c34b0c40c - <alloc[2e1b2a31b91974c5]::vec::Vec<u8> as core[a373ad73a504971]::io::write::Write>::write_fmt
[INFO] [stdout]    3:     0x5f5c34ae23c6 - std[617be2ca0a6fd877]::panicking::default_hook::{closure#0}
[INFO] [stdout]    4:     0x5f5c34aff649 - std[617be2ca0a6fd877]::panicking::default_hook
[INFO] [stdout]    5:     0x5f5c34a9a4c0 - test[aada8e7e76ba119b]::test_main_inner::{closure#0}
[INFO] [stdout]    6:     0x5f5c34aff802 - std[617be2ca0a6fd877]::panicking::panic_with_hook
[INFO] [stdout]    7:     0x5f5c34ae2472 - std[617be2ca0a6fd877]::panicking::panic_handler::{closure#0}
[INFO] [stdout]    8:     0x5f5c34adae39 - std[617be2ca0a6fd877]::sys::backtrace::__rust_end_short_backtrace::<std[617be2ca0a6fd877]::panicking::panic_handler::{closure#0}, !>
[INFO] [stdout]    9:     0x5f5c34ae313d - __rustc[ea4f61d10b84890b]::rust_begin_unwind
[INFO] [stdout]   10:     0x5f5c34b1d5ac - core[a373ad73a504971]::panicking::panic_fmt
[INFO] [stdout]   11:     0x5f5c34b1d382 - core[a373ad73a504971]::result::unwrap_failed
[INFO] [stdout]   12:     0x5f5c34a730de - cli[899cecdba801c5d2]::run
[INFO] [stdout]   13:     0x5f5c34a7986a - <cli[899cecdba801c5d2]::diff_isolates_what_the_change_added::{closure#0} as core[a373ad73a504971]::ops::function::FnOnce<()>>::call_once
[INFO] [stdout]   14:     0x5f5c34a8d90b - test[aada8e7e76ba119b]::__rust_begin_short_backtrace::<core[a373ad73a504971]::result::Result<(), alloc[2e1b2a31b91974c5]::string::String>, fn() -> core[a373ad73a504971]::result::Result<(), alloc[2e1b2a31b91974c5]::string::String>>
[INFO] [stdout]   15:     0x5f5c34a9aae5 - test[aada8e7e76ba119b]::run_test::{closure#0}
[INFO] [stdout]   16:     0x5f5c34a943d4 - std[617be2ca0a6fd877]::sys::backtrace::__rust_begin_short_backtrace::<test[aada8e7e76ba119b]::run_test::{closure#1}, ()>
[INFO] [stdout]   17:     0x5f5c34a9db72 - <std[617be2ca0a6fd877]::thread::lifecycle::spawn_unchecked<test[aada8e7e76ba119b]::run_test::{closure#1}, ()>::{closure#1} as core[a373ad73a504971]::ops::function::FnOnce<()>>::call_once::{shim:vtable#0}
[INFO] [stdout]   18:     0x5f5c34b0723f - <std[617be2ca0a6fd877]::sys::thread::unix::Thread>::new::thread_start
[INFO] [stdout]   19:     0x7906d5adbdfa - <unknown>
[INFO] [stdout]   20:     0x7906d5b6f3d4 - clone
[INFO] [stdout]   21:                0x0 - <unknown>
[INFO] [stdout] 
[INFO] [stdout] ---- json_carries_the_workspace_count stdout ----
[INFO] [stdout] 
[INFO] [stdout] thread 'json_carries_the_workspace_count' (1091) panicked at tests/cli.rs:26:10:
[INFO] [stdout] stranger should run: Os { code: 2, kind: NotFound, message: "No such file or directory" }
[INFO] [stdout] stack backtrace:
[INFO] [stdout]    0:     0x5f5c34b07f21 - <<std[617be2ca0a6fd877]::sys::backtrace::BacktraceLock>::print::DisplayBacktrace as core[a373ad73a504971]::fmt::Display>::fmt
[INFO] [stdout]    1:     0x5f5c34b1ce7a - core[a373ad73a504971]::fmt::write
[INFO] [stdout]    2:     0x5f5c34b0c40c - <alloc[2e1b2a31b91974c5]::vec::Vec<u8> as core[a373ad73a504971]::io::write::Write>::write_fmt
[INFO] [stdout]    3:     0x5f5c34ae23c6 - std[617be2ca0a6fd877]::panicking::default_hook::{closure#0}
[INFO] [stdout]    4:     0x5f5c34aff649 - std[617be2ca0a6fd877]::panicking::default_hook
[INFO] [stdout]    5:     0x5f5c34a9a4c0 - test[aada8e7e76ba119b]::test_main_inner::{closure#0}
[INFO] [stdout]    6:     0x5f5c34aff802 - std[617be2ca0a6fd877]::panicking::panic_with_hook
[INFO] [stdout]    7:     0x5f5c34ae2472 - std[617be2ca0a6fd877]::panicking::panic_handler::{closure#0}
[INFO] [stdout]    8:     0x5f5c34adae39 - std[617be2ca0a6fd877]::sys::backtrace::__rust_end_short_backtrace::<std[617be2ca0a6fd877]::panicking::panic_handler::{closure#0}, !>
[INFO] [stdout]    9:     0x5f5c34ae313d - __rustc[ea4f61d10b84890b]::rust_begin_unwind
[INFO] [stdout]   10:     0x5f5c34b1d5ac - core[a373ad73a504971]::panicking::panic_fmt
[INFO] [stdout]   11:     0x5f5c34b1d382 - core[a373ad73a504971]::result::unwrap_failed
[INFO] [stdout]   12:     0x5f5c34a730de - cli[899cecdba801c5d2]::run
[INFO] [stdout]   13:     0x5f5c34a78151 - <cli[899cecdba801c5d2]::json_carries_the_workspace_count::{closure#0} as core[a373ad73a504971]::ops::function::FnOnce<()>>::call_once
[INFO] [stdout]   14:     0x5f5c34a8d90b - test[aada8e7e76ba119b]::__rust_begin_short_backtrace::<core[a373ad73a504971]::result::Result<(), alloc[2e1b2a31b91974c5]::string::String>, fn() -> core[a373ad73a504971]::result::Result<(), alloc[2e1b2a31b91974c5]::string::String>>
[INFO] [stdout]   15:     0x5f5c34a9aae5 - test[aada8e7e76ba119b]::run_test::{closure#0}
[INFO] [stdout]   16:     0x5f5c34a943d4 - std[617be2ca0a6fd877]::sys::backtrace::__rust_begin_short_backtrace::<test[aada8e7e76ba119b]::run_test::{closure#1}, ()>
[INFO] [stdout]   17:     0x5f5c34a9db72 - <std[617be2ca0a6fd877]::thread::lifecycle::spawn_unchecked<test[aada8e7e76ba119b]::run_test::{closure#1}, ()>::{closure#1} as core[a373ad73a504971]::ops::function::FnOnce<()>>::call_once::{shim:vtable#0}
[INFO] [stdout]   18:     0x5f5c34b0723f - <std[617be2ca0a6fd877]::sys::thread::unix::Thread>::new::thread_start
[INFO] [stdout]   19:     0x7906d5adbdfa - <unknown>
[INFO] [stdout]   20:     0x7906d5b6f3d4 - clone
[INFO] [stdout]   21:                0x0 - <unknown>
[INFO] [stdout] 
[INFO] [stdout] ---- lockfiles_with_no_reader_are_named_not_ignored stdout ----
[INFO] [stdout] 
[INFO] [stdout] thread 'lockfiles_with_no_reader_are_named_not_ignored' (1104) panicked at tests/cli.rs:26:10:
[INFO] [stdout] stranger should run: Os { code: 2, kind: NotFound, message: "No such file or directory" }
[INFO] [stdout] stack backtrace:
[INFO] [stdout]    0:     0x5f5c34b07f21 - <<std[617be2ca0a6fd877]::sys::backtrace::BacktraceLock>::print::DisplayBacktrace as core[a373ad73a504971]::fmt::Display>::fmt
[INFO] [stdout]    1:     0x5f5c34b1ce7a - core[a373ad73a504971]::fmt::write
[INFO] [stdout]    2:     0x5f5c34b0c40c - <alloc[2e1b2a31b91974c5]::vec::Vec<u8> as core[a373ad73a504971]::io::write::Write>::write_fmt
[INFO] [stdout]    3:     0x5f5c34ae23c6 - std[617be2ca0a6fd877]::panicking::default_hook::{closure#0}
[INFO] [stdout]    4:     0x5f5c34aff649 - std[617be2ca0a6fd877]::panicking::default_hook
[INFO] [stdout]    5:     0x5f5c34a9a4c0 - test[aada8e7e76ba119b]::test_main_inner::{closure#0}
[INFO] [stdout]    6:     0x5f5c34aff802 - std[617be2ca0a6fd877]::panicking::panic_with_hook
[INFO] [stdout]    7:     0x5f5c34ae2472 - std[617be2ca0a6fd877]::panicking::panic_handler::{closure#0}
[INFO] [stdout]    8:     0x5f5c34adae39 - std[617be2ca0a6fd877]::sys::backtrace::__rust_end_short_backtrace::<std[617be2ca0a6fd877]::panicking::panic_handler::{closure#0}, !>
[INFO] [stdout]    9:     0x5f5c34ae313d - __rustc[ea4f61d10b84890b]::rust_begin_unwind
[INFO] [stdout]   10:     0x5f5c34b1d5ac - core[a373ad73a504971]::panicking::panic_fmt
[INFO] [stdout]   11:     0x5f5c34b1d382 - core[a373ad73a504971]::result::unwrap_failed
[INFO] [stdout]   12:     0x5f5c34a730de - cli[899cecdba801c5d2]::run
[INFO] [stdout]   13:     0x5f5c34a7eb61 - <cli[899cecdba801c5d2]::lockfiles_with_no_reader_are_named_not_ignored::{closure#0} as core[a373ad73a504971]::ops::function::FnOnce<()>>::call_once
[INFO] [stdout]   14:     0x5f5c34a8d90b - test[aada8e7e76ba119b]::__rust_begin_short_backtrace::<core[a373ad73a504971]::result::Result<(), alloc[2e1b2a31b91974c5]::string::String>, fn() -> core[a373ad73a504971]::result::Result<(), alloc[2e1b2a31b91974c5]::string::String>>
[INFO] [stdout]   15:     0x5f5c34a9aae5 - test[aada8e7e76ba119b]::run_test::{closure#0}
[INFO] [stdout]   16:     0x5f5c34a943d4 - std[617be2ca0a6fd877]::sys::backtrace::__rust_begin_short_backtrace::<test[aada8e7e76ba119b]::run_test::{closure#1}, ()>
[INFO] [stdout]   17:     0x5f5c34a9db72 - <std[617be2ca0a6fd877]::thread::lifecycle::spawn_unchecked<test[aada8e7e76ba119b]::run_test::{closure#1}, ()>::{closure#1} as core[a373ad73a504971]::ops::function::FnOnce<()>>::call_once::{shim:vtable#0}
[INFO] [stdout]   18:     0x5f5c34b0723f - <std[617be2ca0a6fd877]::sys::thread::unix::Thread>::new::thread_start
[INFO] [stdout]   19:     0x7906d5adbdfa - <unknown>
[INFO] [stdout]   20:     0x7906d5b6f3d4 - clone
[INFO] [stdout]   21:                0x0 - <unknown>
[INFO] [stdout] 
[INFO] [stdout] ---- quiet_drops_the_header_and_the_risk_line stdout ----
[INFO] [stdout] 
[INFO] [stdout] thread 'quiet_drops_the_header_and_the_risk_line' (1111) panicked at tests/cli.rs:26:10:
[INFO] [stdout] stranger should run: Os { code: 2, kind: NotFound, message: "No such file or directory" }
[INFO] [stdout] stack backtrace:
[INFO] [stdout]    0:     0x5f5c34b07f21 - <<std[617be2ca0a6fd877]::sys::backtrace::BacktraceLock>::print::DisplayBacktrace as core[a373ad73a504971]::fmt::Display>::fmt
[INFO] [stdout]    1:     0x5f5c34b1ce7a - core[a373ad73a504971]::fmt::write
[INFO] [stdout]    2:     0x5f5c34b0c40c - <alloc[2e1b2a31b91974c5]::vec::Vec<u8> as core[a373ad73a504971]::io::write::Write>::write_fmt
[INFO] [stdout]    3:     0x5f5c34ae23c6 - std[617be2ca0a6fd877]::panicking::default_hook::{closure#0}
[INFO] [stdout]    4:     0x5f5c34aff649 - std[617be2ca0a6fd877]::panicking::default_hook
[INFO] [stdout]    5:     0x5f5c34a9a4c0 - test[aada8e7e76ba119b]::test_main_inner::{closure#0}
[INFO] [stdout]    6:     0x5f5c34aff802 - std[617be2ca0a6fd877]::panicking::panic_with_hook
[INFO] [stdout]    7:     0x5f5c34ae2472 - std[617be2ca0a6fd877]::panicking::panic_handler::{closure#0}
[INFO] [stdout]    8:     0x5f5c34adae39 - std[617be2ca0a6fd877]::sys::backtrace::__rust_end_short_backtrace::<std[617be2ca0a6fd877]::panicking::panic_handler::{closure#0}, !>
[INFO] [stdout]    9:     0x5f5c34ae313d - __rustc[ea4f61d10b84890b]::rust_begin_unwind
[INFO] [stdout]   10:     0x5f5c34b1d5ac - core[a373ad73a504971]::panicking::panic_fmt
[INFO] [stdout]   11:     0x5f5c34b1d382 - core[a373ad73a504971]::result::unwrap_failed
[INFO] [stdout]   12:     0x5f5c34a730de - cli[899cecdba801c5d2]::run
[INFO] [stdout]   13:     0x5f5c34a7c66a - <cli[899cecdba801c5d2]::quiet_drops_the_header_and_the_risk_line::{closure#0} as core[a373ad73a504971]::ops::function::FnOnce<()>>::call_once
[INFO] [stdout]   14:     0x5f5c34a8d90b - test[aada8e7e76ba119b]::__rust_begin_short_backtrace::<core[a373ad73a504971]::result::Result<(), alloc[2e1b2a31b91974c5]::string::String>, fn() -> core[a373ad73a504971]::result::Result<(), alloc[2e1b2a31b91974c5]::string::String>>
[INFO] [stdout]   15:     0x5f5c34a9aae5 - test[aada8e7e76ba119b]::run_test::{closure#0}
[INFO] [stdout]   16:     0x5f5c34a943d4 - std[617be2ca0a6fd877]::sys::backtrace::__rust_begin_short_backtrace::<test[aada8e7e76ba119b]::run_test::{closure#1}, ()>
[INFO] [stdout]   17:     0x5f5c34a9db72 - <std[617be2ca0a6fd877]::thread::lifecycle::spawn_unchecked<test[aada8e7e76ba119b]::run_test::{closure#1}, ()>::{closure#1} as core[a373ad73a504971]::ops::function::FnOnce<()>>::call_once::{shim:vtable#0}
[INFO] [stdout]   18:     0x5f5c34b0723f - <std[617be2ca0a6fd877]::sys::thread::unix::Thread>::new::thread_start
[INFO] [stdout]   19:     0x7906d5adbdfa - <unknown>
[INFO] [stdout]   20:     0x7906d5b6f3d4 - clone
[INFO] [stdout]   21:                0x0 - <unknown>
[INFO] [stdout] 
[INFO] [stdout] ---- options_take_an_equals_sign stdout ----
[INFO] [stdout] 
[INFO] [stdout] thread 'options_take_an_equals_sign' (1109) panicked at tests/cli.rs:26:10:
[INFO] [stdout] stranger should run: Os { code: 2, kind: NotFound, message: "No such file or directory" }
[INFO] [stdout] stack backtrace:
[INFO] [stdout]    0:     0x5f5c34b07f21 - <<std[617be2ca0a6fd877]::sys::backtrace::BacktraceLock>::print::DisplayBacktrace as core[a373ad73a504971]::fmt::Display>::fmt
[INFO] [stdout]    1:     0x5f5c34b1ce7a - core[a373ad73a504971]::fmt::write
[INFO] [stdout]    2:     0x5f5c34b0c40c - <alloc[2e1b2a31b91974c5]::vec::Vec<u8> as core[a373ad73a504971]::io::write::Write>::write_fmt
[INFO] [stdout]    3:     0x5f5c34ae23c6 - std[617be2ca0a6fd877]::panicking::default_hook::{closure#0}
[INFO] [stdout]    4:     0x5f5c34aff649 - std[617be2ca0a6fd877]::panicking::default_hook
[INFO] [stdout]    5:     0x5f5c34a9a4c0 - test[aada8e7e76ba119b]::test_main_inner::{closure#0}
[INFO] [stdout]    6:     0x5f5c34aff802 - std[617be2ca0a6fd877]::panicking::panic_with_hook
[INFO] [stdout]    7:     0x5f5c34ae2472 - std[617be2ca0a6fd877]::panicking::panic_handler::{closure#0}
[INFO] [stdout]    8:     0x5f5c34adae39 - std[617be2ca0a6fd877]::sys::backtrace::__rust_end_short_backtrace::<std[617be2ca0a6fd877]::panicking::panic_handler::{closure#0}, !>
[INFO] [stdout]    9:     0x5f5c34ae313d - __rustc[ea4f61d10b84890b]::rust_begin_unwind
[INFO] [stdout]   10:     0x5f5c34b1d5ac - core[a373ad73a504971]::panicking::panic_fmt
[INFO] [stdout]   11:     0x5f5c34b1d382 - core[a373ad73a504971]::result::unwrap_failed
[INFO] [stdout]   12:     0x5f5c34a730de - cli[899cecdba801c5d2]::run
[INFO] [stdout]   13:     0x5f5c34a7611a - <cli[899cecdba801c5d2]::options_take_an_equals_sign::{closure#0} as core[a373ad73a504971]::ops::function::FnOnce<()>>::call_once
[INFO] [stdout]   14:     0x5f5c34a8d90b - test[aada8e7e76ba119b]::__rust_begin_short_backtrace::<core[a373ad73a504971]::result::Result<(), alloc[2e1b2a31b91974c5]::string::String>, fn() -> core[a373ad73a504971]::result::Result<(), alloc[2e1b2a31b91974c5]::string::String>>
[INFO] [stdout]   15:     0x5f5c34a9aae5 - test[aada8e7e76ba119b]::run_test::{closure#0}
[INFO] [stdout]   16:     0x5f5c34a943d4 - std[617be2ca0a6fd877]::sys::backtrace::__rust_begin_short_backtrace::<test[aada8e7e76ba119b]::run_test::{closure#1}, ()>
[INFO] [stdout]   17:     0x5f5c34a9db72 - <std[617be2ca0a6fd877]::thread::lifecycle::spawn_unchecked<test[aada8e7e76ba119b]::run_test::{closure#1}, ()>::{closure#1} as core[a373ad73a504971]::ops::function::FnOnce<()>>::call_once::{shim:vtable#0}
[INFO] [stdout]   18:     0x5f5c34b0723f - <std[617be2ca0a6fd877]::sys::thread::unix::Thread>::new::thread_start
[INFO] [stdout]   19:     0x7906d5adbdfa - <unknown>
[INFO] [stdout]   20:     0x7906d5b6f3d4 - clone
[INFO] [stdout]   21:                0x0 - <unknown>
[INFO] [stdout] 
[INFO] [stdout] ---- json_on_a_directory_with_no_lockfile_stays_json stdout ----
[INFO] [stdout] 
[INFO] [stdout] thread 'json_on_a_directory_with_no_lockfile_stays_json' (1103) panicked at tests/cli.rs:26:10:
[INFO] [stdout] stranger should run: Os { code: 2, kind: NotFound, message: "No such file or directory" }
[INFO] [stdout] stack backtrace:
[INFO] [stdout]    0:     0x5f5c34b07f21 - <<std[617be2ca0a6fd877]::sys::backtrace::BacktraceLock>::print::DisplayBacktrace as core[a373ad73a504971]::fmt::Display>::fmt
[INFO] [stdout]    1:     0x5f5c34b1ce7a - core[a373ad73a504971]::fmt::write
[INFO] [stdout]    2:     0x5f5c34b0c40c - <alloc[2e1b2a31b91974c5]::vec::Vec<u8> as core[a373ad73a504971]::io::write::Write>::write_fmt
[INFO] [stdout]    3:     0x5f5c34ae23c6 - std[617be2ca0a6fd877]::panicking::default_hook::{closure#0}
[INFO] [stdout]    4:     0x5f5c34aff649 - std[617be2ca0a6fd877]::panicking::default_hook
[INFO] [stdout]    5:     0x5f5c34a9a4c0 - test[aada8e7e76ba119b]::test_main_inner::{closure#0}
[INFO] [stdout]    6:     0x5f5c34aff802 - std[617be2ca0a6fd877]::panicking::panic_with_hook
[INFO] [stdout]    7:     0x5f5c34ae2472 - std[617be2ca0a6fd877]::panicking::panic_handler::{closure#0}
[INFO] [stdout]    8:     0x5f5c34adae39 - std[617be2ca0a6fd877]::sys::backtrace::__rust_end_short_backtrace::<std[617be2ca0a6fd877]::panicking::panic_handler::{closure#0}, !>
[INFO] [stdout]    9:     0x5f5c34ae313d - __rustc[ea4f61d10b84890b]::rust_begin_unwind
[INFO] [stdout]   10:     0x5f5c34b1d5ac - core[a373ad73a504971]::panicking::panic_fmt
[INFO] [stdout]   11:     0x5f5c34b1d382 - core[a373ad73a504971]::result::unwrap_failed
[INFO] [stdout]   12:     0x5f5c34a730de - cli[899cecdba801c5d2]::run
[INFO] [stdout]   13:     0x5f5c34a7f345 - <cli[899cecdba801c5d2]::json_on_a_directory_with_no_lockfile_stays_json::{closure#0} as core[a373ad73a504971]::ops::function::FnOnce<()>>::call_once
[INFO] [stdout]   14:     0x5f5c34a8d90b - test[aada8e7e76ba119b]::__rust_begin_short_backtrace::<core[a373ad73a504971]::result::Result<(), alloc[2e1b2a31b91974c5]::string::String>, fn() -> core[a373ad73a504971]::result::Result<(), alloc[2e1b2a31b91974c5]::string::String>>
[INFO] [stdout]   15:     0x5f5c34a9aae5 - test[aada8e7e76ba119b]::run_test::{closure#0}
[INFO] [stdout]   16:     0x5f5c34a943d4 - std[617be2ca0a6fd877]::sys::backtrace::__rust_begin_short_backtrace::<test[aada8e7e76ba119b]::run_test::{closure#1}, ()>
[INFO] [stdout]   17:     0x5f5c34a9db72 - <std[617be2ca0a6fd877]::thread::lifecycle::spawn_unchecked<test[aada8e7e76ba119b]::run_test::{closure#1}, ()>::{closure#1} as core[a373ad73a504971]::ops::function::FnOnce<()>>::call_once::{shim:vtable#0}
[INFO] [stdout]   18:     0x5f5c34b0723f - <std[617be2ca0a6fd877]::sys::thread::unix::Thread>::new::thread_start
[INFO] [stdout]   19:     0x7906d5adbdfa - <unknown>
[INFO] [stdout]   20:     0x7906d5b6f3d4 - clone
[INFO] [stdout]   21:                0x0 - <unknown>
[INFO] [stdout] 
[INFO] [stdout] ---- the_trivial_percentage_matches_the_header_count stdout ----
[INFO] [stdout] 
[INFO] [stdout] thread 'the_trivial_percentage_matches_the_header_count' (1117) panicked at tests/cli.rs:26:10:
[INFO] [stdout] stranger should run: Os { code: 2, kind: NotFound, message: "No such file or directory" }
[INFO] [stdout] stack backtrace:
[INFO] [stdout]    0:     0x5f5c34b07f21 - <<std[617be2ca0a6fd877]::sys::backtrace::BacktraceLock>::print::DisplayBacktrace as core[a373ad73a504971]::fmt::Display>::fmt
[INFO] [stdout]    1:     0x5f5c34b1ce7a - core[a373ad73a504971]::fmt::write
[INFO] [stdout]    2:     0x5f5c34b0c40c - <alloc[2e1b2a31b91974c5]::vec::Vec<u8> as core[a373ad73a504971]::io::write::Write>::write_fmt
[INFO] [stdout]    3:     0x5f5c34ae23c6 - std[617be2ca0a6fd877]::panicking::default_hook::{closure#0}
[INFO] [stdout]    4:     0x5f5c34aff649 - std[617be2ca0a6fd877]::panicking::default_hook
[INFO] [stdout]    5:     0x5f5c34a9a4c0 - test[aada8e7e76ba119b]::test_main_inner::{closure#0}
[INFO] [stdout]    6:     0x5f5c34aff802 - std[617be2ca0a6fd877]::panicking::panic_with_hook
[INFO] [stdout]    7:     0x5f5c34ae2472 - std[617be2ca0a6fd877]::panicking::panic_handler::{closure#0}
[INFO] [stdout]    8:     0x5f5c34adae39 - std[617be2ca0a6fd877]::sys::backtrace::__rust_end_short_backtrace::<std[617be2ca0a6fd877]::panicking::panic_handler::{closure#0}, !>
[INFO] [stdout]    9:     0x5f5c34ae313d - __rustc[ea4f61d10b84890b]::rust_begin_unwind
[INFO] [stdout]   10:     0x5f5c34b1d5ac - core[a373ad73a504971]::panicking::panic_fmt
[INFO] [stdout]   11:     0x5f5c34b1d382 - core[a373ad73a504971]::result::unwrap_failed
[INFO] [stdout]   12:     0x5f5c34a730de - cli[899cecdba801c5d2]::run
[INFO] [stdout]   13:     0x5f5c34a7f80f - <cli[899cecdba801c5d2]::the_trivial_percentage_matches_the_header_count::{closure#0} as core[a373ad73a504971]::ops::function::FnOnce<()>>::call_once
[INFO] [stdout]   14:     0x5f5c34a8d90b - test[aada8e7e76ba119b]::__rust_begin_short_backtrace::<core[a373ad73a504971]::result::Result<(), alloc[2e1b2a31b91974c5]::string::String>, fn() -> core[a373ad73a504971]::result::Result<(), alloc[2e1b2a31b91974c5]::string::String>>
[INFO] [stdout]   15:     0x5f5c34a9aae5 - test[aada8e7e76ba119b]::run_test::{closure#0}
[INFO] [stdout]   16:     0x5f5c34a943d4 - std[617be2ca0a6fd877]::sys::backtrace::__rust_begin_short_backtrace::<test[aada8e7e76ba119b]::run_test::{closure#1}, ()>
[INFO] [stdout]   17:     0x5f5c34a9db72 - <std[617be2ca0a6fd877]::thread::lifecycle::spawn_unchecked<test[aada8e7e76ba119b]::run_test::{closure#1}, ()>::{closure#1} as core[a373ad73a504971]::ops::function::FnOnce<()>>::call_once::{shim:vtable#0}
[INFO] [stdout]   18:     0x5f5c34b0723f - <std[617be2ca0a6fd877]::sys::thread::unix::Thread>::new::thread_start
[INFO] [stdout]   19:     0x7906d5adbdfa - <unknown>
[INFO] [stdout]   20:     0x7906d5b6f3d4 - clone
[INFO] [stdout]   21:                0x0 - <unknown>
[INFO] [stdout] 
[INFO] [stdout] ---- the_error_stream_is_in_path_order_and_deterministic stdout ----
[INFO] [stdout] 
[INFO] [stdout] thread 'the_error_stream_is_in_path_order_and_deterministic' (1112) panicked at tests/cli.rs:26:10:
[INFO] [stdout] stranger should run: Os { code: 2, kind: NotFound, message: "No such file or directory" }
[INFO] [stdout] stack backtrace:
[INFO] [stdout]    0:     0x5f5c34b07f21 - <<std[617be2ca0a6fd877]::sys::backtrace::BacktraceLock>::print::DisplayBacktrace as core[a373ad73a504971]::fmt::Display>::fmt
[INFO] [stdout]    1:     0x5f5c34b1ce7a - core[a373ad73a504971]::fmt::write
[INFO] [stdout]    2:     0x5f5c34b0c40c - <alloc[2e1b2a31b91974c5]::vec::Vec<u8> as core[a373ad73a504971]::io::write::Write>::write_fmt
[INFO] [stdout]    3:     0x5f5c34ae23c6 - std[617be2ca0a6fd877]::panicking::default_hook::{closure#0}
[INFO] [stdout]    4:     0x5f5c34aff649 - std[617be2ca0a6fd877]::panicking::default_hook
[INFO] [stdout]    5:     0x5f5c34a9a4c0 - test[aada8e7e76ba119b]::test_main_inner::{closure#0}
[INFO] [stdout]    6:     0x5f5c34aff802 - std[617be2ca0a6fd877]::panicking::panic_with_hook
[INFO] [stdout]    7:     0x5f5c34ae2472 - std[617be2ca0a6fd877]::panicking::panic_handler::{closure#0}
[INFO] [stdout]    8:     0x5f5c34adae39 - std[617be2ca0a6fd877]::sys::backtrace::__rust_end_short_backtrace::<std[617be2ca0a6fd877]::panicking::panic_handler::{closure#0}, !>
[INFO] [stdout]    9:     0x5f5c34ae313d - __rustc[ea4f61d10b84890b]::rust_begin_unwind
[INFO] [stdout]   10:     0x5f5c34b1d5ac - core[a373ad73a504971]::panicking::panic_fmt
[INFO] [stdout]   11:     0x5f5c34b1d382 - core[a373ad73a504971]::result::unwrap_failed
[INFO] [stdout]   12:     0x5f5c34a730de - cli[899cecdba801c5d2]::run
[INFO] [stdout]   13:     0x5f5c34a81b4b - <cli[899cecdba801c5d2]::the_error_stream_is_in_path_order_and_deterministic::{closure#0} as core[a373ad73a504971]::ops::function::FnOnce<()>>::call_once
[INFO] [stdout]   14:     0x5f5c34a8d90b - test[aada8e7e76ba119b]::__rust_begin_short_backtrace::<core[a373ad73a504971]::result::Result<(), alloc[2e1b2a31b91974c5]::string::String>, fn() -> core[a373ad73a504971]::result::Result<(), alloc[2e1b2a31b91974c5]::string::String>>
[INFO] [stdout]   15:     0x5f5c34a9aae5 - test[aada8e7e76ba119b]::run_test::{closure#0}
[INFO] [stdout]   16:     0x5f5c34a943d4 - std[617be2ca0a6fd877]::sys::backtrace::__rust_begin_short_backtrace::<test[aada8e7e76ba119b]::run_test::{closure#1}, ()>
[INFO] [stdout]   17:     0x5f5c34a9db72 - <std[617be2ca0a6fd877]::thread::lifecycle::spawn_unchecked<test[aada8e7e76ba119b]::run_test::{closure#1}, ()>::{closure#1} as core[a373ad73a504971]::ops::function::FnOnce<()>>::call_once::{shim:vtable#0}
[INFO] [stdout]   18:     0x5f5c34b0723f - <std[617be2ca0a6fd877]::sys::thread::unix::Thread>::new::thread_start
[INFO] [stdout]   19:     0x7906d5adbdfa - <unknown>
[INFO] [stdout]   20:     0x7906d5b6f3d4 - clone
[INFO] [stdout]   21:                0x0 - <unknown>
[INFO] [stdout] 
[INFO] [stdout] ---- verbose_expands_the_collapsed_rules stdout ----
[INFO] [stdout] 
[INFO] [stdout] thread 'verbose_expands_the_collapsed_rules' (1120) panicked at tests/cli.rs:26:10:
[INFO] [stdout] stranger should run: Os { code: 2, kind: NotFound, message: "No such file or directory" }
[INFO] [stdout] stack backtrace:
[INFO] [stdout]    0:     0x5f5c34b07f21 - <<std[617be2ca0a6fd877]::sys::backtrace::BacktraceLock>::print::DisplayBacktrace as core[a373ad73a504971]::fmt::Display>::fmt
[INFO] [stdout]    1:     0x5f5c34b1ce7a - core[a373ad73a504971]::fmt::write
[INFO] [stdout]    2:     0x5f5c34b0c40c - <alloc[2e1b2a31b91974c5]::vec::Vec<u8> as core[a373ad73a504971]::io::write::Write>::write_fmt
[INFO] [stdout]    3:     0x5f5c34ae23c6 - std[617be2ca0a6fd877]::panicking::default_hook::{closure#0}
[INFO] [stdout]    4:     0x5f5c34aff649 - std[617be2ca0a6fd877]::panicking::default_hook
[INFO] [stdout]    5:     0x5f5c34a9a4c0 - test[aada8e7e76ba119b]::test_main_inner::{closure#0}
[INFO] [stdout]    6:     0x5f5c34aff802 - std[617be2ca0a6fd877]::panicking::panic_with_hook
[INFO] [stdout]    7:     0x5f5c34ae2472 - std[617be2ca0a6fd877]::panicking::panic_handler::{closure#0}
[INFO] [stdout]    8:     0x5f5c34adae39 - std[617be2ca0a6fd877]::sys::backtrace::__rust_end_short_backtrace::<std[617be2ca0a6fd877]::panicking::panic_handler::{closure#0}, !>
[INFO] [stdout]    9:     0x5f5c34ae313d - __rustc[ea4f61d10b84890b]::rust_begin_unwind
[INFO] [stdout]   10:     0x5f5c34b1d5ac - core[a373ad73a504971]::panicking::panic_fmt
[INFO] [stdout]   11:     0x5f5c34b1d382 - core[a373ad73a504971]::result::unwrap_failed
[INFO] [stdout]   12:     0x5f5c34a730de - cli[899cecdba801c5d2]::run
[INFO] [stdout]   13:     0x5f5c34a7a63f - <cli[899cecdba801c5d2]::verbose_expands_the_collapsed_rules::{closure#0} as core[a373ad73a504971]::ops::function::FnOnce<()>>::call_once
[INFO] [stdout]   14:     0x5f5c34a8d90b - test[aada8e7e76ba119b]::__rust_begin_short_backtrace::<core[a373ad73a504971]::result::Result<(), alloc[2e1b2a31b91974c5]::string::String>, fn() -> core[a373ad73a504971]::result::Result<(), alloc[2e1b2a31b91974c5]::string::String>>
[INFO] [stdout]   15:     0x5f5c34a9aae5 - test[aada8e7e76ba119b]::run_test::{closure#0}
[INFO] [stdout]   16:     0x5f5c34a943d4 - std[617be2ca0a6fd877]::sys::backtrace::__rust_begin_short_backtrace::<test[aada8e7e76ba119b]::run_test::{closure#1}, ()>
[INFO] [stdout]   17:     0x5f5c34a9db72 - <std[617be2ca0a6fd877]::thread::lifecycle::spawn_unchecked<test[aada8e7e76ba119b]::run_test::{closure#1}, ()>::{closure#1} as core[a373ad73a504971]::ops::function::FnOnce<()>>::call_once::{shim:vtable#0}
[INFO] [stdout]   18:     0x5f5c34b0723f - <std[617be2ca0a6fd877]::sys::thread::unix::Thread>::new::thread_start
[INFO] [stdout]   19:     0x7906d5adbdfa - <unknown>
[INFO] [stdout]   20:     0x7906d5b6f3d4 - clone
[INFO] [stdout]   21:                0x0 - <unknown>
[INFO] [stdout] 
[INFO] [stdout] ---- piped_output_carries_no_escape_codes stdout ----
[INFO] [stdout] 
[INFO] [stdout] thread 'piped_output_carries_no_escape_codes' (1110) panicked at tests/cli.rs:26:10:
[INFO] [stdout] stranger should run: Os { code: 2, kind: NotFound, message: "No such file or directory" }
[INFO] [stdout] stack backtrace:
[INFO] [stdout]    0:     0x5f5c34b07f21 - <<std[617be2ca0a6fd877]::sys::backtrace::BacktraceLock>::print::DisplayBacktrace as core[a373ad73a504971]::fmt::Display>::fmt
[INFO] [stdout]    1:     0x5f5c34b1ce7a - core[a373ad73a504971]::fmt::write
[INFO] [stdout]    2:     0x5f5c34b0c40c - <alloc[2e1b2a31b91974c5]::vec::Vec<u8> as core[a373ad73a504971]::io::write::Write>::write_fmt
[INFO] [stdout]    3:     0x5f5c34ae23c6 - std[617be2ca0a6fd877]::panicking::default_hook::{closure#0}
[INFO] [stdout]    4:     0x5f5c34aff649 - std[617be2ca0a6fd877]::panicking::default_hook
[INFO] [stdout]    5:     0x5f5c34a9a4c0 - test[aada8e7e76ba119b]::test_main_inner::{closure#0}
[INFO] [stdout]    6:     0x5f5c34aff802 - std[617be2ca0a6fd877]::panicking::panic_with_hook
[INFO] [stdout]    7:     0x5f5c34ae2472 - std[617be2ca0a6fd877]::panicking::panic_handler::{closure#0}
[INFO] [stdout]    8:     0x5f5c34adae39 - std[617be2ca0a6fd877]::sys::backtrace::__rust_end_short_backtrace::<std[617be2ca0a6fd877]::panicking::panic_handler::{closure#0}, !>
[INFO] [stdout]    9:     0x5f5c34ae313d - __rustc[ea4f61d10b84890b]::rust_begin_unwind
[INFO] [stdout]   10:     0x5f5c34b1d5ac - core[a373ad73a504971]::panicking::panic_fmt
[INFO] [stdout]   11:     0x5f5c34b1d382 - core[a373ad73a504971]::result::unwrap_failed
[INFO] [stdout]   12:     0x5f5c34a730de - cli[899cecdba801c5d2]::run
[INFO] [stdout]   13:     0x5f5c34a7aef9 - <cli[899cecdba801c5d2]::piped_output_carries_no_escape_codes::{closure#0} as core[a373ad73a504971]::ops::function::FnOnce<()>>::call_once
[INFO] [stdout]   14:     0x5f5c34a8d90b - test[aada8e7e76ba119b]::__rust_begin_short_backtrace::<core[a373ad73a504971]::result::Result<(), alloc[2e1b2a31b91974c5]::string::String>, fn() -> core[a373ad73a504971]::result::Result<(), alloc[2e1b2a31b91974c5]::string::String>>
[INFO] [stdout]   15:     0x5f5c34a9aae5 - test[aada8e7e76ba119b]::run_test::{closure#0}
[INFO] [stdout]   16:     0x5f5c34a943d4 - std[617be2ca0a6fd877]::sys::backtrace::__rust_begin_short_backtrace::<test[aada8e7e76ba119b]::run_test::{closure#1}, ()>
[INFO] [stdout]   17:     0x5f5c34a9db72 - <std[617be2ca0a6fd877]::thread::lifecycle::spawn_unchecked<test[aada8e7e76ba119b]::run_test::{closure#1}, ()>::{closure#1} as core[a373ad73a504971]::ops::function::FnOnce<()>>::call_once::{shim:vtable#0}
[INFO] [stdout]   18:     0x5f5c34b0723f - <std[617be2ca0a6fd877]::sys::thread::unix::Thread>::new::thread_start
[INFO] [stdout]   19:     0x7906d5adbdfa - <unknown>
[INFO] [stdout]   20:     0x7906d5b6f3d4 - clone
[INFO] [stdout]   21:                0x0 - <unknown>
[INFO] [stdout] 
[INFO] [stdout] ---- the_gate_reads_the_direction_of_the_change stdout ----
[INFO] [stdout] 
[INFO] [stdout] thread 'the_gate_reads_the_direction_of_the_change' (1113) panicked at tests/cli.rs:26:10:
[INFO] [stdout] stranger should run: Os { code: 2, kind: NotFound, message: "No such file or directory" }
[INFO] [stdout] stack backtrace:
[INFO] [stdout]    0:     0x5f5c34b07f21 - <<std[617be2ca0a6fd877]::sys::backtrace::BacktraceLock>::print::DisplayBacktrace as core[a373ad73a504971]::fmt::Display>::fmt
[INFO] [stdout]    1:     0x5f5c34b1ce7a - core[a373ad73a504971]::fmt::write
[INFO] [stdout]    2:     0x5f5c34b0c40c - <alloc[2e1b2a31b91974c5]::vec::Vec<u8> as core[a373ad73a504971]::io::write::Write>::write_fmt
[INFO] [stdout]    3:     0x5f5c34ae23c6 - std[617be2ca0a6fd877]::panicking::default_hook::{closure#0}
[INFO] [stdout]    4:     0x5f5c34aff649 - std[617be2ca0a6fd877]::panicking::default_hook
[INFO] [stdout]    5:     0x5f5c34a9a4c0 - test[aada8e7e76ba119b]::test_main_inner::{closure#0}
[INFO] [stdout]    6:     0x5f5c34aff802 - std[617be2ca0a6fd877]::panicking::panic_with_hook
[INFO] [stdout]    7:     0x5f5c34ae2472 - std[617be2ca0a6fd877]::panicking::panic_handler::{closure#0}
[INFO] [stdout]    8:     0x5f5c34adae39 - std[617be2ca0a6fd877]::sys::backtrace::__rust_end_short_backtrace::<std[617be2ca0a6fd877]::panicking::panic_handler::{closure#0}, !>
[INFO] [stdout]    9:     0x5f5c34ae313d - __rustc[ea4f61d10b84890b]::rust_begin_unwind
[INFO] [stdout]   10:     0x5f5c34b1d5ac - core[a373ad73a504971]::panicking::panic_fmt
[INFO] [stdout]   11:     0x5f5c34b1d382 - core[a373ad73a504971]::result::unwrap_failed
[INFO] [stdout]   12:     0x5f5c34a730de - cli[899cecdba801c5d2]::run
[INFO] [stdout]   13:     0x5f5c34a7d494 - <cli[899cecdba801c5d2]::the_gate_reads_the_direction_of_the_change::{closure#0} as core[a373ad73a504971]::ops::function::FnOnce<()>>::call_once
[INFO] [stdout]   14:     0x5f5c34a8d90b - test[aada8e7e76ba119b]::__rust_begin_short_backtrace::<core[a373ad73a504971]::result::Result<(), alloc[2e1b2a31b91974c5]::string::String>, fn() -> core[a373ad73a504971]::result::Result<(), alloc[2e1b2a31b91974c5]::string::String>>
[INFO] [stdout]   15:     0x5f5c34a9aae5 - test[aada8e7e76ba119b]::run_test::{closure#0}
[INFO] [stdout]   16:     0x5f5c34a943d4 - std[617be2ca0a6fd877]::sys::backtrace::__rust_begin_short_backtrace::<test[aada8e7e76ba119b]::run_test::{closure#1}, ()>
[INFO] [stdout]   17:     0x5f5c34a9db72 - <std[617be2ca0a6fd877]::thread::lifecycle::spawn_unchecked<test[aada8e7e76ba119b]::run_test::{closure#1}, ()>::{closure#1} as core[a373ad73a504971]::ops::function::FnOnce<()>>::call_once::{shim:vtable#0}
[INFO] [stdout]   18:     0x5f5c34b0723f - <std[617be2ca0a6fd877]::sys::thread::unix::Thread>::new::thread_start
[INFO] [stdout]   19:     0x7906d5adbdfa - <unknown>
[INFO] [stdout]   20:     0x7906d5b6f3d4 - clone
[INFO] [stdout]   21:                0x0 - <unknown>
[INFO] [stdout] 
[INFO] [stdout] ---- a_directory_scan_skips_vendored_lockfiles stdout ----
[INFO] [stdout] 
[INFO] [stdout] thread 'a_directory_scan_skips_vendored_lockfiles' (1039) panicked at tests/cli.rs:26:10:
[INFO] [stdout] stranger should run: Os { code: 2, kind: NotFound, message: "No such file or directory" }
[INFO] [stdout] stack backtrace:
[INFO] [stdout]    0:     0x5f5c34b07f21 - <<std[617be2ca0a6fd877]::sys::backtrace::BacktraceLock>::print::DisplayBacktrace as core[a373ad73a504971]::fmt::Display>::fmt
[INFO] [stdout]    1:     0x5f5c34b1ce7a - core[a373ad73a504971]::fmt::write
[INFO] [stdout]    2:     0x5f5c34b0c40c - <alloc[2e1b2a31b91974c5]::vec::Vec<u8> as core[a373ad73a504971]::io::write::Write>::write_fmt
[INFO] [stdout]    3:     0x5f5c34ae23c6 - std[617be2ca0a6fd877]::panicking::default_hook::{closure#0}
[INFO] [stdout]    4:     0x5f5c34aff649 - std[617be2ca0a6fd877]::panicking::default_hook
[INFO] [stdout]    5:     0x5f5c34a9a4c0 - test[aada8e7e76ba119b]::test_main_inner::{closure#0}
[INFO] [stdout]    6:     0x5f5c34aff802 - std[617be2ca0a6fd877]::panicking::panic_with_hook
[INFO] [stdout]    7:     0x5f5c34ae2472 - std[617be2ca0a6fd877]::panicking::panic_handler::{closure#0}
[INFO] [stdout]    8:     0x5f5c34adae39 - std[617be2ca0a6fd877]::sys::backtrace::__rust_end_short_backtrace::<std[617be2ca0a6fd877]::panicking::panic_handler::{closure#0}, !>
[INFO] [stdout]    9:     0x5f5c34ae313d - __rustc[ea4f61d10b84890b]::rust_begin_unwind
[INFO] [stdout]   10:     0x5f5c34b1d5ac - core[a373ad73a504971]::panicking::panic_fmt
[INFO] [stdout]   11:     0x5f5c34b1d382 - core[a373ad73a504971]::result::unwrap_failed
[INFO] [stdout]   12:     0x5f5c34a730de - cli[899cecdba801c5d2]::run
[INFO] [stdout]   13:     0x5f5c34a7cac6 - <cli[899cecdba801c5d2]::a_directory_scan_skips_vendored_lockfiles::{closure#0} as core[a373ad73a504971]::ops::function::FnOnce<()>>::call_once
[INFO] [stdout]   14:     0x5f5c34a8d90b - test[aada8e7e76ba119b]::__rust_begin_short_backtrace::<core[a373ad73a504971]::result::Result<(), alloc[2e1b2a31b91974c5]::string::String>, fn() -> core[a373ad73a504971]::result::Result<(), alloc[2e1b2a31b91974c5]::string::String>>
[INFO] [stdout]   15:     0x5f5c34a9aae5 - test[aada8e7e76ba119b]::run_test::{closure#0}
[INFO] [stdout]   16:     0x5f5c34a943d4 - std[617be2ca0a6fd877]::sys::backtrace::__rust_begin_short_backtrace::<test[aada8e7e76ba119b]::run_test::{closure#1}, ()>
[INFO] [stdout]   17:     0x5f5c34a9db72 - <std[617be2ca0a6fd877]::thread::lifecycle::spawn_unchecked<test[aada8e7e76ba119b]::run_test::{closure#1}, ()>::{closure#1} as core[a373ad73a504971]::ops::function::FnOnce<()>>::call_once::{shim:vtable#0}
[INFO] [stdout]   18:     0x5f5c34b0723f - <std[617be2ca0a6fd877]::sys::thread::unix::Thread>::new::thread_start
[INFO] [stdout]   19:     0x7906d5adbdfa - <unknown>
[INFO] [stdout]   20:     0x7906d5b6f3d4 - clone
[INFO] [stdout]   21:                0x0 - <unknown>
[INFO] [stdout] 
[INFO] [stdout] ---- verbose_names_the_directories_it_would_not_enter stdout ----
[INFO] [stdout] 
[INFO] [stdout] thread 'verbose_names_the_directories_it_would_not_enter' (1121) panicked at tests/cli.rs:26:10:
[INFO] [stdout] stranger should run: Os { code: 2, kind: NotFound, message: "No such file or directory" }
[INFO] [stdout] stack backtrace:
[INFO] [stdout]    0:     0x5f5c34b07f21 - <<std[617be2ca0a6fd877]::sys::backtrace::BacktraceLock>::print::DisplayBacktrace as core[a373ad73a504971]::fmt::Display>::fmt
[INFO] [stdout]    1:     0x5f5c34b1ce7a - core[a373ad73a504971]::fmt::write
[INFO] [stdout]    2:     0x5f5c34b0c40c - <alloc[2e1b2a31b91974c5]::vec::Vec<u8> as core[a373ad73a504971]::io::write::Write>::write_fmt
[INFO] [stdout]    3:     0x5f5c34ae23c6 - std[617be2ca0a6fd877]::panicking::default_hook::{closure#0}
[INFO] [stdout]    4:     0x5f5c34aff649 - std[617be2ca0a6fd877]::panicking::default_hook
[INFO] [stdout]    5:     0x5f5c34a9a4c0 - test[aada8e7e76ba119b]::test_main_inner::{closure#0}
[INFO] [stdout]    6:     0x5f5c34aff802 - std[617be2ca0a6fd877]::panicking::panic_with_hook
[INFO] [stdout]    7:     0x5f5c34ae2472 - std[617be2ca0a6fd877]::panicking::panic_handler::{closure#0}
[INFO] [stdout]    8:     0x5f5c34adae39 - std[617be2ca0a6fd877]::sys::backtrace::__rust_end_short_backtrace::<std[617be2ca0a6fd877]::panicking::panic_handler::{closure#0}, !>
[INFO] [stdout]    9:     0x5f5c34ae313d - __rustc[ea4f61d10b84890b]::rust_begin_unwind
[INFO] [stdout]   10:     0x5f5c34b1d5ac - core[a373ad73a504971]::panicking::panic_fmt
[INFO] [stdout]   11:     0x5f5c34b1d382 - core[a373ad73a504971]::result::unwrap_failed
[INFO] [stdout]   12:     0x5f5c34a730de - cli[899cecdba801c5d2]::run
[INFO] [stdout]   13:     0x5f5c34a803a7 - <cli[899cecdba801c5d2]::verbose_names_the_directories_it_would_not_enter::{closure#0} as core[a373ad73a504971]::ops::function::FnOnce<()>>::call_once
[INFO] [stdout]   14:     0x5f5c34a8d90b - test[aada8e7e76ba119b]::__rust_begin_short_backtrace::<core[a373ad73a504971]::result::Result<(), alloc[2e1b2a31b91974c5]::string::String>, fn() -> core[a373ad73a504971]::result::Result<(), alloc[2e1b2a31b91974c5]::string::String>>
[INFO] [stdout]   15:     0x5f5c34a9aae5 - test[aada8e7e76ba119b]::run_test::{closure#0}
[INFO] [stdout]   16:     0x5f5c34a943d4 - std[617be2ca0a6fd877]::sys::backtrace::__rust_begin_short_backtrace::<test[aada8e7e76ba119b]::run_test::{closure#1}, ()>
[INFO] [stdout]   17:     0x5f5c34a9db72 - <std[617be2ca0a6fd877]::thread::lifecycle::spawn_unchecked<test[aada8e7e76ba119b]::run_test::{closure#1}, ()>::{closure#1} as core[a373ad73a504971]::ops::function::FnOnce<()>>::call_once::{shim:vtable#0}
[INFO] [stdout]   18:     0x5f5c34b0723f - <std[617be2ca0a6fd877]::sys::thread::unix::Thread>::new::thread_start
[INFO] [stdout]   19:     0x7906d5adbdfa - <unknown>
[INFO] [stdout]   20:     0x7906d5b6f3d4 - clone
[INFO] [stdout]   21:                0x0 - <unknown>
[INFO] [stdout] 
[INFO] [stdout] ---- one_unreadable_lockfile_does_not_cancel_its_siblings stdout ----
[INFO] [stdout] 
[INFO] [stdout] thread 'one_unreadable_lockfile_does_not_cancel_its_siblings' (1105) panicked at tests/cli.rs:26:10:
[INFO] [stdout] stranger should run: Os { code: 2, kind: NotFound, message: "No such file or directory" }
[INFO] [stdout] stack backtrace:
[INFO] [stdout]    0:     0x5f5c34b07f21 - <<std[617be2ca0a6fd877]::sys::backtrace::BacktraceLock>::print::DisplayBacktrace as core[a373ad73a504971]::fmt::Display>::fmt
[INFO] [stdout]    1:     0x5f5c34b1ce7a - core[a373ad73a504971]::fmt::write
[INFO] [stdout]    2:     0x5f5c34b0c40c - <alloc[2e1b2a31b91974c5]::vec::Vec<u8> as core[a373ad73a504971]::io::write::Write>::write_fmt
[INFO] [stdout]    3:     0x5f5c34ae23c6 - std[617be2ca0a6fd877]::panicking::default_hook::{closure#0}
[INFO] [stdout]    4:     0x5f5c34aff649 - std[617be2ca0a6fd877]::panicking::default_hook
[INFO] [stdout]    5:     0x5f5c34a9a4c0 - test[aada8e7e76ba119b]::test_main_inner::{closure#0}
[INFO] [stdout]    6:     0x5f5c34aff802 - std[617be2ca0a6fd877]::panicking::panic_with_hook
[INFO] [stdout]    7:     0x5f5c34ae2472 - std[617be2ca0a6fd877]::panicking::panic_handler::{closure#0}
[INFO] [stdout]    8:     0x5f5c34adae39 - std[617be2ca0a6fd877]::sys::backtrace::__rust_end_short_backtrace::<std[617be2ca0a6fd877]::panicking::panic_handler::{closure#0}, !>
[INFO] [stdout]    9:     0x5f5c34ae313d - __rustc[ea4f61d10b84890b]::rust_begin_unwind
[INFO] [stdout]   10:     0x5f5c34b1d5ac - core[a373ad73a504971]::panicking::panic_fmt
[INFO] [stdout]   11:     0x5f5c34b1d382 - core[a373ad73a504971]::result::unwrap_failed
[INFO] [stdout]   12:     0x5f5c34a730de - cli[899cecdba801c5d2]::run
[INFO] [stdout]   13:     0x5f5c34a8235e - <cli[899cecdba801c5d2]::one_unreadable_lockfile_does_not_cancel_its_siblings::{closure#0} as core[a373ad73a504971]::ops::function::FnOnce<()>>::call_once
[INFO] [stdout]   14:     0x5f5c34a8d90b - test[aada8e7e76ba119b]::__rust_begin_short_backtrace::<core[a373ad73a504971]::result::Result<(), alloc[2e1b2a31b91974c5]::string::String>, fn() -> core[a373ad73a504971]::result::Result<(), alloc[2e1b2a31b91974c5]::string::String>>
[INFO] [stdout]   15:     0x5f5c34a9aae5 - test[aada8e7e76ba119b]::run_test::{closure#0}
[INFO] [stdout]   16:     0x5f5c34a943d4 - std[617be2ca0a6fd877]::sys::backtrace::__rust_begin_short_backtrace::<test[aada8e7e76ba119b]::run_test::{closure#1}, ()>
[INFO] [stdout]   17:     0x5f5c34a9db72 - <std[617be2ca0a6fd877]::thread::lifecycle::spawn_unchecked<test[aada8e7e76ba119b]::run_test::{closure#1}, ()>::{closure#1} as core[a373ad73a504971]::ops::function::FnOnce<()>>::call_once::{shim:vtable#0}
[INFO] [stdout]   18:     0x5f5c34b0723f - <std[617be2ca0a6fd877]::sys::thread::unix::Thread>::new::thread_start
[INFO] [stdout]   19:     0x7906d5adbdfa - <unknown>
[INFO] [stdout]   20:     0x7906d5b6f3d4 - clone
[INFO] [stdout]   21:                0x0 - <unknown>
[INFO] [stdout] 
[INFO] [stdout] 
[INFO] [stdout] failures:
[INFO] [stdout]     a_closed_pipe_does_not_erase_the_gate
[INFO] [stdout]     a_device_node_is_not_reported_as_missing
[INFO] [stdout]     a_directory_scan_is_deterministic
[INFO] [stdout]     a_directory_scan_skips_vendored_lockfiles
[INFO] [stdout]     a_directory_with_no_lockfile_says_so_and_exits_zero
[INFO] [stdout]     a_double_dash_ends_the_options
[INFO] [stdout]     a_flag_from_a_sibling_command_is_named_not_unknown
[INFO] [stdout]     a_hostile_name_does_not_break_the_columns
[INFO] [stdout]     a_non_utf8_argument_is_a_usage_error_not_an_abort
[INFO] [stdout]     a_pnpm_lock_with_no_packages_is_an_empty_tree
[INFO] [stdout]     a_rule_with_no_signal_in_this_format_says_so
[INFO] [stdout]     a_switch_refuses_a_value
[INFO] [stdout]     a_syntax_error_names_its_file
[INFO] [stdout]     a_tree_where_nothing_reads_exits_two
[INFO] [stdout]     broken_things_exit_two
[INFO] [stdout]     clean_scan_exits_zero
[INFO] [stdout]     diff_across_ecosystems_is_refused
[INFO] [stdout]     diff_across_two_readers_of_one_ecosystem_is_allowed
[INFO] [stdout]     diff_isolates_what_the_change_added
[INFO] [stdout]     diff_json_is_a_single_object
[INFO] [stdout]     diff_names_the_flags_that_are_not_its_own
[INFO] [stdout]     diff_needs_two_paths
[INFO] [stdout]     diff_of_a_file_against_itself_is_empty
[INFO] [stdout]     every_json_line_parses
[INFO] [stdout]     fail_on_gates_by_severity
[INFO] [stdout]     fail_on_is_monotone_across_every_fixture
[INFO] [stdout]     findings_without_a_threshold_still_exit_zero
[INFO] [stdout]     help_and_version
[INFO] [stdout]     json_carries_the_integrity_count
[INFO] [stdout]     json_carries_the_workspace_count
[INFO] [stdout]     json_findings_are_in_report_order
[INFO] [stdout]     json_is_byte_identical_between_runs
[INFO] [stdout]     json_is_parseable_by_our_own_parser
[INFO] [stdout]     json_lists_the_rules_that_could_not_fire
[INFO] [stdout]     json_on_a_directory_with_no_lockfile_stays_json
[INFO] [stdout]     lockfiles_with_no_reader_are_named_not_ignored
[INFO] [stdout]     one_unreadable_lockfile_does_not_cancel_its_siblings
[INFO] [stdout]     options_take_an_equals_sign
[INFO] [stdout]     piped_output_carries_no_escape_codes
[INFO] [stdout]     quiet_drops_the_header_and_the_risk_line
[INFO] [stdout]     the_error_stream_is_in_path_order_and_deterministic
[INFO] [stdout]     the_gate_reads_the_direction_of_the_change
[INFO] [stdout]     the_trivial_percentage_matches_the_header_count
[INFO] [stdout]     verbose_expands_the_collapsed_rules
[INFO] [stdout]     verbose_names_the_directories_it_would_not_enter
[INFO] [stdout] 
[INFO] [stdout] test result: FAILED. 2 passed; 45 failed; 0 ignored; 0 measured; 0 filtered out; finished in 0.10s
[INFO] [stdout] 
[INFO] running `Command { std: "docker" "inspect" "fcc3a4b792833c813f2ec3e00c6ce8c3ed37a29de60e2a685707fc04481c410f", kill_on_drop: false }`
[INFO] running `Command { std: "docker" "rm" "-f" "fcc3a4b792833c813f2ec3e00c6ce8c3ed37a29de60e2a685707fc04481c410f", kill_on_drop: false }`
[INFO] [stdout] fcc3a4b792833c813f2ec3e00c6ce8c3ed37a29de60e2a685707fc04481c410f
