[INFO] cloning repository https://github.com/kazzix14/fast-food
[INFO] running `Command { std: "git" "-c" "credential.helper=" "-c" "credential.helper=/workspace/cargo-home/bin/git-credential-null" "clone" "--bare" "https://github.com/kazzix14/fast-food" "/workspace/cache/git-repos/https%3A%2F%2Fgithub.com%2Fkazzix14%2Ffast-food", kill_on_drop: false }`
[INFO] [stderr] Cloning into bare repository '/workspace/cache/git-repos/https%3A%2F%2Fgithub.com%2Fkazzix14%2Ffast-food'...
[INFO] running `Command { std: "git" "rev-parse" "HEAD", kill_on_drop: false }`
[INFO] [stdout] ae7e559b6188c273ab0bcda1e413235658981668
[INFO] testing kazzix14/fast-food against 1.100.0-beta.1+cargoflags=--release for beta-release-1.100-3
[INFO] running `Command { std: "git" "clone" "/workspace/cache/git-repos/https%3A%2F%2Fgithub.com%2Fkazzix14%2Ffast-food" "/workspace/builds/worker-1-tc2/source", kill_on_drop: false }`
[INFO] [stderr] Cloning into '/workspace/builds/worker-1-tc2/source'...
[INFO] [stderr] done.
[INFO] started tweaking git repo https://github.com/kazzix14/fast-food
[INFO] finished tweaking git repo https://github.com/kazzix14/fast-food
[INFO] tweaked toml for git repo https://github.com/kazzix14/fast-food written to /workspace/builds/worker-1-tc2/source/Cargo.toml
[INFO] validating manifest of git repo https://github.com/kazzix14/fast-food on toolchain 1.100.0-beta.1
[INFO] running `Command { std: CARGO_HOME="/workspace/cargo-home" RUSTUP_HOME="/workspace/rustup-home" "/workspace/cargo-home/bin/cargo" "+1.100.0-beta.1" "metadata" "--manifest-path" "Cargo.toml" "--no-deps", kill_on_drop: false }`
[INFO] crate git repo https://github.com/kazzix14/fast-food already has a lockfile, it will not be regenerated
[INFO] running `Command { std: CARGO_HOME="/workspace/cargo-home" RUSTUP_HOME="/workspace/rustup-home" "/workspace/cargo-home/bin/cargo" "+1.100.0-beta.1" "fetch" "--manifest-path" "Cargo.toml", kill_on_drop: false }`
[INFO] running `Command { std: "docker" "create" "-v" "/var/lib/crater-agent-workspace/builds/worker-1-tc2/source:/opt/rustwide/workdir:ro,Z" "-v" "/var/lib/crater-agent-workspace/builds/worker-1-tc2/target:/opt/rustwide/target:rw,Z" "-v" "/var/lib/crater-agent-workspace/cargo-home:/opt/rustwide/cargo-home:ro,Z" "-v" "/var/lib/crater-agent-workspace/rustup-home:/opt/rustwide/rustup-home:ro,Z" "-m" "1610612736" "--network" "none" "ghcr.io/rust-lang/crates-build-env/linux@sha256:77db811e55d90add9212f6832c23229e3de5f1c1f9905e8cb07319ea15df73ac" "sleep" "infinity", kill_on_drop: false }`
[INFO] [stdout] fcd0cad3891214f97104c4f682d59d7203a1753e4cdf2d923500fac7dae3f351
[INFO] running `Command { std: "docker" "start" "fcd0cad3891214f97104c4f682d59d7203a1753e4cdf2d923500fac7dae3f351", kill_on_drop: false }`
[INFO] running `Command { std: "docker" "inspect" "fcd0cad3891214f97104c4f682d59d7203a1753e4cdf2d923500fac7dae3f351", kill_on_drop: false }`
[INFO] running `Command { std: "docker" "exec" "-e" "SOURCE_DIR=/opt/rustwide/workdir" "-e" "CARGO_HOME=/opt/rustwide/cargo-home" "-e" "RUSTUP_HOME=/opt/rustwide/rustup-home" "-e" "CARGO_TARGET_DIR=/opt/rustwide/target" "-w" "/opt/rustwide/workdir" "--user" "0:0" "fcd0cad3891214f97104c4f682d59d7203a1753e4cdf2d923500fac7dae3f351" "/opt/rustwide/cargo-home/bin/cargo" "+1.100.0-beta.1" "metadata" "--no-deps" "--format-version=1", kill_on_drop: false }`
[INFO] running `Command { std: "docker" "inspect" "fcd0cad3891214f97104c4f682d59d7203a1753e4cdf2d923500fac7dae3f351", kill_on_drop: false }`
[INFO] running `Command { std: "docker" "exec" "-e" "SOURCE_DIR=/opt/rustwide/workdir" "-e" "CARGO_HOME=/opt/rustwide/cargo-home" "-e" "RUSTUP_HOME=/opt/rustwide/rustup-home" "-e" "CARGO_TARGET_DIR=/opt/rustwide/target" "-e" "CARGO_INCREMENTAL=0" "-e" "RUST_BACKTRACE=full" "-e" "RUSTFLAGS=--cap-lints=warn" "-e" "RUSTDOCFLAGS=--cap-lints=warn" "-w" "/opt/rustwide/workdir" "--user" "0:0" "fcd0cad3891214f97104c4f682d59d7203a1753e4cdf2d923500fac7dae3f351" "/opt/rustwide/cargo-home/bin/cargo" "+1.100.0-beta.1" "build" "--frozen" "--message-format=json" "--release", kill_on_drop: false }`
[INFO] [stderr]    Compiling proc-macro2 v1.0.78
[INFO] [stderr]    Compiling autocfg v1.1.0
[INFO] [stderr]    Compiling unicode-ident v1.0.12
[INFO] [stderr]    Compiling memchr v2.7.1
[INFO] [stderr]    Compiling anstyle v1.0.6
[INFO] [stderr]    Compiling regex-syntax v0.8.2
[INFO] [stderr]    Compiling libc v0.2.153
[INFO] [stderr]    Compiling utf8parse v0.2.1
[INFO] [stderr]    Compiling serde v1.0.197
[INFO] [stderr]    Compiling anstyle-query v1.0.2
[INFO] [stderr]    Compiling rustix v0.38.31
[INFO] [stderr]    Compiling colorchoice v1.0.0
[INFO] [stderr]    Compiling doc-comment v0.3.3
[INFO] [stderr]    Compiling predicates-core v1.0.6
[INFO] [stderr]    Compiling assert_cmd v2.0.14
[INFO] [stderr]    Compiling equivalent v1.0.1
[INFO] [stderr]    Compiling strsim v0.11.0
[INFO] [stderr]    Compiling difflib v0.4.0
[INFO] [stderr]    Compiling anstyle-parse v0.2.3
[INFO] [stderr]    Compiling linux-raw-sys v0.4.13
[INFO] [stderr]    Compiling hashbrown v0.14.3
[INFO] [stderr]    Compiling normalize-line-endings v0.3.0
[INFO] [stderr]    Compiling bitflags v2.4.2
[INFO] [stderr]    Compiling termtree v0.4.1
[INFO] [stderr]    Compiling clap_lex v0.7.0
[INFO] [stderr]    Compiling anstream v0.6.12
[INFO] [stderr]    Compiling predicates-tree v1.0.9
[INFO] [stderr]    Compiling fastrand v2.0.1
[INFO] [stderr]    Compiling ryu v1.0.17
[INFO] [stderr]    Compiling num-traits v0.2.18
[INFO] [stderr]    Compiling unsafe-libyaml v0.2.10
[INFO] [stderr]    Compiling quote v1.0.35
[INFO] [stderr]    Compiling cfg-if v1.0.0
[INFO] [stderr]    Compiling clap_builder v4.5.1
[INFO] [stderr]    Compiling itoa v1.0.10
[INFO] [stderr]    Compiling syn v2.0.50
[INFO] [stderr]    Compiling aho-corasick v1.1.2
[INFO] [stderr]    Compiling wait-timeout v0.2.0
[INFO] [stderr]    Compiling indexmap v2.2.3
[INFO] [stderr]    Compiling float-cmp v0.9.0
[INFO] [stderr]    Compiling regex-automata v0.4.5
[INFO] [stderr]    Compiling serde_derive v1.0.197
[INFO] [stderr]    Compiling tempfile v3.10.1
[INFO] [stderr]    Compiling clap v4.5.1
[INFO] [stderr]    Compiling regex v1.10.3
[INFO] [stderr]    Compiling bstr v1.9.1
[INFO] [stderr]    Compiling predicates v3.1.0
[INFO] [stderr]    Compiling serde_yaml v0.9.32
[INFO] [stderr]    Compiling fast-food v0.3.0 (/opt/rustwide/workdir)
[INFO] [stderr] warning: unused dependency `assert_cmd`
[INFO] [stderr]  --> Cargo.toml:2:1
[INFO] [stderr]   |
[INFO] [stderr] 2 | assert_cmd = "2.0.14"
[INFO] [stderr]   | ^^^^^^^^^^^^^^^^^^^^^
[INFO] [stderr]   |
[INFO] [stderr]   = note: `cargo::unused_dependencies` is set to `warn` by default
[INFO] [stderr] help: consider removing the dependency on `assert_cmd`
[INFO] [stderr] warning: unused dependency `tempfile`
[INFO] [stderr]  --> Cargo.toml:5:1
[INFO] [stderr]   |
[INFO] [stderr] 5 | tempfile = "3.10.1"
[INFO] [stderr]   | ^^^^^^^^^^^^^^^^^^^
[INFO] [stderr]   |
[INFO] [stderr] help: consider removing the dependency on `tempfile`
[INFO] [stderr] warning: `fast-food` (manifest) generated 2 warnings
[INFO] [stderr]     Finished `release` profile [optimized] target(s) in 37.85s
[INFO] running `Command { std: "docker" "inspect" "fcd0cad3891214f97104c4f682d59d7203a1753e4cdf2d923500fac7dae3f351", kill_on_drop: false }`
[INFO] running `Command { std: "docker" "exec" "-e" "SOURCE_DIR=/opt/rustwide/workdir" "-e" "CARGO_HOME=/opt/rustwide/cargo-home" "-e" "RUSTUP_HOME=/opt/rustwide/rustup-home" "-e" "CARGO_TARGET_DIR=/opt/rustwide/target" "-e" "CARGO_INCREMENTAL=0" "-e" "RUST_BACKTRACE=full" "-e" "RUSTFLAGS=--cap-lints=warn" "-e" "RUSTDOCFLAGS=--cap-lints=warn" "-w" "/opt/rustwide/workdir" "--user" "0:0" "fcd0cad3891214f97104c4f682d59d7203a1753e4cdf2d923500fac7dae3f351" "/opt/rustwide/cargo-home/bin/cargo" "+1.100.0-beta.1" "test" "--frozen" "--no-run" "--message-format=json" "--release", kill_on_drop: false }`
[INFO] [stderr]    Compiling fast-food v0.3.0 (/opt/rustwide/workdir)
[INFO] [stderr]     Finished `release` profile [optimized] target(s) in 0.66s
[INFO] running `Command { std: "docker" "inspect" "fcd0cad3891214f97104c4f682d59d7203a1753e4cdf2d923500fac7dae3f351", kill_on_drop: false }`
[INFO] running `Command { std: "docker" "exec" "-e" "SOURCE_DIR=/opt/rustwide/workdir" "-e" "CARGO_HOME=/opt/rustwide/cargo-home" "-e" "RUSTUP_HOME=/opt/rustwide/rustup-home" "-e" "CARGO_TARGET_DIR=/opt/rustwide/target" "-e" "CARGO_INCREMENTAL=0" "-e" "RUST_BACKTRACE=full" "-e" "RUSTFLAGS=--cap-lints=warn" "-e" "RUSTDOCFLAGS=--cap-lints=warn" "-w" "/opt/rustwide/workdir" "--user" "0:0" "fcd0cad3891214f97104c4f682d59d7203a1753e4cdf2d923500fac7dae3f351" "/opt/rustwide/cargo-home/bin/cargo" "+1.100.0-beta.1" "test" "--frozen" "--release", kill_on_drop: false }`
[INFO] [stderr]     Finished `release` profile [optimized] target(s) in 0.06s
[INFO] [stderr]      Running unittests src/main.rs (/opt/rustwide/target/release/build/fast-food/54fdce9f0ccf1116/out/fast_food-54fdce9f0ccf1116)
[INFO] [stdout] 
[INFO] [stdout] running 2 tests
[INFO] [stdout] test tests::test_command_with_subcommands ... FAILED
[INFO] [stdout] test tests::test_command_without_subcommands ... FAILED
[INFO] [stdout] 
[INFO] [stdout] failures:
[INFO] [stdout] 
[INFO] [stdout] ---- tests::test_command_with_subcommands stdout ----
[INFO] [stdout] 
[INFO] [stdout] thread 'tests::test_command_with_subcommands' (1143) panicked at src/main.rs:170:14:
[INFO] [stdout] Main binary not found: CargoError { cause: Some(NotFoundError { path: "/opt/rustwide/target/release/build/fast-food/54fdce9f0ccf1116/out/fast-food" }) }
[INFO] [stdout] stack backtrace:
[INFO] [stdout]    0:     0x64b7668f7db1 - <<std[617be2ca0a6fd877]::sys::backtrace::BacktraceLock>::print::DisplayBacktrace as core[a373ad73a504971]::fmt::Display>::fmt
[INFO] [stdout]    1:     0x64b76690e5fa - core[a373ad73a504971]::fmt::write
[INFO] [stdout]    2:     0x64b7668fd3dc - <alloc[2e1b2a31b91974c5]::vec::Vec<u8> as core[a373ad73a504971]::io::write::Write>::write_fmt
[INFO] [stdout]    3:     0x64b7668d35f6 - std[617be2ca0a6fd877]::panicking::default_hook::{closure#0}
[INFO] [stdout]    4:     0x64b7668f02a9 - std[617be2ca0a6fd877]::panicking::default_hook
[INFO] [stdout]    5:     0x64b76687c020 - test[aada8e7e76ba119b]::test_main_inner::{closure#0}
[INFO] [stdout]    6:     0x64b7668f0462 - std[617be2ca0a6fd877]::panicking::panic_with_hook
[INFO] [stdout]    7:     0x64b7668d36a2 - std[617be2ca0a6fd877]::panicking::panic_handler::{closure#0}
[INFO] [stdout]    8:     0x64b7668cc309 - std[617be2ca0a6fd877]::sys::backtrace::__rust_end_short_backtrace::<std[617be2ca0a6fd877]::panicking::panic_handler::{closure#0}, !>
[INFO] [stdout]    9:     0x64b7668d42ad - __rustc[ea4f61d10b84890b]::rust_begin_unwind
[INFO] [stdout]   10:     0x64b76690ed2c - core[a373ad73a504971]::panicking::panic_fmt
[INFO] [stdout]   11:     0x64b76690eb02 - core[a373ad73a504971]::result::unwrap_failed
[INFO] [stdout]   12:     0x64b76686e121 - fast_food[a5e1c449fb4f7d97]::tests::run_app_with_config
[INFO] [stdout]   13:     0x64b76686ec33 - <fast_food[a5e1c449fb4f7d97]::tests::test_command_with_subcommands::{closure#0} as core[a373ad73a504971]::ops::function::FnOnce<()>>::call_once
[INFO] [stdout]   14:     0x64b76686f46b - test[aada8e7e76ba119b]::__rust_begin_short_backtrace::<core[a373ad73a504971]::result::Result<(), alloc[2e1b2a31b91974c5]::string::String>, fn() -> core[a373ad73a504971]::result::Result<(), alloc[2e1b2a31b91974c5]::string::String>>
[INFO] [stdout]   15:     0x64b76687c645 - test[aada8e7e76ba119b]::run_test::{closure#0}
[INFO] [stdout]   16:     0x64b766875f34 - std[617be2ca0a6fd877]::sys::backtrace::__rust_begin_short_backtrace::<test[aada8e7e76ba119b]::run_test::{closure#1}, ()>
[INFO] [stdout]   17:     0x64b76687f6d2 - <std[617be2ca0a6fd877]::thread::lifecycle::spawn_unchecked<test[aada8e7e76ba119b]::run_test::{closure#1}, ()>::{closure#1} as core[a373ad73a504971]::ops::function::FnOnce<()>>::call_once::{shim:vtable#0}
[INFO] [stdout]   18:     0x64b7668f758f - <std[617be2ca0a6fd877]::sys::thread::unix::Thread>::new::thread_start
[INFO] [stdout]   19:     0x79cc432c9dfa - <unknown>
[INFO] [stdout]   20:     0x79cc4335d3d4 - clone
[INFO] [stdout]   21:                0x0 - <unknown>
[INFO] [stdout] 
[INFO] [stdout] ---- tests::test_command_without_subcommands stdout ----
[INFO] [stdout] 
[INFO] [stdout] thread 'tests::test_command_without_subcommands' (1144) panicked at src/main.rs:170:14:
[INFO] [stdout] Main binary not found: CargoError { cause: Some(NotFoundError { path: "/opt/rustwide/target/release/build/fast-food/54fdce9f0ccf1116/out/fast-food" }) }
[INFO] [stdout] stack backtrace:
[INFO] [stdout]    0:     0x64b7668f7db1 - <<std[617be2ca0a6fd877]::sys::backtrace::BacktraceLock>::print::DisplayBacktrace as core[a373ad73a504971]::fmt::Display>::fmt
[INFO] [stdout]    1:     0x64b76690e5fa - core[a373ad73a504971]::fmt::write
[INFO] [stdout]    2:     0x64b7668fd3dc - <alloc[2e1b2a31b91974c5]::vec::Vec<u8> as core[a373ad73a504971]::io::write::Write>::write_fmt
[INFO] [stdout]    3:     0x64b7668d35f6 - std[617be2ca0a6fd877]::panicking::default_hook::{closure#0}
[INFO] [stdout]    4:     0x64b7668f02a9 - std[617be2ca0a6fd877]::panicking::default_hook
[INFO] [stdout]    5:     0x64b76687c020 - test[aada8e7e76ba119b]::test_main_inner::{closure#0}
[INFO] [stdout]    6:     0x64b7668f0462 - std[617be2ca0a6fd877]::panicking::panic_with_hook
[INFO] [stdout]    7:     0x64b7668d36a2 - std[617be2ca0a6fd877]::panicking::panic_handler::{closure#0}
[INFO] [stdout]    8:     0x64b7668cc309 - std[617be2ca0a6fd877]::sys::backtrace::__rust_end_short_backtrace::<std[617be2ca0a6fd877]::panicking::panic_handler::{closure#0}, !>
[INFO] [stdout]    9:     0x64b7668d42ad - __rustc[ea4f61d10b84890b]::rust_begin_unwind
[INFO] [stdout]   10:     0x64b76690ed2c - core[a373ad73a504971]::panicking::panic_fmt
[INFO] [stdout]   11:     0x64b76690eb02 - core[a373ad73a504971]::result::unwrap_failed
[INFO] [stdout]   12:     0x64b76686e121 - fast_food[a5e1c449fb4f7d97]::tests::run_app_with_config
[INFO] [stdout]   13:     0x64b76686f033 - <fast_food[a5e1c449fb4f7d97]::tests::test_command_without_subcommands::{closure#0} as core[a373ad73a504971]::ops::function::FnOnce<()>>::call_once
[INFO] [stdout]   14:     0x64b76686f46b - test[aada8e7e76ba119b]::__rust_begin_short_backtrace::<core[a373ad73a504971]::result::Result<(), alloc[2e1b2a31b91974c5]::string::String>, fn() -> core[a373ad73a504971]::result::Result<(), alloc[2e1b2a31b91974c5]::string::String>>
[INFO] [stdout]   15:     0x64b76687c645 - test[aada8e7e76ba119b]::run_test::{closure#0}
[INFO] [stdout]   16:     0x64b766875f34 - std[617be2ca0a6fd877]::sys::backtrace::__rust_begin_short_backtrace::<test[aada8e7e76ba119b]::run_test::{closure#1}, ()>
[INFO] [stdout]   17:     0x64b76687f6d2 - <std[617be2ca0a6fd877]::thread::lifecycle::spawn_unchecked<test[aada8e7e76ba119b]::run_test::{closure#1}, ()>::{closure#1} as core[a373ad73a504971]::ops::function::FnOnce<()>>::call_once::{shim:vtable#0}
[INFO] [stdout]   18:     0x64b7668f758f - <std[617be2ca0a6fd877]::sys::thread::unix::Thread>::new::thread_start
[INFO] [stdout]   19:     0x79cc432c9dfa - <unknown>
[INFO] [stdout]   20:     0x79cc4335d3d4 - clone
[INFO] [stdout]   21:                0x0 - <unknown>
[INFO] [stdout] 
[INFO] [stdout] 
[INFO] [stdout] failures:
[INFO] [stdout]     tests::test_command_with_subcommands
[INFO] [stdout]     tests::test_command_without_subcommands
[INFO] [stdout] 
[INFO] [stdout] test result: FAILED. 0 passed; 2 failed; 0 ignored; 0 measured; 0 filtered out; finished in 0.00s
[INFO] [stdout] 
[INFO] [stderr] error: test failed, to rerun pass `--bin fast-food`
[INFO] running `Command { std: "docker" "inspect" "fcd0cad3891214f97104c4f682d59d7203a1753e4cdf2d923500fac7dae3f351", kill_on_drop: false }`
[INFO] running `Command { std: "docker" "rm" "-f" "fcd0cad3891214f97104c4f682d59d7203a1753e4cdf2d923500fac7dae3f351", kill_on_drop: false }`
[INFO] [stdout] fcd0cad3891214f97104c4f682d59d7203a1753e4cdf2d923500fac7dae3f351
