[INFO] cloning repository https://github.com/justman0898/vipex-firelfly-browser
[INFO] running `Command { std: "git" "-c" "credential.helper=" "-c" "credential.helper=/workspace/cargo-home/bin/git-credential-null" "clone" "--bare" "https://github.com/justman0898/vipex-firelfly-browser" "/workspace/cache/git-repos/https%3A%2F%2Fgithub.com%2Fjustman0898%2Fvipex-firelfly-browser", kill_on_drop: false }`
[INFO] [stderr] Cloning into bare repository '/workspace/cache/git-repos/https%3A%2F%2Fgithub.com%2Fjustman0898%2Fvipex-firelfly-browser'...
[INFO] running `Command { std: "git" "rev-parse" "HEAD", kill_on_drop: false }`
[INFO] [stdout] 831972e8107473d9103376ab823cc3c9c3dbf930
[INFO] testing justman0898/vipex-firelfly-browser against 1.99.0-beta.8+cargoflags=--release for beta-release-1.100-3
[INFO] running `Command { std: "git" "clone" "/workspace/cache/git-repos/https%3A%2F%2Fgithub.com%2Fjustman0898%2Fvipex-firelfly-browser" "/workspace/builds/worker-6-tc1/source", kill_on_drop: false }`
[INFO] [stderr] Cloning into '/workspace/builds/worker-6-tc1/source'...
[INFO] [stderr] done.
[INFO] started tweaking git repo https://github.com/justman0898/vipex-firelfly-browser
[INFO] finished tweaking git repo https://github.com/justman0898/vipex-firelfly-browser
[INFO] tweaked toml for git repo https://github.com/justman0898/vipex-firelfly-browser written to /workspace/builds/worker-6-tc1/source/Cargo.toml
[INFO] validating manifest of git repo https://github.com/justman0898/vipex-firelfly-browser on toolchain 1.99.0-beta.8
[INFO] running `Command { std: CARGO_HOME="/workspace/cargo-home" RUSTUP_HOME="/workspace/rustup-home" "/workspace/cargo-home/bin/cargo" "+1.99.0-beta.8" "metadata" "--manifest-path" "Cargo.toml" "--no-deps", kill_on_drop: false }`
[INFO] crate git repo https://github.com/justman0898/vipex-firelfly-browser already has a lockfile, it will not be regenerated
[INFO] running `Command { std: CARGO_HOME="/workspace/cargo-home" RUSTUP_HOME="/workspace/rustup-home" "/workspace/cargo-home/bin/cargo" "+1.99.0-beta.8" "fetch" "--manifest-path" "Cargo.toml", kill_on_drop: false }`
[INFO] [stderr]     Updating crates.io index
[INFO] [stderr]  Downloading crates ...
[INFO] [stderr]   Downloaded tokio-macros v2.6.0
[INFO] [stderr]   Downloaded unicode-ident v1.0.23
[INFO] [stderr]   Downloaded simple_logger v1.16.0
[INFO] [stderr]   Downloaded is-terminal v0.4.17
[INFO] [stderr]   Downloaded num_threads v0.1.7
[INFO] [stderr]   Downloaded time-macros v0.2.27
[INFO] [stderr]   Downloaded hermit-abi v0.5.2
[INFO] [stderr]   Downloaded num-conv v0.2.0
[INFO] [stderr]   Downloaded deranged v0.5.6
[INFO] [stderr]   Downloaded colored v1.9.4
[INFO] [stderr]   Downloaded async-trait v0.1.89
[INFO] [stderr]   Downloaded redis v0.24.0
[INFO] [stderr]   Downloaded syn v2.0.115
[INFO] [stderr]   Downloaded libc v0.2.181
[INFO] running `Command { std: "docker" "create" "-v" "/var/lib/crater-agent-workspace/builds/worker-6-tc1/source:/opt/rustwide/workdir:ro,Z" "-v" "/var/lib/crater-agent-workspace/builds/worker-6-tc1/target:/opt/rustwide/target:rw,Z" "-v" "/var/lib/crater-agent-workspace/cargo-home:/opt/rustwide/cargo-home:ro,Z" "-v" "/var/lib/crater-agent-workspace/rustup-home:/opt/rustwide/rustup-home:ro,Z" "-m" "1610612736" "--network" "none" "ghcr.io/rust-lang/crates-build-env/linux@sha256:77db811e55d90add9212f6832c23229e3de5f1c1f9905e8cb07319ea15df73ac" "sleep" "infinity", kill_on_drop: false }`
[INFO] [stdout] 2aa05206d85a70f29ea5bb265a3261a8b54a55ef2e88a451fc381fc3dff5acb7
[INFO] running `Command { std: "docker" "start" "2aa05206d85a70f29ea5bb265a3261a8b54a55ef2e88a451fc381fc3dff5acb7", kill_on_drop: false }`
[INFO] running `Command { std: "docker" "inspect" "2aa05206d85a70f29ea5bb265a3261a8b54a55ef2e88a451fc381fc3dff5acb7", kill_on_drop: false }`
[INFO] running `Command { std: "docker" "exec" "-e" "SOURCE_DIR=/opt/rustwide/workdir" "-e" "CARGO_HOME=/opt/rustwide/cargo-home" "-e" "RUSTUP_HOME=/opt/rustwide/rustup-home" "-e" "CARGO_TARGET_DIR=/opt/rustwide/target" "-w" "/opt/rustwide/workdir" "--user" "0:0" "2aa05206d85a70f29ea5bb265a3261a8b54a55ef2e88a451fc381fc3dff5acb7" "/opt/rustwide/cargo-home/bin/cargo" "+1.99.0-beta.8" "metadata" "--no-deps" "--format-version=1", kill_on_drop: false }`
[INFO] running `Command { std: "docker" "inspect" "2aa05206d85a70f29ea5bb265a3261a8b54a55ef2e88a451fc381fc3dff5acb7", kill_on_drop: false }`
[INFO] running `Command { std: "docker" "exec" "-e" "SOURCE_DIR=/opt/rustwide/workdir" "-e" "CARGO_HOME=/opt/rustwide/cargo-home" "-e" "RUSTUP_HOME=/opt/rustwide/rustup-home" "-e" "CARGO_TARGET_DIR=/opt/rustwide/target" "-e" "CARGO_INCREMENTAL=0" "-e" "RUST_BACKTRACE=full" "-e" "RUSTFLAGS=--cap-lints=warn" "-e" "RUSTDOCFLAGS=--cap-lints=warn" "-w" "/opt/rustwide/workdir" "--user" "0:0" "2aa05206d85a70f29ea5bb265a3261a8b54a55ef2e88a451fc381fc3dff5acb7" "/opt/rustwide/cargo-home/bin/cargo" "+1.99.0-beta.8" "build" "--frozen" "--message-format=json" "--release", kill_on_drop: false }`
[INFO] [stderr]    Compiling proc-macro2 v1.0.106
[INFO] [stderr]    Compiling quote v1.0.44
[INFO] [stderr]    Compiling unicode-ident v1.0.23
[INFO] [stderr]    Compiling stable_deref_trait v1.2.1
[INFO] [stderr]    Compiling libc v0.2.181
[INFO] [stderr]    Compiling litemap v0.8.1
[INFO] [stderr]    Compiling writeable v0.6.2
[INFO] [stderr]    Compiling icu_properties_data v2.1.2
[INFO] [stderr]    Compiling icu_normalizer_data v2.1.1
[INFO] [stderr]    Compiling pin-project-lite v0.2.16
[INFO] [stderr]    Compiling smallvec v1.15.1
[INFO] [stderr]    Compiling futures-sink v0.3.32
[INFO] [stderr]    Compiling bytes v1.11.1
[INFO] [stderr]    Compiling itoa v1.0.17
[INFO] [stderr]    Compiling futures-core v0.3.32
[INFO] [stderr]    Compiling powerfmt v0.2.0
[INFO] [stderr]    Compiling time-core v0.1.8
[INFO] [stderr]    Compiling utf8_iter v1.0.4
[INFO] [stderr]    Compiling num-conv v0.2.0
[INFO] [stderr]    Compiling memchr v2.8.0
[INFO] [stderr]    Compiling zmij v1.0.21
[INFO] [stderr]    Compiling serde_core v1.0.228
[INFO] [stderr]    Compiling percent-encoding v2.3.2
[INFO] [stderr]    Compiling time-macros v0.2.27
[INFO] [stderr]    Compiling deranged v0.5.6
[INFO] [stderr]    Compiling form_urlencoded v1.2.2
[INFO] [stderr]    Compiling num_threads v0.1.7
[INFO] [stderr]    Compiling thiserror v1.0.69
[INFO] [stderr]    Compiling serde_json v1.0.149
[INFO] [stderr]    Compiling lazy_static v1.5.0
[INFO] [stderr]    Compiling slab v0.4.12
[INFO] [stderr]    Compiling futures-task v0.3.32
[INFO] [stderr]    Compiling syn v2.0.115
[INFO] [stderr]    Compiling futures-util v0.3.32
[INFO] [stderr]    Compiling socket2 v0.6.2
[INFO] [stderr]    Compiling mio v1.1.1
[INFO] [stderr]    Compiling is-terminal v0.4.17
[INFO] [stderr]    Compiling colored v1.9.4
[INFO] [stderr]    Compiling socket2 v0.4.10
[INFO] [stderr]    Compiling log v0.4.29
[INFO] [stderr]    Compiling sha1_smol v1.0.1
[INFO] [stderr]    Compiling ryu v1.0.23
[INFO] [stderr]    Compiling dotenvy v0.15.7
[INFO] [stderr]    Compiling time v0.3.47
[INFO] [stderr]    Compiling simple_logger v1.16.0
[INFO] [stderr]    Compiling synstructure v0.13.2
[INFO] [stderr]    Compiling zerofrom-derive v0.1.6
[INFO] [stderr]    Compiling yoke-derive v0.8.1
[INFO] [stderr]    Compiling zerovec-derive v0.11.2
[INFO] [stderr]    Compiling displaydoc v0.2.5
[INFO] [stderr]    Compiling tokio-macros v2.6.0
[INFO] [stderr]    Compiling thiserror-impl v1.0.69
[INFO] [stderr]    Compiling async-trait v0.1.89
[INFO] [stderr]    Compiling tokio v1.49.0
[INFO] [stderr]    Compiling zerofrom v0.1.6
[INFO] [stderr]    Compiling yoke v0.8.1
[INFO] [stderr]    Compiling zerovec v0.11.5
[INFO] [stderr]    Compiling zerotrie v0.2.3
[INFO] [stderr]    Compiling tinystr v0.8.2
[INFO] [stderr]    Compiling potential_utf v0.1.4
[INFO] [stderr]    Compiling icu_collections v2.1.1
[INFO] [stderr]    Compiling icu_locale_core v2.1.1
[INFO] [stderr]    Compiling icu_provider v2.1.1
[INFO] [stderr]    Compiling icu_normalizer v2.1.1
[INFO] [stderr]    Compiling icu_properties v2.1.2
[INFO] [stderr]    Compiling idna_adapter v1.2.1
[INFO] [stderr]    Compiling idna v1.1.0
[INFO] [stderr]    Compiling url v2.5.8
[INFO] [stderr]    Compiling tokio-util v0.7.18
[INFO] [stderr]    Compiling combine v4.6.7
[INFO] [stderr]    Compiling redis v0.24.0
[INFO] [stderr]    Compiling vipex-firefly-browser v0.1.0 (/opt/rustwide/workdir)
[INFO] [stdout] warning: unused import: `simple_logger::SimpleLogger`
[INFO] [stdout]  --> src/main.rs:1:5
[INFO] [stdout]   |
[INFO] [stdout] 1 | use simple_logger::SimpleLogger;
[INFO] [stdout]   |     ^^^^^^^^^^^^^^^^^^^^^^^^^^^
[INFO] [stdout]   |
[INFO] [stdout]   = note: `#[warn(unused_imports)]` (part of `#[warn(unused)]`) on by default
[INFO] [stdout] 
[INFO] [stdout] 
[INFO] [stdout] warning: unused import: `Commands`
[INFO] [stdout]  --> src/dns/dns_cache.rs:4:21
[INFO] [stdout]   |
[INFO] [stdout] 4 | use redis::{Client, Commands, RedisResult};
[INFO] [stdout]   |                     ^^^^^^^^
[INFO] [stdout] 
[INFO] [stdout] 
[INFO] [stdout] warning: struct `Url` is never constructed
[INFO] [stdout]  --> src/url/url_parser.rs:6:12
[INFO] [stdout]   |
[INFO] [stdout] 6 | pub struct Url {
[INFO] [stdout]   |            ^^^
[INFO] [stdout]   |
[INFO] [stdout]   = note: `#[warn(dead_code)]` (part of `#[warn(unused)]`) on by default
[INFO] [stdout] 
[INFO] [stdout] 
[INFO] [stdout] warning: associated function `parse` is never used
[INFO] [stdout]   --> src/url/url_parser.rs:16:12
[INFO] [stdout]    |
[INFO] [stdout] 15 | impl Url {
[INFO] [stdout]    | -------- associated function in this implementation
[INFO] [stdout] 16 |     pub fn parse(url: &str) -> Result<Self, AppError> {
[INFO] [stdout]    |            ^^^^^
[INFO] [stdout] 
[INFO] [stdout] 
[INFO] [stdout] warning: variants `InvalidUrl`, `InvalidScheme`, `InvalidPort`, `DnsError`, `NoAddressesFound`, and `DnsTimeout` are never constructed
[INFO] [stdout]   --> src/exceptions/custom_error.rs:10:5
[INFO] [stdout]    |
[INFO] [stdout]  7 | pub enum AppError {
[INFO] [stdout]    |          -------- variants in this enum
[INFO] [stdout] ...
[INFO] [stdout] 10 |     InvalidUrl(String),
[INFO] [stdout]    |     ^^^^^^^^^^
[INFO] [stdout] ...
[INFO] [stdout] 13 |     InvalidScheme(String),
[INFO] [stdout]    |     ^^^^^^^^^^^^^
[INFO] [stdout] ...
[INFO] [stdout] 16 |     InvalidPort,
[INFO] [stdout]    |     ^^^^^^^^^^^
[INFO] [stdout] ...
[INFO] [stdout] 19 |     DnsError(String),
[INFO] [stdout]    |     ^^^^^^^^
[INFO] [stdout] ...
[INFO] [stdout] 22 |     NoAddressesFound,
[INFO] [stdout]    |     ^^^^^^^^^^^^^^^^
[INFO] [stdout] ...
[INFO] [stdout] 25 |     DnsTimeout,
[INFO] [stdout]    |     ^^^^^^^^^^
[INFO] [stdout]    |
[INFO] [stdout]    = note: `AppError` has a derived impl for the trait `Debug`, but this is intentionally ignored during dead code analysis
[INFO] [stdout] 
[INFO] [stdout] 
[INFO] [stdout] warning: enum `Scheme` is never used
[INFO] [stdout]  --> src/models/scheme.rs:5:10
[INFO] [stdout]   |
[INFO] [stdout] 5 | pub enum Scheme {
[INFO] [stdout]   |          ^^^^^^
[INFO] [stdout] 
[INFO] [stdout] 
[INFO] [stdout] warning: associated items `parse`, `default_port`, and `is_hierarchical` are never used
[INFO] [stdout]   --> src/models/scheme.rs:15:20
[INFO] [stdout]    |
[INFO] [stdout] 14 | impl Scheme {
[INFO] [stdout]    | ----------- associated items in this implementation
[INFO] [stdout] 15 |      pub(crate) fn parse(input: &str) ->Result<Self, AppError>{
[INFO] [stdout]    |                    ^^^^^
[INFO] [stdout] ...
[INFO] [stdout] 28 |     pub(crate) fn default_port(&self) -> Option<u16> {
[INFO] [stdout]    |                   ^^^^^^^^^^^^
[INFO] [stdout] ...
[INFO] [stdout] 36 |     pub(crate) fn is_hierarchical(&self) -> bool {
[INFO] [stdout]    |                   ^^^^^^^^^^^^^^^
[INFO] [stdout] 
[INFO] [stdout] 
[INFO] [stdout] warning: trait `DnsResolver` is never used
[INFO] [stdout]  --> src/dns/resolver.rs:8:11
[INFO] [stdout]   |
[INFO] [stdout] 8 | pub trait DnsResolver: Send + Sync {
[INFO] [stdout]   |           ^^^^^^^^^^^
[INFO] [stdout] 
[INFO] [stdout] 
[INFO] [stdout] warning: struct `BasicDnsResolver` is never constructed
[INFO] [stdout]   --> src/dns/resolver.rs:17:12
[INFO] [stdout]    |
[INFO] [stdout] 17 | pub struct BasicDnsResolver;
[INFO] [stdout]    |            ^^^^^^^^^^^^^^^^
[INFO] [stdout] 
[INFO] [stdout] 
[INFO] [stdout] warning: struct `DnsCache` is never constructed
[INFO] [stdout]  --> src/dns/dns_cache.rs:7:12
[INFO] [stdout]   |
[INFO] [stdout] 7 | pub struct DnsCache {
[INFO] [stdout]   |            ^^^^^^^^
[INFO] [stdout] 
[INFO] [stdout] 
[INFO] [stdout] warning: associated items `new`, `get`, and `insert` are never used
[INFO] [stdout]   --> src/dns/dns_cache.rs:13:12
[INFO] [stdout]    |
[INFO] [stdout] 12 | impl DnsCache {
[INFO] [stdout]    | ------------- associated items in this implementation
[INFO] [stdout] 13 |     pub fn new() -> Result<Self, AppError> {
[INFO] [stdout]    |            ^^^
[INFO] [stdout] ...
[INFO] [stdout] 30 |     pub async fn get(&self, key: &str) -> Option<Vec<SocketAddr>> {
[INFO] [stdout]    |                  ^^^
[INFO] [stdout] ...
[INFO] [stdout] 46 |     pub async fn insert(&self, key: &str, addrs: &Vec<SocketAddr>) {
[INFO] [stdout]    |                  ^^^^^^
[INFO] [stdout] 
[INFO] [stdout] 
[INFO] [stderr]     Finished `release` profile [optimized] target(s) in 1m 19s
[INFO] [stderr] warning: the following packages contain code that will be rejected by a future version of Rust: redis v0.24.0
[INFO] [stderr] note: to see what the problems were, use the option `--future-incompat-report`, or run `cargo report future-incompatibilities --id 1`
[INFO] running `Command { std: "docker" "inspect" "2aa05206d85a70f29ea5bb265a3261a8b54a55ef2e88a451fc381fc3dff5acb7", kill_on_drop: false }`
[INFO] running `Command { std: "docker" "exec" "-e" "SOURCE_DIR=/opt/rustwide/workdir" "-e" "CARGO_HOME=/opt/rustwide/cargo-home" "-e" "RUSTUP_HOME=/opt/rustwide/rustup-home" "-e" "CARGO_TARGET_DIR=/opt/rustwide/target" "-e" "CARGO_INCREMENTAL=0" "-e" "RUST_BACKTRACE=full" "-e" "RUSTFLAGS=--cap-lints=warn" "-e" "RUSTDOCFLAGS=--cap-lints=warn" "-w" "/opt/rustwide/workdir" "--user" "0:0" "2aa05206d85a70f29ea5bb265a3261a8b54a55ef2e88a451fc381fc3dff5acb7" "/opt/rustwide/cargo-home/bin/cargo" "+1.99.0-beta.8" "test" "--frozen" "--no-run" "--message-format=json" "--release", kill_on_drop: false }`
[INFO] [stderr]    Compiling vipex-firefly-browser v0.1.0 (/opt/rustwide/workdir)
[INFO] [stdout] warning: unused import: `simple_logger::SimpleLogger`
[INFO] [stdout]  --> src/main.rs:1:5
[INFO] [stdout]   |
[INFO] [stdout] 1 | use simple_logger::SimpleLogger;
[INFO] [stdout]   |     ^^^^^^^^^^^^^^^^^^^^^^^^^^^
[INFO] [stdout]   |
[INFO] [stdout]   = note: `#[warn(unused_imports)]` (part of `#[warn(unused)]`) on by default
[INFO] [stdout] 
[INFO] [stdout] 
[INFO] [stdout] warning: unused import: `std::env`
[INFO] [stdout]   --> src/dns/dns_cache.rs:60:9
[INFO] [stdout]    |
[INFO] [stdout] 60 |     use std::env;
[INFO] [stdout]    |         ^^^^^^^^
[INFO] [stdout] 
[INFO] [stdout] 
[INFO] [stdout] warning: unused import: `Commands`
[INFO] [stdout]  --> src/dns/dns_cache.rs:4:21
[INFO] [stdout]   |
[INFO] [stdout] 4 | use redis::{Client, Commands, RedisResult};
[INFO] [stdout]   |                     ^^^^^^^^
[INFO] [stdout] 
[INFO] [stdout] 
[INFO] [stderr]     Finished `release` profile [optimized] target(s) in 5.02s
[INFO] [stderr] warning: the following packages contain code that will be rejected by a future version of Rust: redis v0.24.0
[INFO] [stderr] note: to see what the problems were, use the option `--future-incompat-report`, or run `cargo report future-incompatibilities --id 1`
[INFO] running `Command { std: "docker" "inspect" "2aa05206d85a70f29ea5bb265a3261a8b54a55ef2e88a451fc381fc3dff5acb7", kill_on_drop: false }`
[INFO] running `Command { std: "docker" "exec" "-e" "SOURCE_DIR=/opt/rustwide/workdir" "-e" "CARGO_HOME=/opt/rustwide/cargo-home" "-e" "RUSTUP_HOME=/opt/rustwide/rustup-home" "-e" "CARGO_TARGET_DIR=/opt/rustwide/target" "-e" "CARGO_INCREMENTAL=0" "-e" "RUST_BACKTRACE=full" "-e" "RUSTFLAGS=--cap-lints=warn" "-e" "RUSTDOCFLAGS=--cap-lints=warn" "-w" "/opt/rustwide/workdir" "--user" "0:0" "2aa05206d85a70f29ea5bb265a3261a8b54a55ef2e88a451fc381fc3dff5acb7" "/opt/rustwide/cargo-home/bin/cargo" "+1.99.0-beta.8" "test" "--frozen" "--release", kill_on_drop: false }`
[INFO] [stderr] warning: unused import: `simple_logger::SimpleLogger`
[INFO] [stderr]  --> src/main.rs:1:5
[INFO] [stderr]   |
[INFO] [stderr] 1 | use simple_logger::SimpleLogger;
[INFO] [stderr]   |     ^^^^^^^^^^^^^^^^^^^^^^^^^^^
[INFO] [stderr]   |
[INFO] [stderr]   = note: `#[warn(unused_imports)]` (part of `#[warn(unused)]`) on by default
[INFO] [stderr] 
[INFO] [stderr] warning: unused import: `std::env`
[INFO] [stderr]   --> src/dns/dns_cache.rs:60:9
[INFO] [stderr]    |
[INFO] [stderr] 60 |     use std::env;
[INFO] [stderr]    |         ^^^^^^^^
[INFO] [stderr] 
[INFO] [stderr] warning: unused import: `Commands`
[INFO] [stderr]  --> src/dns/dns_cache.rs:4:21
[INFO] [stderr]   |
[INFO] [stderr] 4 | use redis::{Client, Commands, RedisResult};
[INFO] [stderr]   |                     ^^^^^^^^
[INFO] [stderr] 
[INFO] [stderr] warning: `vipex-firefly-browser` (bin "vipex-firefly-browser" test) generated 3 warnings (run `cargo fix --bin "vipex-firefly-browser" -p vipex-firefly-browser --tests` to apply 2 suggestions)
[INFO] [stderr]     Finished `release` profile [optimized] target(s) in 0.10s
[INFO] [stderr] warning: the following packages contain code that will be rejected by a future version of Rust: redis v0.24.0
[INFO] [stderr] note: to see what the problems were, use the option `--future-incompat-report`, or run `cargo report future-incompatibilities --id 1`
[INFO] [stderr]      Running unittests src/main.rs (/opt/rustwide/target/release/deps/vipex_firefly_browser-aa665e352dfa7327)
[INFO] [stdout] 
[INFO] [stdout] running 9 tests
[INFO] [stdout] test url::url_parser::tests::test_that_can_handle_non_hierarchical_url ... ok
[INFO] [stdout] test url::url_parser::tests::test_that_default_port_is_used_when_port_is_missing ... ok
[INFO] [stdout] test url::url_parser::tests::test_that_can_parse_valid_url ... ok
[INFO] [stdout] test url::url_parser::tests::test_that_panics_when_url_invalid ... ok
[INFO] [stdout] test url::url_parser::tests::test_that_hierarchical_urls_must_have_host ... ok
[INFO] [stdout] test url::url_parser::tests::test_that_panics_when_scheme_invalid ... ok
[INFO] [stdout] test dns::dns_cache::tests::test_dns_cache ... FAILED
[INFO] [stdout] test dns::resolver::tests::test_exception_is_thrown_invalid_host_port ... ok
[INFO] [stdout] test dns::resolver::tests::test_can_resolve_valid_host_port ... FAILED
[INFO] [stdout] 
[INFO] [stdout] failures:
[INFO] [stdout] 
[INFO] [stdout] ---- dns::dns_cache::tests::test_dns_cache stdout ----
[INFO] [stdout] 
[INFO] [stdout] thread 'dns::dns_cache::tests::test_dns_cache' (1307) panicked at src/dns/dns_cache.rs:65:37:
[INFO] [stdout] called `Result::unwrap()` on an `Err` value: EnvError(NotPresent)
[INFO] [stdout] stack backtrace:
[INFO] [stdout]    0:     0x55961dd310e1 - <<std[70759c8f55707aa4]::sys::backtrace::BacktraceLock>::print::DisplayBacktrace as core[df12db4294e9bfd3]::fmt::Display>::fmt
[INFO] [stdout]    1:     0x55961dd46efa - core[df12db4294e9bfd3]::fmt::write
[INFO] [stdout]    2:     0x55961dd35f1c - <alloc[2182bb758b4b3781]::vec::Vec<u8> as core[df12db4294e9bfd3]::io::write::Write>::write_fmt
[INFO] [stdout]    3:     0x55961dd0c476 - std[70759c8f55707aa4]::panicking::default_hook::{closure#0}
[INFO] [stdout]    4:     0x55961dd29039 - std[70759c8f55707aa4]::panicking::default_hook
[INFO] [stdout]    5:     0x55961dc73250 - test[9d35eded1c95d3be]::test_main_inner::<test[9d35eded1c95d3be]::test_main_static::{closure#0}>::{closure#0}
[INFO] [stdout]    6:     0x55961dd29362 - std[70759c8f55707aa4]::panicking::panic_with_hook
[INFO] [stdout]    7:     0x55961dd0c522 - std[70759c8f55707aa4]::panicking::panic_handler::{closure#0}
[INFO] [stdout]    8:     0x55961dd04f89 - std[70759c8f55707aa4]::sys::backtrace::__rust_end_short_backtrace::<std[70759c8f55707aa4]::panicking::panic_handler::{closure#0}, !>
[INFO] [stdout]    9:     0x55961dd0d3ad - __rustc[8fa7c3cbc660c2b3]::rust_begin_unwind
[INFO] [stdout]   10:     0x55961dd4765c - core[df12db4294e9bfd3]::panicking::panic_fmt
[INFO] [stdout]   11:     0x55961dd47432 - core[df12db4294e9bfd3]::result::unwrap_failed
[INFO] [stdout]   12:     0x55961dc4ec1e - vipex_firefly_browser[cb7c0d1d626bf0c7]::dns::dns_cache::tests::test_dns_cache::{closure#0}
[INFO] [stdout]   13:     0x55961dc5d6f8 - <tokio[dfc5478601dc3ec6]::runtime::context::scoped::Scoped<tokio[dfc5478601dc3ec6]::runtime::scheduler::Context>>::set::<<tokio[dfc5478601dc3ec6]::runtime::scheduler::current_thread::CoreGuard>::enter<<tokio[dfc5478601dc3ec6]::runtime::scheduler::current_thread::CoreGuard>::block_on<core[df12db4294e9bfd3]::pin::Pin<&mut core[df12db4294e9bfd3]::pin::Pin<&mut dyn core[df12db4294e9bfd3]::future::future::Future<Output = ()>>>>::{closure#0}, core[df12db4294e9bfd3]::option::Option<()>>::{closure#0}, (alloc[2182bb758b4b3781]::boxed::Box<tokio[dfc5478601dc3ec6]::runtime::scheduler::current_thread::Core>, core[df12db4294e9bfd3]::option::Option<()>)>
[INFO] [stdout]   14:     0x55961dc5de84 - <tokio[dfc5478601dc3ec6]::runtime::scheduler::current_thread::CurrentThread>::block_on::<core[df12db4294e9bfd3]::pin::Pin<&mut dyn core[df12db4294e9bfd3]::future::future::Future<Output = ()>>>
[INFO] [stdout]   15:     0x55961dc55062 - <tokio[dfc5478601dc3ec6]::runtime::runtime::Runtime>::block_on::<core[df12db4294e9bfd3]::pin::Pin<&mut dyn core[df12db4294e9bfd3]::future::future::Future<Output = ()>>>
[INFO] [stdout]   16:     0x55961dc4efcb - vipex_firefly_browser[cb7c0d1d626bf0c7]::dns::dns_cache::tests::test_dns_cache
[INFO] [stdout]   17:     0x55961dc5abc9 - <vipex_firefly_browser[cb7c0d1d626bf0c7]::dns::dns_cache::tests::test_dns_cache::{closure#0} as core[df12db4294e9bfd3]::ops::function::FnOnce<()>>::call_once
[INFO] [stdout]   18:     0x55961dc6653b - test[9d35eded1c95d3be]::__rust_begin_short_backtrace::<core[df12db4294e9bfd3]::result::Result<(), alloc[2182bb758b4b3781]::string::String>, fn() -> core[df12db4294e9bfd3]::result::Result<(), alloc[2182bb758b4b3781]::string::String>>
[INFO] [stdout]   19:     0x55961dc73ba5 - test[9d35eded1c95d3be]::run_test::{closure#0}
[INFO] [stdout]   20:     0x55961dc6d464 - std[70759c8f55707aa4]::sys::backtrace::__rust_begin_short_backtrace::<test[9d35eded1c95d3be]::run_test::{closure#1}, ()>
[INFO] [stdout]   21:     0x55961dc76d02 - <std[70759c8f55707aa4]::thread::lifecycle::spawn_unchecked<test[9d35eded1c95d3be]::run_test::{closure#1}, ()>::{closure#1} as core[df12db4294e9bfd3]::ops::function::FnOnce<()>>::call_once::{shim:vtable#0}
[INFO] [stdout]   22:     0x55961dd30639 - <std[70759c8f55707aa4]::sys::thread::unix::Thread>::new::thread_start
[INFO] [stdout]   23:     0x70f3caa0cdfa - <unknown>
[INFO] [stdout]   24:     0x70f3caaa03d4 - clone
[INFO] [stdout]   25:                0x0 - <unknown>
[INFO] [stdout] 
[INFO] [stdout] ---- dns::resolver::tests::test_can_resolve_valid_host_port stdout ----
[INFO] [stdout] 
[INFO] [stdout] thread 'dns::resolver::tests::test_can_resolve_valid_host_port' (1308) panicked at src/dns/resolver.rs:71:9:
[INFO] [stdout] assertion failed: result.is_ok()
[INFO] [stdout] stack backtrace:
[INFO] [stdout]    0:     0x55961dd310e1 - <<std[70759c8f55707aa4]::sys::backtrace::BacktraceLock>::print::DisplayBacktrace as core[df12db4294e9bfd3]::fmt::Display>::fmt
[INFO] [stdout]    1:     0x55961dd46efa - core[df12db4294e9bfd3]::fmt::write
[INFO] [stdout]    2:     0x55961dd35f1c - <alloc[2182bb758b4b3781]::vec::Vec<u8> as core[df12db4294e9bfd3]::io::write::Write>::write_fmt
[INFO] [stdout]    3:     0x55961dd0c476 - std[70759c8f55707aa4]::panicking::default_hook::{closure#0}
[INFO] [stdout]    4:     0x55961dd29039 - std[70759c8f55707aa4]::panicking::default_hook
[INFO] [stdout]    5:     0x55961dc73250 - test[9d35eded1c95d3be]::test_main_inner::<test[9d35eded1c95d3be]::test_main_static::{closure#0}>::{closure#0}
[INFO] [stdout]    6:     0x55961dd29362 - std[70759c8f55707aa4]::panicking::panic_with_hook
[INFO] [stdout]    7:     0x55961dd0c554 - std[70759c8f55707aa4]::panicking::panic_handler::{closure#0}
[INFO] [stdout]    8:     0x55961dd04f89 - std[70759c8f55707aa4]::sys::backtrace::__rust_end_short_backtrace::<std[70759c8f55707aa4]::panicking::panic_handler::{closure#0}, !>
[INFO] [stdout]    9:     0x55961dd0d3ad - __rustc[8fa7c3cbc660c2b3]::rust_begin_unwind
[INFO] [stdout]   10:     0x55961dd4765c - core[df12db4294e9bfd3]::panicking::panic_fmt
[INFO] [stdout]   11:     0x55961dd47622 - core[df12db4294e9bfd3]::panicking::panic
[INFO] [stdout]   12:     0x55961dc5b7b1 - vipex_firefly_browser[cb7c0d1d626bf0c7]::dns::resolver::tests::test_can_resolve_valid_host_port::{closure#0}
[INFO] [stdout]   13:     0x55961dc5d6f8 - <tokio[dfc5478601dc3ec6]::runtime::context::scoped::Scoped<tokio[dfc5478601dc3ec6]::runtime::scheduler::Context>>::set::<<tokio[dfc5478601dc3ec6]::runtime::scheduler::current_thread::CoreGuard>::enter<<tokio[dfc5478601dc3ec6]::runtime::scheduler::current_thread::CoreGuard>::block_on<core[df12db4294e9bfd3]::pin::Pin<&mut core[df12db4294e9bfd3]::pin::Pin<&mut dyn core[df12db4294e9bfd3]::future::future::Future<Output = ()>>>>::{closure#0}, core[df12db4294e9bfd3]::option::Option<()>>::{closure#0}, (alloc[2182bb758b4b3781]::boxed::Box<tokio[dfc5478601dc3ec6]::runtime::scheduler::current_thread::Core>, core[df12db4294e9bfd3]::option::Option<()>)>
[INFO] [stdout]   14:     0x55961dc5de84 - <tokio[dfc5478601dc3ec6]::runtime::scheduler::current_thread::CurrentThread>::block_on::<core[df12db4294e9bfd3]::pin::Pin<&mut dyn core[df12db4294e9bfd3]::future::future::Future<Output = ()>>>
[INFO] [stdout]   15:     0x55961dc55062 - <tokio[dfc5478601dc3ec6]::runtime::runtime::Runtime>::block_on::<core[df12db4294e9bfd3]::pin::Pin<&mut dyn core[df12db4294e9bfd3]::future::future::Future<Output = ()>>>
[INFO] [stdout]   16:     0x55961dc5bb02 - vipex_firefly_browser[cb7c0d1d626bf0c7]::dns::resolver::tests::test_can_resolve_valid_host_port
[INFO] [stdout]   17:     0x55961dc5ab89 - <vipex_firefly_browser[cb7c0d1d626bf0c7]::dns::resolver::tests::test_can_resolve_valid_host_port::{closure#0} as core[df12db4294e9bfd3]::ops::function::FnOnce<()>>::call_once
[INFO] [stdout]   18:     0x55961dc6653b - test[9d35eded1c95d3be]::__rust_begin_short_backtrace::<core[df12db4294e9bfd3]::result::Result<(), alloc[2182bb758b4b3781]::string::String>, fn() -> core[df12db4294e9bfd3]::result::Result<(), alloc[2182bb758b4b3781]::string::String>>
[INFO] [stdout]   19:     0x55961dc73ba5 - test[9d35eded1c95d3be]::run_test::{closure#0}
[INFO] [stdout]   20:     0x55961dc6d464 - std[70759c8f55707aa4]::sys::backtrace::__rust_begin_short_backtrace::<test[9d35eded1c95d3be]::run_test::{closure#1}, ()>
[INFO] [stdout]   21:     0x55961dc76d02 - <std[70759c8f55707aa4]::thread::lifecycle::spawn_unchecked<test[9d35eded1c95d3be]::run_test::{closure#1}, ()>::{closure#1} as core[df12db4294e9bfd3]::ops::function::FnOnce<()>>::call_once::{shim:vtable#0}
[INFO] [stdout]   22:     0x55961dd30639 - <std[70759c8f55707aa4]::sys::thread::unix::Thread>::new::thread_start
[INFO] [stdout]   23:     0x70f3caa0cdfa - <unknown>
[INFO] [stdout]   24:     0x70f3caaa03d4 - clone
[INFO] [stdout]   25:                0x0 - <unknown>
[INFO] [stdout] 
[INFO] [stdout] 
[INFO] [stdout] failures:
[INFO] [stdout]     dns::dns_cache::tests::test_dns_cache
[INFO] [stdout]     dns::resolver::tests::test_can_resolve_valid_host_port
[INFO] [stdout] 
[INFO] [stdout] test result: FAILED. 7 passed; 2 failed; 0 ignored; 0 measured; 0 filtered out; finished in 0.02s
[INFO] [stdout] 
[INFO] [stderr] error: test failed, to rerun pass `--bin vipex-firefly-browser`
[INFO] running `Command { std: "docker" "inspect" "2aa05206d85a70f29ea5bb265a3261a8b54a55ef2e88a451fc381fc3dff5acb7", kill_on_drop: false }`
[INFO] running `Command { std: "docker" "rm" "-f" "2aa05206d85a70f29ea5bb265a3261a8b54a55ef2e88a451fc381fc3dff5acb7", kill_on_drop: false }`
[INFO] [stdout] 2aa05206d85a70f29ea5bb265a3261a8b54a55ef2e88a451fc381fc3dff5acb7
