[INFO] cloning repository https://github.com/johannilsson/vigil
[INFO] running `Command { std: "git" "-c" "credential.helper=" "-c" "credential.helper=/workspace/cargo-home/bin/git-credential-null" "clone" "--bare" "https://github.com/johannilsson/vigil" "/workspace/cache/git-repos/https%3A%2F%2Fgithub.com%2Fjohannilsson%2Fvigil", kill_on_drop: false }`
[INFO] [stderr] Cloning into bare repository '/workspace/cache/git-repos/https%3A%2F%2Fgithub.com%2Fjohannilsson%2Fvigil'...
[INFO] running `Command { std: "git" "rev-parse" "HEAD", kill_on_drop: false }`
[INFO] [stdout] 74a34a3eb6701a957e8143ab6cb7272154539d7f
[INFO] testing johannilsson/vigil against 1.100.0-beta.1+cargoflags=--release for beta-release-1.100-3
[INFO] running `Command { std: "git" "clone" "/workspace/cache/git-repos/https%3A%2F%2Fgithub.com%2Fjohannilsson%2Fvigil" "/workspace/builds/worker-6-tc2/source", kill_on_drop: false }`
[INFO] [stderr] Cloning into '/workspace/builds/worker-6-tc2/source'...
[INFO] [stderr] done.
[INFO] started tweaking git repo https://github.com/johannilsson/vigil
[INFO] finished tweaking git repo https://github.com/johannilsson/vigil
[INFO] tweaked toml for git repo https://github.com/johannilsson/vigil written to /workspace/builds/worker-6-tc2/source/Cargo.toml
[INFO] validating manifest of git repo https://github.com/johannilsson/vigil on toolchain 1.100.0-beta.1
[INFO] running `Command { std: CARGO_HOME="/workspace/cargo-home" RUSTUP_HOME="/workspace/rustup-home" "/workspace/cargo-home/bin/cargo" "+1.100.0-beta.1" "metadata" "--manifest-path" "Cargo.toml" "--no-deps", kill_on_drop: false }`
[INFO] crate git repo https://github.com/johannilsson/vigil already has a lockfile, it will not be regenerated
[INFO] running `Command { std: CARGO_HOME="/workspace/cargo-home" RUSTUP_HOME="/workspace/rustup-home" "/workspace/cargo-home/bin/cargo" "+1.100.0-beta.1" "fetch" "--manifest-path" "Cargo.toml", kill_on_drop: false }`
[INFO] [stderr]     Blocking waiting for file lock on package cache
[INFO] running `Command { std: "docker" "create" "-v" "/var/lib/crater-agent-workspace/builds/worker-6-tc2/source:/opt/rustwide/workdir:ro,Z" "-v" "/var/lib/crater-agent-workspace/builds/worker-6-tc2/target:/opt/rustwide/target:rw,Z" "-v" "/var/lib/crater-agent-workspace/cargo-home:/opt/rustwide/cargo-home:ro,Z" "-v" "/var/lib/crater-agent-workspace/rustup-home:/opt/rustwide/rustup-home:ro,Z" "-m" "1610612736" "--network" "none" "ghcr.io/rust-lang/crates-build-env/linux@sha256:77db811e55d90add9212f6832c23229e3de5f1c1f9905e8cb07319ea15df73ac" "sleep" "infinity", kill_on_drop: false }`
[INFO] [stdout] 6851ac171fbfec7267d8652ec6dd0d143f23d29512160b7dd168d7f8bc8fd924
[INFO] running `Command { std: "docker" "start" "6851ac171fbfec7267d8652ec6dd0d143f23d29512160b7dd168d7f8bc8fd924", kill_on_drop: false }`
[INFO] running `Command { std: "docker" "inspect" "6851ac171fbfec7267d8652ec6dd0d143f23d29512160b7dd168d7f8bc8fd924", kill_on_drop: false }`
[INFO] running `Command { std: "docker" "exec" "-e" "SOURCE_DIR=/opt/rustwide/workdir" "-e" "CARGO_HOME=/opt/rustwide/cargo-home" "-e" "RUSTUP_HOME=/opt/rustwide/rustup-home" "-e" "CARGO_TARGET_DIR=/opt/rustwide/target" "-w" "/opt/rustwide/workdir" "--user" "0:0" "6851ac171fbfec7267d8652ec6dd0d143f23d29512160b7dd168d7f8bc8fd924" "/opt/rustwide/cargo-home/bin/cargo" "+1.100.0-beta.1" "metadata" "--no-deps" "--format-version=1", kill_on_drop: false }`
[INFO] running `Command { std: "docker" "inspect" "6851ac171fbfec7267d8652ec6dd0d143f23d29512160b7dd168d7f8bc8fd924", kill_on_drop: false }`
[INFO] running `Command { std: "docker" "exec" "-e" "SOURCE_DIR=/opt/rustwide/workdir" "-e" "CARGO_HOME=/opt/rustwide/cargo-home" "-e" "RUSTUP_HOME=/opt/rustwide/rustup-home" "-e" "CARGO_TARGET_DIR=/opt/rustwide/target" "-e" "CARGO_INCREMENTAL=0" "-e" "RUST_BACKTRACE=full" "-e" "RUSTFLAGS=--cap-lints=warn" "-e" "RUSTDOCFLAGS=--cap-lints=warn" "-w" "/opt/rustwide/workdir" "--user" "0:0" "6851ac171fbfec7267d8652ec6dd0d143f23d29512160b7dd168d7f8bc8fd924" "/opt/rustwide/cargo-home/bin/cargo" "+1.100.0-beta.1" "build" "--frozen" "--message-format=json" "--release", kill_on_drop: false }`
[INFO] [stderr]    Compiling libc v0.2.190
[INFO] [stderr]    Compiling proc-macro2 v1.0.106
[INFO] [stderr]    Compiling unicode-ident v1.0.24
[INFO] [stderr]    Compiling quote v1.0.45
[INFO] [stderr]    Compiling signal-hook v0.3.18
[INFO] [stderr]    Compiling parking_lot_core v0.9.12
[INFO] [stderr]    Compiling unicode-segmentation v1.13.2
[INFO] [stderr]    Compiling log v0.4.29
[INFO] [stderr]    Compiling scopeguard v1.2.0
[INFO] [stderr]    Compiling smallvec v1.15.1
[INFO] [stderr]    Compiling rustix v1.1.4
[INFO] [stderr]    Compiling cfg-if v1.0.4
[INFO] [stderr]    Compiling linux-raw-sys v0.12.1
[INFO] [stderr]    Compiling litrs v1.0.0
[INFO] [stderr]    Compiling bitflags v2.11.1
[INFO] [stderr]    Compiling lock_api v0.4.14
[INFO] [stderr]    Compiling document-features v0.2.12
[INFO] [stderr]    Compiling convert_case v0.10.0
[INFO] [stderr]    Compiling syn v2.0.117
[INFO] [stderr]    Compiling errno v0.3.14
[INFO] [stderr]    Compiling mio v1.2.0
[INFO] [stderr]    Compiling signal-hook-registry v1.4.8
[INFO] [stderr]    Compiling parking_lot v0.12.5
[INFO] [stderr]    Compiling signal-hook-mio v0.2.5
[INFO] [stderr]    Compiling derive_more-impl v2.1.1
[INFO] [stderr]    Compiling derive_more v2.1.1
[INFO] [stderr]    Compiling crossterm v0.29.0
[INFO] [stderr]    Compiling vigil v0.1.0 (/opt/rustwide/workdir)
[INFO] [stderr]     Finished `release` profile [optimized] target(s) in 11.66s
[INFO] running `Command { std: "docker" "inspect" "6851ac171fbfec7267d8652ec6dd0d143f23d29512160b7dd168d7f8bc8fd924", kill_on_drop: false }`
[INFO] running `Command { std: "docker" "exec" "-e" "SOURCE_DIR=/opt/rustwide/workdir" "-e" "CARGO_HOME=/opt/rustwide/cargo-home" "-e" "RUSTUP_HOME=/opt/rustwide/rustup-home" "-e" "CARGO_TARGET_DIR=/opt/rustwide/target" "-e" "CARGO_INCREMENTAL=0" "-e" "RUST_BACKTRACE=full" "-e" "RUSTFLAGS=--cap-lints=warn" "-e" "RUSTDOCFLAGS=--cap-lints=warn" "-w" "/opt/rustwide/workdir" "--user" "0:0" "6851ac171fbfec7267d8652ec6dd0d143f23d29512160b7dd168d7f8bc8fd924" "/opt/rustwide/cargo-home/bin/cargo" "+1.100.0-beta.1" "test" "--frozen" "--no-run" "--message-format=json" "--release", kill_on_drop: false }`
[INFO] [stderr]    Compiling vigil v0.1.0 (/opt/rustwide/workdir)
[INFO] [stderr]     Finished `release` profile [optimized] target(s) in 1.14s
[INFO] running `Command { std: "docker" "inspect" "6851ac171fbfec7267d8652ec6dd0d143f23d29512160b7dd168d7f8bc8fd924", kill_on_drop: false }`
[INFO] running `Command { std: "docker" "exec" "-e" "SOURCE_DIR=/opt/rustwide/workdir" "-e" "CARGO_HOME=/opt/rustwide/cargo-home" "-e" "RUSTUP_HOME=/opt/rustwide/rustup-home" "-e" "CARGO_TARGET_DIR=/opt/rustwide/target" "-e" "CARGO_INCREMENTAL=0" "-e" "RUST_BACKTRACE=full" "-e" "RUSTFLAGS=--cap-lints=warn" "-e" "RUSTDOCFLAGS=--cap-lints=warn" "-w" "/opt/rustwide/workdir" "--user" "0:0" "6851ac171fbfec7267d8652ec6dd0d143f23d29512160b7dd168d7f8bc8fd924" "/opt/rustwide/cargo-home/bin/cargo" "+1.100.0-beta.1" "test" "--frozen" "--release", kill_on_drop: false }`
[INFO] [stderr]     Finished `release` profile [optimized] target(s) in 0.10s
[INFO] [stdout] 
[INFO] [stderr]      Running unittests src/main.rs (/opt/rustwide/target/release/build/vigil/ac987d4caf67d57f/out/vigil-ac987d4caf67d57f)
[INFO] [stdout] running 21 tests
[INFO] [stdout] test parser::tests::marker_done_only_x ... ok
[INFO] [stdout] test parser::tests::empty_file ... ok
[INFO] [stdout] test parser::tests::parse_title ... ok
[INFO] [stdout] test parser::tests::phase_grouping ... ok
[INFO] [stdout] test parser::tests::parse_directory_sorted ... ok
[INFO] [stdout] test parser::tests::parse_progress_counted ... ok
[INFO] [stdout] test parser::tests::parse_progress_header ... ok
[INFO] [stdout] test parser::tests::parse_title_fallback ... ok
[INFO] [stdout] test parser::tests::unknown_marker_uppercase ... ok
[INFO] [stdout] test term::tests::progress_bar_full ... ok
[INFO] [stdout] test parser::tests::subtask_all_markers ... ok
[INFO] [stdout] test parser::tests::step_no_bold ... ok
[INFO] [stdout] test parser::tests::subtask_attached_to_parent ... ok
[INFO] [stdout] test term::tests::progress_bar_half ... ok
[INFO] [stdout] test term::tests::progress_bar_zero_total ... ok
[INFO] [stdout] test term::tests::progress_bar_zero ... ok
[INFO] [stdout] test parser::tests::subtask_not_counted ... ok
[INFO] [stdout] test parser::tests::subtask_multiple_steps ... ok
[INFO] [stdout] test parser::tests::subtask_orphan_ignored ... ok
[INFO] [stdout] test parser::tests::step_bold_name ... ok
[INFO] [stderr]      Running tests/cli.rs (/opt/rustwide/target/release/build/vigil/59efd88881dfec00/out/cli-59efd88881dfec00)
[INFO] [stdout] test parser::tests::step_multiple_dashes ... ok
[INFO] [stdout] 
[INFO] [stdout] test result: ok. 21 passed; 0 failed; 0 ignored; 0 measured; 0 filtered out; finished in 0.01s
[INFO] [stdout] 
[INFO] [stdout] 
[INFO] [stdout] running 3 tests
[INFO] [stdout] test empty_directory_exits_cleanly ... FAILED
[INFO] [stdout] test missing_path_exits_nonzero ... FAILED
[INFO] [stdout] test direct_file_starts_and_terminates ... FAILED
[INFO] [stdout] 
[INFO] [stdout] failures:
[INFO] [stdout] 
[INFO] [stdout] ---- empty_directory_exits_cleanly stdout ----
[INFO] [stdout] 
[INFO] [stdout] thread 'empty_directory_exits_cleanly' (747) panicked at tests/cli.rs:39:10:
[INFO] [stdout] failed to run vigil: Os { code: 2, kind: NotFound, message: "No such file or directory" }
[INFO] [stdout] stack backtrace:
[INFO] [stdout]    0:     0x654fff0b6681 - <unknown>
[INFO] [stdout]    1:     0x654fff0ca8ea - <unknown>
[INFO] [stdout]    2:     0x654fff0bab6c - <unknown>
[INFO] [stdout]    3:     0x654fff090ef6 - <unknown>
[INFO] [stdout]    4:     0x654fff0ae0a9 - <unknown>
[INFO] [stdout]    5:     0x654fff049540 - <unknown>
[INFO] [stdout]    6:     0x654fff0ae262 - <unknown>
[INFO] [stdout]    7:     0x654fff090fa2 - <unknown>
[INFO] [stdout]    8:     0x654fff089af9 - <unknown>
[INFO] [stdout]    9:     0x654fff091bad - <unknown>
[INFO] [stdout]   10:     0x654fff0cb01c - <unknown>
[INFO] [stdout]   11:     0x654fff0cadf2 - <unknown>
[INFO] [stdout]   12:     0x654fff03baa6 - <unknown>
[INFO] [stdout]   13:     0x654fff03c338 - <unknown>
[INFO] [stdout]   14:     0x654fff03c98b - <unknown>
[INFO] [stdout]   15:     0x654fff049b65 - <unknown>
[INFO] [stdout]   16:     0x654fff043454 - <unknown>
[INFO] [stdout]   17:     0x654fff04cbf2 - <unknown>
[INFO] [stdout]   18:     0x654fff0b5cff - <unknown>
[INFO] [stdout]   19:     0x7d171b747dfa - <unknown>
[INFO] [stdout]   20:     0x7d171b7db3d4 - clone
[INFO] [stdout]   21:                0x0 - <unknown>
[INFO] [stderr] error: test failed, to rerun pass `--test cli`
[INFO] [stdout] 
[INFO] [stdout] ---- missing_path_exits_nonzero stdout ----
[INFO] [stdout] 
[INFO] [stdout] thread 'missing_path_exits_nonzero' (748) panicked at tests/cli.rs:19:10:
[INFO] [stdout] failed to run vigil: Os { code: 2, kind: NotFound, message: "No such file or directory" }
[INFO] [stdout] stack backtrace:
[INFO] [stdout]    0:     0x654fff0b6681 - <unknown>
[INFO] [stdout]    1:     0x654fff0ca8ea - <unknown>
[INFO] [stdout]    2:     0x654fff0bab6c - <unknown>
[INFO] [stdout]    3:     0x654fff090ef6 - <unknown>
[INFO] [stdout]    4:     0x654fff0ae0a9 - <unknown>
[INFO] [stdout]    5:     0x654fff049540 - <unknown>
[INFO] [stdout]    6:     0x654fff0ae262 - <unknown>
[INFO] [stdout]    7:     0x654fff090fa2 - <unknown>
[INFO] [stdout]    8:     0x654fff089af9 - <unknown>
[INFO] [stdout]    9:     0x654fff091bad - <unknown>
[INFO] [stdout]   10:     0x654fff0cb01c - <unknown>
[INFO] [stdout]   11:     0x654fff0cadf2 - <unknown>
[INFO] [stdout]   12:     0x654fff03baa6 - <unknown>
[INFO] [stdout]   13:     0x654fff03bd19 - <unknown>
[INFO] [stdout]   14:     0x654fff03c98b - <unknown>
[INFO] [stdout]   15:     0x654fff049b65 - <unknown>
[INFO] [stdout]   16:     0x654fff043454 - <unknown>
[INFO] [stdout]   17:     0x654fff04cbf2 - <unknown>
[INFO] [stdout]   18:     0x654fff0b5cff - <unknown>
[INFO] [stdout]   19:     0x7d171b747dfa - <unknown>
[INFO] [stdout]   20:     0x7d171b7db3d4 - clone
[INFO] [stdout]   21:                0x0 - <unknown>
[INFO] [stdout] 
[INFO] [stdout] ---- direct_file_starts_and_terminates stdout ----
[INFO] [stdout] 
[INFO] [stdout] thread 'direct_file_starts_and_terminates' (746) panicked at tests/cli.rs:69:10:
[INFO] [stdout] failed to spawn vigil: Os { code: 2, kind: NotFound, message: "No such file or directory" }
[INFO] [stdout] stack backtrace:
[INFO] [stdout]    0:     0x654fff0b6681 - <unknown>
[INFO] [stdout]    1:     0x654fff0ca8ea - <unknown>
[INFO] [stdout]    2:     0x654fff0bab6c - <unknown>
[INFO] [stdout]    3:     0x654fff090ef6 - <unknown>
[INFO] [stdout]    4:     0x654fff0ae0a9 - <unknown>
[INFO] [stdout]    5:     0x654fff049540 - <unknown>
[INFO] [stdout]    6:     0x654fff0ae262 - <unknown>
[INFO] [stdout]    7:     0x654fff090fa2 - <unknown>
[INFO] [stdout]    8:     0x654fff089af9 - <unknown>
[INFO] [stdout]    9:     0x654fff091bad - <unknown>
[INFO] [stdout]   10:     0x654fff0cb01c - <unknown>
[INFO] [stdout]   11:     0x654fff0cadf2 - <unknown>
[INFO] [stdout]   12:     0x654fff03c80d - <unknown>
[INFO] [stdout]   13:     0x654fff03c98b - <unknown>
[INFO] [stdout]   14:     0x654fff049b65 - <unknown>
[INFO] [stdout]   15:     0x654fff043454 - <unknown>
[INFO] [stdout]   16:     0x654fff04cbf2 - <unknown>
[INFO] [stdout]   17:     0x654fff0b5cff - <unknown>
[INFO] [stdout]   18:     0x7d171b747dfa - <unknown>
[INFO] [stdout]   19:     0x7d171b7db3d4 - clone
[INFO] [stdout]   20:                0x0 - <unknown>
[INFO] [stdout] 
[INFO] [stdout] 
[INFO] [stdout] failures:
[INFO] [stdout]     direct_file_starts_and_terminates
[INFO] [stdout]     empty_directory_exits_cleanly
[INFO] [stdout]     missing_path_exits_nonzero
[INFO] [stdout] 
[INFO] [stdout] test result: FAILED. 0 passed; 3 failed; 0 ignored; 0 measured; 0 filtered out; finished in 0.01s
[INFO] [stdout] 
[INFO] running `Command { std: "docker" "inspect" "6851ac171fbfec7267d8652ec6dd0d143f23d29512160b7dd168d7f8bc8fd924", kill_on_drop: false }`
[INFO] running `Command { std: "docker" "rm" "-f" "6851ac171fbfec7267d8652ec6dd0d143f23d29512160b7dd168d7f8bc8fd924", kill_on_drop: false }`
[INFO] [stdout] 6851ac171fbfec7267d8652ec6dd0d143f23d29512160b7dd168d7f8bc8fd924
