[INFO] cloning repository https://github.com/jaapieaapie1/queuey
[INFO] running `Command { std: "git" "-c" "credential.helper=" "-c" "credential.helper=/workspace/cargo-home/bin/git-credential-null" "clone" "--bare" "https://github.com/jaapieaapie1/queuey" "/workspace/cache/git-repos/https%3A%2F%2Fgithub.com%2Fjaapieaapie1%2Fqueuey", kill_on_drop: false }`
[INFO] [stderr] Cloning into bare repository '/workspace/cache/git-repos/https%3A%2F%2Fgithub.com%2Fjaapieaapie1%2Fqueuey'...
[INFO] running `Command { std: "git" "rev-parse" "HEAD", kill_on_drop: false }`
[INFO] [stdout] 089e0cfa29cb1c7c7c1e16de71a34b6f2f6fffd4
[INFO] testing jaapieaapie1/queuey against 1.100.0-beta.1+cargoflags=--release for beta-release-1.100-3
[INFO] running `Command { std: "git" "clone" "/workspace/cache/git-repos/https%3A%2F%2Fgithub.com%2Fjaapieaapie1%2Fqueuey" "/workspace/builds/worker-5-tc2/source", kill_on_drop: false }`
[INFO] [stderr] Cloning into '/workspace/builds/worker-5-tc2/source'...
[INFO] [stderr] done.
[INFO] removed /workspace/builds/worker-5-tc2/source/rust-toolchain.toml
[INFO] started tweaking git repo https://github.com/jaapieaapie1/queuey
[INFO] finished tweaking git repo https://github.com/jaapieaapie1/queuey
[INFO] tweaked toml for git repo https://github.com/jaapieaapie1/queuey written to /workspace/builds/worker-5-tc2/source/Cargo.toml
[INFO] validating manifest of git repo https://github.com/jaapieaapie1/queuey on toolchain 1.100.0-beta.1
[INFO] running `Command { std: CARGO_HOME="/workspace/cargo-home" RUSTUP_HOME="/workspace/rustup-home" "/workspace/cargo-home/bin/cargo" "+1.100.0-beta.1" "metadata" "--manifest-path" "Cargo.toml" "--no-deps", kill_on_drop: false }`
[INFO] crate git repo https://github.com/jaapieaapie1/queuey already has a lockfile, it will not be regenerated
[INFO] running `Command { std: CARGO_HOME="/workspace/cargo-home" RUSTUP_HOME="/workspace/rustup-home" "/workspace/cargo-home/bin/cargo" "+1.100.0-beta.1" "fetch" "--manifest-path" "Cargo.toml", kill_on_drop: false }`
[INFO] running `Command { std: "docker" "create" "-v" "/var/lib/crater-agent-workspace/builds/worker-5-tc2/source:/opt/rustwide/workdir:ro,Z" "-v" "/var/lib/crater-agent-workspace/builds/worker-5-tc2/target:/opt/rustwide/target:rw,Z" "-v" "/var/lib/crater-agent-workspace/cargo-home:/opt/rustwide/cargo-home:ro,Z" "-v" "/var/lib/crater-agent-workspace/rustup-home:/opt/rustwide/rustup-home:ro,Z" "-m" "1610612736" "--network" "none" "ghcr.io/rust-lang/crates-build-env/linux@sha256:77db811e55d90add9212f6832c23229e3de5f1c1f9905e8cb07319ea15df73ac" "sleep" "infinity", kill_on_drop: false }`
[INFO] [stdout] d8198e8b04cc6813bc0a4cea6dc371f41a1e5868843979c247616ff33b6c93ee
[INFO] running `Command { std: "docker" "start" "d8198e8b04cc6813bc0a4cea6dc371f41a1e5868843979c247616ff33b6c93ee", kill_on_drop: false }`
[INFO] running `Command { std: "docker" "inspect" "d8198e8b04cc6813bc0a4cea6dc371f41a1e5868843979c247616ff33b6c93ee", kill_on_drop: false }`
[INFO] running `Command { std: "docker" "exec" "-e" "SOURCE_DIR=/opt/rustwide/workdir" "-e" "CARGO_HOME=/opt/rustwide/cargo-home" "-e" "RUSTUP_HOME=/opt/rustwide/rustup-home" "-e" "CARGO_TARGET_DIR=/opt/rustwide/target" "-w" "/opt/rustwide/workdir" "--user" "0:0" "d8198e8b04cc6813bc0a4cea6dc371f41a1e5868843979c247616ff33b6c93ee" "/opt/rustwide/cargo-home/bin/cargo" "+1.100.0-beta.1" "metadata" "--no-deps" "--format-version=1", kill_on_drop: false }`
[INFO] running `Command { std: "docker" "inspect" "d8198e8b04cc6813bc0a4cea6dc371f41a1e5868843979c247616ff33b6c93ee", kill_on_drop: false }`
[INFO] running `Command { std: "docker" "exec" "-e" "SOURCE_DIR=/opt/rustwide/workdir" "-e" "CARGO_HOME=/opt/rustwide/cargo-home" "-e" "RUSTUP_HOME=/opt/rustwide/rustup-home" "-e" "CARGO_TARGET_DIR=/opt/rustwide/target" "-e" "CARGO_INCREMENTAL=0" "-e" "RUST_BACKTRACE=full" "-e" "RUSTFLAGS=--cap-lints=warn" "-e" "RUSTDOCFLAGS=--cap-lints=warn" "-w" "/opt/rustwide/workdir" "--user" "0:0" "d8198e8b04cc6813bc0a4cea6dc371f41a1e5868843979c247616ff33b6c93ee" "/opt/rustwide/cargo-home/bin/cargo" "+1.100.0-beta.1" "build" "--frozen" "--message-format=json" "--release", kill_on_drop: false }`
[INFO] [stderr]    Compiling proc-macro2 v1.0.107
[INFO] [stderr]    Compiling quote v1.0.47
[INFO] [stderr]    Compiling unicode-ident v1.0.24
[INFO] [stderr]    Compiling libc v0.2.189
[INFO] [stderr]    Compiling version_check v0.9.5
[INFO] [stderr]    Compiling typenum v1.20.1
[INFO] [stderr]    Compiling zeroize v1.9.0
[INFO] [stderr]    Compiling memchr v2.8.3
[INFO] [stderr]    Compiling subtle v2.6.1
[INFO] [stderr]    Compiling find-msvc-tools v0.1.12
[INFO] [stderr]    Compiling shlex v2.0.1
[INFO] [stderr]    Compiling pkg-config v0.3.34
[INFO] [stderr]    Compiling fs_extra v1.3.0
[INFO] [stderr]    Compiling dunce v1.0.5
[INFO] [stderr]    Compiling pin-project-lite v0.2.17
[INFO] [stderr]    Compiling autocfg v1.5.1
[INFO] [stderr]    Compiling futures-core v0.3.34
[INFO] [stderr]    Compiling once_cell v1.21.4
[INFO] [stderr]    Compiling futures-io v0.3.34
[INFO] [stderr]    Compiling thiserror v2.0.20
[INFO] [stderr]    Compiling aws-lc-rs v1.18.1
[INFO] [stderr]    Compiling base64ct v1.8.3
[INFO] [stderr]    Compiling const-oid v0.9.6
[INFO] [stderr]    Compiling flagset v0.4.7
[INFO] [stderr]    Compiling time-core v0.1.9
[INFO] [stderr]    Compiling litemap v0.8.3
[INFO] [stderr]    Compiling generic-array v0.14.7
[INFO] [stderr]    Compiling num-conv v0.2.2
[INFO] [stderr]    Compiling serde_core v1.0.229
[INFO] [stderr]    Compiling writeable v0.6.4
[INFO] [stderr]    Compiling minimal-lexical v0.2.1
[INFO] [stderr]    Compiling num-traits v0.2.19
[INFO] [stderr]    Compiling pem-rfc7468 v0.7.0
[INFO] [stderr]    Compiling rustls-pki-types v1.15.1
[INFO] [stderr]    Compiling time-macros v0.2.32
[INFO] [stderr]    Compiling icu_normalizer_data v2.3.0
[INFO] [stderr]    Compiling powerfmt v0.2.0
[INFO] [stderr]    Compiling deranged v0.5.8
[INFO] [stderr]    Compiling icu_properties_data v2.3.0
[INFO] [stderr]    Compiling nom v7.1.3
[INFO] [stderr]    Compiling rand_core v0.10.1
[INFO] [stderr]    Compiling cpufeatures v0.2.17
[INFO] [stderr]    Compiling getrandom v0.4.3
[INFO] [stderr]    Compiling syn v3.0.5
[INFO] [stderr]    Compiling syn v2.0.119
[INFO] [stderr]    Compiling rustls v0.23.44
[INFO] [stderr]    Compiling untrusted v0.9.0
[INFO] [stderr]    Compiling zmij v1.0.23
[INFO] [stderr]    Compiling serde v1.0.229
[INFO] [stderr]    Compiling mio v1.2.3
[INFO] [stderr]    Compiling socket2 v0.6.5
[INFO] [stderr]    Compiling jobserver v0.1.35
[INFO] [stderr]    Compiling smallvec v1.16.0
[INFO] [stderr]    Compiling oid-registry v0.8.1
[INFO] [stderr]    Compiling crypto-common v0.1.7
[INFO] [stderr]    Compiling block-padding v0.3.3
[INFO] [stderr]    Compiling block-buffer v0.10.4
[INFO] [stderr]    Compiling cpufeatures v0.3.1
[INFO] [stderr]    Compiling cc v1.4.5
[INFO] [stderr]    Compiling inout v0.1.4
[INFO] [stderr]    Compiling digest v0.10.7
[INFO] [stderr]    Compiling num-integer v0.1.47
[INFO] [stderr]    Compiling serde_json v1.0.151
[INFO] [stderr]    Compiling cipher v0.4.4
[INFO] [stderr]    Compiling chacha20 v0.10.2
[INFO] [stderr]    Compiling hmac v0.12.1
[INFO] [stderr]    Compiling sha2 v0.10.9
[INFO] [stderr]    Compiling openssl-probe v0.2.1
[INFO] [stderr]    Compiling itoa v1.0.18
[INFO] [stderr]    Compiling pbkdf2 v0.12.2
[INFO] [stderr]    Compiling time v0.3.55
[INFO] [stderr]    Compiling salsa20 v0.10.2
[INFO] [stderr]    Compiling num-bigint v0.4.8
[INFO] [stderr]    Compiling futures-sink v0.3.34
[INFO] [stderr]    Compiling rand v0.10.2
[INFO] [stderr]    Compiling cbc v0.1.2
[INFO] [stderr]    Compiling aes v0.8.4
[INFO] [stderr]    Compiling rustls-native-certs v0.8.4
[INFO] [stderr]    Compiling data-encoding v2.11.1
[INFO] [stderr]    Compiling log v0.4.34
[INFO] [stderr]    Compiling lazy_static v1.5.0
[INFO] [stderr]    Compiling scrypt v0.11.0
[INFO] [stderr]    Compiling rc2 v0.8.1
[INFO] [stderr]    Compiling des v0.8.1
[INFO] [stderr]    Compiling sha1 v0.10.7
[INFO] [stderr]    Compiling cmake v0.1.58
[INFO] [stderr]    Compiling nom v8.0.0
[INFO] [stderr]    Compiling tracing-core v0.1.36
[INFO] [stderr]    Compiling hex v0.4.3
[INFO] [stderr]    Compiling base64 v0.22.1
[INFO] [stderr]    Compiling cookie-factory v0.3.3
[INFO] [stderr]    Compiling futures-channel v0.3.34
[INFO] [stderr]    Compiling rusticata-macros v4.1.0
[INFO] [stderr]    Compiling winnow v1.0.4
[INFO] [stderr]    Compiling hashbrown v0.17.1
[INFO] [stderr]    Compiling aws-lc-sys v0.45.0
[INFO] [stderr]    Compiling scopeguard v1.2.0
[INFO] [stderr]    Compiling futures-task v0.3.34
[INFO] [stderr]    Compiling slab v0.4.12
[INFO] [stderr]    Compiling equivalent v1.0.2
[INFO] [stderr]    Compiling lock_api v0.4.14
[INFO] [stderr]    Compiling amq-protocol v10.6.3
[INFO] [stderr]    Compiling toml_datetime v1.1.1+spec-1.1.0
[INFO] [stderr]    Compiling lapin v4.11.0
[INFO] [stderr]    Compiling spin v0.9.9
[INFO] [stderr]    Compiling parking v2.2.1
[INFO] [stderr]    Compiling fastrand v2.5.0
[INFO] [stderr]    Compiling event-listener v5.4.2
[INFO] [stderr]    Compiling flume v0.12.0
[INFO] [stderr]    Compiling indexmap v2.14.2
[INFO] [stderr]    Compiling backon v1.6.0
[INFO] [stderr]    Compiling uuid v1.26.1
[INFO] [stderr]    Compiling toml_parser v1.1.3+spec-1.1.0
[INFO] [stderr]    Compiling synstructure v0.13.2
[INFO] [stderr]    Compiling toml_edit v0.25.15+spec-1.1.0
[INFO] [stderr]    Compiling der_derive v0.7.3
[INFO] [stderr]    Compiling asn1-rs-impl v0.2.0
[INFO] [stderr]    Compiling tracing-attributes v0.1.31
[INFO] [stderr]    Compiling zerofrom-derive v0.1.7
[INFO] [stderr]    Compiling yoke-derive v0.8.2
[INFO] [stderr]    Compiling asn1-rs-derive v0.6.0
[INFO] [stderr]    Compiling proc-macro-crate v3.5.0
[INFO] [stderr]    Compiling der v0.7.10
[INFO] [stderr]    Compiling zerofrom v0.1.8
[INFO] [stderr]    Compiling displaydoc v0.2.7
[INFO] [stderr]    Compiling zerovec-derive v0.11.6
[INFO] [stderr]    Compiling thiserror-impl v2.0.20
[INFO] [stderr]    Compiling yoke v0.8.3
[INFO] [stderr]    Compiling tokio-macros v2.7.2
[INFO] [stderr]    Compiling serde_derive v1.0.229
[INFO] [stderr]    Compiling async-trait v0.1.92
[INFO] [stderr]    Compiling tracing v0.1.44
[INFO] [stderr]    Compiling futures-macro v0.3.34
[INFO] [stderr]    Compiling queuey-macros v1.1.0 (/opt/rustwide/workdir/crates/macros)
[INFO] [stderr]    Compiling zerotrie v0.2.5
[INFO] [stderr]    Compiling tokio v1.53.1
[INFO] [stderr]    Compiling zerovec v0.11.8
[INFO] [stderr]    Compiling futures-util v0.3.34
[INFO] [stderr]    Compiling spki v0.7.3
[INFO] [stderr]    Compiling asn1-rs v0.7.2
[INFO] [stderr]    Compiling x509-cert v0.2.5
[INFO] [stderr]    Compiling pkcs5 v0.7.1
[INFO] [stderr]    Compiling tinystr v0.8.4
[INFO] [stderr]    Compiling icu_locale_core v2.3.0
[INFO] [stderr]    Compiling potential_utf v0.1.6
[INFO] [stderr]    Compiling icu_collections v2.3.0
[INFO] [stderr]    Compiling der-parser v10.0.0
[INFO] [stderr]    Compiling cms v0.2.3
[INFO] [stderr]    Compiling icu_provider v2.3.1
[INFO] [stderr]    Compiling x509-parser v0.18.1
[INFO] [stderr]    Compiling amq-protocol-types v10.6.3
[INFO] [stderr]    Compiling icu_properties v2.3.0
[INFO] [stderr]    Compiling icu_normalizer v2.3.0
[INFO] [stderr]    Compiling pkcs12 v0.1.0
[INFO] [stderr]    Compiling tokio-stream v0.1.19
[INFO] [stderr]    Compiling async-compat v0.2.6
[INFO] [stderr]    Compiling futures-executor v0.3.34
[INFO] [stderr]    Compiling futures v0.3.34
[INFO] [stderr]    Compiling p12-keystore v0.2.1
[INFO] [stderr]    Compiling async-rs v0.8.12
[INFO] [stderr]    Compiling queuey-core v1.1.0 (/opt/rustwide/workdir/crates/core)
[INFO] [stderr]    Compiling idna_adapter v1.2.2
[INFO] [stderr]    Compiling idna v1.1.0
[INFO] [stderr]    Compiling url v2.5.8
[INFO] [stderr]    Compiling amq-protocol-uri v10.6.3
[INFO] [stderr]    Compiling rustls-webpki v0.103.15
[INFO] [stderr]    Compiling futures-rustls v0.26.0
[INFO] [stderr]    Compiling rustls-platform-verifier v0.7.0
[INFO] [stderr]    Compiling rustls-connector v0.23.8
[INFO] [stderr]    Compiling tcp-stream v0.34.14
[INFO] [stderr]    Compiling amq-protocol-tcp v10.6.3
[INFO] [stderr]    Compiling queuey-rabbitmq v1.1.0 (/opt/rustwide/workdir/crates/rabbitmq)
[INFO] [stderr]    Compiling queuey v1.1.0 (/opt/rustwide/workdir/crates/queuey)
[INFO] [stderr] warning: unused dependency `tokio-stream`
[INFO] [stderr]   --> crates/core/Cargo.toml:21:1
[INFO] [stderr]    |
[INFO] [stderr] 21 | tokio-stream.workspace = true
[INFO] [stderr]    | ^^^^^^^^^^^^
[INFO] [stderr]    |
[INFO] [stderr]    = note: `cargo::unused_dependencies` is set to `warn` by default
[INFO] [stderr] help: consider removing the dependency on `tokio-stream`
[INFO] [stderr] warning: `queuey-core` (manifest) generated 1 warning
[INFO] [stderr]     Finished `release` profile [optimized] target(s) in 44.58s
[INFO] running `Command { std: "docker" "inspect" "d8198e8b04cc6813bc0a4cea6dc371f41a1e5868843979c247616ff33b6c93ee", kill_on_drop: false }`
[INFO] running `Command { std: "docker" "exec" "-e" "SOURCE_DIR=/opt/rustwide/workdir" "-e" "CARGO_HOME=/opt/rustwide/cargo-home" "-e" "RUSTUP_HOME=/opt/rustwide/rustup-home" "-e" "CARGO_TARGET_DIR=/opt/rustwide/target" "-e" "CARGO_INCREMENTAL=0" "-e" "RUST_BACKTRACE=full" "-e" "RUSTFLAGS=--cap-lints=warn" "-e" "RUSTDOCFLAGS=--cap-lints=warn" "-w" "/opt/rustwide/workdir" "--user" "0:0" "d8198e8b04cc6813bc0a4cea6dc371f41a1e5868843979c247616ff33b6c93ee" "/opt/rustwide/cargo-home/bin/cargo" "+1.100.0-beta.1" "test" "--frozen" "--no-run" "--message-format=json" "--release", kill_on_drop: false }`
[INFO] [stderr]    Compiling serde_core v1.0.229
[INFO] [stderr]    Compiling bytes v1.12.1
[INFO] [stderr]    Compiling tracing-core v0.1.36
[INFO] [stderr]    Compiling errno v0.3.14
[INFO] [stderr]    Compiling log v0.4.34
[INFO] [stderr]    Compiling target-tuple v1.0.2
[INFO] [stderr]    Compiling regex-syntax v0.8.11
[INFO] [stderr]    Compiling winnow v1.0.4
[INFO] [stderr]    Compiling sharded-slab v0.1.7
[INFO] [stderr]    Compiling thread_local v1.1.10
[INFO] [stderr]    Compiling nu-ansi-term v0.50.3
[INFO] [stderr]    Compiling toml_writer v1.1.2+spec-1.1.0
[INFO] [stderr]    Compiling termcolor v1.4.1
[INFO] [stderr]    Compiling glob v0.3.4
[INFO] [stderr]    Compiling pin-project-lite v0.2.17
[INFO] [stderr]    Compiling memchr v2.8.3
[INFO] [stderr]    Compiling signal-hook-registry v1.4.8
[INFO] [stderr]    Compiling futures-core v0.3.34
[INFO] [stderr]    Compiling rustls-platform-verifier v0.7.0
[INFO] [stderr]    Compiling futures-sink v0.3.34
[INFO] [stderr]    Compiling rand_core v0.10.1
[INFO] [stderr]    Compiling cfg-if v1.0.4
[INFO] [stderr]    Compiling rustls-connector v0.23.8
[INFO] [stderr]    Compiling futures-channel v0.3.34
[INFO] [stderr]    Compiling zmij v1.0.23
[INFO] [stderr]    Compiling tracing v0.1.44
[INFO] [stderr]    Compiling tracing-log v0.2.0
[INFO] [stderr]    Compiling getrandom v0.4.3
[INFO] [stderr]    Compiling proc-macro2 v1.0.107
[INFO] [stderr]    Compiling futures-task v0.3.34
[INFO] [stderr]    Compiling equivalent v1.0.2
[INFO] [stderr]    Compiling tokio v1.53.1
[INFO] [stderr]    Compiling hashbrown v0.17.1
[INFO] [stderr]    Compiling futures-io v0.3.34
[INFO] [stderr]    Compiling slab v0.4.12
[INFO] [stderr]    Compiling unicode-ident v1.0.24
[INFO] [stderr]    Compiling serde v1.0.229
[INFO] [stderr]    Compiling futures-util v0.3.34
[INFO] [stderr]    Compiling serde_json v1.0.151
[INFO] [stderr]    Compiling quote v1.0.47
[INFO] [stderr]    Compiling itoa v1.0.18
[INFO] [stderr]    Compiling cpufeatures v0.3.1
[INFO] [stderr]    Compiling once_cell v1.21.4
[INFO] [stderr]    Compiling chacha20 v0.10.2
[INFO] [stderr]    Compiling thiserror v2.0.20
[INFO] [stderr]    Compiling rand v0.10.2
[INFO] [stderr]    Compiling regex-automata v0.4.18
[INFO] [stderr]    Compiling indexmap v2.14.2
[INFO] [stderr]    Compiling syn v3.0.5
[INFO] [stderr]    Compiling toml_parser v1.1.3+spec-1.1.0
[INFO] [stderr]    Compiling toml_datetime v1.1.1+spec-1.1.0
[INFO] [stderr]    Compiling serde_spanned v1.1.1
[INFO] [stderr]    Compiling uuid v1.26.1
[INFO] [stderr]    Compiling toml_edit v0.25.15+spec-1.1.0
[INFO] [stderr]    Compiling toml v1.1.6+spec-1.1.0
[INFO] [stderr]    Compiling tokio-stream v0.1.19
[INFO] [stderr]    Compiling proc-macro-crate v3.5.0
[INFO] [stderr]    Compiling futures-executor v0.3.34
[INFO] [stderr]    Compiling trybuild v1.0.121
[INFO] [stderr]    Compiling futures v0.3.34
[INFO] [stderr]    Compiling queuey-core v1.1.0 (/opt/rustwide/workdir/crates/core)
[INFO] [stderr]    Compiling matchers v0.2.0
[INFO] [stderr]    Compiling queuey-macros v1.1.0 (/opt/rustwide/workdir/crates/macros)
[INFO] [stderr]    Compiling tracing-subscriber v0.3.23
[INFO] [stderr]    Compiling amq-protocol-types v10.6.3
[INFO] [stderr]    Compiling amq-protocol-uri v10.6.3
[INFO] [stderr]    Compiling async-compat v0.2.6
[INFO] [stderr]    Compiling async-rs v0.8.12
[INFO] [stderr]    Compiling tcp-stream v0.34.14
[INFO] [stderr]    Compiling amq-protocol-tcp v10.6.3
[INFO] [stderr]    Compiling amq-protocol v10.6.3
[INFO] [stderr]    Compiling lapin v4.11.0
[INFO] [stderr]    Compiling queuey-rabbitmq v1.1.0 (/opt/rustwide/workdir/crates/rabbitmq)
[INFO] [stderr]    Compiling queuey v1.1.0 (/opt/rustwide/workdir/crates/queuey)
[INFO] [stderr]     Finished `release` profile [optimized] target(s) in 25.56s
[INFO] running `Command { std: "docker" "inspect" "d8198e8b04cc6813bc0a4cea6dc371f41a1e5868843979c247616ff33b6c93ee", kill_on_drop: false }`
[INFO] running `Command { std: "docker" "exec" "-e" "SOURCE_DIR=/opt/rustwide/workdir" "-e" "CARGO_HOME=/opt/rustwide/cargo-home" "-e" "RUSTUP_HOME=/opt/rustwide/rustup-home" "-e" "CARGO_TARGET_DIR=/opt/rustwide/target" "-e" "CARGO_INCREMENTAL=0" "-e" "RUST_BACKTRACE=full" "-e" "RUSTFLAGS=--cap-lints=warn" "-e" "RUSTDOCFLAGS=--cap-lints=warn" "-w" "/opt/rustwide/workdir" "--user" "0:0" "d8198e8b04cc6813bc0a4cea6dc371f41a1e5868843979c247616ff33b6c93ee" "/opt/rustwide/cargo-home/bin/cargo" "+1.100.0-beta.1" "test" "--frozen" "--release", kill_on_drop: false }`
[INFO] [stderr]     Finished `release` profile [optimized] target(s) in 0.25s
[INFO] [stderr]      Running unittests src/lib.rs (/opt/rustwide/target/release/build/queuey/3804ef9a52af75a5/out/queuey-3804ef9a52af75a5)
[INFO] [stdout] 
[INFO] [stdout] running 0 tests
[INFO] [stdout] 
[INFO] [stdout] test result: ok. 0 passed; 0 failed; 0 ignored; 0 measured; 0 filtered out; finished in 0.00s
[INFO] [stdout] 
[INFO] [stderr]      Running tests/compile_fail.rs (/opt/rustwide/target/release/build/queuey/5eb2035a4a6d373b/out/compile_fail-5eb2035a4a6d373b)
[INFO] [stdout] 
[INFO] [stdout] running 1 test
[INFO] [stderr] warning: unused workspace dependency `futures`
[INFO] [stderr]   --> Cargo.toml:74:25
[INFO] [stderr]    |
[INFO] [stderr] 74 | [workspace.dependencies.futures]
[INFO] [stderr]    |                         ^^^^^^^
[INFO] [stderr]    |
[INFO] [stderr]    = note: `cargo::unused_workspace_dependencies` is set to `warn` by default
[INFO] [stderr] help: consider removing the workspace dependency `futures`
[INFO] [stderr] warning: unused workspace dependency `lapin`
[INFO] [stderr]   --> Cargo.toml:78:25
[INFO] [stderr]    |
[INFO] [stderr] 78 | [workspace.dependencies.lapin]
[INFO] [stderr]    |                         ^^^^^
[INFO] [stderr]    |
[INFO] [stderr] help: consider removing the workspace dependency `lapin`
[INFO] [stderr] warning: unused workspace dependency `proc-macro-crate`
[INFO] [stderr]   --> Cargo.toml:83:25
[INFO] [stderr]    |
[INFO] [stderr] 83 | [workspace.dependencies.proc-macro-crate]
[INFO] [stderr]    |                         ^^^^^^^^^^^^^^^^
[INFO] [stderr]    |
[INFO] [stderr] help: consider removing the workspace dependency `proc-macro-crate`
[INFO] [stderr] warning: unused workspace dependency `proc-macro2`
[INFO] [stderr]   --> Cargo.toml:87:25
[INFO] [stderr]    |
[INFO] [stderr] 87 | [workspace.dependencies.proc-macro2]
[INFO] [stderr]    |                         ^^^^^^^^^^^
[INFO] [stderr]    |
[INFO] [stderr] help: consider removing the workspace dependency `proc-macro2`
[INFO] [stderr] warning: unused workspace dependency `quote`
[INFO] [stderr]    --> Cargo.toml:104:25
[INFO] [stderr]     |
[INFO] [stderr] 104 | [workspace.dependencies.quote]
[INFO] [stderr]     |                         ^^^^^
[INFO] [stderr]     |
[INFO] [stderr] help: consider removing the workspace dependency `quote`
[INFO] [stderr] warning: unused workspace dependency `rand`
[INFO] [stderr]    --> Cargo.toml:108:25
[INFO] [stderr]     |
[INFO] [stderr] 108 | [workspace.dependencies.rand]
[INFO] [stderr]     |                         ^^^^
[INFO] [stderr]     |
[INFO] [stderr] help: consider removing the workspace dependency `rand`
[INFO] [stderr] warning: unused workspace dependency `serde_json`
[INFO] [stderr]    --> Cargo.toml:116:25
[INFO] [stderr]     |
[INFO] [stderr] 116 | [workspace.dependencies.serde_json]
[INFO] [stderr]     |                         ^^^^^^^^^^
[INFO] [stderr]     |
[INFO] [stderr] help: consider removing the workspace dependency `serde_json`
[INFO] [stderr] warning: unused workspace dependency `syn`
[INFO] [stderr]    --> Cargo.toml:120:25
[INFO] [stderr]     |
[INFO] [stderr] 120 | [workspace.dependencies.syn]
[INFO] [stderr]     |                         ^^^
[INFO] [stderr]     |
[INFO] [stderr] help: consider removing the workspace dependency `syn`
[INFO] [stderr] warning: unused workspace dependency `thiserror`
[INFO] [stderr]    --> Cargo.toml:124:25
[INFO] [stderr]     |
[INFO] [stderr] 124 | [workspace.dependencies.thiserror]
[INFO] [stderr]     |                         ^^^^^^^^^
[INFO] [stderr]     |
[INFO] [stderr] help: consider removing the workspace dependency `thiserror`
[INFO] [stderr] warning: unused workspace dependency `tokio-stream`
[INFO] [stderr]    --> Cargo.toml:132:25
[INFO] [stderr]     |
[INFO] [stderr] 132 | [workspace.dependencies.tokio-stream]
[INFO] [stderr]     |                         ^^^^^^^^^^^^
[INFO] [stderr]     |
[INFO] [stderr] help: consider removing the workspace dependency `tokio-stream`
[INFO] [stderr] warning: unused workspace dependency `uuid`
[INFO] [stderr]    --> Cargo.toml:144:25
[INFO] [stderr]     |
[INFO] [stderr] 144 | [workspace.dependencies.uuid]
[INFO] [stderr]     |                         ^^^^
[INFO] [stderr]     |
[INFO] [stderr] help: consider removing the workspace dependency `uuid`
[INFO] [stderr] warning: workspace (manifest) generated 11 warnings
[INFO] [stderr]    Compiling proc-macro2 v1.0.107
[INFO] [stderr]    Compiling quote v1.0.47
[INFO] [stderr]    Compiling unicode-ident v1.0.24
[INFO] [stderr]    Compiling libc v0.2.189
[INFO] [stderr]    Compiling version_check v0.9.5
[INFO] [stderr]    Compiling typenum v1.20.1
[INFO] [stderr]    Compiling memchr v2.8.3
[INFO] [stderr]    Compiling zeroize v1.9.0
[INFO] [stderr]    Compiling shlex v2.0.1
[INFO] [stderr]    Compiling cfg-if v1.0.4
[INFO] [stderr]    Compiling stable_deref_trait v1.2.1
[INFO] [stderr]    Compiling find-msvc-tools v0.1.12
[INFO] [stderr]    Compiling subtle v2.6.1
[INFO] [stderr]    Compiling fs_extra v1.3.0
[INFO] [stderr]    Compiling pkg-config v0.3.34
[INFO] [stderr]    Compiling once_cell v1.21.4
[INFO] [stderr]    Compiling pin-project-lite v0.2.17
[INFO] [stderr]    Compiling dunce v1.0.5
[INFO] [stderr]    Compiling autocfg v1.5.1
[INFO] [stderr]    Compiling futures-core v0.3.34
[INFO] [stderr]    Compiling base64ct v1.8.3
[INFO] [stderr]    Compiling thiserror v2.0.20
[INFO] [stderr]    Compiling aws-lc-rs v1.18.1
[INFO] [stderr]    Compiling futures-io v0.3.34
[INFO] [stderr]    Compiling num-conv v0.2.2
[INFO] [stderr]    Compiling litemap v0.8.3
[INFO] [stderr]    Compiling writeable v0.6.4
[INFO] [stderr]    Compiling time-core v0.1.9
[INFO] [stderr]    Compiling minimal-lexical v0.2.1
[INFO] [stderr]    Compiling serde_core v1.0.229
[INFO] [stderr]    Compiling const-oid v0.9.6
[INFO] [stderr]    Compiling pem-rfc7468 v0.7.0
[INFO] [stderr]    Compiling flagset v0.4.7
[INFO] [stderr]    Compiling generic-array v0.14.7
[INFO] [stderr]    Compiling time-macros v0.2.32
[INFO] [stderr]    Compiling rustls-pki-types v1.15.1
[INFO] [stderr]    Compiling powerfmt v0.2.0
[INFO] [stderr]    Compiling nom v7.1.3
[INFO] [stderr]    Compiling getrandom v0.4.3
[INFO] [stderr]    Compiling icu_normalizer_data v2.3.0
[INFO] [stderr]    Compiling num-traits v0.2.19
[INFO] [stderr]    Compiling cpufeatures v0.2.17
[INFO] [stderr]    Compiling rand_core v0.10.1
[INFO] [stderr]    Compiling deranged v0.5.8
[INFO] [stderr]    Compiling icu_properties_data v2.3.0
[INFO] [stderr]    Compiling utf8_iter v1.0.4
[INFO] [stderr]    Compiling untrusted v0.9.0
[INFO] [stderr]    Compiling smallvec v1.16.0
[INFO] [stderr]    Compiling zmij v1.0.23
[INFO] [stderr]    Compiling rustls v0.23.44
[INFO] [stderr]    Compiling cpufeatures v0.3.1
[INFO] [stderr]    Compiling lazy_static v1.5.0
[INFO] [stderr]    Compiling log v0.4.34
[INFO] [stderr]    Compiling serde v1.0.229
[INFO] [stderr]    Compiling syn v3.0.5
[INFO] [stderr]    Compiling syn v2.0.119
[INFO] [stderr]    Compiling serde_json v1.0.151
[INFO] [stderr]    Compiling oid-registry v0.8.1
[INFO] [stderr]    Compiling chacha20 v0.10.2
[INFO] [stderr]    Compiling tracing-core v0.1.36
[INFO] [stderr]    Compiling itoa v1.0.18
[INFO] [stderr]    Compiling openssl-probe v0.2.1
[INFO] [stderr]    Compiling futures-sink v0.3.34
[INFO] [stderr]    Compiling crypto-common v0.1.7
[INFO] [stderr]    Compiling block-padding v0.3.3
[INFO] [stderr]    Compiling jobserver v0.1.35
[INFO] [stderr]    Compiling block-buffer v0.10.4
[INFO] [stderr]    Compiling errno v0.3.14
[INFO] [stderr]    Compiling socket2 v0.6.5
[INFO] [stderr]    Compiling mio v1.2.3
[INFO] [stderr]    Compiling inout v0.1.4
[INFO] [stderr]    Compiling digest v0.10.7
[INFO] [stderr]    Compiling signal-hook-registry v1.4.8
[INFO] [stderr]    Compiling num-integer v0.1.47
[INFO] [stderr]    Compiling cipher v0.4.4
[INFO] [stderr]    Compiling rand v0.10.2
[INFO] [stderr]    Compiling cc v1.4.5
[INFO] [stderr]    Compiling hmac v0.12.1
[INFO] [stderr]    Compiling pbkdf2 v0.12.2
[INFO] [stderr]    Compiling salsa20 v0.10.2
[INFO] [stderr]    Compiling sha2 v0.10.9
[INFO] [stderr]    Compiling cbc v0.1.2
[INFO] [stderr]    Compiling num-bigint v0.4.8
[INFO] [stderr]    Compiling aes v0.8.4
[INFO] [stderr]    Compiling rustls-native-certs v0.8.4
[INFO] [stderr]    Compiling percent-encoding v2.3.2
[INFO] [stderr]    Compiling data-encoding v2.11.1
[INFO] [stderr]    Compiling rc2 v0.8.1
[INFO] [stderr]    Compiling scrypt v0.11.0
[INFO] [stderr]    Compiling form_urlencoded v1.2.2
[INFO] [stderr]    Compiling des v0.8.1
[INFO] [stderr]    Compiling sha1 v0.10.7
[INFO] [stderr]    Compiling time v0.3.55
[INFO] [stderr]    Compiling rusticata-macros v4.1.0
[INFO] [stderr]    Compiling nom v8.0.0
[INFO] [stderr]    Compiling cookie-factory v0.3.3
[INFO] [stderr]    Compiling base64 v0.22.1
[INFO] [stderr]    Compiling hex v0.4.3
[INFO] [stderr]    Compiling futures-channel v0.3.34
[INFO] [stderr]    Compiling slab v0.4.12
[INFO] [stderr]    Compiling scopeguard v1.2.0
[INFO] [stderr]    Compiling futures-task v0.3.34
[INFO] [stderr]    Compiling lock_api v0.4.14
[INFO] [stderr]    Compiling equivalent v1.0.2
[INFO] [stderr]    Compiling winnow v1.0.4
[INFO] [stderr]    Compiling hashbrown v0.17.1
[INFO] [stderr]    Compiling amq-protocol v10.6.3
[INFO] [stderr]    Compiling parking v2.2.1
[INFO] [stderr]    Compiling lapin v4.11.0
[INFO] [stderr]    Compiling toml_datetime v1.1.1+spec-1.1.0
[INFO] [stderr]    Compiling fastrand v2.5.0
[INFO] [stderr]    Compiling spin v0.9.9
[INFO] [stderr]    Compiling event-listener v5.4.2
[INFO] [stderr]    Compiling regex-syntax v0.8.11
[INFO] [stderr]    Compiling tracing-log v0.2.0
[INFO] [stderr]    Compiling cmake v0.1.58
[INFO] [stderr]    Compiling flume v0.12.0
[INFO] [stderr]    Compiling backon v1.6.0
[INFO] [stderr]    Compiling sharded-slab v0.1.7
[INFO] [stderr]    Compiling thread_local v1.1.10
[INFO] [stderr]    Compiling nu-ansi-term v0.50.3
[INFO] [stderr]    Compiling indexmap v2.14.2
[INFO] [stderr]    Compiling uuid v1.26.1
[INFO] [stderr]    Compiling aws-lc-sys v0.45.0
[INFO] [stderr]    Compiling toml_parser v1.1.3+spec-1.1.0
[INFO] [stderr]    Compiling regex-automata v0.4.18
[INFO] [stderr]    Compiling toml_edit v0.25.15+spec-1.1.0
[INFO] [stderr]    Compiling proc-macro-crate v3.5.0
[INFO] [stderr]    Compiling synstructure v0.13.2
[INFO] [stderr]    Compiling displaydoc v0.2.7
[INFO] [stderr]    Compiling zerovec-derive v0.11.6
[INFO] [stderr]    Compiling thiserror-impl v2.0.20
[INFO] [stderr]    Compiling tokio-macros v2.7.2
[INFO] [stderr]    Compiling serde_derive v1.0.229
[INFO] [stderr]    Compiling async-trait v0.1.92
[INFO] [stderr]    Compiling futures-macro v0.3.34
[INFO] [stderr]    Compiling matchers v0.2.0
[INFO] [stderr]    Compiling queuey-macros v1.1.0 (/opt/rustwide/workdir/crates/macros)
[INFO] [stderr]    Compiling zerofrom-derive v0.1.7
[INFO] [stderr]    Compiling yoke-derive v0.8.2
[INFO] [stderr]    Compiling der_derive v0.7.3
[INFO] [stderr]    Compiling asn1-rs-impl v0.2.0
[INFO] [stderr]    Compiling asn1-rs-derive v0.6.0
[INFO] [stderr]    Compiling tracing-attributes v0.1.31
[INFO] [stderr]    Compiling tokio v1.53.1
[INFO] [stderr]    Compiling futures-util v0.3.34
[INFO] [stderr]    Compiling tokio-stream v0.1.19
[INFO] [stderr]    Compiling async-compat v0.2.6
[INFO] [stderr]    Compiling der v0.7.10
[INFO] [stderr]    Compiling zerofrom v0.1.8
[INFO] [stderr]    Compiling tracing v0.1.44
[INFO] [stderr]    Compiling asn1-rs v0.7.2
[INFO] [stderr]    Compiling yoke v0.8.3
[INFO] [stderr]    Compiling tracing-subscriber v0.3.23
[INFO] [stderr]    Compiling zerovec v0.11.8
[INFO] [stderr]    Compiling zerotrie v0.2.5
[INFO] [stderr]    Compiling async-rs v0.8.12
[INFO] [stderr]    Compiling amq-protocol-types v10.6.3
[INFO] [stderr]    Compiling tinystr v0.8.4
[INFO] [stderr]    Compiling potential_utf v0.1.6
[INFO] [stderr]    Compiling icu_locale_core v2.3.0
[INFO] [stderr]    Compiling icu_collections v2.3.0
[INFO] [stderr]    Compiling spki v0.7.3
[INFO] [stderr]    Compiling x509-cert v0.2.5
[INFO] [stderr]    Compiling pkcs5 v0.7.1
[INFO] [stderr]    Compiling der-parser v10.0.0
[INFO] [stderr]    Compiling icu_provider v2.3.1
[INFO] [stderr]    Compiling x509-parser v0.18.1
[INFO] [stderr]    Compiling icu_properties v2.3.0
[INFO] [stderr]    Compiling icu_normalizer v2.3.0
[INFO] [stderr]    Compiling futures-executor v0.3.34
[INFO] [stderr]    Compiling futures v0.3.34
[INFO] [stderr]    Compiling queuey-core v1.1.0 (/opt/rustwide/workdir/crates/core)
[INFO] [stderr]    Compiling cms v0.2.3
[INFO] [stderr]    Compiling idna_adapter v1.2.2
[INFO] [stderr]    Compiling pkcs12 v0.1.0
[INFO] [stderr]    Compiling idna v1.1.0
[INFO] [stderr]    Compiling p12-keystore v0.2.1
[INFO] [stderr]    Compiling url v2.5.8
[INFO] [stderr]    Compiling amq-protocol-uri v10.6.3
[INFO] [stderr]    Compiling rustls-webpki v0.103.15
[INFO] [stderr]    Compiling rustls-platform-verifier v0.7.0
[INFO] [stderr]    Compiling futures-rustls v0.26.0
[INFO] [stderr]    Compiling rustls-connector v0.23.8
[INFO] [stderr]    Compiling tcp-stream v0.34.14
[INFO] [stderr]    Compiling amq-protocol-tcp v10.6.3
[INFO] [stderr]    Compiling queuey-rabbitmq v1.1.0 (/opt/rustwide/workdir/crates/rabbitmq)
[INFO] [stderr]    Compiling queuey v1.1.0 (/opt/rustwide/workdir/crates/queuey)
[INFO] [stderr]    Compiling queuey-tests v0.0.0 (/opt/rustwide/target/tests/trybuild/queuey)
[INFO] [stderr]     Finished `dev` profile [unoptimized + debuginfo] target(s) in 28.21s
[INFO] [stderr] 
[INFO] [stderr] 
[INFO] [stderr] test tests/compile_fail/pass/facade_only.rs [should pass] ... ok
[INFO] [stderr] 
[INFO] [stderr] STDERR:
[INFO] [stderr] ┈┈┈┈┈┈┈┈┈┈┈┈┈┈┈┈┈┈┈┈┈┈┈┈┈┈┈┈┈┈┈┈┈┈┈┈┈┈┈┈┈┈┈┈┈┈┈┈┈┈┈┈┈┈┈┈┈┈┈┈
[INFO] [stderr] warning: unused workspace dependency `futures`
[INFO] [stderr]   --> Cargo.toml:74:25
[INFO] [stderr]    |
[INFO] [stderr] 74 | [workspace.dependencies.futures]
[INFO] [stderr]    |                         ^^^^^^^
[INFO] [stderr]    |
[INFO] [stderr]    = note: `cargo::unused_workspace_dependencies` is set to `warn` by default
[INFO] [stderr] help: consider removing the workspace dependency `futures`
[INFO] [stderr] warning: unused workspace dependency `lapin`
[INFO] [stderr]   --> Cargo.toml:78:25
[INFO] [stderr]    |
[INFO] [stderr] 78 | [workspace.dependencies.lapin]
[INFO] [stderr]    |                         ^^^^^
[INFO] [stderr]    |
[INFO] [stderr] help: consider removing the workspace dependency `lapin`
[INFO] [stderr] warning: unused workspace dependency `proc-macro-crate`
[INFO] [stderr]   --> Cargo.toml:83:25
[INFO] [stderr]    |
[INFO] [stderr] 83 | [workspace.dependencies.proc-macro-crate]
[INFO] [stderr]    |                         ^^^^^^^^^^^^^^^^
[INFO] [stderr]    |
[INFO] [stderr] help: consider removing the workspace dependency `proc-macro-crate`
[INFO] [stderr] warning: unused workspace dependency `proc-macro2`
[INFO] [stderr]   --> Cargo.toml:87:25
[INFO] [stderr]    |
[INFO] [stderr] 87 | [workspace.dependencies.proc-macro2]
[INFO] [stderr]    |                         ^^^^^^^^^^^
[INFO] [stderr]    |
[INFO] [stderr] help: consider removing the workspace dependency `proc-macro2`
[INFO] [stderr] warning: unused workspace dependency `quote`
[INFO] [stderr]    --> Cargo.toml:104:25
[INFO] [stderr]     |
[INFO] [stderr] 104 | [workspace.dependencies.quote]
[INFO] [stderr]     |                         ^^^^^
[INFO] [stderr]     |
[INFO] [stderr] help: consider removing the workspace dependency `quote`
[INFO] [stderr] warning: unused workspace dependency `rand`
[INFO] [stderr]    --> Cargo.toml:108:25
[INFO] [stderr]     |
[INFO] [stderr] 108 | [workspace.dependencies.rand]
[INFO] [stderr]     |                         ^^^^
[INFO] [stderr]     |
[INFO] [stderr] help: consider removing the workspace dependency `rand`
[INFO] [stderr] warning: unused workspace dependency `serde_json`
[INFO] [stderr]    --> Cargo.toml:116:25
[INFO] [stderr]     |
[INFO] [stderr] 116 | [workspace.dependencies.serde_json]
[INFO] [stderr]     |                         ^^^^^^^^^^
[INFO] [stderr]     |
[INFO] [stderr] help: consider removing the workspace dependency `serde_json`
[INFO] [stderr] warning: unused workspace dependency `syn`
[INFO] [stderr]    --> Cargo.toml:120:25
[INFO] [stderr]     |
[INFO] [stderr] 120 | [workspace.dependencies.syn]
[INFO] [stderr]     |                         ^^^
[INFO] [stderr]     |
[INFO] [stderr] help: consider removing the workspace dependency `syn`
[INFO] [stderr] warning: unused workspace dependency `thiserror`
[INFO] [stderr]    --> Cargo.toml:124:25
[INFO] [stderr]     |
[INFO] [stderr] 124 | [workspace.dependencies.thiserror]
[INFO] [stderr]     |                         ^^^^^^^^^
[INFO] [stderr]     |
[INFO] [stderr] help: consider removing the workspace dependency `thiserror`
[INFO] [stderr] warning: unused workspace dependency `tokio-stream`
[INFO] [stderr]    --> Cargo.toml:132:25
[INFO] [stderr]     |
[INFO] [stderr] 132 | [workspace.dependencies.tokio-stream]
[INFO] [stderr]     |                         ^^^^^^^^^^^^
[INFO] [stderr]     |
[INFO] [stderr] help: consider removing the workspace dependency `tokio-stream`
[INFO] [stderr] warning: unused workspace dependency `uuid`
[INFO] [stderr]    --> Cargo.toml:144:25
[INFO] [stderr]     |
[INFO] [stderr] 144 | [workspace.dependencies.uuid]
[INFO] [stderr]     |                         ^^^^
[INFO] [stderr]     |
[INFO] [stderr] help: consider removing the workspace dependency `uuid`
[INFO] [stderr] ┈┈┈┈┈┈┈┈┈┈┈┈┈┈┈┈┈┈┈┈┈┈┈┈┈┈┈┈┈┈┈┈┈┈┈┈┈┈┈┈┈┈┈┈┈┈┈┈┈┈┈┈┈┈┈┈┈┈┈┈
[INFO] [stderr] 
[INFO] [stderr] test tests/compile_fail/enqueue_foreign_job.rs [should fail to compile] ... mismatch
[INFO] [stderr] 
[INFO] [stderr] EXPECTED:
[INFO] [stderr] ┈┈┈┈┈┈┈┈┈┈┈┈┈┈┈┈┈┈┈┈┈┈┈┈┈┈┈┈┈┈┈┈┈┈┈┈┈┈┈┈┈┈┈┈┈┈┈┈┈┈┈┈┈┈┈┈┈┈┈┈
[INFO] [stderr] error[E0271]: type mismatch resolving `<BuildReport as Job>::Queue == AppQueues`
[INFO] [stderr]   --> tests/compile_fail/enqueue_foreign_job.rs:35:22
[INFO] [stderr]    |
[INFO] [stderr] 35 |     producer.enqueue(&BuildReport { id: 1 }).await.unwrap();
[INFO] [stderr]    |              ------- ^^^^^^^^^^^^^^^^^^^^^^ type mismatch resolving `<BuildReport as Job>::Queue == AppQueues`
[INFO] [stderr]    |              |
[INFO] [stderr]    |              required by a bound introduced by this call
[INFO] [stderr]    |
[INFO] [stderr] note: expected this to be `AppQueues`
[INFO] [stderr]   --> tests/compile_fail/enqueue_foreign_job.rs:25:15
[INFO] [stderr]    |
[INFO] [stderr] 25 | #[job(queue = OtherQueues::Reports)]
[INFO] [stderr]    |               ^^^^^^^^^^^
[INFO] [stderr] note: required by a bound in `queuey::Producer::<Q, B>::enqueue`
[INFO] [stderr]   --> $WORKSPACE/crates/core/src/producer.rs
[INFO] [stderr]    |
[INFO] [stderr]    |     pub async fn enqueue<J: Job<Queue = Q>>(&self, job: &J) -> Result<uuid::Uuid> {
[INFO] [stderr]    |                                 ^^^^^^^^^ required by this bound in `Producer::<Q, B>::enqueue`
[INFO] [stderr] 
[INFO] [stderr] error[E0271]: type mismatch resolving `<BuildReport as Job>::Queue == AppQueues`
[INFO] [stderr]   --> tests/compile_fail/enqueue_foreign_job.rs:35:5
[INFO] [stderr]    |
[INFO] [stderr] 35 |     producer.enqueue(&BuildReport { id: 1 }).await.unwrap();
[INFO] [stderr]    |     ^^^^^^^^^^^^^^^^^^^^^^^^^^^^^^^^^^^^^^^^ type mismatch resolving `<BuildReport as Job>::Queue == AppQueues`
[INFO] [stderr]    |
[INFO] [stderr] note: expected this to be `AppQueues`
[INFO] [stderr]   --> tests/compile_fail/enqueue_foreign_job.rs:25:15
[INFO] [stderr]    |
[INFO] [stderr] 25 | #[job(queue = OtherQueues::Reports)]
[INFO] [stderr]    |               ^^^^^^^^^^^
[INFO] [stderr] note: required by a bound in `queuey::Producer::<Q, B>::enqueue`
[INFO] [stderr]   --> $WORKSPACE/crates/core/src/producer.rs
[INFO] [stderr]    |
[INFO] [stderr]    |     pub async fn enqueue<J: Job<Queue = Q>>(&self, job: &J) -> Result<uuid::Uuid> {
[INFO] [stderr]    |                                 ^^^^^^^^^ required by this bound in `Producer::<Q, B>::enqueue`
[INFO] [stderr] 
[INFO] [stderr] error[E0271]: type mismatch resolving `<BuildReport as Job>::Queue == AppQueues`
[INFO] [stderr]   --> tests/compile_fail/enqueue_foreign_job.rs:35:46
[INFO] [stderr]    |
[INFO] [stderr] 35 |     producer.enqueue(&BuildReport { id: 1 }).await.unwrap();
[INFO] [stderr]    |                                              ^^^^^ type mismatch resolving `<BuildReport as Job>::Queue == AppQueues`
[INFO] [stderr]    |
[INFO] [stderr] note: expected this to be `AppQueues`
[INFO] [stderr]   --> tests/compile_fail/enqueue_foreign_job.rs:25:15
[INFO] [stderr]    |
[INFO] [stderr] 25 | #[job(queue = OtherQueues::Reports)]
[INFO] [stderr]    |               ^^^^^^^^^^^
[INFO] [stderr] note: required by a bound in `queuey::Producer::<Q, B>::enqueue`
[INFO] [stderr]   --> $WORKSPACE/crates/core/src/producer.rs
[INFO] [stderr]    |
[INFO] [stderr]    |     pub async fn enqueue<J: Job<Queue = Q>>(&self, job: &J) -> Result<uuid::Uuid> {
[INFO] [stderr]    |                                 ^^^^^^^^^ required by this bound in `Producer::<Q, B>::enqueue`
[INFO] [stderr] ┈┈┈┈┈┈┈┈┈┈┈┈┈┈┈┈┈┈┈┈┈┈┈┈┈┈┈┈┈┈┈┈┈┈┈┈┈┈┈┈┈┈┈┈┈┈┈┈┈┈┈┈┈┈┈┈┈┈┈┈
[INFO] [stderr] 
[INFO] [stderr] ACTUAL OUTPUT:
[INFO] [stderr] ┈┈┈┈┈┈┈┈┈┈┈┈┈┈┈┈┈┈┈┈┈┈┈┈┈┈┈┈┈┈┈┈┈┈┈┈┈┈┈┈┈┈┈┈┈┈┈┈┈┈┈┈┈┈┈┈┈┈┈┈
[INFO] [stderr] error[E0271]: type mismatch resolving `<BuildReport as Job>::Queue == AppQueues`
[INFO] [stderr]   --> tests/compile_fail/enqueue_foreign_job.rs:35:22
[INFO] [stderr]    |
[INFO] [stderr] 35 |     producer.enqueue(&BuildReport { id: 1 }).await.unwrap();
[INFO] [stderr]    |              ------- ^^^^^^^^^^^^^^^^^^^^^^ type mismatch resolving `<BuildReport as Job>::Queue == AppQueues`
[INFO] [stderr]    |              |
[INFO] [stderr]    |              required by a bound introduced by this call
[INFO] [stderr]    |
[INFO] [stderr] note: expected this to be `AppQueues`
[INFO] [stderr]   --> tests/compile_fail/enqueue_foreign_job.rs:25:15
[INFO] [stderr]    |
[INFO] [stderr] 25 | #[job(queue = OtherQueues::Reports)]
[INFO] [stderr]    |               ^^^^^^^^^^^
[INFO] [stderr] note: required by a bound in `queuey::Producer::<Q, B>::enqueue`
[INFO] [stderr]   --> $WORKSPACE/crates/core/src/producer.rs
[INFO] [stderr]    |
[INFO] [stderr]    | impl<Q: QueueSet, B: Backend> Producer<Q, B> {
[INFO] [stderr] ...
[INFO] [stderr]    |     pub async fn enqueue<J: Job<Queue = Q>>(&self, job: &J) -> Result<uuid::Uuid> {
[INFO] [stderr]    |                                 ^^^^^^^^^ required by this bound in `Producer::<Q, B>::enqueue`
[INFO] [stderr] 
[INFO] [stderr] error[E0271]: type mismatch resolving `<BuildReport as Job>::Queue == AppQueues`
[INFO] [stderr]   --> tests/compile_fail/enqueue_foreign_job.rs:35:5
[INFO] [stderr]    |
[INFO] [stderr] 35 |     producer.enqueue(&BuildReport { id: 1 }).await.unwrap();
[INFO] [stderr]    |     ^^^^^^^^^^^^^^^^^^^^^^^^^^^^^^^^^^^^^^^^ type mismatch resolving `<BuildReport as Job>::Queue == AppQueues`
[INFO] [stderr]    |
[INFO] [stderr] note: expected this to be `AppQueues`
[INFO] [stderr]   --> tests/compile_fail/enqueue_foreign_job.rs:25:15
[INFO] [stderr]    |
[INFO] [stderr] 25 | #[job(queue = OtherQueues::Reports)]
[INFO] [stderr]    |               ^^^^^^^^^^^
[INFO] [stderr] note: required by a bound in `queuey::Producer::<Q, B>::enqueue`
[INFO] [stderr]   --> $WORKSPACE/crates/core/src/producer.rs
[INFO] [stderr]    |
[INFO] [stderr]    | impl<Q: QueueSet, B: Backend> Producer<Q, B> {
[INFO] [stderr] ...
[INFO] [stderr]    |     pub async fn enqueue<J: Job<Queue = Q>>(&self, job: &J) -> Result<uuid::Uuid> {
[INFO] [stderr]    |                                 ^^^^^^^^^ required by this bound in `Producer::<Q, B>::enqueue`
[INFO] [stderr] 
[INFO] [stderr] error[E0271]: type mismatch resolving `<BuildReport as Job>::Queue == AppQueues`
[INFO] [stderr]   --> tests/compile_fail/enqueue_foreign_job.rs:35:46
[INFO] [stderr]    |
[INFO] [stderr] 35 |     producer.enqueue(&BuildReport { id: 1 }).await.unwrap();
[INFO] [stderr]    |                                              ^^^^^ type mismatch resolving `<BuildReport as Job>::Queue == AppQueues`
[INFO] [stderr]    |
[INFO] [stderr] note: expected this to be `AppQueues`
[INFO] [stderr]   --> tests/compile_fail/enqueue_foreign_job.rs:25:15
[INFO] [stderr]    |
[INFO] [stderr] 25 | #[job(queue = OtherQueues::Reports)]
[INFO] [stderr]    |               ^^^^^^^^^^^
[INFO] [stderr] note: required by a bound in `queuey::Producer::<Q, B>::enqueue`
[INFO] [stderr]   --> $WORKSPACE/crates/core/src/producer.rs
[INFO] [stderr]    |
[INFO] [stderr]    | impl<Q: QueueSet, B: Backend> Producer<Q, B> {
[INFO] [stderr] ...
[INFO] [stderr]    |     pub async fn enqueue<J: Job<Queue = Q>>(&self, job: &J) -> Result<uuid::Uuid> {
[INFO] [stderr]    |                                 ^^^^^^^^^ required by this bound in `Producer::<Q, B>::enqueue`
[INFO] [stderr] ┈┈┈┈┈┈┈┈┈┈┈┈┈┈┈┈┈┈┈┈┈┈┈┈┈┈┈┈┈┈┈┈┈┈┈┈┈┈┈┈┈┈┈┈┈┈┈┈┈┈┈┈┈┈┈┈┈┈┈┈
[INFO] [stderr] note: If the actual output is the correct output you can bless it by rerunning
[INFO] [stderr]       your test with the environment variable TRYBUILD=overwrite
[INFO] [stderr] 
[INFO] [stderr] test tests/compile_fail/foreign_job_fn_handler.rs [should fail to compile] ... mismatch
[INFO] [stderr] 
[INFO] [stderr] EXPECTED:
[INFO] [stderr] ┈┈┈┈┈┈┈┈┈┈┈┈┈┈┈┈┈┈┈┈┈┈┈┈┈┈┈┈┈┈┈┈┈┈┈┈┈┈┈┈┈┈┈┈┈┈┈┈┈┈┈┈┈┈┈┈┈┈┈┈
[INFO] [stderr] error[E0271]: type mismatch resolving `<BuildReport as Job>::Queue == AppQueues`
[INFO] [stderr]   --> tests/compile_fail/foreign_job_fn_handler.rs:34:18
[INFO] [stderr]    |
[INFO] [stderr] 34 |           .handler(FnHandler::<BuildReport, _>::new(
[INFO] [stderr]    |  __________-------_^
[INFO] [stderr]    | |          |
[INFO] [stderr]    | |          required by a bound introduced by this call
[INFO] [stderr] 35 | |             |_job: BuildReport, _ctx: JobContext| async move { Ok(()) },
[INFO] [stderr] 36 | |         ))
[INFO] [stderr]    | |_________^ type mismatch resolving `<BuildReport as Job>::Queue == AppQueues`
[INFO] [stderr]    |
[INFO] [stderr] note: expected this to be `AppQueues`
[INFO] [stderr]   --> tests/compile_fail/foreign_job_fn_handler.rs:24:15
[INFO] [stderr]    |
[INFO] [stderr] 24 | #[job(queue = OtherQueues::Reports, retry(max_attempts = 2))]
[INFO] [stderr]    |               ^^^^^^^^^^^
[INFO] [stderr] note: required by a bound in `WorkerBuilder::<Q, B>::handler`
[INFO] [stderr]   --> $WORKSPACE/crates/core/src/worker.rs
[INFO] [stderr]    |
[INFO] [stderr]    |     pub fn handler<H>(mut self, handler: H) -> Self
[INFO] [stderr]    |            ------- required by a bound in this associated function
[INFO] [stderr] ...
[INFO] [stderr]    |         H::Job: Job<Queue = Q>,
[INFO] [stderr]    |                     ^^^^^^^^^ required by this bound in `WorkerBuilder::<Q, B>::handler`
[INFO] [stderr] ┈┈┈┈┈┈┈┈┈┈┈┈┈┈┈┈┈┈┈┈┈┈┈┈┈┈┈┈┈┈┈┈┈┈┈┈┈┈┈┈┈┈┈┈┈┈┈┈┈┈┈┈┈┈┈┈┈┈┈┈
[INFO] [stderr] 
[INFO] [stderr] ACTUAL OUTPUT:
[INFO] [stderr] ┈┈┈┈┈┈┈┈┈┈┈┈┈┈┈┈┈┈┈┈┈┈┈┈┈┈┈┈┈┈┈┈┈┈┈┈┈┈┈┈┈┈┈┈┈┈┈┈┈┈┈┈┈┈┈┈┈┈┈┈
[INFO] [stderr] error[E0271]: type mismatch resolving `<BuildReport as Job>::Queue == AppQueues`
[INFO] [stderr]   --> tests/compile_fail/foreign_job_fn_handler.rs:34:18
[INFO] [stderr]    |
[INFO] [stderr] 34 |           .handler(FnHandler::<BuildReport, _>::new(
[INFO] [stderr]    |  __________-------_^
[INFO] [stderr]    | |          |
[INFO] [stderr]    | |          required by a bound introduced by this call
[INFO] [stderr] 35 | |             |_job: BuildReport, _ctx: JobContext| async move { Ok(()) },
[INFO] [stderr] 36 | |         ))
[INFO] [stderr]    | |_________^ type mismatch resolving `<BuildReport as Job>::Queue == AppQueues`
[INFO] [stderr]    |
[INFO] [stderr] note: expected this to be `AppQueues`
[INFO] [stderr]   --> tests/compile_fail/foreign_job_fn_handler.rs:24:15
[INFO] [stderr]    |
[INFO] [stderr] 24 | #[job(queue = OtherQueues::Reports, retry(max_attempts = 2))]
[INFO] [stderr]    |               ^^^^^^^^^^^
[INFO] [stderr] note: required by a bound in `WorkerBuilder::<Q, B>::handler`
[INFO] [stderr]   --> $WORKSPACE/crates/core/src/worker.rs
[INFO] [stderr]    |
[INFO] [stderr]    | impl<Q: QueueSet, B: Backend> WorkerBuilder<Q, B> {
[INFO] [stderr] ...
[INFO] [stderr]    |     pub fn handler<H>(mut self, handler: H) -> Self
[INFO] [stderr] ...
[INFO] [stderr]    |         H::Job: Job<Queue = Q>,
[INFO] [stderr]    |                     ^^^^^^^^^ required by this bound in `WorkerBuilder::<Q, B>::handler`
[INFO] [stderr] ┈┈┈┈┈┈┈┈┈┈┈┈┈┈┈┈┈┈┈┈┈┈┈┈┈┈┈┈┈┈┈┈┈┈┈┈┈┈┈┈┈┈┈┈┈┈┈┈┈┈┈┈┈┈┈┈┈┈┈┈
[INFO] [stderr] note: If the actual output is the correct output you can bless it by rerunning
[INFO] [stderr]       your test with the environment variable TRYBUILD=overwrite
[INFO] [stderr] 
[INFO] [stderr] test tests/compile_fail/register_foreign_handler.rs [should fail to compile] ... mismatch
[INFO] [stderr] 
[INFO] [stderr] EXPECTED:
[INFO] [stderr] ┈┈┈┈┈┈┈┈┈┈┈┈┈┈┈┈┈┈┈┈┈┈┈┈┈┈┈┈┈┈┈┈┈┈┈┈┈┈┈┈┈┈┈┈┈┈┈┈┈┈┈┈┈┈┈┈┈┈┈┈
[INFO] [stderr] error[E0271]: type mismatch resolving `<BuildReport as Job>::Queue == AppQueues`
[INFO] [stderr]   --> tests/compile_fail/register_foreign_handler.rs:55:18
[INFO] [stderr]    |
[INFO] [stderr] 55 |         .handler(ReportHandler)
[INFO] [stderr]    |          ------- ^^^^^^^^^^^^^ type mismatch resolving `<BuildReport as Job>::Queue == AppQueues`
[INFO] [stderr]    |          |
[INFO] [stderr]    |          required by a bound introduced by this call
[INFO] [stderr]    |
[INFO] [stderr] note: expected this to be `AppQueues`
[INFO] [stderr]   --> tests/compile_fail/register_foreign_handler.rs:25:15
[INFO] [stderr]    |
[INFO] [stderr] 25 | #[job(queue = OtherQueues::Reports)]
[INFO] [stderr]    |               ^^^^^^^^^^^
[INFO] [stderr] note: required by a bound in `WorkerBuilder::<Q, B>::handler`
[INFO] [stderr]   --> $WORKSPACE/crates/core/src/worker.rs
[INFO] [stderr]    |
[INFO] [stderr]    |     pub fn handler<H>(mut self, handler: H) -> Self
[INFO] [stderr]    |            ------- required by a bound in this associated function
[INFO] [stderr] ...
[INFO] [stderr]    |         H::Job: Job<Queue = Q>,
[INFO] [stderr]    |                     ^^^^^^^^^ required by this bound in `WorkerBuilder::<Q, B>::handler`
[INFO] [stderr] ┈┈┈┈┈┈┈┈┈┈┈┈┈┈┈┈┈┈┈┈┈┈┈┈┈┈┈┈┈┈┈┈┈┈┈┈┈┈┈┈┈┈┈┈┈┈┈┈┈┈┈┈┈┈┈┈┈┈┈┈
[INFO] [stderr] 
[INFO] [stderr] ACTUAL OUTPUT:
[INFO] [stderr] ┈┈┈┈┈┈┈┈┈┈┈┈┈┈┈┈┈┈┈┈┈┈┈┈┈┈┈┈┈┈┈┈┈┈┈┈┈┈┈┈┈┈┈┈┈┈┈┈┈┈┈┈┈┈┈┈┈┈┈┈
[INFO] [stderr] error[E0271]: type mismatch resolving `<BuildReport as Job>::Queue == AppQueues`
[INFO] [stderr]   --> tests/compile_fail/register_foreign_handler.rs:55:18
[INFO] [stderr]    |
[INFO] [stderr] 55 |         .handler(ReportHandler)
[INFO] [stderr]    |          ------- ^^^^^^^^^^^^^ type mismatch resolving `<BuildReport as Job>::Queue == AppQueues`
[INFO] [stderr]    |          |
[INFO] [stderr]    |          required by a bound introduced by this call
[INFO] [stderr]    |
[INFO] [stderr] note: expected this to be `AppQueues`
[INFO] [stderr]   --> tests/compile_fail/register_foreign_handler.rs:25:15
[INFO] [stderr]    |
[INFO] [stderr] 25 | #[job(queue = OtherQueues::Reports)]
[INFO] [stderr]    |               ^^^^^^^^^^^
[INFO] [stderr] note: required by a bound in `WorkerBuilder::<Q, B>::handler`
[INFO] [stderr]   --> $WORKSPACE/crates/core/src/worker.rs
[INFO] [stderr]    |
[INFO] [stderr]    | impl<Q: QueueSet, B: Backend> WorkerBuilder<Q, B> {
[INFO] [stderr] ...
[INFO] [stderr]    |     pub fn handler<H>(mut self, handler: H) -> Self
[INFO] [stderr] ...
[INFO] [stderr]    |         H::Job: Job<Queue = Q>,
[INFO] [stderr]    |                     ^^^^^^^^^ required by this bound in `WorkerBuilder::<Q, B>::handler`
[INFO] [stderr] ┈┈┈┈┈┈┈┈┈┈┈┈┈┈┈┈┈┈┈┈┈┈┈┈┈┈┈┈┈┈┈┈┈┈┈┈┈┈┈┈┈┈┈┈┈┈┈┈┈┈┈┈┈┈┈┈┈┈┈┈
[INFO] [stderr] note: If the actual output is the correct output you can bless it by rerunning
[INFO] [stderr]       your test with the environment variable TRYBUILD=overwrite
[INFO] [stderr] 
[INFO] [stderr] 
[INFO] [stderr] 
[INFO] [stdout] test compile_fail ... FAILED
[INFO] [stdout] 
[INFO] [stdout] failures:
[INFO] [stdout] 
[INFO] [stdout] ---- compile_fail stdout ----
[INFO] [stdout] 
[INFO] [stdout] thread 'compile_fail' (6373) panicked at /opt/rustwide/cargo-home/registry/src/index.crates.io-1949cf8c6b5b557f/trybuild-1.0.121/src/run.rs:103:13:
[INFO] [stdout] 3 of 4 tests failed
[INFO] [stdout] stack backtrace:
[INFO] [stdout]    0:     0x558261084d71 - <<std[617be2ca0a6fd877]::sys::backtrace::BacktraceLock>::print::DisplayBacktrace as core[a373ad73a504971]::fmt::Display>::fmt
[INFO] [stdout]    1:     0x55826109b05a - core[a373ad73a504971]::fmt::write
[INFO] [stdout]    2:     0x5582610895bc - <alloc[2e1b2a31b91974c5]::vec::Vec<u8> as core[a373ad73a504971]::io::write::Write>::write_fmt
[INFO] [stdout]    3:     0x55826105e1d6 - std[617be2ca0a6fd877]::panicking::default_hook::{closure#0}
[INFO] [stdout]    4:     0x55826107c319 - std[617be2ca0a6fd877]::panicking::default_hook
[INFO] [stdout]    5:     0x558261015920 - test[aada8e7e76ba119b]::test_main_inner::{closure#0}
[INFO] [stdout]    6:     0x55826107c4d2 - std[617be2ca0a6fd877]::panicking::panic_with_hook
[INFO] [stdout]    7:     0x55826105e282 - std[617be2ca0a6fd877]::panicking::panic_handler::{closure#0}
[INFO] [stdout]    8:     0x558261056ad9 - std[617be2ca0a6fd877]::sys::backtrace::__rust_end_short_backtrace::<std[617be2ca0a6fd877]::panicking::panic_handler::{closure#0}, !>
[INFO] [stdout]    9:     0x55826105ee8d - __rustc[ea4f61d10b84890b]::rust_begin_unwind
[INFO] [stdout]   10:     0x55826109b7cc - core[a373ad73a504971]::panicking::panic_fmt
[INFO] [stdout]   11:     0x558260f695f8 - <trybuild[26c5b0f409e6d784]::Runner>::run
[INFO] [stdout]   12:     0x558260f6c860 - <trybuild[26c5b0f409e6d784]::TestCases as core[a373ad73a504971]::ops::drop::Drop>::drop
[INFO] [stdout]   13:     0x558260f62e96 - compile_fail[1af75a71661d1591]::compile_fail
[INFO] [stdout]   14:     0x558260f630c9 - <compile_fail[1af75a71661d1591]::compile_fail::{closure#0} as core[a373ad73a504971]::ops::function::FnOnce<()>>::call_once
[INFO] [stdout]   15:     0x558261008d6b - test[aada8e7e76ba119b]::__rust_begin_short_backtrace::<core[a373ad73a504971]::result::Result<(), alloc[2e1b2a31b91974c5]::string::String>, fn() -> core[a373ad73a504971]::result::Result<(), alloc[2e1b2a31b91974c5]::string::String>>
[INFO] [stdout]   16:     0x558261015f45 - test[aada8e7e76ba119b]::run_test::{closure#0}
[INFO] [stdout]   17:     0x55826100f834 - std[617be2ca0a6fd877]::sys::backtrace::__rust_begin_short_backtrace::<test[aada8e7e76ba119b]::run_test::{closure#1}, ()>
[INFO] [stdout]   18:     0x558261018fd2 - <std[617be2ca0a6fd877]::thread::lifecycle::spawn_unchecked<test[aada8e7e76ba119b]::run_test::{closure#1}, ()>::{closure#1} as core[a373ad73a504971]::ops::function::FnOnce<()>>::call_once::{shim:vtable#0}
[INFO] [stdout]   19:     0x558261083fcf - <std[617be2ca0a6fd877]::sys::thread::unix::Thread>::new::thread_start
[INFO] [stdout]   20:     0x7476bb88cdfa - <unknown>
[INFO] [stdout]   21:     0x7476bb9203d4 - clone
[INFO] [stdout]   22:                0x0 - <unknown>
[INFO] [stdout] 
[INFO] [stdout] 
[INFO] [stdout] failures:
[INFO] [stdout]     compile_fail
[INFO] [stdout] 
[INFO] [stdout] test result: FAILED. 0 passed; 1 failed; 0 ignored; 0 measured; 0 filtered out; finished in 54.72s
[INFO] [stdout] 
[INFO] [stderr] error: test failed, to rerun pass `-p queuey --test compile_fail`
[INFO] running `Command { std: "docker" "inspect" "d8198e8b04cc6813bc0a4cea6dc371f41a1e5868843979c247616ff33b6c93ee", kill_on_drop: false }`
[INFO] running `Command { std: "docker" "rm" "-f" "d8198e8b04cc6813bc0a4cea6dc371f41a1e5868843979c247616ff33b6c93ee", kill_on_drop: false }`
[INFO] [stdout] d8198e8b04cc6813bc0a4cea6dc371f41a1e5868843979c247616ff33b6c93ee
