[INFO] cloning repository https://github.com/j0yen/mirror
[INFO] running `Command { std: "git" "-c" "credential.helper=" "-c" "credential.helper=/workspace/cargo-home/bin/git-credential-null" "clone" "--bare" "https://github.com/j0yen/mirror" "/workspace/cache/git-repos/https%3A%2F%2Fgithub.com%2Fj0yen%2Fmirror", kill_on_drop: false }`
[INFO] [stderr] Cloning into bare repository '/workspace/cache/git-repos/https%3A%2F%2Fgithub.com%2Fj0yen%2Fmirror'...
[INFO] running `Command { std: "git" "rev-parse" "HEAD", kill_on_drop: false }`
[INFO] [stdout] ae374e1f3deadce3430befb442e20db0fcf31f1b
[INFO] testing j0yen/mirror against 1.100.0-beta.1+cargoflags=--release for beta-release-1.100-3
[INFO] running `Command { std: "git" "clone" "/workspace/cache/git-repos/https%3A%2F%2Fgithub.com%2Fj0yen%2Fmirror" "/workspace/builds/worker-7-tc2/source", kill_on_drop: false }`
[INFO] [stderr] Cloning into '/workspace/builds/worker-7-tc2/source'...
[INFO] [stderr] done.
[INFO] removed /workspace/builds/worker-7-tc2/source/rust-toolchain.toml
[INFO] started tweaking git repo https://github.com/j0yen/mirror
[INFO] finished tweaking git repo https://github.com/j0yen/mirror
[INFO] tweaked toml for git repo https://github.com/j0yen/mirror written to /workspace/builds/worker-7-tc2/source/Cargo.toml
[INFO] validating manifest of git repo https://github.com/j0yen/mirror on toolchain 1.100.0-beta.1
[INFO] running `Command { std: CARGO_HOME="/workspace/cargo-home" RUSTUP_HOME="/workspace/rustup-home" "/workspace/cargo-home/bin/cargo" "+1.100.0-beta.1" "metadata" "--manifest-path" "Cargo.toml" "--no-deps", kill_on_drop: false }`
[INFO] crate git repo https://github.com/j0yen/mirror already has a lockfile, it will not be regenerated
[INFO] running `Command { std: CARGO_HOME="/workspace/cargo-home" RUSTUP_HOME="/workspace/rustup-home" "/workspace/cargo-home/bin/cargo" "+1.100.0-beta.1" "fetch" "--manifest-path" "Cargo.toml", kill_on_drop: false }`
[INFO] running `Command { std: "docker" "create" "-v" "/var/lib/crater-agent-workspace/builds/worker-7-tc2/source:/opt/rustwide/workdir:ro,Z" "-v" "/var/lib/crater-agent-workspace/builds/worker-7-tc2/target:/opt/rustwide/target:rw,Z" "-v" "/var/lib/crater-agent-workspace/cargo-home:/opt/rustwide/cargo-home:ro,Z" "-v" "/var/lib/crater-agent-workspace/rustup-home:/opt/rustwide/rustup-home:ro,Z" "-m" "1610612736" "--network" "none" "ghcr.io/rust-lang/crates-build-env/linux@sha256:77db811e55d90add9212f6832c23229e3de5f1c1f9905e8cb07319ea15df73ac" "sleep" "infinity", kill_on_drop: false }`
[INFO] [stdout] b77c1ae06a83b47e10ef3d42868a7bac72ecf6848ea4b2533d5b6df1148869fe
[INFO] running `Command { std: "docker" "start" "b77c1ae06a83b47e10ef3d42868a7bac72ecf6848ea4b2533d5b6df1148869fe", kill_on_drop: false }`
[INFO] running `Command { std: "docker" "inspect" "b77c1ae06a83b47e10ef3d42868a7bac72ecf6848ea4b2533d5b6df1148869fe", kill_on_drop: false }`
[INFO] running `Command { std: "docker" "exec" "-e" "SOURCE_DIR=/opt/rustwide/workdir" "-e" "CARGO_HOME=/opt/rustwide/cargo-home" "-e" "RUSTUP_HOME=/opt/rustwide/rustup-home" "-e" "CARGO_TARGET_DIR=/opt/rustwide/target" "-w" "/opt/rustwide/workdir" "--user" "0:0" "b77c1ae06a83b47e10ef3d42868a7bac72ecf6848ea4b2533d5b6df1148869fe" "/opt/rustwide/cargo-home/bin/cargo" "+1.100.0-beta.1" "metadata" "--no-deps" "--format-version=1", kill_on_drop: false }`
[INFO] running `Command { std: "docker" "inspect" "b77c1ae06a83b47e10ef3d42868a7bac72ecf6848ea4b2533d5b6df1148869fe", kill_on_drop: false }`
[INFO] running `Command { std: "docker" "exec" "-e" "SOURCE_DIR=/opt/rustwide/workdir" "-e" "CARGO_HOME=/opt/rustwide/cargo-home" "-e" "RUSTUP_HOME=/opt/rustwide/rustup-home" "-e" "CARGO_TARGET_DIR=/opt/rustwide/target" "-e" "CARGO_INCREMENTAL=0" "-e" "RUST_BACKTRACE=full" "-e" "RUSTFLAGS=--cap-lints=warn" "-e" "RUSTDOCFLAGS=--cap-lints=warn" "-w" "/opt/rustwide/workdir" "--user" "0:0" "b77c1ae06a83b47e10ef3d42868a7bac72ecf6848ea4b2533d5b6df1148869fe" "/opt/rustwide/cargo-home/bin/cargo" "+1.100.0-beta.1" "build" "--frozen" "--message-format=json" "--release", kill_on_drop: false }`
[INFO] [stderr]    Compiling mirror v0.1.0 (/opt/rustwide/workdir)
[INFO] [stderr]     Finished `release` profile [optimized] target(s) in 9.85s
[INFO] running `Command { std: "docker" "inspect" "b77c1ae06a83b47e10ef3d42868a7bac72ecf6848ea4b2533d5b6df1148869fe", kill_on_drop: false }`
[INFO] running `Command { std: "docker" "exec" "-e" "SOURCE_DIR=/opt/rustwide/workdir" "-e" "CARGO_HOME=/opt/rustwide/cargo-home" "-e" "RUSTUP_HOME=/opt/rustwide/rustup-home" "-e" "CARGO_TARGET_DIR=/opt/rustwide/target" "-e" "CARGO_INCREMENTAL=0" "-e" "RUST_BACKTRACE=full" "-e" "RUSTFLAGS=--cap-lints=warn" "-e" "RUSTDOCFLAGS=--cap-lints=warn" "-w" "/opt/rustwide/workdir" "--user" "0:0" "b77c1ae06a83b47e10ef3d42868a7bac72ecf6848ea4b2533d5b6df1148869fe" "/opt/rustwide/cargo-home/bin/cargo" "+1.100.0-beta.1" "test" "--frozen" "--no-run" "--message-format=json" "--release", kill_on_drop: false }`
[INFO] [stderr]    Compiling libc v0.2.186
[INFO] [stderr]    Compiling cfg-if v1.0.4
[INFO] [stderr]    Compiling getrandom v0.3.4
[INFO] [stderr]    Compiling rustix v1.1.4
[INFO] [stderr]    Compiling zerocopy v0.8.48
[INFO] [stderr]    Compiling getrandom v0.4.2
[INFO] [stderr]    Compiling autocfg v1.5.1
[INFO] [stderr]    Compiling linux-raw-sys v0.12.1
[INFO] [stderr]    Compiling bitflags v2.11.1
[INFO] [stderr]    Compiling fastrand v2.4.1
[INFO] [stderr]    Compiling once_cell v1.21.4
[INFO] [stderr]    Compiling num-traits v0.2.19
[INFO] [stderr]    Compiling quick-error v1.2.3
[INFO] [stderr]    Compiling bit-vec v0.8.0
[INFO] [stderr]    Compiling fnv v1.0.7
[INFO] [stderr]    Compiling regex-syntax v0.8.10
[INFO] [stderr]    Compiling unarray v0.1.4
[INFO] [stderr]    Compiling mirror v0.1.0 (/opt/rustwide/workdir)
[INFO] [stderr]    Compiling bit-set v0.8.0
[INFO] [stderr]    Compiling wait-timeout v0.2.1
[INFO] [stderr]    Compiling rand_core v0.9.5
[INFO] [stderr]    Compiling rand v0.9.4
[INFO] [stderr]    Compiling rand_xorshift v0.4.0
[INFO] [stderr]    Compiling tempfile v3.27.0
[INFO] [stderr]    Compiling rusty-fork v0.3.1
[INFO] [stderr]    Compiling ppv-lite86 v0.2.21
[INFO] [stderr]    Compiling rand_chacha v0.9.0
[INFO] [stderr]    Compiling proptest v1.11.0
[INFO] [stderr]     Finished `release` profile [optimized] target(s) in 2m 06s
[INFO] running `Command { std: "docker" "inspect" "b77c1ae06a83b47e10ef3d42868a7bac72ecf6848ea4b2533d5b6df1148869fe", kill_on_drop: false }`
[INFO] running `Command { std: "docker" "exec" "-e" "SOURCE_DIR=/opt/rustwide/workdir" "-e" "CARGO_HOME=/opt/rustwide/cargo-home" "-e" "RUSTUP_HOME=/opt/rustwide/rustup-home" "-e" "CARGO_TARGET_DIR=/opt/rustwide/target" "-e" "CARGO_INCREMENTAL=0" "-e" "RUST_BACKTRACE=full" "-e" "RUSTFLAGS=--cap-lints=warn" "-e" "RUSTDOCFLAGS=--cap-lints=warn" "-w" "/opt/rustwide/workdir" "--user" "0:0" "b77c1ae06a83b47e10ef3d42868a7bac72ecf6848ea4b2533d5b6df1148869fe" "/opt/rustwide/cargo-home/bin/cargo" "+1.100.0-beta.1" "test" "--frozen" "--release", kill_on_drop: false }`
[INFO] [stderr]     Finished `release` profile [optimized] target(s) in 0.09s
[INFO] [stderr]      Running unittests src/lib.rs (/opt/rustwide/target/release/build/mirror/259b1b6598855809/out/mirror-259b1b6598855809)
[INFO] [stdout] 
[INFO] [stdout] running 21 tests
[INFO] [stdout] test grade::tests::parse_valid ... ok
[INFO] [stdout] test journal::tests::render_contains_required_headers ... ok
[INFO] [stdout] test grade::tests::parse_out_of_range_score ... ok
[INFO] [stdout] test aggregate::tests::patterns_threshold ... ok
[INFO] [stdout] test json::tests::nested ... ok
[INFO] [stdout] test json::tests::rejects_trailing ... ok
[INFO] [stdout] test grade::tests::parse_malformed ... ok
[INFO] [stdout] test aggregate::tests::means_and_sort ... ok
[INFO] [stdout] test grade::tests::null_grader ... ok
[INFO] [stdout] test rng::tests::deterministic_sequence ... ok
[INFO] [stdout] test json::tests::escapes ... ok
[INFO] [stdout] test sample::tests::always_includes_errors ... ok
[INFO] [stdout] test json::tests::round_trip_object ... ok
[INFO] [stdout] test sample::tests::respects_cap ... ok
[INFO] [stdout] test transcript::tests::parses_minimal_event ... ok
[INFO] [stdout] test week::tests::bounds_contain_midweek ... ok
[INFO] [stdout] test week::tests::known_iso_weeks ... ok
[INFO] [stdout] test rng::tests::shuffle_is_seeded ... ok
[INFO] [stdout] test week::tests::parse_roundtrip ... ok
[INFO] [stdout] test sample::tests::determinism ... ok
[INFO] [stderr]      Running unittests src/main.rs (/opt/rustwide/target/release/build/mirror/7875f7ebd0b9091d/out/mirror-7875f7ebd0b9091d)
[INFO] [stdout] test transcript::tests::digest_is_canonical ... ok
[INFO] [stdout] 
[INFO] [stdout] test result: ok. 21 passed; 0 failed; 0 ignored; 0 measured; 0 filtered out; finished in 0.01s
[INFO] [stdout] 
[INFO] [stdout] 
[INFO] [stdout] running 0 tests
[INFO] [stdout] 
[INFO] [stdout] test result: ok. 0 passed; 0 failed; 0 ignored; 0 measured; 0 filtered out; finished in 0.00s
[INFO] [stdout] 
[INFO] [stderr]      Running tests/acceptance_ac1.rs (/opt/rustwide/target/release/build/mirror/2b4c813459423041/out/acceptance_ac1-2b4c813459423041)
[INFO] [stdout] 
[INFO] [stdout] running 1 test
[INFO] [stdout] test acceptance_ac1 ... FAILED
[INFO] [stderr] error: test failed, to rerun pass `--test acceptance_ac1`
[INFO] [stdout] 
[INFO] [stdout] failures:
[INFO] [stdout] 
[INFO] [stdout] ---- acceptance_ac1 stdout ----
[INFO] [stdout] 
[INFO] [stdout] thread 'acceptance_ac1' (1041) panicked at tests/acceptance_ac1.rs:84:10:
[INFO] [stdout] spawn: Os { code: 2, kind: NotFound, message: "No such file or directory" }
[INFO] [stdout] stack backtrace:
[INFO] [stdout]    0:     0x55bcb8b768a6 - <<std[617be2ca0a6fd877]::sys::backtrace::BacktraceLock>::print::DisplayBacktrace as core[a373ad73a504971]::fmt::Display>::fmt
[INFO] [stdout]    1:     0x55bcb8b25a7a - core[a373ad73a504971]::fmt::write
[INFO] [stdout]    2:     0x55bcb8b7c01c - <alloc[2e1b2a31b91974c5]::vec::Vec<u8> as core[a373ad73a504971]::io::write::Write>::write_fmt
[INFO] [stdout]    3:     0x55bcb8b52252 - std[617be2ca0a6fd877]::panicking::default_hook::{closure#0}
[INFO] [stdout]    4:     0x55bcb8b6e521 - std[617be2ca0a6fd877]::panicking::default_hook
[INFO] [stdout]    5:     0x55bcb8b6e702 - std[617be2ca0a6fd877]::panicking::panic_with_hook
[INFO] [stdout]    6:     0x55bcb8b52302 - std[617be2ca0a6fd877]::panicking::panic_handler::{closure#0}
[INFO] [stdout]    7:     0x55bcb8b4aed9 - std[617be2ca0a6fd877]::sys::backtrace::__rust_end_short_backtrace::<std[617be2ca0a6fd877]::panicking::panic_handler::{closure#0}, !>
[INFO] [stdout]    8:     0x55bcb8b52f1d - __rustc[ea4f61d10b84890b]::rust_begin_unwind
[INFO] [stdout]    9:     0x55bcb8b2616c - core[a373ad73a504971]::panicking::panic_fmt
[INFO] [stdout]   10:     0x55bcb8b25f42 - core[a373ad73a504971]::result::unwrap_failed
[INFO] [stdout]   11:     0x55bcb8b211a3 - <acceptance_ac1[408bf445857d25bf]::acceptance_ac1::{closure#0} as core[a373ad73a504971]::ops::function::FnOnce<()>>::call_once
[INFO] [stdout]   12:     0x55bcb8b7e47b - test[aada8e7e76ba119b]::__rust_begin_short_backtrace::<core[a373ad73a504971]::result::Result<(), alloc[2e1b2a31b91974c5]::string::String>, fn() -> core[a373ad73a504971]::result::Result<(), alloc[2e1b2a31b91974c5]::string::String>>
[INFO] [stdout]   13:     0x55bcb8b8c324 - test[aada8e7e76ba119b]::run_test::{closure#0}
[INFO] [stdout]   14:     0x55bcb8b85a54 - std[617be2ca0a6fd877]::sys::backtrace::__rust_begin_short_backtrace::<test[aada8e7e76ba119b]::run_test::{closure#1}, ()>
[INFO] [stdout]   15:     0x55bcb8b900e2 - <std[617be2ca0a6fd877]::thread::lifecycle::spawn_unchecked<test[aada8e7e76ba119b]::run_test::{closure#1}, ()>::{closure#1} as core[a373ad73a504971]::ops::function::FnOnce<()>>::call_once::{shim:vtable#0}
[INFO] [stdout]   16:     0x55bcb8b75a04 - <std[617be2ca0a6fd877]::sys::thread::unix::Thread>::new::thread_start
[INFO] [stdout]   17:     0x73836f1dedfa - <unknown>
[INFO] [stdout]   18:     0x73836f2723d4 - clone
[INFO] [stdout]   19:                0x0 - <unknown>
[INFO] [stdout] 
[INFO] [stdout] 
[INFO] [stdout] failures:
[INFO] [stdout]     acceptance_ac1
[INFO] [stdout] 
[INFO] [stdout] test result: FAILED. 0 passed; 1 failed; 0 ignored; 0 measured; 0 filtered out; finished in 0.00s
[INFO] [stdout] 
[INFO] running `Command { std: "docker" "inspect" "b77c1ae06a83b47e10ef3d42868a7bac72ecf6848ea4b2533d5b6df1148869fe", kill_on_drop: false }`
[INFO] running `Command { std: "docker" "rm" "-f" "b77c1ae06a83b47e10ef3d42868a7bac72ecf6848ea4b2533d5b6df1148869fe", kill_on_drop: false }`
[INFO] [stdout] b77c1ae06a83b47e10ef3d42868a7bac72ecf6848ea4b2533d5b6df1148869fe
