[INFO] cloning repository https://github.com/iamkorun/binturong
[INFO] running `Command { std: "git" "-c" "credential.helper=" "-c" "credential.helper=/workspace/cargo-home/bin/git-credential-null" "clone" "--bare" "https://github.com/iamkorun/binturong" "/workspace/cache/git-repos/https%3A%2F%2Fgithub.com%2Fiamkorun%2Fbinturong", kill_on_drop: false }`
[INFO] [stderr] Cloning into bare repository '/workspace/cache/git-repos/https%3A%2F%2Fgithub.com%2Fiamkorun%2Fbinturong'...
[INFO] running `Command { std: "git" "rev-parse" "HEAD", kill_on_drop: false }`
[INFO] [stdout] 3bb1eaf88da67982a62fb0f8739c37d3bdedfcfd
[INFO] testing iamkorun/binturong against 1.100.0-beta.1+cargoflags=--release for beta-release-1.100-3
[INFO] running `Command { std: "git" "clone" "/workspace/cache/git-repos/https%3A%2F%2Fgithub.com%2Fiamkorun%2Fbinturong" "/workspace/builds/worker-1-tc2/source", kill_on_drop: false }`
[INFO] [stderr] Cloning into '/workspace/builds/worker-1-tc2/source'...
[INFO] [stderr] done.
[INFO] started tweaking git repo https://github.com/iamkorun/binturong
[INFO] finished tweaking git repo https://github.com/iamkorun/binturong
[INFO] tweaked toml for git repo https://github.com/iamkorun/binturong written to /workspace/builds/worker-1-tc2/source/Cargo.toml
[INFO] validating manifest of git repo https://github.com/iamkorun/binturong on toolchain 1.100.0-beta.1
[INFO] running `Command { std: CARGO_HOME="/workspace/cargo-home" RUSTUP_HOME="/workspace/rustup-home" "/workspace/cargo-home/bin/cargo" "+1.100.0-beta.1" "metadata" "--manifest-path" "Cargo.toml" "--no-deps", kill_on_drop: false }`
[INFO] crate git repo https://github.com/iamkorun/binturong already has a lockfile, it will not be regenerated
[INFO] running `Command { std: CARGO_HOME="/workspace/cargo-home" RUSTUP_HOME="/workspace/rustup-home" "/workspace/cargo-home/bin/cargo" "+1.100.0-beta.1" "fetch" "--manifest-path" "Cargo.toml", kill_on_drop: false }`
[INFO] running `Command { std: "docker" "create" "-v" "/var/lib/crater-agent-workspace/builds/worker-1-tc2/source:/opt/rustwide/workdir:ro,Z" "-v" "/var/lib/crater-agent-workspace/builds/worker-1-tc2/target:/opt/rustwide/target:rw,Z" "-v" "/var/lib/crater-agent-workspace/cargo-home:/opt/rustwide/cargo-home:ro,Z" "-v" "/var/lib/crater-agent-workspace/rustup-home:/opt/rustwide/rustup-home:ro,Z" "-m" "1610612736" "--network" "none" "ghcr.io/rust-lang/crates-build-env/linux@sha256:77db811e55d90add9212f6832c23229e3de5f1c1f9905e8cb07319ea15df73ac" "sleep" "infinity", kill_on_drop: false }`
[INFO] [stdout] 67c3d50f5c06b9ea91db0b33df03236c04cf3a8d9c16ed0e596ec5034b63b767
[INFO] running `Command { std: "docker" "start" "67c3d50f5c06b9ea91db0b33df03236c04cf3a8d9c16ed0e596ec5034b63b767", kill_on_drop: false }`
[INFO] running `Command { std: "docker" "inspect" "67c3d50f5c06b9ea91db0b33df03236c04cf3a8d9c16ed0e596ec5034b63b767", kill_on_drop: false }`
[INFO] running `Command { std: "docker" "exec" "-e" "SOURCE_DIR=/opt/rustwide/workdir" "-e" "CARGO_HOME=/opt/rustwide/cargo-home" "-e" "RUSTUP_HOME=/opt/rustwide/rustup-home" "-e" "CARGO_TARGET_DIR=/opt/rustwide/target" "-w" "/opt/rustwide/workdir" "--user" "0:0" "67c3d50f5c06b9ea91db0b33df03236c04cf3a8d9c16ed0e596ec5034b63b767" "/opt/rustwide/cargo-home/bin/cargo" "+1.100.0-beta.1" "metadata" "--no-deps" "--format-version=1", kill_on_drop: false }`
[INFO] running `Command { std: "docker" "inspect" "67c3d50f5c06b9ea91db0b33df03236c04cf3a8d9c16ed0e596ec5034b63b767", kill_on_drop: false }`
[INFO] running `Command { std: "docker" "exec" "-e" "SOURCE_DIR=/opt/rustwide/workdir" "-e" "CARGO_HOME=/opt/rustwide/cargo-home" "-e" "RUSTUP_HOME=/opt/rustwide/rustup-home" "-e" "CARGO_TARGET_DIR=/opt/rustwide/target" "-e" "CARGO_INCREMENTAL=0" "-e" "RUST_BACKTRACE=full" "-e" "RUSTFLAGS=--cap-lints=warn" "-e" "RUSTDOCFLAGS=--cap-lints=warn" "-w" "/opt/rustwide/workdir" "--user" "0:0" "67c3d50f5c06b9ea91db0b33df03236c04cf3a8d9c16ed0e596ec5034b63b767" "/opt/rustwide/cargo-home/bin/cargo" "+1.100.0-beta.1" "build" "--frozen" "--message-format=json" "--release", kill_on_drop: false }`
[INFO] [stderr]    Compiling libc v0.2.184
[INFO] [stderr]    Compiling proc-macro2 v1.0.106
[INFO] [stderr]    Compiling parking_lot_core v0.9.12
[INFO] [stderr]    Compiling quote v1.0.45
[INFO] [stderr]    Compiling rustix v1.1.4
[INFO] [stderr]    Compiling smallvec v1.15.1
[INFO] [stderr]    Compiling anstyle-parse v1.0.0
[INFO] [stderr]    Compiling lock_api v0.4.14
[INFO] [stderr]    Compiling bitflags v2.11.0
[INFO] [stderr]    Compiling litrs v1.0.0
[INFO] [stderr]    Compiling linux-raw-sys v0.12.1
[INFO] [stderr]    Compiling colorchoice v1.0.5
[INFO] [stderr]    Compiling is_terminal_polyfill v1.70.2
[INFO] [stderr]    Compiling anstyle-query v1.1.5
[INFO] [stderr]    Compiling clap_lex v1.1.0
[INFO] [stderr]    Compiling unicode-width v0.2.2
[INFO] [stderr]    Compiling anstream v1.0.0
[INFO] [stderr]    Compiling unicode-segmentation v1.13.2
[INFO] [stderr]    Compiling clap_builder v4.6.0
[INFO] [stderr]    Compiling colored v2.2.0
[INFO] [stderr]    Compiling document-features v0.2.12
[INFO] [stderr]    Compiling syn v2.0.117
[INFO] [stderr]    Compiling parking_lot v0.12.5
[INFO] [stderr]    Compiling crossterm v0.29.0
[INFO] [stderr]    Compiling comfy-table v7.2.2
[INFO] [stderr]    Compiling clap_derive v4.6.0
[INFO] [stderr]    Compiling clap v4.6.0
[INFO] [stderr]    Compiling binturong v0.1.0 (/opt/rustwide/workdir)
[INFO] [stderr]     Finished `release` profile [optimized] target(s) in 38.42s
[INFO] running `Command { std: "docker" "inspect" "67c3d50f5c06b9ea91db0b33df03236c04cf3a8d9c16ed0e596ec5034b63b767", kill_on_drop: false }`
[INFO] running `Command { std: "docker" "exec" "-e" "SOURCE_DIR=/opt/rustwide/workdir" "-e" "CARGO_HOME=/opt/rustwide/cargo-home" "-e" "RUSTUP_HOME=/opt/rustwide/rustup-home" "-e" "CARGO_TARGET_DIR=/opt/rustwide/target" "-e" "CARGO_INCREMENTAL=0" "-e" "RUST_BACKTRACE=full" "-e" "RUSTFLAGS=--cap-lints=warn" "-e" "RUSTDOCFLAGS=--cap-lints=warn" "-w" "/opt/rustwide/workdir" "--user" "0:0" "67c3d50f5c06b9ea91db0b33df03236c04cf3a8d9c16ed0e596ec5034b63b767" "/opt/rustwide/cargo-home/bin/cargo" "+1.100.0-beta.1" "test" "--frozen" "--no-run" "--message-format=json" "--release", kill_on_drop: false }`
[INFO] [stderr]    Compiling rustix v1.1.4
[INFO] [stderr]    Compiling getrandom v0.4.2
[INFO] [stderr]    Compiling fastrand v2.4.0
[INFO] [stderr]    Compiling once_cell v1.21.4
[INFO] [stderr]    Compiling crossterm v0.29.0
[INFO] [stderr]    Compiling tempfile v3.27.0
[INFO] [stderr]    Compiling comfy-table v7.2.2
[INFO] [stderr]    Compiling binturong v0.1.0 (/opt/rustwide/workdir)
[INFO] [stderr]     Finished `release` profile [optimized] target(s) in 22.53s
[INFO] running `Command { std: "docker" "inspect" "67c3d50f5c06b9ea91db0b33df03236c04cf3a8d9c16ed0e596ec5034b63b767", kill_on_drop: false }`
[INFO] running `Command { std: "docker" "exec" "-e" "SOURCE_DIR=/opt/rustwide/workdir" "-e" "CARGO_HOME=/opt/rustwide/cargo-home" "-e" "RUSTUP_HOME=/opt/rustwide/rustup-home" "-e" "CARGO_TARGET_DIR=/opt/rustwide/target" "-e" "CARGO_INCREMENTAL=0" "-e" "RUST_BACKTRACE=full" "-e" "RUSTFLAGS=--cap-lints=warn" "-e" "RUSTDOCFLAGS=--cap-lints=warn" "-w" "/opt/rustwide/workdir" "--user" "0:0" "67c3d50f5c06b9ea91db0b33df03236c04cf3a8d9c16ed0e596ec5034b63b767" "/opt/rustwide/cargo-home/bin/cargo" "+1.100.0-beta.1" "test" "--frozen" "--release", kill_on_drop: false }`
[INFO] [stderr]     Finished `release` profile [optimized] target(s) in 0.10s
[INFO] [stderr]      Running unittests src/lib.rs (/opt/rustwide/target/release/build/binturong/0822288f88827143/out/binturong-0822288f88827143)
[INFO] [stdout] 
[INFO] [stdout] running 49 tests
[INFO] [stdout] test compare::tests::test_drifted_rows_filter ... ok
[INFO] [stdout] test compare::tests::test_drift_different_values ... ok
[INFO] [stdout] test compare::tests::test_key_status_is_present ... ok
[INFO] [stdout] test compare::tests::test_keys_sorted_alphabetically ... ok
[INFO] [stdout] test compare::tests::test_extra_key_in_one_file ... ok
[INFO] [stdout] test compare::tests::test_drift_empty_vs_value ... ok
[INFO] [stdout] test compare::tests::test_drift_missing_key ... ok
[INFO] [stdout] test compare::tests::test_all_keys_aggregates_across_files ... ok
[INFO] [stdout] test compare::tests::test_all_empty_files_no_drift ... ok
[INFO] [stdout] test compare::tests::test_no_drift_empty_in_all ... ok
[INFO] [stdout] test compare::tests::test_no_files_produces_empty_report ... ok
[INFO] [stdout] test compare::tests::test_single_file_no_drift ... ok
[INFO] [stdout] test discovery::tests::test_no_env_files ... ok
[INFO] [stdout] test discovery::tests::test_nonexistent_directory ... ok
[INFO] [stdout] test compare::tests::test_three_files_drift ... ok
[INFO] [stdout] test discovery::tests::test_sorted_output ... ok
[INFO] [stdout] test discovery::tests::test_empty_directory ... ok
[INFO] [stdout] test discovery::tests::test_directories_not_included ... ok
[INFO] [stdout] test parser::tests::test_basic_key_value ... ok
[INFO] [stdout] test parser::tests::test_double_quoted_value ... ok
[INFO] [stdout] test parser::tests::test_inline_comment_not_stripped_in_quotes ... ok
[INFO] [stdout] test parser::tests::test_empty_input ... ok
[INFO] [stdout] test parser::tests::test_empty_value ... ok
[INFO] [stdout] test parser::tests::test_escape_sequences_in_double_quotes ... ok
[INFO] [stdout] test parser::tests::test_export_prefix ... ok
[INFO] [stdout] test parser::tests::test_no_equals_line_skipped ... ok
[INFO] [stdout] test parser::tests::test_duplicate_keys_last_wins ... ok
[INFO] [stdout] test parser::tests::test_only_comments_and_blanks ... ok
[INFO] [stdout] test parser::tests::test_inline_comment_stripped ... ok
[INFO] [stdout] test parser::tests::test_multibyte_utf8_values ... ok
[INFO] [stdout] test parser::tests::test_parse_file_not_found ... ok
[INFO] [stdout] test parser::tests::test_skip_blank_and_comments ... ok
[INFO] [stdout] test parser::tests::test_spaces_around_equals ... ok
[INFO] [stdout] test compare::tests::test_no_drift_identical_files ... ok
[INFO] [stdout] test parser::tests::test_parse_real_file ... ok
[INFO] [stdout] test parser::tests::test_single_quoted_value ... ok
[INFO] [stdout] test parser::tests::test_value_with_equals_sign ... ok
[INFO] [stdout] test discovery::tests::test_discovers_env_files ... ok
[INFO] [stdout] test parser::tests::test_windows_line_endings ... ok
[INFO] [stdout] test table::tests::test_diff_only_hides_in_sync_keys ... ok
[INFO] [stdout] test table::tests::test_empty_files_output ... ok
[INFO] [stdout] test table::tests::test_truncate_long_string ... ok
[INFO] [stdout] test table::tests::test_render_drift_shows_missing ... ok
[INFO] [stdout] test table::tests::test_render_verbose_lists_drifted ... ok
[INFO] [stdout] test table::tests::test_truncate_multibyte_utf8 ... ok
[INFO] [stdout] test table::tests::test_truncate_emoji ... ok
[INFO] [stdout] test table::tests::test_render_in_sync ... ok
[INFO] [stdout] test table::tests::test_values_mode_shows_value ... ok
[INFO] [stdout] test table::tests::test_truncate_short_string ... ok
[INFO] [stdout] 
[INFO] [stdout] test result: ok. 49 passed; 0 failed; 0 ignored; 0 measured; 0 filtered out; finished in 0.02s
[INFO] [stdout] 
[INFO] [stderr]      Running unittests src/main.rs (/opt/rustwide/target/release/build/binturong/25f916db45e3cd2e/out/binturong-25f916db45e3cd2e)
[INFO] [stdout] 
[INFO] [stdout] running 49 tests
[INFO] [stdout] test compare::tests::test_drift_missing_key ... ok
[INFO] [stdout] test compare::tests::test_drifted_rows_filter ... ok
[INFO] [stdout] test compare::tests::test_key_status_is_present ... ok
[INFO] [stdout] test compare::tests::test_keys_sorted_alphabetically ... ok
[INFO] [stdout] test compare::tests::test_drift_different_values ... ok
[INFO] [stdout] test compare::tests::test_all_keys_aggregates_across_files ... ok
[INFO] [stdout] test compare::tests::test_drift_empty_vs_value ... ok
[INFO] [stdout] test compare::tests::test_extra_key_in_one_file ... ok
[INFO] [stdout] test compare::tests::test_all_empty_files_no_drift ... ok
[INFO] [stdout] test compare::tests::test_single_file_no_drift ... ok
[INFO] [stdout] test discovery::tests::test_discovers_env_files ... ok
[INFO] [stdout] test compare::tests::test_no_drift_empty_in_all ... ok
[INFO] [stdout] test compare::tests::test_no_drift_identical_files ... ok
[INFO] [stdout] test compare::tests::test_no_files_produces_empty_report ... ok
[INFO] [stdout] test discovery::tests::test_empty_directory ... ok
[INFO] [stdout] test discovery::tests::test_sorted_output ... ok
[INFO] [stdout] test compare::tests::test_three_files_drift ... ok
[INFO] [stdout] test parser::tests::test_duplicate_keys_last_wins ... ok
[INFO] [stdout] test discovery::tests::test_directories_not_included ... ok
[INFO] [stdout] test parser::tests::test_export_prefix ... ok
[INFO] [stdout] test parser::tests::test_empty_value ... ok
[INFO] [stdout] test parser::tests::test_escape_sequences_in_double_quotes ... ok
[INFO] [stdout] test discovery::tests::test_no_env_files ... ok
[INFO] [stdout] test discovery::tests::test_nonexistent_directory ... ok
[INFO] [stdout] test parser::tests::test_double_quoted_value ... ok
[INFO] [stdout] test parser::tests::test_empty_input ... ok
[INFO] [stdout] test parser::tests::test_basic_key_value ... ok
[INFO] [stdout] test parser::tests::test_multibyte_utf8_values ... ok
[INFO] [stdout] test parser::tests::test_inline_comment_stripped ... ok
[INFO] [stdout] test parser::tests::test_parse_real_file ... ok
[INFO] [stdout] test parser::tests::test_single_quoted_value ... ok
[INFO] [stdout] test parser::tests::test_value_with_equals_sign ... ok
[INFO] [stdout] test parser::tests::test_spaces_around_equals ... ok
[INFO] [stdout] test parser::tests::test_inline_comment_not_stripped_in_quotes ... ok
[INFO] [stdout] test parser::tests::test_no_equals_line_skipped ... ok
[INFO] [stdout] test parser::tests::test_windows_line_endings ... ok
[INFO] [stdout] test parser::tests::test_parse_file_not_found ... ok
[INFO] [stdout] test parser::tests::test_skip_blank_and_comments ... ok
[INFO] [stdout] test parser::tests::test_only_comments_and_blanks ... ok
[INFO] [stdout] test table::tests::test_diff_only_hides_in_sync_keys ... ok
[INFO] [stdout] test table::tests::test_empty_files_output ... ok
[INFO] [stdout] test table::tests::test_render_drift_shows_missing ... ok
[INFO] [stdout] test table::tests::test_truncate_multibyte_utf8 ... ok
[INFO] [stdout] test table::tests::test_truncate_emoji ... ok
[INFO] [stdout] test table::tests::test_truncate_short_string ... ok
[INFO] [stdout] test table::tests::test_values_mode_shows_value ... ok
[INFO] [stdout] test table::tests::test_render_verbose_lists_drifted ... ok
[INFO] [stdout] test table::tests::test_render_in_sync ... ok
[INFO] [stdout] test table::tests::test_truncate_long_string ... ok
[INFO] [stdout] 
[INFO] [stdout] test result: ok. 49 passed; 0 failed; 0 ignored; 0 measured; 0 filtered out; finished in 0.01s
[INFO] [stdout] 
[INFO] [stderr]      Running tests/integration.rs (/opt/rustwide/target/release/build/binturong/7c93ebf9468d8987/out/integration-7c93ebf9468d8987)
[INFO] [stdout] 
[INFO] [stdout] running 26 tests
[INFO] [stdout] test test_auto_discovery_no_files_exits_2 ... FAILED
[INFO] [stdout] test test_diff_flag_hides_in_sync_keys ... FAILED
[INFO] [stdout] test test_comments_and_blank_lines_skipped ... FAILED
[INFO] [stdout] test test_exit_2_only_one_file ... FAILED
[INFO] [stdout] test test_export_prefix_handled ... FAILED
[INFO] [stdout] test test_exit_0_when_in_sync ... FAILED
[INFO] [stdout] test test_invalid_utf8_file_reports_error ... FAILED
[INFO] [stdout] test test_one_file_error_includes_path ... FAILED
[INFO] [stdout] test test_diff_and_quiet_combined ... FAILED
[INFO] [stdout] test test_large_number_of_keys ... FAILED
[INFO] [stdout] test test_empty_file_handles_gracefully ... FAILED
[INFO] [stdout] test test_help_flag ... FAILED
[INFO] [stdout] test test_output_shows_missing_indicator ... FAILED
[INFO] [stdout] test test_short_flag_aliases ... FAILED
[INFO] [stdout] test test_three_files_comparison ... FAILED
[INFO] [stdout] test test_exit_1_when_drift ... FAILED
[INFO] [stdout] test test_verbose_flag_lists_drifted_keys ... FAILED
[INFO] [stdout] test test_values_flag_shows_actual_values ... FAILED
[INFO] [stdout] test test_output_masks_values_by_default ... FAILED
[INFO] [stdout] test test_exit_2_file_not_found ... FAILED
[INFO] [stdout] test test_auto_discovers_env_files_in_directory ... FAILED
[INFO] [stdout] test test_version_flag ... FAILED
[INFO] [stdout] test test_quiet_flag_no_output_on_drift ... FAILED
[INFO] [stdout] test test_verbose_writes_filenames_to_stderr ... FAILED
[INFO] [stdout] test test_values_with_special_characters ... FAILED
[INFO] [stdout] test test_output_shows_key_names ... FAILED
[INFO] [stdout] 
[INFO] [stdout] failures:
[INFO] [stdout] 
[INFO] [stdout] ---- test_auto_discovery_no_files_exits_2 stdout ----
[INFO] [stdout] 
[INFO] [stdout] thread 'test_auto_discovery_no_files_exits_2' (1054) panicked at tests/integration.rs:225:10:
[INFO] [stdout] called `Result::unwrap()` on an `Err` value: Os { code: 2, kind: NotFound, message: "No such file or directory" }
[INFO] [stdout] stack backtrace:
[INFO] [stdout]    0:     0x64062a650ce1 - <<std[617be2ca0a6fd877]::sys::backtrace::BacktraceLock>::print::DisplayBacktrace as core[a373ad73a504971]::fmt::Display>::fmt
[INFO] [stdout]    1:     0x64062a664f3a - core[a373ad73a504971]::fmt::write
[INFO] [stdout]    2:     0x64062a65515c - <alloc[2e1b2a31b91974c5]::vec::Vec<u8> as core[a373ad73a504971]::io::write::Write>::write_fmt
[INFO] [stdout]    3:     0x64062a62b7e6 - std[617be2ca0a6fd877]::panicking::default_hook::{closure#0}
[INFO] [stdout]    4:     0x64062a648a79 - std[617be2ca0a6fd877]::panicking::default_hook
[INFO] [stdout]    5:     0x64062a5e2770 - test[aada8e7e76ba119b]::test_main_inner::{closure#0}
[INFO] [stdout]    6:     0x64062a648c32 - std[617be2ca0a6fd877]::panicking::panic_with_hook
[INFO] [stdout]    7:     0x64062a62b892 - std[617be2ca0a6fd877]::panicking::panic_handler::{closure#0}
[INFO] [stdout]    8:     0x64062a624489 - std[617be2ca0a6fd877]::sys::backtrace::__rust_end_short_backtrace::<std[617be2ca0a6fd877]::panicking::panic_handler::{closure#0}, !>
[INFO] [stdout]    9:     0x64062a62c49d - __rustc[ea4f61d10b84890b]::rust_begin_unwind
[INFO] [stdout]   10:     0x64062a66566c - core[a373ad73a504971]::panicking::panic_fmt
[INFO] [stdout]   11:     0x64062a665442 - core[a373ad73a504971]::result::unwrap_failed
[INFO] [stdout]   12:     0x64062a5d33bb - <integration[6cc57499ed9abb21]::test_auto_discovery_no_files_exits_2::{closure#0} as core[a373ad73a504971]::ops::function::FnOnce<()>>::call_once
[INFO] [stdout]   13:     0x64062a5d5bbb - test[aada8e7e76ba119b]::__rust_begin_short_backtrace::<core[a373ad73a504971]::result::Result<(), alloc[2e1b2a31b91974c5]::string::String>, fn() -> core[a373ad73a504971]::result::Result<(), alloc[2e1b2a31b91974c5]::string::String>>
[INFO] [stdout]   14:     0x64062a5e2d95 - test[aada8e7e76ba119b]::run_test::{closure#0}
[INFO] [stdout]   15:     0x64062a5dc684 - std[617be2ca0a6fd877]::sys::backtrace::__rust_begin_short_backtrace::<test[aada8e7e76ba119b]::run_test::{closure#1}, ()>
[INFO] [stdout]   16:     0x64062a5e5e22 - <std[617be2ca0a6fd877]::thread::lifecycle::spawn_unchecked<test[aada8e7e76ba119b]::run_test::{closure#1}, ()>::{closure#1} as core[a373ad73a504971]::ops::function::FnOnce<()>>::call_once::{shim:vtable#0}
[INFO] [stdout]   17:     0x64062a65035f - <std[617be2ca0a6fd877]::sys::thread::unix::Thread>::new::thread_start
[INFO] [stdout]   18:     0x723c7e030dfa - <unknown>
[INFO] [stdout]   19:     0x723c7e0c43d4 - clone
[INFO] [stdout]   20:                0x0 - <unknown>
[INFO] [stdout] 
[INFO] [stdout] ---- test_diff_flag_hides_in_sync_keys stdout ----
[INFO] [stdout] 
[INFO] [stdout] thread 'test_diff_flag_hides_in_sync_keys' (1057) panicked at tests/integration.rs:145:10:
[INFO] [stdout] called `Result::unwrap()` on an `Err` value: Os { code: 2, kind: NotFound, message: "No such file or directory" }
[INFO] [stdout] stack backtrace:
[INFO] [stdout]    0:     0x64062a650ce1 - <<std[617be2ca0a6fd877]::sys::backtrace::BacktraceLock>::print::DisplayBacktrace as core[a373ad73a504971]::fmt::Display>::fmt
[INFO] [stdout]    1:     0x64062a664f3a - core[a373ad73a504971]::fmt::write
[INFO] [stdout]    2:     0x64062a65515c - <alloc[2e1b2a31b91974c5]::vec::Vec<u8> as core[a373ad73a504971]::io::write::Write>::write_fmt
[INFO] [stdout]    3:     0x64062a62b7e6 - std[617be2ca0a6fd877]::panicking::default_hook::{closure#0}
[INFO] [stdout]    4:     0x64062a648a79 - std[617be2ca0a6fd877]::panicking::default_hook
[INFO] [stdout]    5:     0x64062a5e2770 - test[aada8e7e76ba119b]::test_main_inner::{closure#0}
[INFO] [stdout]    6:     0x64062a648c32 - std[617be2ca0a6fd877]::panicking::panic_with_hook
[INFO] [stdout]    7:     0x64062a62b892 - std[617be2ca0a6fd877]::panicking::panic_handler::{closure#0}
[INFO] [stdout]    8:     0x64062a624489 - std[617be2ca0a6fd877]::sys::backtrace::__rust_end_short_backtrace::<std[617be2ca0a6fd877]::panicking::panic_handler::{closure#0}, !>
[INFO] [stdout]    9:     0x64062a62c49d - __rustc[ea4f61d10b84890b]::rust_begin_unwind
[INFO] [stdout]   10:     0x64062a66566c - core[a373ad73a504971]::panicking::panic_fmt
[INFO] [stdout]   11:     0x64062a665442 - core[a373ad73a504971]::result::unwrap_failed
[INFO] [stdout]   12:     0x64062a5d1317 - <integration[6cc57499ed9abb21]::test_diff_flag_hides_in_sync_keys::{closure#0} as core[a373ad73a504971]::ops::function::FnOnce<()>>::call_once
[INFO] [stdout]   13:     0x64062a5d5bbb - test[aada8e7e76ba119b]::__rust_begin_short_backtrace::<core[a373ad73a504971]::result::Result<(), alloc[2e1b2a31b91974c5]::string::String>, fn() -> core[a373ad73a504971]::result::Result<(), alloc[2e1b2a31b91974c5]::string::String>>
[INFO] [stdout]   14:     0x64062a5e2d95 - test[aada8e7e76ba119b]::run_test::{closure#0}
[INFO] [stdout]   15:     0x64062a5dc684 - std[617be2ca0a6fd877]::sys::backtrace::__rust_begin_short_backtrace::<test[aada8e7e76ba119b]::run_test::{closure#1}, ()>
[INFO] [stdout]   16:     0x64062a5e5e22 - <std[617be2ca0a6fd877]::thread::lifecycle::spawn_unchecked<test[aada8e7e76ba119b]::run_test::{closure#1}, ()>::{closure#1} as core[a373ad73a504971]::ops::function::FnOnce<()>>::call_once::{shim:vtable#0}
[INFO] [stdout]   17:     0x64062a65035f - <std[617be2ca0a6fd877]::sys::thread::unix::Thread>::new::thread_start
[INFO] [stdout]   18:     0x723c7e030dfa - <unknown>
[INFO] [stdout]   19:     0x723c7e0c43d4 - clone
[INFO] [stdout]   20:                0x0 - <unknown>
[INFO] [stdout] 
[INFO] [stdout] ---- test_comments_and_blank_lines_skipped stdout ----
[INFO] [stdout] 
[INFO] [stdout] thread 'test_comments_and_blank_lines_skipped' (1055) panicked at tests/integration.rs:255:10:
[INFO] [stdout] called `Result::unwrap()` on an `Err` value: Os { code: 2, kind: NotFound, message: "No such file or directory" }
[INFO] [stdout] stack backtrace:
[INFO] [stdout]    0:     0x64062a650ce1 - <<std[617be2ca0a6fd877]::sys::backtrace::BacktraceLock>::print::DisplayBacktrace as core[a373ad73a504971]::fmt::Display>::fmt
[INFO] [stdout]    1:     0x64062a664f3a - core[a373ad73a504971]::fmt::write
[INFO] [stdout]    2:     0x64062a65515c - <alloc[2e1b2a31b91974c5]::vec::Vec<u8> as core[a373ad73a504971]::io::write::Write>::write_fmt
[INFO] [stdout]    3:     0x64062a62b7e6 - std[617be2ca0a6fd877]::panicking::default_hook::{closure#0}
[INFO] [stdout]    4:     0x64062a648a79 - std[617be2ca0a6fd877]::panicking::default_hook
[INFO] [stdout]    5:     0x64062a5e2770 - test[aada8e7e76ba119b]::test_main_inner::{closure#0}
[INFO] [stdout]    6:     0x64062a648c32 - std[617be2ca0a6fd877]::panicking::panic_with_hook
[INFO] [stdout]    7:     0x64062a62b892 - std[617be2ca0a6fd877]::panicking::panic_handler::{closure#0}
[INFO] [stdout]    8:     0x64062a624489 - std[617be2ca0a6fd877]::sys::backtrace::__rust_end_short_backtrace::<std[617be2ca0a6fd877]::panicking::panic_handler::{closure#0}, !>
[INFO] [stdout]    9:     0x64062a62c49d - __rustc[ea4f61d10b84890b]::rust_begin_unwind
[INFO] [stdout]   10:     0x64062a66566c - core[a373ad73a504971]::panicking::panic_fmt
[INFO] [stdout]   11:     0x64062a665442 - core[a373ad73a504971]::result::unwrap_failed
[INFO] [stdout]   12:     0x64062a5d4853 - <integration[6cc57499ed9abb21]::test_comments_and_blank_lines_skipped::{closure#0} as core[a373ad73a504971]::ops::function::FnOnce<()>>::call_once
[INFO] [stdout]   13:     0x64062a5d5bbb - test[aada8e7e76ba119b]::__rust_begin_short_backtrace::<core[a373ad73a504971]::result::Result<(), alloc[2e1b2a31b91974c5]::string::String>, fn() -> core[a373ad73a504971]::result::Result<(), alloc[2e1b2a31b91974c5]::string::String>>
[INFO] [stdout]   14:     0x64062a5e2d95 - test[aada8e7e76ba119b]::run_test::{closure#0}
[INFO] [stdout]   15:     0x64062a5dc684 - std[617be2ca0a6fd877]::sys::backtrace::__rust_begin_short_backtrace::<test[aada8e7e76ba119b]::run_test::{closure#1}, ()>
[INFO] [stdout]   16:     0x64062a5e5e22 - <std[617be2ca0a6fd877]::thread::lifecycle::spawn_unchecked<test[aada8e7e76ba119b]::run_test::{closure#1}, ()>::{closure#1} as core[a373ad73a504971]::ops::function::FnOnce<()>>::call_once::{shim:vtable#0}
[INFO] [stdout]   17:     0x64062a65035f - <std[617be2ca0a6fd877]::sys::thread::unix::Thread>::new::thread_start
[INFO] [stdout]   18:     0x723c7e030dfa - <unknown>
[INFO] [stdout]   19:     0x723c7e0c43d4 - clone
[INFO] [stdout]   20:                0x0 - <unknown>
[INFO] [stdout] 
[INFO] [stdout] ---- test_exit_2_only_one_file stdout ----
[INFO] [stdout] 
[INFO] [stdout] thread 'test_exit_2_only_one_file' (1067) panicked at tests/integration.rs:73:10:
[INFO] [stdout] called `Result::unwrap()` on an `Err` value: Os { code: 2, kind: NotFound, message: "No such file or directory" }
[INFO] [stdout] stack backtrace:
[INFO] [stdout]    0:     0x64062a650ce1 - <<std[617be2ca0a6fd877]::sys::backtrace::BacktraceLock>::print::DisplayBacktrace as core[a373ad73a504971]::fmt::Display>::fmt
[INFO] [stdout]    1:     0x64062a664f3a - core[a373ad73a504971]::fmt::write
[INFO] [stdout]    2:     0x64062a65515c - <alloc[2e1b2a31b91974c5]::vec::Vec<u8> as core[a373ad73a504971]::io::write::Write>::write_fmt
[INFO] [stdout]    3:     0x64062a62b7e6 - std[617be2ca0a6fd877]::panicking::default_hook::{closure#0}
[INFO] [stdout]    4:     0x64062a648a79 - std[617be2ca0a6fd877]::panicking::default_hook
[INFO] [stdout]    5:     0x64062a5e2770 - test[aada8e7e76ba119b]::test_main_inner::{closure#0}
[INFO] [stdout]    6:     0x64062a648c32 - std[617be2ca0a6fd877]::panicking::panic_with_hook
[INFO] [stdout]    7:     0x64062a62b892 - std[617be2ca0a6fd877]::panicking::panic_handler::{closure#0}
[INFO] [stdout]    8:     0x64062a624489 - std[617be2ca0a6fd877]::sys::backtrace::__rust_end_short_backtrace::<std[617be2ca0a6fd877]::panicking::panic_handler::{closure#0}, !>
[INFO] [stdout]    9:     0x64062a62c49d - __rustc[ea4f61d10b84890b]::rust_begin_unwind
[INFO] [stdout]   10:     0x64062a66566c - core[a373ad73a504971]::panicking::panic_fmt
[INFO] [stdout]   11:     0x64062a665442 - core[a373ad73a504971]::result::unwrap_failed
[INFO] [stdout]   12:     0x64062a5cee5f - <integration[6cc57499ed9abb21]::test_exit_2_only_one_file::{closure#0} as core[a373ad73a504971]::ops::function::FnOnce<()>>::call_once
[INFO] [stdout]   13:     0x64062a5d5bbb - test[aada8e7e76ba119b]::__rust_begin_short_backtrace::<core[a373ad73a504971]::result::Result<(), alloc[2e1b2a31b91974c5]::string::String>, fn() -> core[a373ad73a504971]::result::Result<(), alloc[2e1b2a31b91974c5]::string::String>>
[INFO] [stdout]   14:     0x64062a5e2d95 - test[aada8e7e76ba119b]::run_test::{closure#0}
[INFO] [stdout]   15:     0x64062a5dc684 - std[617be2ca0a6fd877]::sys::backtrace::__rust_begin_short_backtrace::<test[aada8e7e76ba119b]::run_test::{closure#1}, ()>
[INFO] [stdout]   16:     0x64062a5e5e22 - <std[617be2ca0a6fd877]::thread::lifecycle::spawn_unchecked<test[aada8e7e76ba119b]::run_test::{closure#1}, ()>::{closure#1} as core[a373ad73a504971]::ops::function::FnOnce<()>>::call_once::{shim:vtable#0}
[INFO] [stdout]   17:     0x64062a65035f - <std[617be2ca0a6fd877]::sys::thread::unix::Thread>::new::thread_start
[INFO] [stdout]   18:     0x723c7e030dfa - <unknown>
[INFO] [stdout]   19:     0x723c7e0c43d4 - clone
[INFO] [stdout]   20:                0x0 - <unknown>
[INFO] [stdout] 
[INFO] [stdout] ---- test_export_prefix_handled stdout ----
[INFO] [stdout] 
[INFO] [stdout] thread 'test_export_prefix_handled' (1068) panicked at tests/integration.rs:269:10:
[INFO] [stdout] called `Result::unwrap()` on an `Err` value: Os { code: 2, kind: NotFound, message: "No such file or directory" }
[INFO] [stdout] stack backtrace:
[INFO] [stdout]    0:     0x64062a650ce1 - <<std[617be2ca0a6fd877]::sys::backtrace::BacktraceLock>::print::DisplayBacktrace as core[a373ad73a504971]::fmt::Display>::fmt
[INFO] [stdout]    1:     0x64062a664f3a - core[a373ad73a504971]::fmt::write
[INFO] [stdout]    2:     0x64062a65515c - <alloc[2e1b2a31b91974c5]::vec::Vec<u8> as core[a373ad73a504971]::io::write::Write>::write_fmt
[INFO] [stdout]    3:     0x64062a62b7e6 - std[617be2ca0a6fd877]::panicking::default_hook::{closure#0}
[INFO] [stdout]    4:     0x64062a648a79 - std[617be2ca0a6fd877]::panicking::default_hook
[INFO] [stdout]    5:     0x64062a5e2770 - test[aada8e7e76ba119b]::test_main_inner::{closure#0}
[INFO] [stdout]    6:     0x64062a648c32 - std[617be2ca0a6fd877]::panicking::panic_with_hook
[INFO] [stdout]    7:     0x64062a62b892 - std[617be2ca0a6fd877]::panicking::panic_handler::{closure#0}
[INFO] [stdout]    8:     0x64062a624489 - std[617be2ca0a6fd877]::sys::backtrace::__rust_end_short_backtrace::<std[617be2ca0a6fd877]::panicking::panic_handler::{closure#0}, !>
[INFO] [stdout]    9:     0x64062a62c49d - __rustc[ea4f61d10b84890b]::rust_begin_unwind
[INFO] [stdout]   10:     0x64062a66566c - core[a373ad73a504971]::panicking::panic_fmt
[INFO] [stdout]   11:     0x64062a665442 - core[a373ad73a504971]::result::unwrap_failed
[INFO] [stdout]   12:     0x64062a5cfca3 - <integration[6cc57499ed9abb21]::test_export_prefix_handled::{closure#0} as core[a373ad73a504971]::ops::function::FnOnce<()>>::call_once
[INFO] [stdout]   13:     0x64062a5d5bbb - test[aada8e7e76ba119b]::__rust_begin_short_backtrace::<core[a373ad73a504971]::result::Result<(), alloc[2e1b2a31b91974c5]::string::String>, fn() -> core[a373ad73a504971]::result::Result<(), alloc[2e1b2a31b91974c5]::string::String>>
[INFO] [stdout]   14:     0x64062a5e2d95 - test[aada8e7e76ba119b]::run_test::{closure#0}
[INFO] [stdout]   15:     0x64062a5dc684 - std[617be2ca0a6fd877]::sys::backtrace::__rust_begin_short_backtrace::<test[aada8e7e76ba119b]::run_test::{closure#1}, ()>
[INFO] [stdout]   16:     0x64062a5e5e22 - <std[617be2ca0a6fd877]::thread::lifecycle::spawn_unchecked<test[aada8e7e76ba119b]::run_test::{closure#1}, ()>::{closure#1} as core[a373ad73a504971]::ops::function::FnOnce<()>>::call_once::{shim:vtable#0}
[INFO] [stdout]   17:     0x64062a65035f - <std[617be2ca0a6fd877]::sys::thread::unix::Thread>::new::thread_start
[INFO] [stdout]   18:     0x723c7e030dfa - <unknown>
[INFO] [stdout]   19:     0x723c7e0c43d4 - clone
[INFO] [stdout]   20:                0x0 - <unknown>
[INFO] [stdout] 
[INFO] [stdout] ---- test_exit_0_when_in_sync stdout ----
[INFO] [stdout] 
[INFO] [stdout] thread 'test_exit_0_when_in_sync' (1059) panicked at tests/integration.rs:36:10:
[INFO] [stdout] called `Result::unwrap()` on an `Err` value: Os { code: 2, kind: NotFound, message: "No such file or directory" }
[INFO] [stdout] stack backtrace:
[INFO] [stdout]    0:     0x64062a650ce1 - <<std[617be2ca0a6fd877]::sys::backtrace::BacktraceLock>::print::DisplayBacktrace as core[a373ad73a504971]::fmt::Display>::fmt
[INFO] [stdout]    1:     0x64062a664f3a - core[a373ad73a504971]::fmt::write
[INFO] [stdout]    2:     0x64062a65515c - <alloc[2e1b2a31b91974c5]::vec::Vec<u8> as core[a373ad73a504971]::io::write::Write>::write_fmt
[INFO] [stdout]    3:     0x64062a62b7e6 - std[617be2ca0a6fd877]::panicking::default_hook::{closure#0}
[INFO] [stdout]    4:     0x64062a648a79 - std[617be2ca0a6fd877]::panicking::default_hook
[INFO] [stdout]    5:     0x64062a5e2770 - test[aada8e7e76ba119b]::test_main_inner::{closure#0}
[INFO] [stdout]    6:     0x64062a648c32 - std[617be2ca0a6fd877]::panicking::panic_with_hook
[INFO] [stdout]    7:     0x64062a62b892 - std[617be2ca0a6fd877]::panicking::panic_handler::{closure#0}
[INFO] [stdout]    8:     0x64062a624489 - std[617be2ca0a6fd877]::sys::backtrace::__rust_end_short_backtrace::<std[617be2ca0a6fd877]::panicking::panic_handler::{closure#0}, !>
[INFO] [stdout]    9:     0x64062a62c49d - __rustc[ea4f61d10b84890b]::rust_begin_unwind
[INFO] [stdout]   10:     0x64062a66566c - core[a373ad73a504971]::panicking::panic_fmt
[INFO] [stdout]   11:     0x64062a665442 - core[a373ad73a504971]::result::unwrap_failed
[INFO] [stdout]   12:     0x64062a5ceb44 - <integration[6cc57499ed9abb21]::test_exit_0_when_in_sync::{closure#0} as core[a373ad73a504971]::ops::function::FnOnce<()>>::call_once
[INFO] [stdout]   13:     0x64062a5d5bbb - test[aada8e7e76ba119b]::__rust_begin_short_backtrace::<core[a373ad73a504971]::result::Result<(), alloc[2e1b2a31b91974c5]::string::String>, fn() -> core[a373ad73a504971]::result::Result<(), alloc[2e1b2a31b91974c5]::string::String>>
[INFO] [stdout]   14:     0x64062a5e2d95 - test[aada8e7e76ba119b]::run_test::{closure#0}
[INFO] [stdout]   15:     0x64062a5dc684 - std[617be2ca0a6fd877]::sys::backtrace::__rust_begin_short_backtrace::<test[aada8e7e76ba119b]::run_test::{closure#1}, ()>
[INFO] [stdout]   16:     0x64062a5e5e22 - <std[617be2ca0a6fd877]::thread::lifecycle::spawn_unchecked<test[aada8e7e76ba119b]::run_test::{closure#1}, ()>::{closure#1} as core[a373ad73a504971]::ops::function::FnOnce<()>>::call_once::{shim:vtable#0}
[INFO] [stdout]   17:     0x64062a65035f - <std[617be2ca0a6fd877]::sys::thread::unix::Thread>::new::thread_start
[INFO] [stdout]   18:     0x723c7e030dfa - <unknown>
[INFO] [stdout]   19:     0x723c7e0c43d4 - clone
[INFO] [stdout]   20:                0x0 - <unknown>
[INFO] [stdout] 
[INFO] [stdout] ---- test_invalid_utf8_file_reports_error stdout ----
[INFO] [stdout] 
[INFO] [stdout] thread 'test_invalid_utf8_file_reports_error' (1073) panicked at tests/integration.rs:433:10:
[INFO] [stdout] called `Result::unwrap()` on an `Err` value: Os { code: 2, kind: NotFound, message: "No such file or directory" }
[INFO] [stdout] stack backtrace:
[INFO] [stdout]    0:     0x64062a650ce1 - <<std[617be2ca0a6fd877]::sys::backtrace::BacktraceLock>::print::DisplayBacktrace as core[a373ad73a504971]::fmt::Display>::fmt
[INFO] [stdout]    1:     0x64062a664f3a - core[a373ad73a504971]::fmt::write
[INFO] [stdout]    2:     0x64062a65515c - <alloc[2e1b2a31b91974c5]::vec::Vec<u8> as core[a373ad73a504971]::io::write::Write>::write_fmt
[INFO] [stdout]    3:     0x64062a62b7e6 - std[617be2ca0a6fd877]::panicking::default_hook::{closure#0}
[INFO] [stdout]    4:     0x64062a648a79 - std[617be2ca0a6fd877]::panicking::default_hook
[INFO] [stdout]    5:     0x64062a5e2770 - test[aada8e7e76ba119b]::test_main_inner::{closure#0}
[INFO] [stdout]    6:     0x64062a648c32 - std[617be2ca0a6fd877]::panicking::panic_with_hook
[INFO] [stdout]    7:     0x64062a62b892 - std[617be2ca0a6fd877]::panicking::panic_handler::{closure#0}
[INFO] [stdout]    8:     0x64062a624489 - std[617be2ca0a6fd877]::sys::backtrace::__rust_end_short_backtrace::<std[617be2ca0a6fd877]::panicking::panic_handler::{closure#0}, !>
[INFO] [stdout]    9:     0x64062a62c49d - __rustc[ea4f61d10b84890b]::rust_begin_unwind
[INFO] [stdout]   10:     0x64062a66566c - core[a373ad73a504971]::panicking::panic_fmt
[INFO] [stdout]   11:     0x64062a665442 - core[a373ad73a504971]::result::unwrap_failed
[INFO] [stdout]   12:     0x64062a5d38ed - <integration[6cc57499ed9abb21]::test_invalid_utf8_file_reports_error::{closure#0} as core[a373ad73a504971]::ops::function::FnOnce<()>>::call_once
[INFO] [stdout]   13:     0x64062a5d5bbb - test[aada8e7e76ba119b]::__rust_begin_short_backtrace::<core[a373ad73a504971]::result::Result<(), alloc[2e1b2a31b91974c5]::string::String>, fn() -> core[a373ad73a504971]::result::Result<(), alloc[2e1b2a31b91974c5]::string::String>>
[INFO] [stdout]   14:     0x64062a5e2d95 - test[aada8e7e76ba119b]::run_test::{closure#0}
[INFO] [stdout]   15:     0x64062a5dc684 - std[617be2ca0a6fd877]::sys::backtrace::__rust_begin_short_backtrace::<test[aada8e7e76ba119b]::run_test::{closure#1}, ()>
[INFO] [stdout]   16:     0x64062a5e5e22 - <std[617be2ca0a6fd877]::thread::lifecycle::spawn_unchecked<test[aada8e7e76ba119b]::run_test::{closure#1}, ()>::{closure#1} as core[a373ad73a504971]::ops::function::FnOnce<()>>::call_once::{shim:vtable#0}
[INFO] [stdout]   17:     0x64062a65035f - <std[617be2ca0a6fd877]::sys::thread::unix::Thread>::new::thread_start
[INFO] [stdout]   18:     0x723c7e030dfa - <unknown>
[INFO] [stdout]   19:     0x723c7e0c43d4 - clone
[INFO] [stdout]   20:                0x0 - <unknown>
[INFO] [stdout] 
[INFO] [stdout] ---- test_one_file_error_includes_path stdout ----
[INFO] [stdout] 
[INFO] [stdout] thread 'test_one_file_error_includes_path' (1078) panicked at tests/integration.rs:412:10:
[INFO] [stdout] called `Result::unwrap()` on an `Err` value: Os { code: 2, kind: NotFound, message: "No such file or directory" }
[INFO] [stdout] stack backtrace:
[INFO] [stdout]    0:     0x64062a650ce1 - <<std[617be2ca0a6fd877]::sys::backtrace::BacktraceLock>::print::DisplayBacktrace as core[a373ad73a504971]::fmt::Display>::fmt
[INFO] [stdout]    1:     0x64062a664f3a - core[a373ad73a504971]::fmt::write
[INFO] [stdout]    2:     0x64062a65515c - <alloc[2e1b2a31b91974c5]::vec::Vec<u8> as core[a373ad73a504971]::io::write::Write>::write_fmt
[INFO] [stdout]    3:     0x64062a62b7e6 - std[617be2ca0a6fd877]::panicking::default_hook::{closure#0}
[INFO] [stdout]    4:     0x64062a648a79 - std[617be2ca0a6fd877]::panicking::default_hook
[INFO] [stdout]    5:     0x64062a5e2770 - test[aada8e7e76ba119b]::test_main_inner::{closure#0}
[INFO] [stdout]    6:     0x64062a648c32 - std[617be2ca0a6fd877]::panicking::panic_with_hook
[INFO] [stdout]    7:     0x64062a62b892 - std[617be2ca0a6fd877]::panicking::panic_handler::{closure#0}
[INFO] [stdout]    8:     0x64062a624489 - std[617be2ca0a6fd877]::sys::backtrace::__rust_end_short_backtrace::<std[617be2ca0a6fd877]::panicking::panic_handler::{closure#0}, !>
[INFO] [stdout]    9:     0x64062a62c49d - __rustc[ea4f61d10b84890b]::rust_begin_unwind
[INFO] [stdout]   10:     0x64062a66566c - core[a373ad73a504971]::panicking::panic_fmt
[INFO] [stdout]   11:     0x64062a665442 - core[a373ad73a504971]::result::unwrap_failed
[INFO] [stdout]   12:     0x64062a5d17f4 - <integration[6cc57499ed9abb21]::test_one_file_error_includes_path::{closure#0} as core[a373ad73a504971]::ops::function::FnOnce<()>>::call_once
[INFO] [stdout]   13:     0x64062a5d5bbb - test[aada8e7e76ba119b]::__rust_begin_short_backtrace::<core[a373ad73a504971]::result::Result<(), alloc[2e1b2a31b91974c5]::string::String>, fn() -> core[a373ad73a504971]::result::Result<(), alloc[2e1b2a31b91974c5]::string::String>>
[INFO] [stdout]   14:     0x64062a5e2d95 - test[aada8e7e76ba119b]::run_test::{closure#0}
[INFO] [stdout]   15:     0x64062a5dc684 - std[617be2ca0a6fd877]::sys::backtrace::__rust_begin_short_backtrace::<test[aada8e7e76ba119b]::run_test::{closure#1}, ()>
[INFO] [stdout]   16:     0x64062a5e5e22 - <std[617be2ca0a6fd877]::thread::lifecycle::spawn_unchecked<test[aada8e7e76ba119b]::run_test::{closure#1}, ()>::{closure#1} as core[a373ad73a504971]::ops::function::FnOnce<()>>::call_once::{shim:vtable#0}
[INFO] [stdout]   17:     0x64062a65035f - <std[617be2ca0a6fd877]::sys::thread::unix::Thread>::new::thread_start
[INFO] [stdout]   18:     0x723c7e030dfa - <unknown>
[INFO] [stdout]   19:     0x723c7e0c43d4 - clone
[INFO] [stdout]   20:                0x0 - <unknown>
[INFO] [stdout] 
[INFO] [stdout] ---- test_diff_and_quiet_combined stdout ----
[INFO] [stdout] 
[INFO] [stdout] thread 'test_diff_and_quiet_combined' (1056) panicked at tests/integration.rs:373:10:
[INFO] [stdout] called `Result::unwrap()` on an `Err` value: Os { code: 2, kind: NotFound, message: "No such file or directory" }
[INFO] [stdout] stack backtrace:
[INFO] [stdout]    0:     0x64062a650ce1 - <<std[617be2ca0a6fd877]::sys::backtrace::BacktraceLock>::print::DisplayBacktrace as core[a373ad73a504971]::fmt::Display>::fmt
[INFO] [stdout]    1:     0x64062a664f3a - core[a373ad73a504971]::fmt::write
[INFO] [stdout]    2:     0x64062a65515c - <alloc[2e1b2a31b91974c5]::vec::Vec<u8> as core[a373ad73a504971]::io::write::Write>::write_fmt
[INFO] [stdout]    3:     0x64062a62b7e6 - std[617be2ca0a6fd877]::panicking::default_hook::{closure#0}
[INFO] [stdout]    4:     0x64062a648a79 - std[617be2ca0a6fd877]::panicking::default_hook
[INFO] [stdout]    5:     0x64062a5e2770 - test[aada8e7e76ba119b]::test_main_inner::{closure#0}
[INFO] [stdout]    6:     0x64062a648c32 - std[617be2ca0a6fd877]::panicking::panic_with_hook
[INFO] [stdout]    7:     0x64062a62b892 - std[617be2ca0a6fd877]::panicking::panic_handler::{closure#0}
[INFO] [stdout]    8:     0x64062a624489 - std[617be2ca0a6fd877]::sys::backtrace::__rust_end_short_backtrace::<std[617be2ca0a6fd877]::panicking::panic_handler::{closure#0}, !>
[INFO] [stdout]    9:     0x64062a62c49d - __rustc[ea4f61d10b84890b]::rust_begin_unwind
[INFO] [stdout]   10:     0x64062a66566c - core[a373ad73a504971]::panicking::panic_fmt
[INFO] [stdout]   11:     0x64062a665442 - core[a373ad73a504971]::result::unwrap_failed
[INFO] [stdout]   12:     0x64062a5d0c04 - <integration[6cc57499ed9abb21]::test_diff_and_quiet_combined::{closure#0} as core[a373ad73a504971]::ops::function::FnOnce<()>>::call_once
[INFO] [stdout]   13:     0x64062a5d5bbb - test[aada8e7e76ba119b]::__rust_begin_short_backtrace::<core[a373ad73a504971]::result::Result<(), alloc[2e1b2a31b91974c5]::string::String>, fn() -> core[a373ad73a504971]::result::Result<(), alloc[2e1b2a31b91974c5]::string::String>>
[INFO] [stdout]   14:     0x64062a5e2d95 - test[aada8e7e76ba119b]::run_test::{closure#0}
[INFO] [stdout]   15:     0x64062a5dc684 - std[617be2ca0a6fd877]::sys::backtrace::__rust_begin_short_backtrace::<test[aada8e7e76ba119b]::run_test::{closure#1}, ()>
[INFO] [stdout]   16:     0x64062a5e5e22 - <std[617be2ca0a6fd877]::thread::lifecycle::spawn_unchecked<test[aada8e7e76ba119b]::run_test::{closure#1}, ()>::{closure#1} as core[a373ad73a504971]::ops::function::FnOnce<()>>::call_once::{shim:vtable#0}
[INFO] [stdout]   17:     0x64062a65035f - <std[617be2ca0a6fd877]::sys::thread::unix::Thread>::new::thread_start
[INFO] [stdout]   18:     0x723c7e030dfa - <unknown>
[INFO] [stdout]   19:     0x723c7e0c43d4 - clone
[INFO] [stdout]   20:                0x0 - <unknown>
[INFO] [stdout] 
[INFO] [stdout] ---- test_large_number_of_keys stdout ----
[INFO] [stdout] 
[INFO] [stdout] thread 'test_large_number_of_keys' (1074) panicked at tests/integration.rs:351:10:
[INFO] [stdout] called `Result::unwrap()` on an `Err` value: Os { code: 2, kind: NotFound, message: "No such file or directory" }
[INFO] [stdout] stack backtrace:
[INFO] [stdout]    0:     0x64062a650ce1 - <<std[617be2ca0a6fd877]::sys::backtrace::BacktraceLock>::print::DisplayBacktrace as core[a373ad73a504971]::fmt::Display>::fmt
[INFO] [stdout]    1:     0x64062a664f3a - core[a373ad73a504971]::fmt::write
[INFO] [stdout]    2:     0x64062a65515c - <alloc[2e1b2a31b91974c5]::vec::Vec<u8> as core[a373ad73a504971]::io::write::Write>::write_fmt
[INFO] [stdout]    3:     0x64062a62b7e6 - std[617be2ca0a6fd877]::panicking::default_hook::{closure#0}
[INFO] [stdout]    4:     0x64062a648a79 - std[617be2ca0a6fd877]::panicking::default_hook
[INFO] [stdout]    5:     0x64062a5e2770 - test[aada8e7e76ba119b]::test_main_inner::{closure#0}
[INFO] [stdout]    6:     0x64062a648c32 - std[617be2ca0a6fd877]::panicking::panic_with_hook
[INFO] [stdout]    7:     0x64062a62b892 - std[617be2ca0a6fd877]::panicking::panic_handler::{closure#0}
[INFO] [stdout]    8:     0x64062a624489 - std[617be2ca0a6fd877]::sys::backtrace::__rust_end_short_backtrace::<std[617be2ca0a6fd877]::panicking::panic_handler::{closure#0}, !>
[INFO] [stdout]    9:     0x64062a62c49d - __rustc[ea4f61d10b84890b]::rust_begin_unwind
[INFO] [stdout]   10:     0x64062a66566c - core[a373ad73a504971]::panicking::panic_fmt
[INFO] [stdout]   11:     0x64062a665442 - core[a373ad73a504971]::result::unwrap_failed
[INFO] [stdout]   12:     0x64062a5cf595 - <integration[6cc57499ed9abb21]::test_large_number_of_keys::{closure#0} as core[a373ad73a504971]::ops::function::FnOnce<()>>::call_once
[INFO] [stdout]   13:     0x64062a5d5bbb - test[aada8e7e76ba119b]::__rust_begin_short_backtrace::<core[a373ad73a504971]::result::Result<(), alloc[2e1b2a31b91974c5]::string::String>, fn() -> core[a373ad73a504971]::result::Result<(), alloc[2e1b2a31b91974c5]::string::String>>
[INFO] [stdout]   14:     0x64062a5e2d95 - test[aada8e7e76ba119b]::run_test::{closure#0}
[INFO] [stdout]   15:     0x64062a5dc684 - std[617be2ca0a6fd877]::sys::backtrace::__rust_begin_short_backtrace::<test[aada8e7e76ba119b]::run_test::{closure#1}, ()>
[INFO] [stdout]   16:     0x64062a5e5e22 - <std[617be2ca0a6fd877]::thread::lifecycle::spawn_unchecked<test[aada8e7e76ba119b]::run_test::{closure#1}, ()>::{closure#1} as core[a373ad73a504971]::ops::function::FnOnce<()>>::call_once::{shim:vtable#0}
[INFO] [stdout]   17:     0x64062a65035f - <std[617be2ca0a6fd877]::sys::thread::unix::Thread>::new::thread_start
[INFO] [stdout]   18:     0x723c7e030dfa - <unknown>
[INFO] [stdout]   19:     0x723c7e0c43d4 - clone
[INFO] [stdout]   20:                0x0 - <unknown>
[INFO] [stdout] 
[INFO] [stdout] ---- test_empty_file_handles_gracefully stdout ----
[INFO] [stdout] 
[INFO] [stdout] thread 'test_empty_file_handles_gracefully' (1058) panicked at tests/integration.rs:241:10:
[INFO] [stdout] called `Result::unwrap()` on an `Err` value: Os { code: 2, kind: NotFound, message: "No such file or directory" }
[INFO] [stdout] stack backtrace:
[INFO] [stdout]    0:     0x64062a650ce1 - <<std[617be2ca0a6fd877]::sys::backtrace::BacktraceLock>::print::DisplayBacktrace as core[a373ad73a504971]::fmt::Display>::fmt
[INFO] [stdout]    1:     0x64062a664f3a - core[a373ad73a504971]::fmt::write
[INFO] [stdout]    2:     0x64062a65515c - <alloc[2e1b2a31b91974c5]::vec::Vec<u8> as core[a373ad73a504971]::io::write::Write>::write_fmt
[INFO] [stdout]    3:     0x64062a62b7e6 - std[617be2ca0a6fd877]::panicking::default_hook::{closure#0}
[INFO] [stdout]    4:     0x64062a648a79 - std[617be2ca0a6fd877]::panicking::default_hook
[INFO] [stdout]    5:     0x64062a5e2770 - test[aada8e7e76ba119b]::test_main_inner::{closure#0}
[INFO] [stdout]    6:     0x64062a648c32 - std[617be2ca0a6fd877]::panicking::panic_with_hook
[INFO] [stdout]    7:     0x64062a62b892 - std[617be2ca0a6fd877]::panicking::panic_handler::{closure#0}
[INFO] [stdout]    8:     0x64062a624489 - std[617be2ca0a6fd877]::sys::backtrace::__rust_end_short_backtrace::<std[617be2ca0a6fd877]::panicking::panic_handler::{closure#0}, !>
[INFO] [stdout]    9:     0x64062a62c49d - __rustc[ea4f61d10b84890b]::rust_begin_unwind
[INFO] [stdout]   10:     0x64062a66566c - core[a373ad73a504971]::panicking::panic_fmt
[INFO] [stdout]   11:     0x64062a665442 - core[a373ad73a504971]::result::unwrap_failed
[INFO] [stdout]   12:     0x64062a5d1ce1 - <integration[6cc57499ed9abb21]::test_empty_file_handles_gracefully::{closure#0} as core[a373ad73a504971]::ops::function::FnOnce<()>>::call_once
[INFO] [stdout]   13:     0x64062a5d5bbb - test[aada8e7e76ba119b]::__rust_begin_short_backtrace::<core[a373ad73a504971]::result::Result<(), alloc[2e1b2a31b91974c5]::string::String>, fn() -> core[a373ad73a504971]::result::Result<(), alloc[2e1b2a31b91974c5]::string::String>>
[INFO] [stdout]   14:     0x64062a5e2d95 - test[aada8e7e76ba119b]::run_test::{closure#0}
[INFO] [stdout]   15:     0x64062a5dc684 - std[617be2ca0a6fd877]::sys::backtrace::__rust_begin_short_backtrace::<test[aada8e7e76ba119b]::run_test::{closure#1}, ()>
[INFO] [stdout]   16:     0x64062a5e5e22 - <std[617be2ca0a6fd877]::thread::lifecycle::spawn_unchecked<test[aada8e7e76ba119b]::run_test::{closure#1}, ()>::{closure#1} as core[a373ad73a504971]::ops::function::FnOnce<()>>::call_once::{shim:vtable#0}
[INFO] [stdout]   17:     0x64062a65035f - <std[617be2ca0a6fd877]::sys::thread::unix::Thread>::new::thread_start
[INFO] [stdout]   18:     0x723c7e030dfa - <unknown>
[INFO] [stdout]   19:     0x723c7e0c43d4 - clone
[INFO] [stdout]   20:                0x0 - <unknown>
[INFO] [stdout] 
[INFO] [stdout] ---- test_help_flag stdout ----
[INFO] [stdout] 
[INFO] [stdout] thread 'test_help_flag' (1071) panicked at tests/integration.rs:321:66:
[INFO] [stdout] called `Result::unwrap()` on an `Err` value: Os { code: 2, kind: NotFound, message: "No such file or directory" }
[INFO] [stdout] stack backtrace:
[INFO] [stdout]    0:     0x64062a650ce1 - <<std[617be2ca0a6fd877]::sys::backtrace::BacktraceLock>::print::DisplayBacktrace as core[a373ad73a504971]::fmt::Display>::fmt
[INFO] [stdout]    1:     0x64062a664f3a - core[a373ad73a504971]::fmt::write
[INFO] [stdout]    2:     0x64062a65515c - <alloc[2e1b2a31b91974c5]::vec::Vec<u8> as core[a373ad73a504971]::io::write::Write>::write_fmt
[INFO] [stdout]    3:     0x64062a62b7e6 - std[617be2ca0a6fd877]::panicking::default_hook::{closure#0}
[INFO] [stdout]    4:     0x64062a648a79 - std[617be2ca0a6fd877]::panicking::default_hook
[INFO] [stdout]    5:     0x64062a5e2770 - test[aada8e7e76ba119b]::test_main_inner::{closure#0}
[INFO] [stdout]    6:     0x64062a648c32 - std[617be2ca0a6fd877]::panicking::panic_with_hook
[INFO] [stdout]    7:     0x64062a62b892 - std[617be2ca0a6fd877]::panicking::panic_handler::{closure#0}
[INFO] [stdout]    8:     0x64062a624489 - std[617be2ca0a6fd877]::sys::backtrace::__rust_end_short_backtrace::<std[617be2ca0a6fd877]::panicking::panic_handler::{closure#0}, !>
[INFO] [stdout]    9:     0x64062a62c49d - __rustc[ea4f61d10b84890b]::rust_begin_unwind
[INFO] [stdout]   10:     0x64062a66566c - core[a373ad73a504971]::panicking::panic_fmt
[INFO] [stdout]   11:     0x64062a665442 - core[a373ad73a504971]::result::unwrap_failed
[INFO] [stdout]   12:     0x64062a5cd5d4 - <integration[6cc57499ed9abb21]::test_help_flag::{closure#0} as core[a373ad73a504971]::ops::function::FnOnce<()>>::call_once
[INFO] [stdout]   13:     0x64062a5d5bbb - test[aada8e7e76ba119b]::__rust_begin_short_backtrace::<core[a373ad73a504971]::result::Result<(), alloc[2e1b2a31b91974c5]::string::String>, fn() -> core[a373ad73a504971]::result::Result<(), alloc[2e1b2a31b91974c5]::string::String>>
[INFO] [stdout]   14:     0x64062a5e2d95 - test[aada8e7e76ba119b]::run_test::{closure#0}
[INFO] [stdout]   15:     0x64062a5dc684 - std[617be2ca0a6fd877]::sys::backtrace::__rust_begin_short_backtrace::<test[aada8e7e76ba119b]::run_test::{closure#1}, ()>
[INFO] [stdout]   16:     0x64062a5e5e22 - <std[617be2ca0a6fd877]::thread::lifecycle::spawn_unchecked<test[aada8e7e76ba119b]::run_test::{closure#1}, ()>::{closure#1} as core[a373ad73a504971]::ops::function::FnOnce<()>>::call_once::{shim:vtable#0}
[INFO] [stdout]   17:     0x64062a65035f - <std[617be2ca0a6fd877]::sys::thread::unix::Thread>::new::thread_start
[INFO] [stdout]   18:     0x723c7e030dfa - <unknown>
[INFO] [stdout]   19:     0x723c7e0c43d4 - clone
[INFO] [stdout]   20:                0x0 - <unknown>
[INFO] [stdout] 
[INFO] [stdout] ---- test_output_shows_missing_indicator stdout ----
[INFO] [stdout] 
[INFO] [stdout] thread 'test_output_shows_missing_indicator' (1084) panicked at tests/integration.rs:192:10:
[INFO] [stdout] called `Result::unwrap()` on an `Err` value: Os { code: 2, kind: NotFound, message: "No such file or directory" }
[INFO] [stdout] stack backtrace:
[INFO] [stdout]    0:     0x64062a650ce1 - <<std[617be2ca0a6fd877]::sys::backtrace::BacktraceLock>::print::DisplayBacktrace as core[a373ad73a504971]::fmt::Display>::fmt
[INFO] [stdout]    1:     0x64062a664f3a - core[a373ad73a504971]::fmt::write
[INFO] [stdout]    2:     0x64062a65515c - <alloc[2e1b2a31b91974c5]::vec::Vec<u8> as core[a373ad73a504971]::io::write::Write>::write_fmt
[INFO] [stdout]    3:     0x64062a62b7e6 - std[617be2ca0a6fd877]::panicking::default_hook::{closure#0}
[INFO] [stdout]    4:     0x64062a648a79 - std[617be2ca0a6fd877]::panicking::default_hook
[INFO] [stdout]    5:     0x64062a5e2770 - test[aada8e7e76ba119b]::test_main_inner::{closure#0}
[INFO] [stdout]    6:     0x64062a648c32 - std[617be2ca0a6fd877]::panicking::panic_with_hook
[INFO] [stdout]    7:     0x64062a62b892 - std[617be2ca0a6fd877]::panicking::panic_handler::{closure#0}
[INFO] [stdout]    8:     0x64062a624489 - std[617be2ca0a6fd877]::sys::backtrace::__rust_end_short_backtrace::<std[617be2ca0a6fd877]::panicking::panic_handler::{closure#0}, !>
[INFO] [stdout]    9:     0x64062a62c49d - __rustc[ea4f61d10b84890b]::rust_begin_unwind
[INFO] [stdout]   10:     0x64062a66566c - core[a373ad73a504971]::panicking::panic_fmt
[INFO] [stdout]   11:     0x64062a665442 - core[a373ad73a504971]::result::unwrap_failed
[INFO] [stdout]   12:     0x64062a5d2be7 - <integration[6cc57499ed9abb21]::test_output_shows_missing_indicator::{closure#0} as core[a373ad73a504971]::ops::function::FnOnce<()>>::call_once
[INFO] [stdout]   13:     0x64062a5d5bbb - test[aada8e7e76ba119b]::__rust_begin_short_backtrace::<core[a373ad73a504971]::result::Result<(), alloc[2e1b2a31b91974c5]::string::String>, fn() -> core[a373ad73a504971]::result::Result<(), alloc[2e1b2a31b91974c5]::string::String>>
[INFO] [stdout]   14:     0x64062a5e2d95 - test[aada8e7e76ba119b]::run_test::{closure#0}
[INFO] [stdout]   15:     0x64062a5dc684 - std[617be2ca0a6fd877]::sys::backtrace::__rust_begin_short_backtrace::<test[aada8e7e76ba119b]::run_test::{closure#1}, ()>
[INFO] [stdout]   16:     0x64062a5e5e22 - <std[617be2ca0a6fd877]::thread::lifecycle::spawn_unchecked<test[aada8e7e76ba119b]::run_test::{closure#1}, ()>::{closure#1} as core[a373ad73a504971]::ops::function::FnOnce<()>>::call_once::{shim:vtable#0}
[INFO] [stdout]   17:     0x64062a65035f - <std[617be2ca0a6fd877]::sys::thread::unix::Thread>::new::thread_start
[INFO] [stdout]   18:     0x723c7e030dfa - <unknown>
[INFO] [stdout]   19:     0x723c7e0c43d4 - clone
[INFO] [stdout]   20:                0x0 - <unknown>
[INFO] [stdout] 
[INFO] [stdout] ---- test_short_flag_aliases stdout ----
[INFO] [stdout] 
[INFO] [stdout] thread 'test_short_flag_aliases' (1087) panicked at tests/integration.rs:466:10:
[INFO] [stdout] called `Result::unwrap()` on an `Err` value: Os { code: 2, kind: NotFound, message: "No such file or directory" }
[INFO] [stdout] stack backtrace:
[INFO] [stdout]    0:     0x64062a650ce1 - <<std[617be2ca0a6fd877]::sys::backtrace::BacktraceLock>::print::DisplayBacktrace as core[a373ad73a504971]::fmt::Display>::fmt
[INFO] [stdout]    1:     0x64062a664f3a - core[a373ad73a504971]::fmt::write
[INFO] [stdout]    2:     0x64062a65515c - <alloc[2e1b2a31b91974c5]::vec::Vec<u8> as core[a373ad73a504971]::io::write::Write>::write_fmt
[INFO] [stdout]    3:     0x64062a62b7e6 - std[617be2ca0a6fd877]::panicking::default_hook::{closure#0}
[INFO] [stdout]    4:     0x64062a648a79 - std[617be2ca0a6fd877]::panicking::default_hook
[INFO] [stdout]    5:     0x64062a5e2770 - test[aada8e7e76ba119b]::test_main_inner::{closure#0}
[INFO] [stdout]    6:     0x64062a648c32 - std[617be2ca0a6fd877]::panicking::panic_with_hook
[INFO] [stdout]    7:     0x64062a62b892 - std[617be2ca0a6fd877]::panicking::panic_handler::{closure#0}
[INFO] [stdout]    8:     0x64062a624489 - std[617be2ca0a6fd877]::sys::backtrace::__rust_end_short_backtrace::<std[617be2ca0a6fd877]::panicking::panic_handler::{closure#0}, !>
[INFO] [stdout]    9:     0x64062a62c49d - __rustc[ea4f61d10b84890b]::rust_begin_unwind
[INFO] [stdout]   10:     0x64062a66566c - core[a373ad73a504971]::panicking::panic_fmt
[INFO] [stdout]   11:     0x64062a665442 - core[a373ad73a504971]::result::unwrap_failed
[INFO] [stdout]   12:     0x64062a5ce542 - <integration[6cc57499ed9abb21]::test_short_flag_aliases::{closure#0} as core[a373ad73a504971]::ops::function::FnOnce<()>>::call_once
[INFO] [stdout]   13:     0x64062a5d5bbb - test[aada8e7e76ba119b]::__rust_begin_short_backtrace::<core[a373ad73a504971]::result::Result<(), alloc[2e1b2a31b91974c5]::string::String>, fn() -> core[a373ad73a504971]::result::Result<(), alloc[2e1b2a31b91974c5]::string::String>>
[INFO] [stdout]   14:     0x64062a5e2d95 - test[aada8e7e76ba119b]::run_test::{closure#0}
[INFO] [stdout]   15:     0x64062a5dc684 - std[617be2ca0a6fd877]::sys::backtrace::__rust_begin_short_backtrace::<test[aada8e7e76ba119b]::run_test::{closure#1}, ()>
[INFO] [stdout]   16:     0x64062a5e5e22 - <std[617be2ca0a6fd877]::thread::lifecycle::spawn_unchecked<test[aada8e7e76ba119b]::run_test::{closure#1}, ()>::{closure#1} as core[a373ad73a504971]::ops::function::FnOnce<()>>::call_once::{shim:vtable#0}
[INFO] [stdout]   17:     0x64062a65035f - <std[617be2ca0a6fd877]::sys::thread::unix::Thread>::new::thread_start
[INFO] [stdout]   18:     0x723c7e030dfa - <unknown>
[INFO] [stdout]   19:     0x723c7e0c43d4 - clone
[INFO] [stdout]   20:                0x0 - <unknown>
[INFO] [stdout] 
[INFO] [stdout] ---- test_three_files_comparison stdout ----
[INFO] [stdout] 
[INFO] [stdout] thread 'test_three_files_comparison' (1088) panicked at tests/integration.rs:289:10:
[INFO] [stdout] called `Result::unwrap()` on an `Err` value: Os { code: 2, kind: NotFound, message: "No such file or directory" }
[INFO] [stdout] stack backtrace:
[INFO] [stdout]    0:     0x64062a650ce1 - <<std[617be2ca0a6fd877]::sys::backtrace::BacktraceLock>::print::DisplayBacktrace as core[a373ad73a504971]::fmt::Display>::fmt
[INFO] [stdout]    1:     0x64062a664f3a - core[a373ad73a504971]::fmt::write
[INFO] [stdout]    2:     0x64062a65515c - <alloc[2e1b2a31b91974c5]::vec::Vec<u8> as core[a373ad73a504971]::io::write::Write>::write_fmt
[INFO] [stdout]    3:     0x64062a62b7e6 - std[617be2ca0a6fd877]::panicking::default_hook::{closure#0}
[INFO] [stdout]    4:     0x64062a648a79 - std[617be2ca0a6fd877]::panicking::default_hook
[INFO] [stdout]    5:     0x64062a5e2770 - test[aada8e7e76ba119b]::test_main_inner::{closure#0}
[INFO] [stdout]    6:     0x64062a648c32 - std[617be2ca0a6fd877]::panicking::panic_with_hook
[INFO] [stdout]    7:     0x64062a62b892 - std[617be2ca0a6fd877]::panicking::panic_handler::{closure#0}
[INFO] [stdout]    8:     0x64062a624489 - std[617be2ca0a6fd877]::sys::backtrace::__rust_end_short_backtrace::<std[617be2ca0a6fd877]::panicking::panic_handler::{closure#0}, !>
[INFO] [stdout]    9:     0x64062a62c49d - __rustc[ea4f61d10b84890b]::rust_begin_unwind
[INFO] [stdout]   10:     0x64062a66566c - core[a373ad73a504971]::panicking::panic_fmt
[INFO] [stdout]   11:     0x64062a665442 - core[a373ad73a504971]::result::unwrap_failed
[INFO] [stdout]   12:     0x64062a5d06f9 - <integration[6cc57499ed9abb21]::test_three_files_comparison::{closure#0} as core[a373ad73a504971]::ops::function::FnOnce<()>>::call_once
[INFO] [stdout]   13:     0x64062a5d5bbb - test[aada8e7e76ba119b]::__rust_begin_short_backtrace::<core[a373ad73a504971]::result::Result<(), alloc[2e1b2a31b91974c5]::string::String>, fn() -> core[a373ad73a504971]::result::Result<(), alloc[2e1b2a31b91974c5]::string::String>>
[INFO] [stdout]   14:     0x64062a5e2d95 - test[aada8e7e76ba119b]::run_test::{closure#0}
[INFO] [stdout]   15:     0x64062a5dc684 - std[617be2ca0a6fd877]::sys::backtrace::__rust_begin_short_backtrace::<test[aada8e7e76ba119b]::run_test::{closure#1}, ()>
[INFO] [stdout]   16:     0x64062a5e5e22 - <std[617be2ca0a6fd877]::thread::lifecycle::spawn_unchecked<test[aada8e7e76ba119b]::run_test::{closure#1}, ()>::{closure#1} as core[a373ad73a504971]::ops::function::FnOnce<()>>::call_once::{shim:vtable#0}
[INFO] [stdout]   17:     0x64062a65035f - <std[617be2ca0a6fd877]::sys::thread::unix::Thread>::new::thread_start
[INFO] [stdout]   18:     0x723c7e030dfa - <unknown>
[INFO] [stdout]   19:     0x723c7e0c43d4 - clone
[INFO] [stdout]   20:                0x0 - <unknown>
[INFO] [stdout] 
[INFO] [stdout] ---- test_exit_1_when_drift stdout ----
[INFO] [stdout] 
[INFO] [stdout] thread 'test_exit_1_when_drift' (1060) panicked at tests/integration.rs:50:10:
[INFO] [stdout] called `Result::unwrap()` on an `Err` value: Os { code: 2, kind: NotFound, message: "No such file or directory" }
[INFO] [stdout] stack backtrace:
[INFO] [stdout]    0:     0x64062a650ce1 - <<std[617be2ca0a6fd877]::sys::backtrace::BacktraceLock>::print::DisplayBacktrace as core[a373ad73a504971]::fmt::Display>::fmt
[INFO] [stdout]    1:     0x64062a664f3a - core[a373ad73a504971]::fmt::write
[INFO] [stdout]    2:     0x64062a65515c - <alloc[2e1b2a31b91974c5]::vec::Vec<u8> as core[a373ad73a504971]::io::write::Write>::write_fmt
[INFO] [stdout]    3:     0x64062a62b7e6 - std[617be2ca0a6fd877]::panicking::default_hook::{closure#0}
[INFO] [stdout]    4:     0x64062a648a79 - std[617be2ca0a6fd877]::panicking::default_hook
[INFO] [stdout]    5:     0x64062a5e2770 - test[aada8e7e76ba119b]::test_main_inner::{closure#0}
[INFO] [stdout]    6:     0x64062a648c32 - std[617be2ca0a6fd877]::panicking::panic_with_hook
[INFO] [stdout]    7:     0x64062a62b892 - std[617be2ca0a6fd877]::panicking::panic_handler::{closure#0}
[INFO] [stdout]    8:     0x64062a624489 - std[617be2ca0a6fd877]::sys::backtrace::__rust_end_short_backtrace::<std[617be2ca0a6fd877]::panicking::panic_handler::{closure#0}, !>
[INFO] [stdout]    9:     0x64062a62c49d - __rustc[ea4f61d10b84890b]::rust_begin_unwind
[INFO] [stdout]   10:     0x64062a66566c - core[a373ad73a504971]::panicking::panic_fmt
[INFO] [stdout]   11:     0x64062a665442 - core[a373ad73a504971]::result::unwrap_failed
[INFO] [stdout]   12:     0x64062a5cdc81 - <integration[6cc57499ed9abb21]::test_exit_1_when_drift::{closure#0} as core[a373ad73a504971]::ops::function::FnOnce<()>>::call_once
[INFO] [stdout]   13:     0x64062a5d5bbb - test[aada8e7e76ba119b]::__rust_begin_short_backtrace::<core[a373ad73a504971]::result::Result<(), alloc[2e1b2a31b91974c5]::string::String>, fn() -> core[a373ad73a504971]::result::Result<(), alloc[2e1b2a31b91974c5]::string::String>>
[INFO] [stdout]   14:     0x64062a5e2d95 - test[aada8e7e76ba119b]::run_test::{closure#0}
[INFO] [stdout]   15:     0x64062a5dc684 - std[617be2ca0a6fd877]::sys::backtrace::__rust_begin_short_backtrace::<test[aada8e7e76ba119b]::run_test::{closure#1}, ()>
[INFO] [stdout]   16:     0x64062a5e5e22 - <std[617be2ca0a6fd877]::thread::lifecycle::spawn_unchecked<test[aada8e7e76ba119b]::run_test::{closure#1}, ()>::{closure#1} as core[a373ad73a504971]::ops::function::FnOnce<()>>::call_once::{shim:vtable#0}
[INFO] [stdout]   17:     0x64062a65035f - <std[617be2ca0a6fd877]::sys::thread::unix::Thread>::new::thread_start
[INFO] [stdout]   18:     0x723c7e030dfa - <unknown>
[INFO] [stdout]   19:     0x723c7e0c43d4 - clone
[INFO] [stdout]   20:                0x0 - <unknown>
[INFO] [stdout] 
[INFO] [stdout] ---- test_verbose_flag_lists_drifted_keys stdout ----
[INFO] [stdout] 
[INFO] [stdout] thread 'test_verbose_flag_lists_drifted_keys' (1096) panicked at tests/integration.rs:303:10:
[INFO] [stdout] called `Result::unwrap()` on an `Err` value: Os { code: 2, kind: NotFound, message: "No such file or directory" }
[INFO] [stdout] stack backtrace:
[INFO] [stdout]    0:     0x64062a650ce1 - <<std[617be2ca0a6fd877]::sys::backtrace::BacktraceLock>::print::DisplayBacktrace as core[a373ad73a504971]::fmt::Display>::fmt
[INFO] [stdout]    1:     0x64062a664f3a - core[a373ad73a504971]::fmt::write
[INFO] [stdout]    2:     0x64062a65515c - <alloc[2e1b2a31b91974c5]::vec::Vec<u8> as core[a373ad73a504971]::io::write::Write>::write_fmt
[INFO] [stdout]    3:     0x64062a62b7e6 - std[617be2ca0a6fd877]::panicking::default_hook::{closure#0}
[INFO] [stdout]    4:     0x64062a648a79 - std[617be2ca0a6fd877]::panicking::default_hook
[INFO] [stdout]    5:     0x64062a5e2770 - test[aada8e7e76ba119b]::test_main_inner::{closure#0}
[INFO] [stdout]    6:     0x64062a648c32 - std[617be2ca0a6fd877]::panicking::panic_with_hook
[INFO] [stdout]    7:     0x64062a62b892 - std[617be2ca0a6fd877]::panicking::panic_handler::{closure#0}
[INFO] [stdout]    8:     0x64062a624489 - std[617be2ca0a6fd877]::sys::backtrace::__rust_end_short_backtrace::<std[617be2ca0a6fd877]::panicking::panic_handler::{closure#0}, !>
[INFO] [stdout]    9:     0x64062a62c49d - __rustc[ea4f61d10b84890b]::rust_begin_unwind
[INFO] [stdout]   10:     0x64062a66566c - core[a373ad73a504971]::panicking::panic_fmt
[INFO] [stdout]   11:     0x64062a665442 - core[a373ad73a504971]::result::unwrap_failed
[INFO] [stdout]   12:     0x64062a5d4383 - <integration[6cc57499ed9abb21]::test_verbose_flag_lists_drifted_keys::{closure#0} as core[a373ad73a504971]::ops::function::FnOnce<()>>::call_once
[INFO] [stdout]   13:     0x64062a5d5bbb - test[aada8e7e76ba119b]::__rust_begin_short_backtrace::<core[a373ad73a504971]::result::Result<(), alloc[2e1b2a31b91974c5]::string::String>, fn() -> core[a373ad73a504971]::result::Result<(), alloc[2e1b2a31b91974c5]::string::String>>
[INFO] [stderr] error: test failed, to rerun pass `--test integration`
[INFO] [stdout]   14:     0x64062a5e2d95 - test[aada8e7e76ba119b]::run_test::{closure#0}
[INFO] [stdout]   15:     0x64062a5dc684 - std[617be2ca0a6fd877]::sys::backtrace::__rust_begin_short_backtrace::<test[aada8e7e76ba119b]::run_test::{closure#1}, ()>
[INFO] [stdout]   16:     0x64062a5e5e22 - <std[617be2ca0a6fd877]::thread::lifecycle::spawn_unchecked<test[aada8e7e76ba119b]::run_test::{closure#1}, ()>::{closure#1} as core[a373ad73a504971]::ops::function::FnOnce<()>>::call_once::{shim:vtable#0}
[INFO] [stdout]   17:     0x64062a65035f - <std[617be2ca0a6fd877]::sys::thread::unix::Thread>::new::thread_start
[INFO] [stdout]   18:     0x723c7e030dfa - <unknown>
[INFO] [stdout]   19:     0x723c7e0c43d4 - clone
[INFO] [stdout]   20:                0x0 - <unknown>
[INFO] [stdout] 
[INFO] [stdout] ---- test_values_flag_shows_actual_values stdout ----
[INFO] [stdout] 
[INFO] [stdout] thread 'test_values_flag_shows_actual_values' (1093) panicked at tests/integration.rs:127:10:
[INFO] [stdout] called `Result::unwrap()` on an `Err` value: Os { code: 2, kind: NotFound, message: "No such file or directory" }
[INFO] [stdout] stack backtrace:
[INFO] [stdout]    0:     0x64062a650ce1 - <<std[617be2ca0a6fd877]::sys::backtrace::BacktraceLock>::print::DisplayBacktrace as core[a373ad73a504971]::fmt::Display>::fmt
[INFO] [stdout]    1:     0x64062a664f3a - core[a373ad73a504971]::fmt::write
[INFO] [stdout]    2:     0x64062a65515c - <alloc[2e1b2a31b91974c5]::vec::Vec<u8> as core[a373ad73a504971]::io::write::Write>::write_fmt
[INFO] [stdout]    3:     0x64062a62b7e6 - std[617be2ca0a6fd877]::panicking::default_hook::{closure#0}
[INFO] [stdout]    4:     0x64062a648a79 - std[617be2ca0a6fd877]::panicking::default_hook
[INFO] [stdout]    5:     0x64062a5e2770 - test[aada8e7e76ba119b]::test_main_inner::{closure#0}
[INFO] [stdout]    6:     0x64062a648c32 - std[617be2ca0a6fd877]::panicking::panic_with_hook
[INFO] [stdout]    7:     0x64062a62b892 - std[617be2ca0a6fd877]::panicking::panic_handler::{closure#0}
[INFO] [stdout]    8:     0x64062a624489 - std[617be2ca0a6fd877]::sys::backtrace::__rust_end_short_backtrace::<std[617be2ca0a6fd877]::panicking::panic_handler::{closure#0}, !>
[INFO] [stdout]    9:     0x64062a62c49d - __rustc[ea4f61d10b84890b]::rust_begin_unwind
[INFO] [stdout]   10:     0x64062a66566c - core[a373ad73a504971]::panicking::panic_fmt
[INFO] [stdout]   11:     0x64062a665442 - core[a373ad73a504971]::result::unwrap_failed
[INFO] [stdout]   12:     0x64062a5d3e51 - <integration[6cc57499ed9abb21]::test_values_flag_shows_actual_values::{closure#0} as core[a373ad73a504971]::ops::function::FnOnce<()>>::call_once
[INFO] [stdout]   13:     0x64062a5d5bbb - test[aada8e7e76ba119b]::__rust_begin_short_backtrace::<core[a373ad73a504971]::result::Result<(), alloc[2e1b2a31b91974c5]::string::String>, fn() -> core[a373ad73a504971]::result::Result<(), alloc[2e1b2a31b91974c5]::string::String>>
[INFO] [stdout]   14:     0x64062a5e2d95 - test[aada8e7e76ba119b]::run_test::{closure#0}
[INFO] [stdout]   15:     0x64062a5dc684 - std[617be2ca0a6fd877]::sys::backtrace::__rust_begin_short_backtrace::<test[aada8e7e76ba119b]::run_test::{closure#1}, ()>
[INFO] [stdout]   16:     0x64062a5e5e22 - <std[617be2ca0a6fd877]::thread::lifecycle::spawn_unchecked<test[aada8e7e76ba119b]::run_test::{closure#1}, ()>::{closure#1} as core[a373ad73a504971]::ops::function::FnOnce<()>>::call_once::{shim:vtable#0}
[INFO] [stdout]   17:     0x64062a65035f - <std[617be2ca0a6fd877]::sys::thread::unix::Thread>::new::thread_start
[INFO] [stdout]   18:     0x723c7e030dfa - <unknown>
[INFO] [stdout]   19:     0x723c7e0c43d4 - clone
[INFO] [stdout]   20:                0x0 - <unknown>
[INFO] [stdout] 
[INFO] [stdout] ---- test_output_masks_values_by_default stdout ----
[INFO] [stdout] 
[INFO] [stdout] thread 'test_output_masks_values_by_default' (1082) panicked at tests/integration.rs:104:10:
[INFO] [stdout] called `Result::unwrap()` on an `Err` value: Os { code: 2, kind: NotFound, message: "No such file or directory" }
[INFO] [stdout] stack backtrace:
[INFO] [stdout]    0:     0x64062a650ce1 - <<std[617be2ca0a6fd877]::sys::backtrace::BacktraceLock>::print::DisplayBacktrace as core[a373ad73a504971]::fmt::Display>::fmt
[INFO] [stdout]    1:     0x64062a664f3a - core[a373ad73a504971]::fmt::write
[INFO] [stdout]    2:     0x64062a65515c - <alloc[2e1b2a31b91974c5]::vec::Vec<u8> as core[a373ad73a504971]::io::write::Write>::write_fmt
[INFO] [stdout]    3:     0x64062a62b7e6 - std[617be2ca0a6fd877]::panicking::default_hook::{closure#0}
[INFO] [stdout]    4:     0x64062a648a79 - std[617be2ca0a6fd877]::panicking::default_hook
[INFO] [stdout]    5:     0x64062a5e2770 - test[aada8e7e76ba119b]::test_main_inner::{closure#0}
[INFO] [stdout]    6:     0x64062a648c32 - std[617be2ca0a6fd877]::panicking::panic_with_hook
[INFO] [stdout]    7:     0x64062a62b892 - std[617be2ca0a6fd877]::panicking::panic_handler::{closure#0}
[INFO] [stdout]    8:     0x64062a624489 - std[617be2ca0a6fd877]::sys::backtrace::__rust_end_short_backtrace::<std[617be2ca0a6fd877]::panicking::panic_handler::{closure#0}, !>
[INFO] [stdout]    9:     0x64062a62c49d - __rustc[ea4f61d10b84890b]::rust_begin_unwind
[INFO] [stdout]   10:     0x64062a66566c - core[a373ad73a504971]::panicking::panic_fmt
[INFO] [stdout]   11:     0x64062a665442 - core[a373ad73a504971]::result::unwrap_failed
[INFO] [stdout]   12:     0x64062a5d26e2 - <integration[6cc57499ed9abb21]::test_output_masks_values_by_default::{closure#0} as core[a373ad73a504971]::ops::function::FnOnce<()>>::call_once
[INFO] [stdout]   13:     0x64062a5d5bbb - test[aada8e7e76ba119b]::__rust_begin_short_backtrace::<core[a373ad73a504971]::result::Result<(), alloc[2e1b2a31b91974c5]::string::String>, fn() -> core[a373ad73a504971]::result::Result<(), alloc[2e1b2a31b91974c5]::string::String>>
[INFO] [stdout]   14:     0x64062a5e2d95 - test[aada8e7e76ba119b]::run_test::{closure#0}
[INFO] [stdout]   15:     0x64062a5dc684 - std[617be2ca0a6fd877]::sys::backtrace::__rust_begin_short_backtrace::<test[aada8e7e76ba119b]::run_test::{closure#1}, ()>
[INFO] [stdout]   16:     0x64062a5e5e22 - <std[617be2ca0a6fd877]::thread::lifecycle::spawn_unchecked<test[aada8e7e76ba119b]::run_test::{closure#1}, ()>::{closure#1} as core[a373ad73a504971]::ops::function::FnOnce<()>>::call_once::{shim:vtable#0}
[INFO] [stdout]   17:     0x64062a65035f - <std[617be2ca0a6fd877]::sys::thread::unix::Thread>::new::thread_start
[INFO] [stdout]   18:     0x723c7e030dfa - <unknown>
[INFO] [stdout]   19:     0x723c7e0c43d4 - clone
[INFO] [stdout]   20:                0x0 - <unknown>
[INFO] [stdout] 
[INFO] [stdout] ---- test_exit_2_file_not_found stdout ----
[INFO] [stdout] 
[INFO] [stdout] thread 'test_exit_2_file_not_found' (1066) panicked at tests/integration.rs:60:10:
[INFO] [stdout] called `Result::unwrap()` on an `Err` value: Os { code: 2, kind: NotFound, message: "No such file or directory" }
[INFO] [stdout] stack backtrace:
[INFO] [stdout]    0:     0x64062a650ce1 - <<std[617be2ca0a6fd877]::sys::backtrace::BacktraceLock>::print::DisplayBacktrace as core[a373ad73a504971]::fmt::Display>::fmt
[INFO] [stdout]    1:     0x64062a664f3a - core[a373ad73a504971]::fmt::write
[INFO] [stdout]    2:     0x64062a65515c - <alloc[2e1b2a31b91974c5]::vec::Vec<u8> as core[a373ad73a504971]::io::write::Write>::write_fmt
[INFO] [stdout]    3:     0x64062a62b7e6 - std[617be2ca0a6fd877]::panicking::default_hook::{closure#0}
[INFO] [stdout]    4:     0x64062a648a79 - std[617be2ca0a6fd877]::panicking::default_hook
[INFO] [stdout]    5:     0x64062a5e2770 - test[aada8e7e76ba119b]::test_main_inner::{closure#0}
[INFO] [stdout]    6:     0x64062a648c32 - std[617be2ca0a6fd877]::panicking::panic_with_hook
[INFO] [stdout]    7:     0x64062a62b892 - std[617be2ca0a6fd877]::panicking::panic_handler::{closure#0}
[INFO] [stdout]    8:     0x64062a624489 - std[617be2ca0a6fd877]::sys::backtrace::__rust_end_short_backtrace::<std[617be2ca0a6fd877]::panicking::panic_handler::{closure#0}, !>
[INFO] [stdout]    9:     0x64062a62c49d - __rustc[ea4f61d10b84890b]::rust_begin_unwind
[INFO] [stdout]   10:     0x64062a66566c - core[a373ad73a504971]::panicking::panic_fmt
[INFO] [stdout]   11:     0x64062a665442 - core[a373ad73a504971]::result::unwrap_failed
[INFO] [stdout]   12:     0x64062a5cf8af - <integration[6cc57499ed9abb21]::test_exit_2_file_not_found::{closure#0} as core[a373ad73a504971]::ops::function::FnOnce<()>>::call_once
[INFO] [stdout]   13:     0x64062a5d5bbb - test[aada8e7e76ba119b]::__rust_begin_short_backtrace::<core[a373ad73a504971]::result::Result<(), alloc[2e1b2a31b91974c5]::string::String>, fn() -> core[a373ad73a504971]::result::Result<(), alloc[2e1b2a31b91974c5]::string::String>>
[INFO] [stdout]   14:     0x64062a5e2d95 - test[aada8e7e76ba119b]::run_test::{closure#0}
[INFO] [stdout]   15:     0x64062a5dc684 - std[617be2ca0a6fd877]::sys::backtrace::__rust_begin_short_backtrace::<test[aada8e7e76ba119b]::run_test::{closure#1}, ()>
[INFO] [stdout]   16:     0x64062a5e5e22 - <std[617be2ca0a6fd877]::thread::lifecycle::spawn_unchecked<test[aada8e7e76ba119b]::run_test::{closure#1}, ()>::{closure#1} as core[a373ad73a504971]::ops::function::FnOnce<()>>::call_once::{shim:vtable#0}
[INFO] [stdout]   17:     0x64062a65035f - <std[617be2ca0a6fd877]::sys::thread::unix::Thread>::new::thread_start
[INFO] [stdout]   18:     0x723c7e030dfa - <unknown>
[INFO] [stdout]   19:     0x723c7e0c43d4 - clone
[INFO] [stdout]   20:                0x0 - <unknown>
[INFO] [stdout] 
[INFO] [stdout] ---- test_auto_discovers_env_files_in_directory stdout ----
[INFO] [stdout] 
[INFO] [stdout] thread 'test_auto_discovers_env_files_in_directory' (1053) panicked at tests/integration.rs:212:10:
[INFO] [stdout] called `Result::unwrap()` on an `Err` value: Os { code: 2, kind: NotFound, message: "No such file or directory" }
[INFO] [stdout] stack backtrace:
[INFO] [stdout]    0:     0x64062a650ce1 - <<std[617be2ca0a6fd877]::sys::backtrace::BacktraceLock>::print::DisplayBacktrace as core[a373ad73a504971]::fmt::Display>::fmt
[INFO] [stdout]    1:     0x64062a664f3a - core[a373ad73a504971]::fmt::write
[INFO] [stdout]    2:     0x64062a65515c - <alloc[2e1b2a31b91974c5]::vec::Vec<u8> as core[a373ad73a504971]::io::write::Write>::write_fmt
[INFO] [stdout]    3:     0x64062a62b7e6 - std[617be2ca0a6fd877]::panicking::default_hook::{closure#0}
[INFO] [stdout]    4:     0x64062a648a79 - std[617be2ca0a6fd877]::panicking::default_hook
[INFO] [stdout]    5:     0x64062a5e2770 - test[aada8e7e76ba119b]::test_main_inner::{closure#0}
[INFO] [stdout]    6:     0x64062a648c32 - std[617be2ca0a6fd877]::panicking::panic_with_hook
[INFO] [stdout]    7:     0x64062a62b892 - std[617be2ca0a6fd877]::panicking::panic_handler::{closure#0}
[INFO] [stdout]    8:     0x64062a624489 - std[617be2ca0a6fd877]::sys::backtrace::__rust_end_short_backtrace::<std[617be2ca0a6fd877]::panicking::panic_handler::{closure#0}, !>
[INFO] [stdout]    9:     0x64062a62c49d - __rustc[ea4f61d10b84890b]::rust_begin_unwind
[INFO] [stdout]   10:     0x64062a66566c - core[a373ad73a504971]::panicking::panic_fmt
[INFO] [stdout]   11:     0x64062a665442 - core[a373ad73a504971]::result::unwrap_failed
[INFO] [stdout]   12:     0x64062a5d5149 - <integration[6cc57499ed9abb21]::test_auto_discovers_env_files_in_directory::{closure#0} as core[a373ad73a504971]::ops::function::FnOnce<()>>::call_once
[INFO] [stdout]   13:     0x64062a5d5bbb - test[aada8e7e76ba119b]::__rust_begin_short_backtrace::<core[a373ad73a504971]::result::Result<(), alloc[2e1b2a31b91974c5]::string::String>, fn() -> core[a373ad73a504971]::result::Result<(), alloc[2e1b2a31b91974c5]::string::String>>
[INFO] [stdout]   14:     0x64062a5e2d95 - test[aada8e7e76ba119b]::run_test::{closure#0}
[INFO] [stdout]   15:     0x64062a5dc684 - std[617be2ca0a6fd877]::sys::backtrace::__rust_begin_short_backtrace::<test[aada8e7e76ba119b]::run_test::{closure#1}, ()>
[INFO] [stdout]   16:     0x64062a5e5e22 - <std[617be2ca0a6fd877]::thread::lifecycle::spawn_unchecked<test[aada8e7e76ba119b]::run_test::{closure#1}, ()>::{closure#1} as core[a373ad73a504971]::ops::function::FnOnce<()>>::call_once::{shim:vtable#0}
[INFO] [stdout]   17:     0x64062a65035f - <std[617be2ca0a6fd877]::sys::thread::unix::Thread>::new::thread_start
[INFO] [stdout]   18:     0x723c7e030dfa - <unknown>
[INFO] [stdout]   19:     0x723c7e0c43d4 - clone
[INFO] [stdout]   20:                0x0 - <unknown>
[INFO] [stdout] 
[INFO] [stdout] ---- test_version_flag stdout ----
[INFO] [stdout] 
[INFO] [stdout] thread 'test_version_flag' (1102) panicked at tests/integration.rs:312:69:
[INFO] [stdout] called `Result::unwrap()` on an `Err` value: Os { code: 2, kind: NotFound, message: "No such file or directory" }
[INFO] [stdout] stack backtrace:
[INFO] [stdout]    0:     0x64062a650ce1 - <<std[617be2ca0a6fd877]::sys::backtrace::BacktraceLock>::print::DisplayBacktrace as core[a373ad73a504971]::fmt::Display>::fmt
[INFO] [stdout]    1:     0x64062a664f3a - core[a373ad73a504971]::fmt::write
[INFO] [stdout]    2:     0x64062a65515c - <alloc[2e1b2a31b91974c5]::vec::Vec<u8> as core[a373ad73a504971]::io::write::Write>::write_fmt
[INFO] [stdout]    3:     0x64062a62b7e6 - std[617be2ca0a6fd877]::panicking::default_hook::{closure#0}
[INFO] [stdout]    4:     0x64062a648a79 - std[617be2ca0a6fd877]::panicking::default_hook
[INFO] [stdout]    5:     0x64062a5e2770 - test[aada8e7e76ba119b]::test_main_inner::{closure#0}
[INFO] [stdout]    6:     0x64062a648c32 - std[617be2ca0a6fd877]::panicking::panic_with_hook
[INFO] [stdout]    7:     0x64062a62b892 - std[617be2ca0a6fd877]::panicking::panic_handler::{closure#0}
[INFO] [stdout]    8:     0x64062a624489 - std[617be2ca0a6fd877]::sys::backtrace::__rust_end_short_backtrace::<std[617be2ca0a6fd877]::panicking::panic_handler::{closure#0}, !>
[INFO] [stdout]    9:     0x64062a62c49d - __rustc[ea4f61d10b84890b]::rust_begin_unwind
[INFO] [stdout]   10:     0x64062a66566c - core[a373ad73a504971]::panicking::panic_fmt
[INFO] [stdout]   11:     0x64062a665442 - core[a373ad73a504971]::result::unwrap_failed
[INFO] [stdout]   12:     0x64062a5cd8d1 - <integration[6cc57499ed9abb21]::test_version_flag::{closure#0} as core[a373ad73a504971]::ops::function::FnOnce<()>>::call_once
[INFO] [stdout]   13:     0x64062a5d5bbb - test[aada8e7e76ba119b]::__rust_begin_short_backtrace::<core[a373ad73a504971]::result::Result<(), alloc[2e1b2a31b91974c5]::string::String>, fn() -> core[a373ad73a504971]::result::Result<(), alloc[2e1b2a31b91974c5]::string::String>>
[INFO] [stdout]   14:     0x64062a5e2d95 - test[aada8e7e76ba119b]::run_test::{closure#0}
[INFO] [stdout]   15:     0x64062a5dc684 - std[617be2ca0a6fd877]::sys::backtrace::__rust_begin_short_backtrace::<test[aada8e7e76ba119b]::run_test::{closure#1}, ()>
[INFO] [stdout]   16:     0x64062a5e5e22 - <std[617be2ca0a6fd877]::thread::lifecycle::spawn_unchecked<test[aada8e7e76ba119b]::run_test::{closure#1}, ()>::{closure#1} as core[a373ad73a504971]::ops::function::FnOnce<()>>::call_once::{shim:vtable#0}
[INFO] [stdout]   17:     0x64062a65035f - <std[617be2ca0a6fd877]::sys::thread::unix::Thread>::new::thread_start
[INFO] [stdout]   18:     0x723c7e030dfa - <unknown>
[INFO] [stdout]   19:     0x723c7e0c43d4 - clone
[INFO] [stdout]   20:                0x0 - <unknown>
[INFO] [stdout] 
[INFO] [stdout] ---- test_quiet_flag_no_output_on_drift stdout ----
[INFO] [stdout] 
[INFO] [stdout] thread 'test_quiet_flag_no_output_on_drift' (1086) panicked at tests/integration.rs:173:10:
[INFO] [stdout] called `Result::unwrap()` on an `Err` value: Os { code: 2, kind: NotFound, message: "No such file or directory" }
[INFO] [stdout] stack backtrace:
[INFO] [stdout]    0:     0x64062a650ce1 - <<std[617be2ca0a6fd877]::sys::backtrace::BacktraceLock>::print::DisplayBacktrace as core[a373ad73a504971]::fmt::Display>::fmt
[INFO] [stdout]    1:     0x64062a664f3a - core[a373ad73a504971]::fmt::write
[INFO] [stdout]    2:     0x64062a65515c - <alloc[2e1b2a31b91974c5]::vec::Vec<u8> as core[a373ad73a504971]::io::write::Write>::write_fmt
[INFO] [stdout]    3:     0x64062a62b7e6 - std[617be2ca0a6fd877]::panicking::default_hook::{closure#0}
[INFO] [stdout]    4:     0x64062a648a79 - std[617be2ca0a6fd877]::panicking::default_hook
[INFO] [stdout]    5:     0x64062a5e2770 - test[aada8e7e76ba119b]::test_main_inner::{closure#0}
[INFO] [stdout]    6:     0x64062a648c32 - std[617be2ca0a6fd877]::panicking::panic_with_hook
[INFO] [stdout]    7:     0x64062a62b892 - std[617be2ca0a6fd877]::panicking::panic_handler::{closure#0}
[INFO] [stdout]    8:     0x64062a624489 - std[617be2ca0a6fd877]::sys::backtrace::__rust_end_short_backtrace::<std[617be2ca0a6fd877]::panicking::panic_handler::{closure#0}, !>
[INFO] [stdout]    9:     0x64062a62c49d - __rustc[ea4f61d10b84890b]::rust_begin_unwind
[INFO] [stdout]   10:     0x64062a66566c - core[a373ad73a504971]::panicking::panic_fmt
[INFO] [stdout]   11:     0x64062a665442 - core[a373ad73a504971]::result::unwrap_failed
[INFO] [stdout]   12:     0x64062a5d21aa - <integration[6cc57499ed9abb21]::test_quiet_flag_no_output_on_drift::{closure#0} as core[a373ad73a504971]::ops::function::FnOnce<()>>::call_once
[INFO] [stdout]   13:     0x64062a5d5bbb - test[aada8e7e76ba119b]::__rust_begin_short_backtrace::<core[a373ad73a504971]::result::Result<(), alloc[2e1b2a31b91974c5]::string::String>, fn() -> core[a373ad73a504971]::result::Result<(), alloc[2e1b2a31b91974c5]::string::String>>
[INFO] [stdout]   14:     0x64062a5e2d95 - test[aada8e7e76ba119b]::run_test::{closure#0}
[INFO] [stdout]   15:     0x64062a5dc684 - std[617be2ca0a6fd877]::sys::backtrace::__rust_begin_short_backtrace::<test[aada8e7e76ba119b]::run_test::{closure#1}, ()>
[INFO] [stdout]   16:     0x64062a5e5e22 - <std[617be2ca0a6fd877]::thread::lifecycle::spawn_unchecked<test[aada8e7e76ba119b]::run_test::{closure#1}, ()>::{closure#1} as core[a373ad73a504971]::ops::function::FnOnce<()>>::call_once::{shim:vtable#0}
[INFO] [stdout]   17:     0x64062a65035f - <std[617be2ca0a6fd877]::sys::thread::unix::Thread>::new::thread_start
[INFO] [stdout]   18:     0x723c7e030dfa - <unknown>
[INFO] [stdout]   19:     0x723c7e0c43d4 - clone
[INFO] [stdout]   20:                0x0 - <unknown>
[INFO] [stdout] 
[INFO] [stdout] ---- test_verbose_writes_filenames_to_stderr stdout ----
[INFO] [stdout] 
[INFO] [stdout] thread 'test_verbose_writes_filenames_to_stderr' (1101) panicked at tests/integration.rs:449:10:
[INFO] [stdout] called `Result::unwrap()` on an `Err` value: Os { code: 2, kind: NotFound, message: "No such file or directory" }
[INFO] [stdout] stack backtrace:
[INFO] [stdout]    0:     0x64062a650ce1 - <<std[617be2ca0a6fd877]::sys::backtrace::BacktraceLock>::print::DisplayBacktrace as core[a373ad73a504971]::fmt::Display>::fmt
[INFO] [stdout]    1:     0x64062a664f3a - core[a373ad73a504971]::fmt::write
[INFO] [stdout]    2:     0x64062a65515c - <alloc[2e1b2a31b91974c5]::vec::Vec<u8> as core[a373ad73a504971]::io::write::Write>::write_fmt
[INFO] [stdout]    3:     0x64062a62b7e6 - std[617be2ca0a6fd877]::panicking::default_hook::{closure#0}
[INFO] [stdout]    4:     0x64062a648a79 - std[617be2ca0a6fd877]::panicking::default_hook
[INFO] [stdout]    5:     0x64062a5e2770 - test[aada8e7e76ba119b]::test_main_inner::{closure#0}
[INFO] [stdout]    6:     0x64062a648c32 - std[617be2ca0a6fd877]::panicking::panic_with_hook
[INFO] [stdout]    7:     0x64062a62b892 - std[617be2ca0a6fd877]::panicking::panic_handler::{closure#0}
[INFO] [stdout]    8:     0x64062a624489 - std[617be2ca0a6fd877]::sys::backtrace::__rust_end_short_backtrace::<std[617be2ca0a6fd877]::panicking::panic_handler::{closure#0}, !>
[INFO] [stdout]    9:     0x64062a62c49d - __rustc[ea4f61d10b84890b]::rust_begin_unwind
[INFO] [stdout]   10:     0x64062a66566c - core[a373ad73a504971]::panicking::panic_fmt
[INFO] [stdout]   11:     0x64062a665442 - core[a373ad73a504971]::result::unwrap_failed
[INFO] [stdout]   12:     0x64062a5d4d63 - <integration[6cc57499ed9abb21]::test_verbose_writes_filenames_to_stderr::{closure#0} as core[a373ad73a504971]::ops::function::FnOnce<()>>::call_once
[INFO] [stdout]   13:     0x64062a5d5bbb - test[aada8e7e76ba119b]::__rust_begin_short_backtrace::<core[a373ad73a504971]::result::Result<(), alloc[2e1b2a31b91974c5]::string::String>, fn() -> core[a373ad73a504971]::result::Result<(), alloc[2e1b2a31b91974c5]::string::String>>
[INFO] [stdout]   14:     0x64062a5e2d95 - test[aada8e7e76ba119b]::run_test::{closure#0}
[INFO] [stdout]   15:     0x64062a5dc684 - std[617be2ca0a6fd877]::sys::backtrace::__rust_begin_short_backtrace::<test[aada8e7e76ba119b]::run_test::{closure#1}, ()>
[INFO] [stdout]   16:     0x64062a5e5e22 - <std[617be2ca0a6fd877]::thread::lifecycle::spawn_unchecked<test[aada8e7e76ba119b]::run_test::{closure#1}, ()>::{closure#1} as core[a373ad73a504971]::ops::function::FnOnce<()>>::call_once::{shim:vtable#0}
[INFO] [stdout]   17:     0x64062a65035f - <std[617be2ca0a6fd877]::sys::thread::unix::Thread>::new::thread_start
[INFO] [stdout]   18:     0x723c7e030dfa - <unknown>
[INFO] [stdout]   19:     0x723c7e0c43d4 - clone
[INFO] [stdout]   20:                0x0 - <unknown>
[INFO] [stdout] 
[INFO] [stdout] ---- test_values_with_special_characters stdout ----
[INFO] [stdout] 
[INFO] [stdout] thread 'test_values_with_special_characters' (1095) panicked at tests/integration.rs:397:10:
[INFO] [stdout] called `Result::unwrap()` on an `Err` value: Os { code: 2, kind: NotFound, message: "No such file or directory" }
[INFO] [stdout] stack backtrace:
[INFO] [stdout]    0:     0x64062a650ce1 - <<std[617be2ca0a6fd877]::sys::backtrace::BacktraceLock>::print::DisplayBacktrace as core[a373ad73a504971]::fmt::Display>::fmt
[INFO] [stdout]    1:     0x64062a664f3a - core[a373ad73a504971]::fmt::write
[INFO] [stdout]    2:     0x64062a65515c - <alloc[2e1b2a31b91974c5]::vec::Vec<u8> as core[a373ad73a504971]::io::write::Write>::write_fmt
[INFO] [stdout]    3:     0x64062a62b7e6 - std[617be2ca0a6fd877]::panicking::default_hook::{closure#0}
[INFO] [stdout]    4:     0x64062a648a79 - std[617be2ca0a6fd877]::panicking::default_hook
[INFO] [stdout]    5:     0x64062a5e2770 - test[aada8e7e76ba119b]::test_main_inner::{closure#0}
[INFO] [stdout]    6:     0x64062a648c32 - std[617be2ca0a6fd877]::panicking::panic_with_hook
[INFO] [stdout]    7:     0x64062a62b892 - std[617be2ca0a6fd877]::panicking::panic_handler::{closure#0}
[INFO] [stdout]    8:     0x64062a624489 - std[617be2ca0a6fd877]::sys::backtrace::__rust_end_short_backtrace::<std[617be2ca0a6fd877]::panicking::panic_handler::{closure#0}, !>
[INFO] [stdout]    9:     0x64062a62c49d - __rustc[ea4f61d10b84890b]::rust_begin_unwind
[INFO] [stdout]   10:     0x64062a66566c - core[a373ad73a504971]::panicking::panic_fmt
[INFO] [stdout]   11:     0x64062a665442 - core[a373ad73a504971]::result::unwrap_failed
[INFO] [stdout]   12:     0x64062a5d30a3 - <integration[6cc57499ed9abb21]::test_values_with_special_characters::{closure#0} as core[a373ad73a504971]::ops::function::FnOnce<()>>::call_once
[INFO] [stdout]   13:     0x64062a5d5bbb - test[aada8e7e76ba119b]::__rust_begin_short_backtrace::<core[a373ad73a504971]::result::Result<(), alloc[2e1b2a31b91974c5]::string::String>, fn() -> core[a373ad73a504971]::result::Result<(), alloc[2e1b2a31b91974c5]::string::String>>
[INFO] [stdout]   14:     0x64062a5e2d95 - test[aada8e7e76ba119b]::run_test::{closure#0}
[INFO] [stdout]   15:     0x64062a5dc684 - std[617be2ca0a6fd877]::sys::backtrace::__rust_begin_short_backtrace::<test[aada8e7e76ba119b]::run_test::{closure#1}, ()>
[INFO] [stdout]   16:     0x64062a5e5e22 - <std[617be2ca0a6fd877]::thread::lifecycle::spawn_unchecked<test[aada8e7e76ba119b]::run_test::{closure#1}, ()>::{closure#1} as core[a373ad73a504971]::ops::function::FnOnce<()>>::call_once::{shim:vtable#0}
[INFO] [stdout]   17:     0x64062a65035f - <std[617be2ca0a6fd877]::sys::thread::unix::Thread>::new::thread_start
[INFO] [stdout]   18:     0x723c7e030dfa - <unknown>
[INFO] [stdout]   19:     0x723c7e0c43d4 - clone
[INFO] [stdout]   20:                0x0 - <unknown>
[INFO] [stdout] 
[INFO] [stdout] ---- test_output_shows_key_names stdout ----
[INFO] [stdout] 
[INFO] [stdout] thread 'test_output_shows_key_names' (1083) panicked at tests/integration.rs:89:10:
[INFO] [stdout] called `Result::unwrap()` on an `Err` value: Os { code: 2, kind: NotFound, message: "No such file or directory" }
[INFO] [stdout] stack backtrace:
[INFO] [stdout]    0:     0x64062a650ce1 - <<std[617be2ca0a6fd877]::sys::backtrace::BacktraceLock>::print::DisplayBacktrace as core[a373ad73a504971]::fmt::Display>::fmt
[INFO] [stdout]    1:     0x64062a664f3a - core[a373ad73a504971]::fmt::write
[INFO] [stdout]    2:     0x64062a65515c - <alloc[2e1b2a31b91974c5]::vec::Vec<u8> as core[a373ad73a504971]::io::write::Write>::write_fmt
[INFO] [stdout]    3:     0x64062a62b7e6 - std[617be2ca0a6fd877]::panicking::default_hook::{closure#0}
[INFO] [stdout]    4:     0x64062a648a79 - std[617be2ca0a6fd877]::panicking::default_hook
[INFO] [stdout]    5:     0x64062a5e2770 - test[aada8e7e76ba119b]::test_main_inner::{closure#0}
[INFO] [stdout]    6:     0x64062a648c32 - std[617be2ca0a6fd877]::panicking::panic_with_hook
[INFO] [stdout]    7:     0x64062a62b892 - std[617be2ca0a6fd877]::panicking::panic_handler::{closure#0}
[INFO] [stdout]    8:     0x64062a624489 - std[617be2ca0a6fd877]::sys::backtrace::__rust_end_short_backtrace::<std[617be2ca0a6fd877]::panicking::panic_handler::{closure#0}, !>
[INFO] [stdout]    9:     0x64062a62c49d - __rustc[ea4f61d10b84890b]::rust_begin_unwind
[INFO] [stdout]   10:     0x64062a66566c - core[a373ad73a504971]::panicking::panic_fmt
[INFO] [stdout]   11:     0x64062a665442 - core[a373ad73a504971]::result::unwrap_failed
[INFO] [stdout]   12:     0x64062a5d0177 - <integration[6cc57499ed9abb21]::test_output_shows_key_names::{closure#0} as core[a373ad73a504971]::ops::function::FnOnce<()>>::call_once
[INFO] [stdout]   13:     0x64062a5d5bbb - test[aada8e7e76ba119b]::__rust_begin_short_backtrace::<core[a373ad73a504971]::result::Result<(), alloc[2e1b2a31b91974c5]::string::String>, fn() -> core[a373ad73a504971]::result::Result<(), alloc[2e1b2a31b91974c5]::string::String>>
[INFO] [stdout]   14:     0x64062a5e2d95 - test[aada8e7e76ba119b]::run_test::{closure#0}
[INFO] [stdout]   15:     0x64062a5dc684 - std[617be2ca0a6fd877]::sys::backtrace::__rust_begin_short_backtrace::<test[aada8e7e76ba119b]::run_test::{closure#1}, ()>
[INFO] [stdout]   16:     0x64062a5e5e22 - <std[617be2ca0a6fd877]::thread::lifecycle::spawn_unchecked<test[aada8e7e76ba119b]::run_test::{closure#1}, ()>::{closure#1} as core[a373ad73a504971]::ops::function::FnOnce<()>>::call_once::{shim:vtable#0}
[INFO] [stdout]   17:     0x64062a65035f - <std[617be2ca0a6fd877]::sys::thread::unix::Thread>::new::thread_start
[INFO] [stdout]   18:     0x723c7e030dfa - <unknown>
[INFO] [stdout]   19:     0x723c7e0c43d4 - clone
[INFO] [stdout]   20:                0x0 - <unknown>
[INFO] [stdout] 
[INFO] [stdout] 
[INFO] [stdout] failures:
[INFO] [stdout]     test_auto_discovers_env_files_in_directory
[INFO] [stdout]     test_auto_discovery_no_files_exits_2
[INFO] [stdout]     test_comments_and_blank_lines_skipped
[INFO] [stdout]     test_diff_and_quiet_combined
[INFO] [stdout]     test_diff_flag_hides_in_sync_keys
[INFO] [stdout]     test_empty_file_handles_gracefully
[INFO] [stdout]     test_exit_0_when_in_sync
[INFO] [stdout]     test_exit_1_when_drift
[INFO] [stdout]     test_exit_2_file_not_found
[INFO] [stdout]     test_exit_2_only_one_file
[INFO] [stdout]     test_export_prefix_handled
[INFO] [stdout]     test_help_flag
[INFO] [stdout]     test_invalid_utf8_file_reports_error
[INFO] [stdout]     test_large_number_of_keys
[INFO] [stdout]     test_one_file_error_includes_path
[INFO] [stdout]     test_output_masks_values_by_default
[INFO] [stdout]     test_output_shows_key_names
[INFO] [stdout]     test_output_shows_missing_indicator
[INFO] [stdout]     test_quiet_flag_no_output_on_drift
[INFO] [stdout]     test_short_flag_aliases
[INFO] [stdout]     test_three_files_comparison
[INFO] [stdout]     test_values_flag_shows_actual_values
[INFO] [stdout]     test_values_with_special_characters
[INFO] [stdout]     test_verbose_flag_lists_drifted_keys
[INFO] [stdout]     test_verbose_writes_filenames_to_stderr
[INFO] [stdout]     test_version_flag
[INFO] [stdout] 
[INFO] [stdout] test result: FAILED. 0 passed; 26 failed; 0 ignored; 0 measured; 0 filtered out; finished in 0.02s
[INFO] [stdout] 
[INFO] running `Command { std: "docker" "inspect" "67c3d50f5c06b9ea91db0b33df03236c04cf3a8d9c16ed0e596ec5034b63b767", kill_on_drop: false }`
[INFO] running `Command { std: "docker" "rm" "-f" "67c3d50f5c06b9ea91db0b33df03236c04cf3a8d9c16ed0e596ec5034b63b767", kill_on_drop: false }`
[INFO] [stdout] 67c3d50f5c06b9ea91db0b33df03236c04cf3a8d9c16ed0e596ec5034b63b767
