[INFO] cloning repository https://github.com/hxyulin/gluon
[INFO] running `Command { std: "git" "-c" "credential.helper=" "-c" "credential.helper=/workspace/cargo-home/bin/git-credential-null" "clone" "--bare" "https://github.com/hxyulin/gluon" "/workspace/cache/git-repos/https%3A%2F%2Fgithub.com%2Fhxyulin%2Fgluon", kill_on_drop: false }`
[INFO] [stderr] Cloning into bare repository '/workspace/cache/git-repos/https%3A%2F%2Fgithub.com%2Fhxyulin%2Fgluon'...
[INFO] running `Command { std: "git" "rev-parse" "HEAD", kill_on_drop: false }`
[INFO] [stdout] 9fa544e887795e93ac9b3c87218ad15a1596871c
[INFO] testing hxyulin/gluon against 1.100.0-beta.1+cargoflags=--release for beta-release-1.100-3
[INFO] running `Command { std: "git" "clone" "/workspace/cache/git-repos/https%3A%2F%2Fgithub.com%2Fhxyulin%2Fgluon" "/workspace/builds/worker-3-tc2/source", kill_on_drop: false }`
[INFO] [stderr] Cloning into '/workspace/builds/worker-3-tc2/source'...
[INFO] [stderr] done.
[INFO] removed /workspace/builds/worker-3-tc2/source/rust-toolchain.toml
[INFO] started tweaking git repo https://github.com/hxyulin/gluon
[INFO] finished tweaking git repo https://github.com/hxyulin/gluon
[INFO] tweaked toml for git repo https://github.com/hxyulin/gluon written to /workspace/builds/worker-3-tc2/source/Cargo.toml
[INFO] validating manifest of git repo https://github.com/hxyulin/gluon on toolchain 1.100.0-beta.1
[INFO] running `Command { std: CARGO_HOME="/workspace/cargo-home" RUSTUP_HOME="/workspace/rustup-home" "/workspace/cargo-home/bin/cargo" "+1.100.0-beta.1" "metadata" "--manifest-path" "Cargo.toml" "--no-deps", kill_on_drop: false }`
[INFO] crate git repo https://github.com/hxyulin/gluon already has a lockfile, it will not be regenerated
[INFO] running `Command { std: CARGO_HOME="/workspace/cargo-home" RUSTUP_HOME="/workspace/rustup-home" "/workspace/cargo-home/bin/cargo" "+1.100.0-beta.1" "fetch" "--manifest-path" "Cargo.toml", kill_on_drop: false }`
[INFO] running `Command { std: "docker" "create" "-v" "/var/lib/crater-agent-workspace/builds/worker-3-tc2/source:/opt/rustwide/workdir:ro,Z" "-v" "/var/lib/crater-agent-workspace/builds/worker-3-tc2/target:/opt/rustwide/target:rw,Z" "-v" "/var/lib/crater-agent-workspace/cargo-home:/opt/rustwide/cargo-home:ro,Z" "-v" "/var/lib/crater-agent-workspace/rustup-home:/opt/rustwide/rustup-home:ro,Z" "-m" "1610612736" "--network" "none" "ghcr.io/rust-lang/crates-build-env/linux@sha256:77db811e55d90add9212f6832c23229e3de5f1c1f9905e8cb07319ea15df73ac" "sleep" "infinity", kill_on_drop: false }`
[INFO] [stdout] 43b7c74b8abab761aef895ba34e899385786fc010c054cc7fdbc3f95663b3860
[INFO] running `Command { std: "docker" "start" "43b7c74b8abab761aef895ba34e899385786fc010c054cc7fdbc3f95663b3860", kill_on_drop: false }`
[INFO] running `Command { std: "docker" "inspect" "43b7c74b8abab761aef895ba34e899385786fc010c054cc7fdbc3f95663b3860", kill_on_drop: false }`
[INFO] running `Command { std: "docker" "exec" "-e" "SOURCE_DIR=/opt/rustwide/workdir" "-e" "CARGO_HOME=/opt/rustwide/cargo-home" "-e" "RUSTUP_HOME=/opt/rustwide/rustup-home" "-e" "CARGO_TARGET_DIR=/opt/rustwide/target" "-w" "/opt/rustwide/workdir" "--user" "0:0" "43b7c74b8abab761aef895ba34e899385786fc010c054cc7fdbc3f95663b3860" "/opt/rustwide/cargo-home/bin/cargo" "+1.100.0-beta.1" "metadata" "--no-deps" "--format-version=1", kill_on_drop: false }`
[INFO] running `Command { std: "docker" "inspect" "43b7c74b8abab761aef895ba34e899385786fc010c054cc7fdbc3f95663b3860", kill_on_drop: false }`
[INFO] running `Command { std: "docker" "exec" "-e" "SOURCE_DIR=/opt/rustwide/workdir" "-e" "CARGO_HOME=/opt/rustwide/cargo-home" "-e" "RUSTUP_HOME=/opt/rustwide/rustup-home" "-e" "CARGO_TARGET_DIR=/opt/rustwide/target" "-e" "CARGO_INCREMENTAL=0" "-e" "RUST_BACKTRACE=full" "-e" "RUSTFLAGS=--cap-lints=warn" "-e" "RUSTDOCFLAGS=--cap-lints=warn" "-w" "/opt/rustwide/workdir" "--user" "0:0" "43b7c74b8abab761aef895ba34e899385786fc010c054cc7fdbc3f95663b3860" "/opt/rustwide/cargo-home/bin/cargo" "+1.100.0-beta.1" "build" "--frozen" "--message-format=json" "--release", kill_on_drop: false }`
[INFO] [stderr]    Compiling quote v1.0.45
[INFO] [stderr]    Compiling libc v0.2.184
[INFO] [stderr]    Compiling typenum v1.19.0
[INFO] [stderr]    Compiling zerocopy v0.8.48
[INFO] [stderr]    Compiling getrandom v0.3.4
[INFO] [stderr]    Compiling num-traits v0.2.19
[INFO] [stderr]    Compiling parse-size v1.1.0
[INFO] [stderr]    Compiling hashbrown v0.16.1
[INFO] [stderr]    Compiling signal-hook v0.3.18
[INFO] [stderr]    Compiling noalloc v0.0.1
[INFO] [stderr]    Compiling memchr v2.8.0
[INFO] [stderr]    Compiling toml_write v0.1.2
[INFO] [stderr]    Compiling winnow v0.7.15
[INFO] [stderr]    Compiling spin v0.10.0
[INFO] [stderr]    Compiling hadris-macros v1.1.2
[INFO] [stderr]    Compiling anyhow v1.0.102
[INFO] [stderr]    Compiling hadris-fat v1.1.2
[INFO] [stderr]    Compiling gluon-core v0.1.1 (/opt/rustwide/workdir/crates/gluon-core)
[INFO] [stderr]    Compiling bitflags v2.11.0
[INFO] [stderr]    Compiling syn v2.0.117
[INFO] [stderr]    Compiling generic-array v0.14.7
[INFO] [stderr]    Compiling serde_json v1.0.149
[INFO] [stderr]    Compiling chrono v0.4.44
[INFO] [stderr]    Compiling indexmap v2.13.1
[INFO] [stderr]    Compiling block-buffer v0.10.4
[INFO] [stderr]    Compiling crypto-common v0.1.7
[INFO] [stderr]    Compiling digest v0.10.7
[INFO] [stderr]    Compiling sha2 v0.10.9
[INFO] [stderr]    Compiling errno v0.3.14
[INFO] [stderr]    Compiling fs2 v0.4.3
[INFO] [stderr]    Compiling signal-hook-registry v1.4.8
[INFO] [stderr]    Compiling rand_core v0.9.5
[INFO] [stderr]    Compiling serde_derive v1.0.228
[INFO] [stderr]    Compiling zerocopy-derive v0.8.48
[INFO] [stderr]    Compiling bytemuck_derive v1.10.2
[INFO] [stderr]    Compiling thiserror-impl v1.0.69
[INFO] [stderr]    Compiling clap_derive v4.6.0
[INFO] [stderr]    Compiling thiserror v1.0.69
[INFO] [stderr]    Compiling bytemuck v1.25.0
[INFO] [stderr]    Compiling clap v4.6.0
[INFO] [stderr]    Compiling hadris-io v1.1.2
[INFO] [stderr]    Compiling serde v1.0.228
[INFO] [stderr]    Compiling serde_spanned v0.6.9
[INFO] [stderr]    Compiling toml_datetime v0.6.11
[INFO] [stderr]    Compiling gluon-model v0.1.1 (/opt/rustwide/workdir/crates/gluon-model)
[INFO] [stderr]    Compiling toml_edit v0.22.27
[INFO] [stderr]    Compiling ppv-lite86 v0.2.21
[INFO] [stderr]    Compiling toml v0.8.23
[INFO] [stderr]    Compiling rand_chacha v0.9.0
[INFO] [stderr]    Compiling rand v0.9.4
[INFO] [stderr]    Compiling hadris-common v1.1.2
[INFO] [stderr]    Compiling gluon-config v0.1.1 (/opt/rustwide/workdir/crates/gluon-config)
[INFO] [stderr]    Compiling gluon-cli v0.1.1 (/opt/rustwide/workdir/crates/gluon-cli)
[INFO] [stderr]     Finished `release` profile [optimized] target(s) in 1m 04s
[INFO] running `Command { std: "docker" "inspect" "43b7c74b8abab761aef895ba34e899385786fc010c054cc7fdbc3f95663b3860", kill_on_drop: false }`
[INFO] running `Command { std: "docker" "exec" "-e" "SOURCE_DIR=/opt/rustwide/workdir" "-e" "CARGO_HOME=/opt/rustwide/cargo-home" "-e" "RUSTUP_HOME=/opt/rustwide/rustup-home" "-e" "CARGO_TARGET_DIR=/opt/rustwide/target" "-e" "CARGO_INCREMENTAL=0" "-e" "RUST_BACKTRACE=full" "-e" "RUSTFLAGS=--cap-lints=warn" "-e" "RUSTDOCFLAGS=--cap-lints=warn" "-w" "/opt/rustwide/workdir" "--user" "0:0" "43b7c74b8abab761aef895ba34e899385786fc010c054cc7fdbc3f95663b3860" "/opt/rustwide/cargo-home/bin/cargo" "+1.100.0-beta.1" "test" "--frozen" "--no-run" "--message-format=json" "--release", kill_on_drop: false }`
[INFO] [stderr]    Compiling bitflags v2.11.0
[INFO] [stderr]    Compiling rustix v1.1.4
[INFO] [stderr]    Compiling getrandom v0.4.2
[INFO] [stderr]    Compiling linux-raw-sys v0.12.1
[INFO] [stderr]    Compiling fastrand v2.4.1
[INFO] [stderr]    Compiling once_cell v1.21.4
[INFO] [stderr]    Compiling hadris-fat v1.1.2
[INFO] [stderr]    Compiling gluon-core v0.1.1 (/opt/rustwide/workdir/crates/gluon-core)
[INFO] [stderr]    Compiling tempfile v3.27.0
[INFO] [stderr]    Compiling gluon-cli v0.1.1 (/opt/rustwide/workdir/crates/gluon-cli)
[INFO] [stderr]     Finished `release` profile [optimized] target(s) in 36.05s
[INFO] running `Command { std: "docker" "inspect" "43b7c74b8abab761aef895ba34e899385786fc010c054cc7fdbc3f95663b3860", kill_on_drop: false }`
[INFO] running `Command { std: "docker" "exec" "-e" "SOURCE_DIR=/opt/rustwide/workdir" "-e" "CARGO_HOME=/opt/rustwide/cargo-home" "-e" "RUSTUP_HOME=/opt/rustwide/rustup-home" "-e" "CARGO_TARGET_DIR=/opt/rustwide/target" "-e" "CARGO_INCREMENTAL=0" "-e" "RUST_BACKTRACE=full" "-e" "RUSTFLAGS=--cap-lints=warn" "-e" "RUSTDOCFLAGS=--cap-lints=warn" "-w" "/opt/rustwide/workdir" "--user" "0:0" "43b7c74b8abab761aef895ba34e899385786fc010c054cc7fdbc3f95663b3860" "/opt/rustwide/cargo-home/bin/cargo" "+1.100.0-beta.1" "test" "--frozen" "--release", kill_on_drop: false }`
[INFO] [stderr]     Finished `release` profile [optimized] target(s) in 0.13s
[INFO] [stderr]      Running unittests src/bin/fake_qemu.rs (/opt/rustwide/target/release/build/gluon-cli/7e5b7b4cb9389453/out/fake_qemu-7e5b7b4cb9389453)
[INFO] [stderr]      Running unittests src/main.rs (/opt/rustwide/target/release/build/gluon-cli/c4377a3698d73e86/out/gluon-c4377a3698d73e86)
[INFO] [stdout] 
[INFO] [stdout] running 0 tests
[INFO] [stdout] 
[INFO] [stdout] test result: ok. 0 passed; 0 failed; 0 ignored; 0 measured; 0 filtered out; finished in 0.00s
[INFO] [stdout] 
[INFO] [stdout] 
[INFO] [stdout] running 23 tests
[INFO] [stdout] test cli::tests::parses_bare_check ... ok
[INFO] [stdout] test cli::tests::parses_bare_build ... ok
[INFO] [stdout] test cli::tests::parses_bare_clippy ... ok
[INFO] [stdout] test cli::tests::parses_bare_vendor ... ok
[INFO] [stdout] test cli::tests::parses_clean_default ... ok
[INFO] [stdout] test cli::tests::parses_check_with_profile_and_jobs ... ok
[INFO] [stdout] test cli::tests::parses_external_subcommand ... ok
[INFO] [stdout] test cli::tests::parses_vendor_offline ... ok
[INFO] [stdout] test cli::tests::parses_clean_with_keep_sysroot ... ok
[INFO] [stdout] test cli::tests::parses_configure_with_output ... ok
[INFO] [stdout] test cli::tests::parses_short_profile ... ok
[INFO] [stdout] test cli::tests::parses_fmt_check ... ok
[INFO] [stdout] test cli::tests::parses_vendor_check_and_force ... ok
[INFO] [stdout] test cli::tests::parses_run_no_build_default_false ... ok
[INFO] [stdout] test cmd::tests::build_context_at_wires_up_a_tempdir_project ... ignored
[INFO] [stdout] test cmd::tests::default_profile_picks_first_alphabetically ... ignored
[INFO] [stdout] test cli::tests::parses_fmt_default ... ok
[INFO] [stdout] test cli::tests::parses_run_no_build ... ok
[INFO] [stdout] test cli::tests::parses_long_profile ... ok
[INFO] [stderr]      Running tests/integration.rs (/opt/rustwide/target/release/build/gluon-cli/419cf1c69aa62197/out/integration-419cf1c69aa62197)
[INFO] [stdout] test cli::tests::parses_jobs_flag ... ok
[INFO] [stdout] test cli::tests::rejects_jobs_zero ... ok
[INFO] [stdout] test cli::tests::parses_verbose_and_quiet_together ... ok
[INFO] [stdout] test cli::tests::rejects_jobs_non_numeric ... ok
[INFO] [stdout] 
[INFO] [stdout] test result: ok. 21 passed; 0 failed; 2 ignored; 0 measured; 0 filtered out; finished in 0.02s
[INFO] [stdout] 
[INFO] [stdout] 
[INFO] [stdout] running 11 tests
[INFO] [stdout] test gluon_build_cold_then_cache_hit ... ignored
[INFO] [stdout] test gluon_build_source_touch_rebuilds_one ... ignored
[INFO] [stdout] test gluon_check_after_build_does_not_wipe_build_cache ... ignored
[INFO] [stdout] test gluon_check_cold_then_cache_hit ... ignored
[INFO] [stdout] test gluon_clippy_cold ... ignored
[INFO] [stdout] test gluon_configure_emits_valid_json ... ignored
[INFO] [stdout] test multi_profile_fixture_model ... ignored
[INFO] [stdout] test gluon_fmt_check_fails_on_unformatted_fixture ... ok
[INFO] [stdout] test gluon_fmt_check_passes_on_formatted_fixture ... ok
[INFO] [stdout] test gluon_clean_removes_build_dir ... FAILED
[INFO] [stdout] test gluon_clean_keep_sysroot_preserves_sysroot ... FAILED
[INFO] [stderr] error: test failed, to rerun pass `--test integration`
[INFO] [stdout] 
[INFO] [stdout] failures:
[INFO] [stdout] 
[INFO] [stdout] ---- gluon_clean_removes_build_dir stdout ----
[INFO] [stdout] 
[INFO] [stdout] thread 'gluon_clean_removes_build_dir' (1720) panicked at crates/gluon-cli/tests/integration.rs:360:5:
[INFO] [stdout] gluon clean failed: status=ExitStatus(unix_wait_status(256)), stderr=Error: failed to load build model
[INFO] [stdout] 
[INFO] [stdout] Caused by:
[INFO] [stdout]     configuration error: rustc failed compiling /tmp/.tmpPGJBew/minimal/gluon.rs (status exit status: 1):
[INFO] [stdout]     error[E0463]: can't find crate for `gluon_config`
[INFO] [stdout]       --> /tmp/.tmpPGJBew/minimal/gluon.rs:22:5
[INFO] [stdout]        |
[INFO] [stdout]     22 | use gluon_config::{Config, CrateType, Result};
[INFO] [stdout]        |     ^^^^^^^^^^^^ can't find crate
[INFO] [stdout]     
[INFO] [stdout]     error: aborting due to 1 previous error
[INFO] [stdout]     
[INFO] [stdout]     For more information about this error, try `rustc --explain E0463`.
[INFO] [stdout]     
[INFO] [stdout] 
[INFO] [stdout] Stack backtrace:
[INFO] [stdout]    0: <gluon_core::error::Error as anyhow::context::ext::StdError>::ext_context::<&str>
[INFO] [stdout]    1: gluon::cmd::build_layout_context_at_with_opts
[INFO] [stdout]    2: gluon::main
[INFO] [stdout]    3: std::sys::backtrace::__rust_begin_short_backtrace::<fn(), ()>
[INFO] [stdout]    4: std::rt::lang_start::<()>::{closure#0}
[INFO] [stdout]    5: std::rt::lang_start_internal
[INFO] [stdout]    6: main
[INFO] [stdout]    7: <unknown>
[INFO] [stdout]    8: __libc_start_main
[INFO] [stdout]    9: _start
[INFO] [stdout] 
[INFO] [stdout] stack backtrace:
[INFO] [stdout]    0:     0x55934cee1071 - <<std[617be2ca0a6fd877]::sys::backtrace::BacktraceLock>::print::DisplayBacktrace as core[a373ad73a504971]::fmt::Display>::fmt
[INFO] [stdout]    1:     0x55934cef622a - core[a373ad73a504971]::fmt::write
[INFO] [stdout]    2:     0x55934cee57dc - <alloc[2e1b2a31b91974c5]::vec::Vec<u8> as core[a373ad73a504971]::io::write::Write>::write_fmt
[INFO] [stdout]    3:     0x55934ceb9a56 - std[617be2ca0a6fd877]::panicking::default_hook::{closure#0}
[INFO] [stdout]    4:     0x55934ced7699 - std[617be2ca0a6fd877]::panicking::default_hook
[INFO] [stdout]    5:     0x55934ce703f0 - test[aada8e7e76ba119b]::test_main_inner::{closure#0}
[INFO] [stdout]    6:     0x55934ced7852 - std[617be2ca0a6fd877]::panicking::panic_with_hook
[INFO] [stdout]    7:     0x55934ceb9b02 - std[617be2ca0a6fd877]::panicking::panic_handler::{closure#0}
[INFO] [stdout]    8:     0x55934ceb24c9 - std[617be2ca0a6fd877]::sys::backtrace::__rust_end_short_backtrace::<std[617be2ca0a6fd877]::panicking::panic_handler::{closure#0}, !>
[INFO] [stdout]    9:     0x55934ceba70d - __rustc[ea4f61d10b84890b]::rust_begin_unwind
[INFO] [stdout]   10:     0x55934cef695c - core[a373ad73a504971]::panicking::panic_fmt
[INFO] [stdout]   11:     0x55934cd90fb4 - <integration[2212a4415792e17e]::gluon_clean_removes_build_dir::{closure#0} as core[a373ad73a504971]::ops::function::FnOnce<()>>::call_once
[INFO] [stdout]   12:     0x55934ce6383b - test[aada8e7e76ba119b]::__rust_begin_short_backtrace::<core[a373ad73a504971]::result::Result<(), alloc[2e1b2a31b91974c5]::string::String>, fn() -> core[a373ad73a504971]::result::Result<(), alloc[2e1b2a31b91974c5]::string::String>>
[INFO] [stdout]   13:     0x55934ce70a15 - test[aada8e7e76ba119b]::run_test::{closure#0}
[INFO] [stdout]   14:     0x55934ce6a304 - std[617be2ca0a6fd877]::sys::backtrace::__rust_begin_short_backtrace::<test[aada8e7e76ba119b]::run_test::{closure#1}, ()>
[INFO] [stdout]   15:     0x55934ce73aa2 - <std[617be2ca0a6fd877]::thread::lifecycle::spawn_unchecked<test[aada8e7e76ba119b]::run_test::{closure#1}, ()>::{closure#1} as core[a373ad73a504971]::ops::function::FnOnce<()>>::call_once::{shim:vtable#0}
[INFO] [stdout]   16:     0x55934cedffbf - <std[617be2ca0a6fd877]::sys::thread::unix::Thread>::new::thread_start
[INFO] [stdout]   17:     0x731f90953dfa - <unknown>
[INFO] [stdout]   18:     0x731f909e73d4 - clone
[INFO] [stdout]   19:                0x0 - <unknown>
[INFO] [stdout] 
[INFO] [stdout] ---- gluon_clean_keep_sysroot_preserves_sysroot stdout ----
[INFO] [stdout] 
[INFO] [stdout] thread 'gluon_clean_keep_sysroot_preserves_sysroot' (1719) panicked at crates/gluon-cli/tests/integration.rs:434:5:
[INFO] [stdout] gluon clean --keep-sysroot failed: status=ExitStatus(unix_wait_status(256)), stderr=Error: failed to load build model
[INFO] [stdout] 
[INFO] [stdout] Caused by:
[INFO] [stdout]     configuration error: rustc failed compiling /tmp/.tmpa5jxV9/minimal/gluon.rs (status exit status: 1):
[INFO] [stdout]     error[E0463]: can't find crate for `gluon_config`
[INFO] [stdout]       --> /tmp/.tmpa5jxV9/minimal/gluon.rs:22:5
[INFO] [stdout]        |
[INFO] [stdout]     22 | use gluon_config::{Config, CrateType, Result};
[INFO] [stdout]        |     ^^^^^^^^^^^^ can't find crate
[INFO] [stdout]     
[INFO] [stdout]     error: aborting due to 1 previous error
[INFO] [stdout]     
[INFO] [stdout]     For more information about this error, try `rustc --explain E0463`.
[INFO] [stdout]     
[INFO] [stdout] 
[INFO] [stdout] Stack backtrace:
[INFO] [stdout]    0: <gluon_core::error::Error as anyhow::context::ext::StdError>::ext_context::<&str>
[INFO] [stdout]    1: gluon::cmd::build_layout_context_at_with_opts
[INFO] [stdout]    2: gluon::main
[INFO] [stdout]    3: std::sys::backtrace::__rust_begin_short_backtrace::<fn(), ()>
[INFO] [stdout]    4: std::rt::lang_start::<()>::{closure#0}
[INFO] [stdout]    5: std::rt::lang_start_internal
[INFO] [stdout]    6: main
[INFO] [stdout]    7: <unknown>
[INFO] [stdout]    8: __libc_start_main
[INFO] [stdout]    9: _start
[INFO] [stdout] 
[INFO] [stdout] stack backtrace:
[INFO] [stdout]    0:     0x55934cee1071 - <<std[617be2ca0a6fd877]::sys::backtrace::BacktraceLock>::print::DisplayBacktrace as core[a373ad73a504971]::fmt::Display>::fmt
[INFO] [stdout]    1:     0x55934cef622a - core[a373ad73a504971]::fmt::write
[INFO] [stdout]    2:     0x55934cee57dc - <alloc[2e1b2a31b91974c5]::vec::Vec<u8> as core[a373ad73a504971]::io::write::Write>::write_fmt
[INFO] [stdout]    3:     0x55934ceb9a56 - std[617be2ca0a6fd877]::panicking::default_hook::{closure#0}
[INFO] [stdout]    4:     0x55934ced7699 - std[617be2ca0a6fd877]::panicking::default_hook
[INFO] [stdout]    5:     0x55934ce703f0 - test[aada8e7e76ba119b]::test_main_inner::{closure#0}
[INFO] [stdout]    6:     0x55934ced7852 - std[617be2ca0a6fd877]::panicking::panic_with_hook
[INFO] [stdout]    7:     0x55934ceb9b02 - std[617be2ca0a6fd877]::panicking::panic_handler::{closure#0}
[INFO] [stdout]    8:     0x55934ceb24c9 - std[617be2ca0a6fd877]::sys::backtrace::__rust_end_short_backtrace::<std[617be2ca0a6fd877]::panicking::panic_handler::{closure#0}, !>
[INFO] [stdout]    9:     0x55934ceba70d - __rustc[ea4f61d10b84890b]::rust_begin_unwind
[INFO] [stdout]   10:     0x55934cef695c - core[a373ad73a504971]::panicking::panic_fmt
[INFO] [stdout]   11:     0x55934cd93e94 - <integration[2212a4415792e17e]::gluon_clean_keep_sysroot_preserves_sysroot::{closure#0} as core[a373ad73a504971]::ops::function::FnOnce<()>>::call_once
[INFO] [stdout]   12:     0x55934ce6383b - test[aada8e7e76ba119b]::__rust_begin_short_backtrace::<core[a373ad73a504971]::result::Result<(), alloc[2e1b2a31b91974c5]::string::String>, fn() -> core[a373ad73a504971]::result::Result<(), alloc[2e1b2a31b91974c5]::string::String>>
[INFO] [stdout]   13:     0x55934ce70a15 - test[aada8e7e76ba119b]::run_test::{closure#0}
[INFO] [stdout]   14:     0x55934ce6a304 - std[617be2ca0a6fd877]::sys::backtrace::__rust_begin_short_backtrace::<test[aada8e7e76ba119b]::run_test::{closure#1}, ()>
[INFO] [stdout]   15:     0x55934ce73aa2 - <std[617be2ca0a6fd877]::thread::lifecycle::spawn_unchecked<test[aada8e7e76ba119b]::run_test::{closure#1}, ()>::{closure#1} as core[a373ad73a504971]::ops::function::FnOnce<()>>::call_once::{shim:vtable#0}
[INFO] [stdout]   16:     0x55934cedffbf - <std[617be2ca0a6fd877]::sys::thread::unix::Thread>::new::thread_start
[INFO] [stdout]   17:     0x731f90953dfa - <unknown>
[INFO] [stdout]   18:     0x731f909e73d4 - clone
[INFO] [stdout]   19:                0x0 - <unknown>
[INFO] [stdout] 
[INFO] [stdout] 
[INFO] [stdout] failures:
[INFO] [stdout]     gluon_clean_keep_sysroot_preserves_sysroot
[INFO] [stdout]     gluon_clean_removes_build_dir
[INFO] [stdout] 
[INFO] [stdout] test result: FAILED. 2 passed; 2 failed; 7 ignored; 0 measured; 0 filtered out; finished in 15.02s
[INFO] [stdout] 
[INFO] running `Command { std: "docker" "inspect" "43b7c74b8abab761aef895ba34e899385786fc010c054cc7fdbc3f95663b3860", kill_on_drop: false }`
[INFO] running `Command { std: "docker" "rm" "-f" "43b7c74b8abab761aef895ba34e899385786fc010c054cc7fdbc3f95663b3860", kill_on_drop: false }`
[INFO] [stdout] 43b7c74b8abab761aef895ba34e899385786fc010c054cc7fdbc3f95663b3860
