[INFO] cloning repository https://github.com/hoodie/minibal
[INFO] running `Command { std: "git" "-c" "credential.helper=" "-c" "credential.helper=/workspace/cargo-home/bin/git-credential-null" "clone" "--bare" "https://github.com/hoodie/minibal" "/workspace/cache/git-repos/https%3A%2F%2Fgithub.com%2Fhoodie%2Fminibal", kill_on_drop: false }`
[INFO] [stderr] Cloning into bare repository '/workspace/cache/git-repos/https%3A%2F%2Fgithub.com%2Fhoodie%2Fminibal'...
[INFO] running `Command { std: "git" "rev-parse" "HEAD", kill_on_drop: false }`
[INFO] [stdout] 83de980259b701226b200bb2a4709764d63ac6cd
[INFO] testing hoodie/minibal against 1.100.0-beta.1+cargoflags=--release for beta-release-1.100-3
[INFO] running `Command { std: "git" "clone" "/workspace/cache/git-repos/https%3A%2F%2Fgithub.com%2Fhoodie%2Fminibal" "/workspace/builds/worker-4-tc2/source", kill_on_drop: false }`
[INFO] [stderr] Cloning into '/workspace/builds/worker-4-tc2/source'...
[INFO] [stderr] done.
[INFO] started tweaking git repo https://github.com/hoodie/minibal
[INFO] removed 0 missing examples
[INFO] finished tweaking git repo https://github.com/hoodie/minibal
[INFO] tweaked toml for git repo https://github.com/hoodie/minibal written to /workspace/builds/worker-4-tc2/source/Cargo.toml
[INFO] validating manifest of git repo https://github.com/hoodie/minibal on toolchain 1.100.0-beta.1
[INFO] running `Command { std: CARGO_HOME="/workspace/cargo-home" RUSTUP_HOME="/workspace/rustup-home" "/workspace/cargo-home/bin/cargo" "+1.100.0-beta.1" "metadata" "--manifest-path" "Cargo.toml" "--no-deps", kill_on_drop: false }`
[INFO] crate git repo https://github.com/hoodie/minibal already has a lockfile, it will not be regenerated
[INFO] running `Command { std: CARGO_HOME="/workspace/cargo-home" RUSTUP_HOME="/workspace/rustup-home" "/workspace/cargo-home/bin/cargo" "+1.100.0-beta.1" "fetch" "--manifest-path" "Cargo.toml", kill_on_drop: false }`
[INFO] [stderr] warning: `package.homepage` is redundant with `package.repository`
[INFO] [stderr]   --> hannibal-derive/Cargo.toml:9:12
[INFO] [stderr]    |
[INFO] [stderr]  9 | homepage = "https://github.com/hoodie/hannibal"
[INFO] [stderr]    |            ^^^^^^^^^^^^^^^^^^^^^^^^^^^^^^^^^^^^
[INFO] [stderr] 10 | repository = "https://github.com/hoodie/hannibal"
[INFO] [stderr]    |              ------------------------------------
[INFO] [stderr]    |
[INFO] [stderr]    = note: `cargo::redundant_homepage` is set to `warn` by default
[INFO] [stderr] help: consider removing `package.homepage`
[INFO] [stderr] warning: `hannibal-derive` (manifest) generated 1 warning
[INFO] running `Command { std: "docker" "create" "-v" "/var/lib/crater-agent-workspace/builds/worker-4-tc2/source:/opt/rustwide/workdir:ro,Z" "-v" "/var/lib/crater-agent-workspace/builds/worker-4-tc2/target:/opt/rustwide/target:rw,Z" "-v" "/var/lib/crater-agent-workspace/cargo-home:/opt/rustwide/cargo-home:ro,Z" "-v" "/var/lib/crater-agent-workspace/rustup-home:/opt/rustwide/rustup-home:ro,Z" "-m" "1610612736" "--network" "none" "ghcr.io/rust-lang/crates-build-env/linux@sha256:77db811e55d90add9212f6832c23229e3de5f1c1f9905e8cb07319ea15df73ac" "sleep" "infinity", kill_on_drop: false }`
[INFO] [stdout] 22b71d306e721c149cd14096efcbc8071b0ec718fb60ab693b8d68dd5b410ca4
[INFO] running `Command { std: "docker" "start" "22b71d306e721c149cd14096efcbc8071b0ec718fb60ab693b8d68dd5b410ca4", kill_on_drop: false }`
[INFO] running `Command { std: "docker" "inspect" "22b71d306e721c149cd14096efcbc8071b0ec718fb60ab693b8d68dd5b410ca4", kill_on_drop: false }`
[INFO] running `Command { std: "docker" "exec" "-e" "SOURCE_DIR=/opt/rustwide/workdir" "-e" "CARGO_HOME=/opt/rustwide/cargo-home" "-e" "RUSTUP_HOME=/opt/rustwide/rustup-home" "-e" "CARGO_TARGET_DIR=/opt/rustwide/target" "-w" "/opt/rustwide/workdir" "--user" "0:0" "22b71d306e721c149cd14096efcbc8071b0ec718fb60ab693b8d68dd5b410ca4" "/opt/rustwide/cargo-home/bin/cargo" "+1.100.0-beta.1" "metadata" "--no-deps" "--format-version=1", kill_on_drop: false }`
[INFO] running `Command { std: "docker" "inspect" "22b71d306e721c149cd14096efcbc8071b0ec718fb60ab693b8d68dd5b410ca4", kill_on_drop: false }`
[INFO] running `Command { std: "docker" "exec" "-e" "SOURCE_DIR=/opt/rustwide/workdir" "-e" "CARGO_HOME=/opt/rustwide/cargo-home" "-e" "RUSTUP_HOME=/opt/rustwide/rustup-home" "-e" "CARGO_TARGET_DIR=/opt/rustwide/target" "-e" "CARGO_INCREMENTAL=0" "-e" "RUST_BACKTRACE=full" "-e" "RUSTFLAGS=--cap-lints=warn" "-e" "RUSTDOCFLAGS=--cap-lints=warn" "-w" "/opt/rustwide/workdir" "--user" "0:0" "22b71d306e721c149cd14096efcbc8071b0ec718fb60ab693b8d68dd5b410ca4" "/opt/rustwide/cargo-home/bin/cargo" "+1.100.0-beta.1" "build" "--frozen" "--message-format=json" "--release", kill_on_drop: false }`
[INFO] [stderr] warning: `package.homepage` is redundant with `package.repository`
[INFO] [stderr]   --> hannibal-derive/Cargo.toml:9:12
[INFO] [stderr]    |
[INFO] [stderr]  9 | homepage = "https://github.com/hoodie/hannibal"
[INFO] [stderr]    |            ^^^^^^^^^^^^^^^^^^^^^^^^^^^^^^^^^^^^
[INFO] [stderr] 10 | repository = "https://github.com/hoodie/hannibal"
[INFO] [stderr]    |              ------------------------------------
[INFO] [stderr]    |
[INFO] [stderr]    = note: `cargo::redundant_homepage` is set to `warn` by default
[INFO] [stderr] help: consider removing `package.homepage`
[INFO] [stderr] warning: `hannibal-derive` (manifest) generated 1 warning
[INFO] [stderr]    Compiling proc-macro2 v1.0.106
[INFO] [stderr]    Compiling quote v1.0.46
[INFO] [stderr]    Compiling unicode-ident v1.0.24
[INFO] [stderr]    Compiling crossbeam-utils v0.8.21
[INFO] [stderr]    Compiling futures-core v0.3.32
[INFO] [stderr]    Compiling libc v0.2.186
[INFO] [stderr]    Compiling parking v2.2.1
[INFO] [stderr]    Compiling futures-io v0.3.32
[INFO] [stderr]    Compiling fastrand v2.4.1
[INFO] [stderr]    Compiling cfg-if v1.0.4
[INFO] [stderr]    Compiling slab v0.4.12
[INFO] [stderr]    Compiling rustix v1.1.4
[INFO] [stderr]    Compiling linux-raw-sys v0.12.1
[INFO] [stderr]    Compiling bitflags v2.13.0
[INFO] [stderr]    Compiling smallvec v1.15.2
[INFO] [stderr]    Compiling winnow v1.0.3
[INFO] [stderr]    Compiling futures-sink v0.3.32
[INFO] [stderr]    Compiling async-io v2.6.0
[INFO] [stderr]    Compiling futures-channel v0.3.32
[INFO] [stderr]    Compiling indexmap v2.14.0
[INFO] [stderr]    Compiling async-task v4.7.1
[INFO] [stderr]    Compiling toml_datetime v1.1.1+spec-1.1.0
[INFO] [stderr]    Compiling memchr v2.8.2
[INFO] [stderr]    Compiling futures-task v0.3.32
[INFO] [stderr]    Compiling futures-lite v2.6.1
[INFO] [stderr]    Compiling piper v0.2.5
[INFO] [stderr]    Compiling bytes v1.12.0
[INFO] [stderr]    Compiling thiserror v2.0.18
[INFO] [stderr]    Compiling log v0.4.33
[INFO] [stderr]    Compiling dyn-clone v1.0.20
[INFO] [stderr]    Compiling syn v2.0.118
[INFO] [stderr]    Compiling concurrent-queue v2.5.0
[INFO] [stderr]    Compiling event-listener v5.4.1
[INFO] [stderr]    Compiling event-listener-strategy v0.5.4
[INFO] [stderr]    Compiling toml_parser v1.1.2+spec-1.1.0
[INFO] [stderr]    Compiling async-channel v2.5.0
[INFO] [stderr]    Compiling async-lock v3.4.2
[INFO] [stderr]    Compiling async-executor v1.14.0
[INFO] [stderr]    Compiling blocking v1.6.2
[INFO] [stderr]    Compiling parking_lot_core v0.9.12
[INFO] [stderr]    Compiling errno v0.3.14
[INFO] [stderr]    Compiling socket2 v0.6.4
[INFO] [stderr]    Compiling mio v1.2.1
[INFO] [stderr]    Compiling toml_edit v0.25.12+spec-1.1.0
[INFO] [stderr]    Compiling signal-hook-registry v1.4.8
[INFO] [stderr]    Compiling parking_lot v0.12.5
[INFO] [stderr]    Compiling proc-macro-crate v3.5.0
[INFO] [stderr]    Compiling futures-macro v0.3.32
[INFO] [stderr]    Compiling tokio-macros v2.7.0
[INFO] [stderr]    Compiling thiserror-impl v2.0.18
[INFO] [stderr]    Compiling hannibal-derive v0.17.3 (/opt/rustwide/workdir/hannibal-derive)
[INFO] [stderr]    Compiling futures-util v0.3.32
[INFO] [stderr]    Compiling tokio v1.52.3
[INFO] [stderr]    Compiling polling v3.11.0
[INFO] [stderr]    Compiling futures-executor v0.3.32
[INFO] [stderr]    Compiling futures v0.3.32
[INFO] [stderr]    Compiling async-global-executor v3.1.0
[INFO] [stderr]    Compiling hannibal v0.17.3 (/opt/rustwide/workdir)
[INFO] [stderr] warning: unused dependency `async-global-executor`
[INFO] [stderr]  --> Cargo.toml:7:15
[INFO] [stderr]   |
[INFO] [stderr] 7 | [dependencies.async-global-executor]
[INFO] [stderr]   |               ^^^^^^^^^^^^^^^^^^^^^^
[INFO] [stderr]   |
[INFO] [stderr]   = note: `cargo::unused_dependencies` is set to `warn` by default
[INFO] [stderr] help: consider removing the dependency on `async-global-executor`
[INFO] [stderr] warning: `hannibal` (manifest) generated 1 warning
[INFO] [stderr]     Finished `release` profile [optimized] target(s) in 32.73s
[INFO] running `Command { std: "docker" "inspect" "22b71d306e721c149cd14096efcbc8071b0ec718fb60ab693b8d68dd5b410ca4", kill_on_drop: false }`
[INFO] running `Command { std: "docker" "exec" "-e" "SOURCE_DIR=/opt/rustwide/workdir" "-e" "CARGO_HOME=/opt/rustwide/cargo-home" "-e" "RUSTUP_HOME=/opt/rustwide/rustup-home" "-e" "CARGO_TARGET_DIR=/opt/rustwide/target" "-e" "CARGO_INCREMENTAL=0" "-e" "RUST_BACKTRACE=full" "-e" "RUSTFLAGS=--cap-lints=warn" "-e" "RUSTDOCFLAGS=--cap-lints=warn" "-w" "/opt/rustwide/workdir" "--user" "0:0" "22b71d306e721c149cd14096efcbc8071b0ec718fb60ab693b8d68dd5b410ca4" "/opt/rustwide/cargo-home/bin/cargo" "+1.100.0-beta.1" "test" "--frozen" "--no-run" "--message-format=json" "--release", kill_on_drop: false }`
[INFO] [stderr] warning: `package.homepage` is redundant with `package.repository`
[INFO] [stderr]   --> hannibal-derive/Cargo.toml:9:12
[INFO] [stderr]    |
[INFO] [stderr]  9 | homepage = "https://github.com/hoodie/hannibal"
[INFO] [stderr]    |            ^^^^^^^^^^^^^^^^^^^^^^^^^^^^^^^^^^^^
[INFO] [stderr] 10 | repository = "https://github.com/hoodie/hannibal"
[INFO] [stderr]    |              ------------------------------------
[INFO] [stderr]    |
[INFO] [stderr]    = note: `cargo::redundant_homepage` is set to `warn` by default
[INFO] [stderr] help: consider removing `package.homepage`
[INFO] [stderr] warning: `hannibal-derive` (manifest) generated 1 warning
[INFO] [stderr]    Compiling futures-core v0.3.32
[INFO] [stderr]    Compiling serde_core v1.0.228
[INFO] [stderr]    Compiling aho-corasick v1.1.4
[INFO] [stderr]    Compiling zmij v1.0.21
[INFO] [stderr]    Compiling log v0.4.33
[INFO] [stderr]    Compiling target-triple v1.0.0
[INFO] [stderr]    Compiling winnow v1.0.3
[INFO] [stderr]    Compiling serde_json v1.0.150
[INFO] [stderr]    Compiling serde v1.0.228
[INFO] [stderr]    Compiling anstream v1.0.0
[INFO] [stderr]    Compiling object v0.37.3
[INFO] [stderr]    Compiling test-log-core v0.2.21
[INFO] [stderr]    Compiling rustc-demangle v0.1.27
[INFO] [stderr]    Compiling jiff v0.2.29
[INFO] [stderr]    Compiling toml_writer v1.1.1+spec-1.1.0
[INFO] [stderr]    Compiling termcolor v1.4.1
[INFO] [stderr]    Compiling futures-lite v2.6.1
[INFO] [stderr]    Compiling futures-channel v0.3.32
[INFO] [stderr]    Compiling async-channel v2.5.0
[INFO] [stderr]    Compiling test-log-macros v0.2.21
[INFO] [stderr]    Compiling serde_derive v1.0.228
[INFO] [stderr]    Compiling glob v0.3.3
[INFO] [stderr]    Compiling assert_matches v1.5.0
[INFO] [stderr]    Compiling futures-util v0.3.32
[INFO] [stderr]    Compiling toml_parser v1.1.2+spec-1.1.0
[INFO] [stderr]    Compiling async-io v2.6.0
[INFO] [stderr]    Compiling blocking v1.6.2
[INFO] [stderr]    Compiling async-executor v1.14.0
[INFO] [stderr]    Compiling regex-automata v0.4.14
[INFO] [stderr]    Compiling async-global-executor v3.1.0
[INFO] [stderr]    Compiling async-signal v0.2.14
[INFO] [stderr]    Compiling toml_datetime v1.1.1+spec-1.1.0
[INFO] [stderr]    Compiling serde_spanned v1.1.1
[INFO] [stderr]    Compiling toml v1.1.2+spec-1.1.0
[INFO] [stderr]    Compiling backtrace v0.3.76
[INFO] [stderr]    Compiling futures-executor v0.3.32
[INFO] [stderr]    Compiling futures v0.3.32
[INFO] [stderr]    Compiling hannibal v0.17.3 (/opt/rustwide/workdir)
[INFO] [stderr]    Compiling color-backtrace v0.7.2
[INFO] [stderr]    Compiling trybuild v1.0.117
[INFO] [stderr]    Compiling regex v1.12.4
[INFO] [stderr]    Compiling env_filter v2.0.0
[INFO] [stderr]    Compiling env_logger v0.11.11
[INFO] [stderr]    Compiling test-log v0.2.21
[INFO] [stderr] warning: unused dependency `async-global-executor`
[INFO] [stderr]  --> Cargo.toml:7:15
[INFO] [stderr]   |
[INFO] [stderr] 7 | [dependencies.async-global-executor]
[INFO] [stderr]   |               ^^^^^^^^^^^^^^^^^^^^^^
[INFO] [stderr]   |
[INFO] [stderr]   = note: `cargo::unused_dependencies` is set to `warn` by default
[INFO] [stderr] help: consider removing the dependency on `async-global-executor`
[INFO] [stderr] warning: `hannibal` (manifest) generated 1 warning
[INFO] [stderr]     Finished `release` profile [optimized] target(s) in 1m 41s
[INFO] running `Command { std: "docker" "inspect" "22b71d306e721c149cd14096efcbc8071b0ec718fb60ab693b8d68dd5b410ca4", kill_on_drop: false }`
[INFO] running `Command { std: "docker" "exec" "-e" "SOURCE_DIR=/opt/rustwide/workdir" "-e" "CARGO_HOME=/opt/rustwide/cargo-home" "-e" "RUSTUP_HOME=/opt/rustwide/rustup-home" "-e" "CARGO_TARGET_DIR=/opt/rustwide/target" "-e" "CARGO_INCREMENTAL=0" "-e" "RUST_BACKTRACE=full" "-e" "RUSTFLAGS=--cap-lints=warn" "-e" "RUSTDOCFLAGS=--cap-lints=warn" "-w" "/opt/rustwide/workdir" "--user" "0:0" "22b71d306e721c149cd14096efcbc8071b0ec718fb60ab693b8d68dd5b410ca4" "/opt/rustwide/cargo-home/bin/cargo" "+1.100.0-beta.1" "test" "--frozen" "--release", kill_on_drop: false }`
[INFO] [stderr] warning: `package.homepage` is redundant with `package.repository`
[INFO] [stderr]   --> hannibal-derive/Cargo.toml:9:12
[INFO] [stderr]    |
[INFO] [stderr]  9 | homepage = "https://github.com/hoodie/hannibal"
[INFO] [stderr]    |            ^^^^^^^^^^^^^^^^^^^^^^^^^^^^^^^^^^^^
[INFO] [stderr] 10 | repository = "https://github.com/hoodie/hannibal"
[INFO] [stderr]    |              ------------------------------------
[INFO] [stderr]    |
[INFO] [stderr]    = note: `cargo::redundant_homepage` is set to `warn` by default
[INFO] [stderr] help: consider removing `package.homepage`
[INFO] [stderr] warning: `hannibal-derive` (manifest) generated 1 warning
[INFO] [stderr] warning: unused dependency `async-global-executor`
[INFO] [stderr]  --> Cargo.toml:7:15
[INFO] [stderr]   |
[INFO] [stderr] 7 | [dependencies.async-global-executor]
[INFO] [stderr]   |               ^^^^^^^^^^^^^^^^^^^^^^
[INFO] [stderr]   |
[INFO] [stderr]   = note: `cargo::unused_dependencies` is set to `warn` by default
[INFO] [stderr] help: consider removing the dependency on `async-global-executor`
[INFO] [stderr] warning: `hannibal` (manifest) generated 1 warning
[INFO] [stderr]     Finished `release` profile [optimized] target(s) in 0.17s
[INFO] [stderr]      Running unittests src/lib.rs (/opt/rustwide/target/release/build/hannibal/45ae15e016c5e4e6/out/hannibal-45ae15e016c5e4e6)
[INFO] [stdout] 
[INFO] [stdout] running 48 tests
[INFO] [stdout] test actor::service::tests::replace_service_when_none_exists ... ok
[INFO] [stdout] test actor::service::tests::replace_service ... ok
[INFO] [stdout] test actor::service::tests::already_running_service ... ok
[INFO] [stdout] test actor::service::tests::reregistering_service_only_if_stopped ... ok
[INFO] [stdout] test actor::service::tests::get_service_from_registry ... ok
[INFO] [stdout] test actor::spawnable::tests::spawned_with_tokio::spawn ... ok
[INFO] [stdout] test addr::tests::addr_stopped_after_stop ... ok
[INFO] [stdout] test addr::tests::test_error_variants::actor_dropped_on_weak_addr_try_halt ... ok
[INFO] [stdout] test addr::tests::test_error_variants::actor_dropped_on_weak_addr_try_stop ... ok
[INFO] [stdout] test addr::tests::test_error_variants::channel_closed_on_ping ... ok
[INFO] [stdout] test addr::tests::test_error_variants::actor_already_stopped_from_context ... ok
[INFO] [stdout] test addr::tests::test_error_variants::actor_dropped_on_weak_caller_upgrade_and_call ... ok
[INFO] [stdout] test addr::tests::test_error_variants::channel_closed_on_send ... ok
[INFO] [stdout] test addr::tests::ctx_stop ... ok
[INFO] [stdout] test addr::tests::test_error_variants::actor_already_stopped_on_stop ... ok
[INFO] [stdout] test addr::tests::test_error_variants::channel_closed_on_try_send ... ok
[INFO] [stdout] test addr::tests::test_error_variants::channel_closed_via_caller ... ok
[INFO] [stdout] test addr::tests::weak_caller_does_not_prolong_life ... ok
[INFO] [stdout] test addr::tests::addr_send ... ok
[INFO] [stdout] test addr::tests::test_error_variants::channel_closed_via_sender ... ok
[INFO] [stdout] test addr::tests::test_error_variants::actor_dropped_on_weak_sender_upgrade_and_send ... ok
[INFO] [stdout] test addr::tests::test_error_variants::channel_closed_on_call ... ok
[INFO] [stdout] test addr::tests::addr_call ... ok
[INFO] [stdout] test addr::tests::addr_stop ... ok
[INFO] [stdout] test addr::weak_addr::tests::does_not_prolong_life ... ok
[INFO] [stdout] test addr::tests::weak_sender_does_not_prolong_life ... ok
[INFO] [stdout] test broker::subscribe_publish_unsubscribe::external_subscriber_receives_published_messages ... ok
[INFO] [stdout] test addr::weak_sender::tests::upgrade_and_send_fails ... ok
[INFO] [stdout] test addr::weak_addr::tests::send_fails_after_drop ... ok
[INFO] [stdout] test actor::spawnable::tests::spawned_with_tokio::spawn_default ... ok
[INFO] [stdout] test addr::tests::weak_addr_does_not_prolong_life ... ok
[INFO] [stdout] test broker::subscribe_publish_unsubscribe::publish_different_ways ... ok
[INFO] [stdout] test addr::tests::addr_send_err ... ok
[INFO] [stdout] test event_loop::test_event_loop::finished_streams_notify_the_actor ... ok
[INFO] [stdout] test addr::weak_addr::tests::upgrade ... ok
[INFO] [stdout] test addr::weak_caller::tests::does_not_prolong_life ... ok
[INFO] [stdout] test addr::weak_caller::tests::try_call_fails ... ok
[INFO] [stdout] test addr::weak_caller::tests::upgrade ... ok
[INFO] [stdout] test addr::weak_sender::tests::does_not_prolong_life ... ok
[INFO] [stdout] test addr::weak_sender::tests::upgrade ... ok
[INFO] [stdout] test context::context_id::ids_go_up ... ok
[INFO] [stdout] test context::task_id::ids_go_up ... ok
[INFO] [stdout] test actor::service::tests::unregister_service ... ok
[INFO] [stdout] test context::test_interval_cleanup::stopped_when_actor_stopped ... ok
[INFO] [stdout] test context::test_interval_cleanup::interval_with::stopped_by_task_handle ... ok
[INFO] [stdout] test context::test_interval_cleanup::interval_with::stopped_when_actor_stopped ... ok
[INFO] [stdout] test context::test_interval_cleanup::delayed_send::stopped_when_actor_stopped ... ok
[INFO] [stdout] test context::test_interval_cleanup::interval_order::handlers_never_overlap ... ok
[INFO] [stdout] 
[INFO] [stdout] test result: ok. 48 passed; 0 failed; 0 ignored; 0 measured; 0 filtered out; finished in 1.25s
[INFO] [stdout] 
[INFO] [stderr]      Running tests/builder.rs (/opt/rustwide/target/release/build/hannibal/0933eba47746f86b/out/builder-0933eba47746f86b)
[INFO] [stdout] 
[INFO] [stdout] running 1 test
[INFO] [stderr] warning: `package.homepage` is redundant with `package.repository`
[INFO] [stderr]   --> /opt/rustwide/workdir/hannibal-derive/Cargo.toml:9:12
[INFO] [stderr]    |
[INFO] [stderr]  9 | homepage = "https://github.com/hoodie/hannibal"
[INFO] [stderr]    |            ^^^^^^^^^^^^^^^^^^^^^^^^^^^^^^^^^^^^
[INFO] [stderr] 10 | repository = "https://github.com/hoodie/hannibal"
[INFO] [stderr]    |              ------------------------------------
[INFO] [stderr]    |
[INFO] [stderr]    = note: `cargo::redundant_homepage` is set to `warn` by default
[INFO] [stderr] help: consider removing `package.homepage`
[INFO] [stderr] warning: `hannibal-derive` (manifest) generated 1 warning
[INFO] [stderr]    Compiling proc-macro2 v1.0.106
[INFO] [stderr]    Compiling unicode-ident v1.0.24
[INFO] [stderr]    Compiling quote v1.0.46
[INFO] [stderr]     Checking pin-project-lite v0.2.17
[INFO] [stderr]    Compiling libc v0.2.186
[INFO] [stderr]     Checking memchr v2.8.2
[INFO] [stderr]    Compiling crossbeam-utils v0.8.21
[INFO] [stderr]     Checking futures-core v0.3.32
[INFO] [stderr]     Checking parking v2.2.1
[INFO] [stderr]     Checking futures-io v0.3.32
[INFO] [stderr]     Checking cfg-if v1.0.4
[INFO] [stderr]     Checking slab v0.4.12
[INFO] [stderr]     Checking fastrand v2.4.1
[INFO] [stderr]    Compiling rustix v1.1.4
[INFO] [stderr]    Compiling parking_lot_core v0.9.12
[INFO] [stderr]     Checking linux-raw-sys v0.12.1
[INFO] [stderr]    Compiling autocfg v1.5.1
[INFO] [stderr]     Checking bitflags v2.13.0
[INFO] [stderr]     Checking scopeguard v1.2.0
[INFO] [stderr]    Compiling hashbrown v0.17.1
[INFO] [stderr]     Checking smallvec v1.15.2
[INFO] [stderr]    Compiling equivalent v1.0.2
[INFO] [stderr]     Checking futures-sink v0.3.32
[INFO] [stderr]    Compiling winnow v1.0.3
[INFO] [stderr]     Checking regex-syntax v0.8.11
[INFO] [stderr]     Checking lock_api v0.4.14
[INFO] [stderr]     Checking futures-channel v0.3.32
[INFO] [stderr]     Checking futures-task v0.3.32
[INFO] [stderr]     Checking futures-lite v2.6.1
[INFO] [stderr]     Checking atomic-waker v1.1.2
[INFO] [stderr]    Compiling object v0.37.3
[INFO] [stderr]    Compiling toml_datetime v1.1.1+spec-1.1.0
[INFO] [stderr]     Checking utf8parse v0.2.2
[INFO] [stderr]     Checking log v0.4.33
[INFO] [stderr]     Checking async-task v4.7.1
[INFO] [stderr]     Checking anstyle-parse v1.0.0
[INFO] [stderr]     Checking piper v0.2.5
[INFO] [stderr]     Checking anstyle-query v1.1.5
[INFO] [stderr]     Checking adler2 v2.0.1
[INFO] [stderr]     Checking concurrent-queue v2.5.0
[INFO] [stderr]     Checking gimli v0.32.3
[INFO] [stderr]    Compiling thiserror v2.0.18
[INFO] [stderr]     Checking anstyle v1.0.14
[INFO] [stderr]     Checking aho-corasick v1.1.4
[INFO] [stderr]     Checking colorchoice v1.0.5
[INFO] [stderr]     Checking bytes v1.12.0
[INFO] [stderr]     Checking is_terminal_polyfill v1.70.2
[INFO] [stderr]    Compiling async-io v2.6.0
[INFO] [stderr]     Checking miniz_oxide v0.8.9
[INFO] [stderr]     Checking anstream v1.0.0
[INFO] [stderr]     Checking event-listener v5.4.1
[INFO] [stderr]     Checking jiff v0.2.29
[INFO] [stderr]     Checking rustc-demangle v0.1.27
[INFO] [stderr]    Compiling indexmap v2.14.0
[INFO] [stderr]     Checking termcolor v1.4.1
[INFO] [stderr]     Checking dyn-clone v1.0.20
[INFO] [stderr]     Checking assert_matches v1.5.0
[INFO] [stderr]     Checking event-listener-strategy v0.5.4
[INFO] [stderr]     Checking async-channel v2.5.0
[INFO] [stderr]     Checking async-lock v3.4.2
[INFO] [stderr]     Checking async-executor v1.14.0
[INFO] [stderr]     Checking blocking v1.6.2
[INFO] [stderr]    Compiling syn v2.0.118
[INFO] [stderr]    Compiling toml_parser v1.1.2+spec-1.1.0
[INFO] [stderr]     Checking regex-automata v0.4.14
[INFO] [stderr]     Checking errno v0.3.14
[INFO] [stderr]     Checking mio v1.2.1
[INFO] [stderr]     Checking socket2 v0.6.4
[INFO] [stderr]     Checking signal-hook-registry v1.4.8
[INFO] [stderr]    Compiling toml_edit v0.25.12+spec-1.1.0
[INFO] [stderr]     Checking parking_lot v0.12.5
[INFO] [stderr]    Compiling proc-macro-crate v3.5.0
[INFO] [stderr]    Compiling test-log-core v0.2.21
[INFO] [stderr]     Checking addr2line v0.25.1
[INFO] [stderr]     Checking regex v1.12.4
[INFO] [stderr]     Checking env_filter v2.0.0
[INFO] [stderr]     Checking env_logger v0.11.11
[INFO] [stderr]    Compiling futures-macro v0.3.32
[INFO] [stderr]    Compiling tokio-macros v2.7.0
[INFO] [stderr]    Compiling thiserror-impl v2.0.18
[INFO] [stderr]    Compiling hannibal-derive v0.17.3 (/opt/rustwide/workdir/hannibal-derive)
[INFO] [stderr]    Compiling test-log-macros v0.2.21
[INFO] [stderr]     Checking backtrace v0.3.76
[INFO] [stderr]     Checking color-backtrace v0.7.2
[INFO] [stderr]     Checking test-log v0.2.21
[INFO] [stderr]     Checking tokio v1.52.3
[INFO] [stderr]     Checking futures-util v0.3.32
[INFO] [stderr]     Checking polling v3.11.0
[INFO] [stderr]     Checking async-signal v0.2.14
[INFO] [stderr]     Checking futures-executor v0.3.32
[INFO] [stderr]     Checking futures v0.3.32
[INFO] [stderr]     Checking async-global-executor v3.1.0
[INFO] [stderr]     Checking hannibal v0.17.3 (/opt/rustwide/workdir)
[INFO] [stderr]     Checking hannibal-tests v0.0.0 (/opt/rustwide/target/tests/trybuild/hannibal)
[INFO] [stderr]     Finished `dev` profile [unoptimized + debuginfo] target(s) in 28.85s
[INFO] [stderr] 
[INFO] [stderr] 
[INFO] [stderr] test tests/fails/builder_cant_recreate_streamhandler.rs ... mismatch
[INFO] [stderr] 
[INFO] [stderr] EXPECTED:
[INFO] [stderr] ┈┈┈┈┈┈┈┈┈┈┈┈┈┈┈┈┈┈┈┈┈┈┈┈┈┈┈┈┈┈┈┈┈┈┈┈┈┈┈┈┈┈┈┈┈┈┈┈┈┈┈┈┈┈┈┈┈┈┈┈
[INFO] [stdout] test invalid_builder_configurations ... FAILED
[INFO] [stderr] error[E0599]: no method named `on_stream` found for struct `ActorBuilder<MyActor, hannibal::actor::restart_strategy::RecreateFromDefault>` in the current scope
[INFO] [stdout] 
[INFO] [stderr]   --> tests/fails/builder_cant_recreate_streamhandler.rs:21:10
[INFO] [stdout] failures:
[INFO] [stderr]    |
[INFO] [stdout] 
[INFO] [stderr] 19 |       let addr = hannibal::setup_actor(MyActor("Caesar"))
[INFO] [stdout] ---- invalid_builder_configurations stdout ----
[INFO] [stderr]    |  ________________-
[INFO] [stdout] 
[INFO] [stderr] 20 | |         .recreate_from_default()
[INFO] [stdout] thread 'invalid_builder_configurations' (2942) panicked at /opt/rustwide/cargo-home/registry/src/index.crates.io-1949cf8c6b5b557f/trybuild-1.0.117/src/run.rs:102:13:
[INFO] [stderr] 21 | |         .on_stream(stream::iter(vec![17, 19]))
[INFO] [stdout] 1 of 1 tests failed
[INFO] [stderr]    | |         -^^^^^^^^^ method not found in `ActorBuilder<MyActor, hannibal::actor::restart_strategy::RecreateFromDefault>`
[INFO] [stdout] stack backtrace:
[INFO] [stderr]    | |_________|
[INFO] [stdout]    0:     0x5b2f7dec4a91 - <<std[617be2ca0a6fd877]::sys::backtrace::BacktraceLock>::print::DisplayBacktrace as core[a373ad73a504971]::fmt::Display>::fmt
[INFO] [stderr]    |
[INFO] [stdout]    1:     0x5b2f7dedad7a - core[a373ad73a504971]::fmt::write
[INFO] [stderr]    |
[INFO] [stdout]    2:     0x5b2f7dec92dc - <alloc[2e1b2a31b91974c5]::vec::Vec<u8> as core[a373ad73a504971]::io::write::Write>::write_fmt
[INFO] [stderr]    = note: the method was found for `ActorBuilder<A>`
[INFO] [stdout]    3:     0x5b2f7de9def6 - std[617be2ca0a6fd877]::panicking::default_hook::{closure#0}
[INFO] [stderr] ┈┈┈┈┈┈┈┈┈┈┈┈┈┈┈┈┈┈┈┈┈┈┈┈┈┈┈┈┈┈┈┈┈┈┈┈┈┈┈┈┈┈┈┈┈┈┈┈┈┈┈┈┈┈┈┈┈┈┈┈
[INFO] [stdout]    4:     0x5b2f7debc039 - std[617be2ca0a6fd877]::panicking::default_hook
[INFO] [stderr] 
[INFO] [stdout]    5:     0x5b2f7de55640 - test[aada8e7e76ba119b]::test_main_inner::{closure#0}
[INFO] [stderr] ACTUAL OUTPUT:
[INFO] [stdout]    6:     0x5b2f7debc1f2 - std[617be2ca0a6fd877]::panicking::panic_with_hook
[INFO] [stderr] ┈┈┈┈┈┈┈┈┈┈┈┈┈┈┈┈┈┈┈┈┈┈┈┈┈┈┈┈┈┈┈┈┈┈┈┈┈┈┈┈┈┈┈┈┈┈┈┈┈┈┈┈┈┈┈┈┈┈┈┈
[INFO] [stdout]    7:     0x5b2f7de9dfa2 - std[617be2ca0a6fd877]::panicking::panic_handler::{closure#0}
[INFO] [stderr] error[E0599]: no method named `on_stream` found for struct `ActorBuilder<MyActor, hannibal::actor::restart_strategy::RecreateFromDefault>` in the current scope
[INFO] [stdout]    8:     0x5b2f7de967f9 - std[617be2ca0a6fd877]::sys::backtrace::__rust_end_short_backtrace::<std[617be2ca0a6fd877]::panicking::panic_handler::{closure#0}, !>
[INFO] [stderr]   --> tests/fails/builder_cant_recreate_streamhandler.rs:21:10
[INFO] [stdout]    9:     0x5b2f7de9ebad - __rustc[ea4f61d10b84890b]::rust_begin_unwind
[INFO] [stderr]    |
[INFO] [stdout]   10:     0x5b2f7dedb4ec - core[a373ad73a504971]::panicking::panic_fmt
[INFO] [stderr] 19 |     let addr = hannibal::setup_actor(MyActor("Caesar"))
[INFO] [stdout]   11:     0x5b2f7dda7b2b - <trybuild[192859f7b40bdbf0]::Runner>::run
[INFO] [stderr] 20 |         .recreate_from_default()
[INFO] [stdout]   12:     0x5b2f7ddaac40 - <trybuild[192859f7b40bdbf0]::TestCases as core[a373ad73a504971]::ops::drop::Drop>::drop
[INFO] [stderr] 21 |         .on_stream(stream::iter(vec![17, 19]))
[INFO] [stdout]   13:     0x5b2f7dda0e98 - builder[7c0efcdcd505df77]::invalid_builder_configurations
[INFO] [stderr]    |          ^^^^^^^^^ method not found in `ActorBuilder<MyActor, hannibal::actor::restart_strategy::RecreateFromDefault>`
[INFO] [stdout]   14:     0x5b2f7dda1099 - <builder[7c0efcdcd505df77]::invalid_builder_configurations::{closure#0} as core[a373ad73a504971]::ops::function::FnOnce<()>>::call_once
[INFO] [stderr]    |
[INFO] [stdout]   15:     0x5b2f7de48a8b - test[aada8e7e76ba119b]::__rust_begin_short_backtrace::<core[a373ad73a504971]::result::Result<(), alloc[2e1b2a31b91974c5]::string::String>, fn() -> core[a373ad73a504971]::result::Result<(), alloc[2e1b2a31b91974c5]::string::String>>
[INFO] [stderr]    = note: the method was found for `ActorBuilder<A>`
[INFO] [stdout]   16:     0x5b2f7de55c65 - test[aada8e7e76ba119b]::run_test::{closure#0}
[INFO] [stderr] ┈┈┈┈┈┈┈┈┈┈┈┈┈┈┈┈┈┈┈┈┈┈┈┈┈┈┈┈┈┈┈┈┈┈┈┈┈┈┈┈┈┈┈┈┈┈┈┈┈┈┈┈┈┈┈┈┈┈┈┈
[INFO] [stdout]   17:     0x5b2f7de4f554 - std[617be2ca0a6fd877]::sys::backtrace::__rust_begin_short_backtrace::<test[aada8e7e76ba119b]::run_test::{closure#1}, ()>
[INFO] [stderr] note: If the actual output is the correct output you can bless it by rerunning
[INFO] [stdout]   18:     0x5b2f7de58cf2 - <std[617be2ca0a6fd877]::thread::lifecycle::spawn_unchecked<test[aada8e7e76ba119b]::run_test::{closure#1}, ()>::{closure#1} as core[a373ad73a504971]::ops::function::FnOnce<()>>::call_once::{shim:vtable#0}
[INFO] [stderr]       your test with the environment variable TRYBUILD=overwrite
[INFO] [stdout]   19:     0x5b2f7dec3cef - <std[617be2ca0a6fd877]::sys::thread::unix::Thread>::new::thread_start
[INFO] [stderr] 
[INFO] [stdout]   20:     0x7a97b3bc3dfa - <unknown>
[INFO] [stderr] 
[INFO] [stdout]   21:     0x7a97b3c573d4 - clone
[INFO] [stderr] 
[INFO] [stdout]   22:                0x0 - <unknown>
[INFO] [stderr] error: test failed, to rerun pass `--test builder`
[INFO] [stdout] 
[INFO] [stdout] 
[INFO] [stdout] failures:
[INFO] [stdout]     invalid_builder_configurations
[INFO] [stdout] 
[INFO] [stdout] test result: FAILED. 0 passed; 1 failed; 0 ignored; 0 measured; 0 filtered out; finished in 43.78s
[INFO] [stdout] 
[INFO] running `Command { std: "docker" "inspect" "22b71d306e721c149cd14096efcbc8071b0ec718fb60ab693b8d68dd5b410ca4", kill_on_drop: false }`
[INFO] running `Command { std: "docker" "rm" "-f" "22b71d306e721c149cd14096efcbc8071b0ec718fb60ab693b8d68dd5b410ca4", kill_on_drop: false }`
[INFO] [stdout] 22b71d306e721c149cd14096efcbc8071b0ec718fb60ab693b8d68dd5b410ca4
