[INFO] cloning repository https://github.com/hmdyt/rust_todo
[INFO] running `Command { std: "git" "-c" "credential.helper=" "-c" "credential.helper=/workspace/cargo-home/bin/git-credential-null" "clone" "--bare" "https://github.com/hmdyt/rust_todo" "/workspace/cache/git-repos/https%3A%2F%2Fgithub.com%2Fhmdyt%2Frust_todo", kill_on_drop: false }`
[INFO] [stderr] Cloning into bare repository '/workspace/cache/git-repos/https%3A%2F%2Fgithub.com%2Fhmdyt%2Frust_todo'...
[INFO] running `Command { std: "git" "rev-parse" "HEAD", kill_on_drop: false }`
[INFO] [stdout] 2ae90ed5d07b8bd32929c1fe463530249f35cddd
[INFO] testing hmdyt/rust_todo against 1.99.0-beta.8+cargoflags=--release for beta-release-1.100-3
[INFO] running `Command { std: "git" "clone" "/workspace/cache/git-repos/https%3A%2F%2Fgithub.com%2Fhmdyt%2Frust_todo" "/workspace/builds/worker-0-tc1/source", kill_on_drop: false }`
[INFO] [stderr] Cloning into '/workspace/builds/worker-0-tc1/source'...
[INFO] [stderr] done.
[INFO] started tweaking git repo https://github.com/hmdyt/rust_todo
[INFO] finished tweaking git repo https://github.com/hmdyt/rust_todo
[INFO] tweaked toml for git repo https://github.com/hmdyt/rust_todo written to /workspace/builds/worker-0-tc1/source/Cargo.toml
[INFO] validating manifest of git repo https://github.com/hmdyt/rust_todo on toolchain 1.99.0-beta.8
[INFO] running `Command { std: CARGO_HOME="/workspace/cargo-home" RUSTUP_HOME="/workspace/rustup-home" "/workspace/cargo-home/bin/cargo" "+1.99.0-beta.8" "metadata" "--manifest-path" "Cargo.toml" "--no-deps", kill_on_drop: false }`
[INFO] crate git repo https://github.com/hmdyt/rust_todo already has a lockfile, it will not be regenerated
[INFO] running `Command { std: CARGO_HOME="/workspace/cargo-home" RUSTUP_HOME="/workspace/rustup-home" "/workspace/cargo-home/bin/cargo" "+1.99.0-beta.8" "fetch" "--manifest-path" "Cargo.toml", kill_on_drop: false }`
[INFO] [stderr]     Updating crates.io index
[INFO] [stderr]     Blocking waiting for file lock on package cache
[INFO] [stderr]  Downloading crates ...
[INFO] [stderr]   Downloaded unicode-ident v1.0.6
[INFO] [stderr]   Downloaded validator v0.14.0
[INFO] [stderr]   Downloaded validator_types v0.14.0
[INFO] [stderr]   Downloaded quote v1.0.23
[INFO] [stderr]   Downloaded itoa v1.0.5
[INFO] [stderr]   Downloaded hermit-abi v0.2.6
[INFO] [stderr]   Downloaded num_cpus v1.15.0
[INFO] [stderr]   Downloaded matches v0.1.10
[INFO] [stderr]   Downloaded tokio-macros v1.8.2
[INFO] [stderr]   Downloaded windows-targets v0.42.1
[INFO] [stderr]   Downloaded futures-sink v0.3.26
[INFO] [stderr]   Downloaded axum-core v0.1.2
[INFO] [stderr]   Downloaded if_chain v1.0.2
[INFO] [stderr]   Downloaded whoami v1.3.0
[INFO] [stderr]   Downloaded sqlx-rt v0.5.13
[INFO] [stderr]   Downloaded crc v2.1.0
[INFO] [stderr]   Downloaded parking_lot_core v0.8.6
[INFO] [stderr]   Downloaded sqlx-macros v0.5.13
[INFO] [stderr]   Downloaded futures-core v0.3.26
[INFO] [stderr]   Downloaded validator_derive v0.14.0
[INFO] [stderr]   Downloaded crc-catalog v1.1.1
[INFO] [stderr]   Downloaded futures-task v0.3.26
[INFO] [stderr]   Downloaded thiserror-impl v1.0.38
[INFO] [stderr]   Downloaded atoi v0.4.0
[INFO] [stderr]   Downloaded sha-1 v0.10.1
[INFO] [stderr]   Downloaded thiserror v1.0.38
[INFO] [stderr]   Downloaded sha2 v0.10.6
[INFO] [stderr]   Downloaded ryu v1.0.12
[INFO] [stderr]   Downloaded once_cell v1.17.0
[INFO] [stderr]   Downloaded sqlformat v0.1.8
[INFO] [stderr]   Downloaded matchit v0.4.6
[INFO] [stderr]   Downloaded async-trait v0.1.64
[INFO] [stderr]   Downloaded futures-channel v0.3.26
[INFO] [stderr]   Downloaded stringprep v0.1.2
[INFO] [stderr]   Downloaded hashlink v0.7.0
[INFO] [stderr]   Downloaded anyhow v1.0.69
[INFO] [stderr]   Downloaded unicode-bidi v0.3.10
[INFO] [stderr]   Downloaded proc-macro2 v1.0.51
[INFO] [stderr]   Downloaded parking_lot v0.11.2
[INFO] [stderr]   Downloaded paste v1.0.11
[INFO] [stderr]   Downloaded syn v1.0.107
[INFO] [stderr]   Downloaded serde_derive v1.0.152
[INFO] [stderr]   Downloaded serde v1.0.152
[INFO] [stderr]   Downloaded axum v0.4.8
[INFO] [stderr]   Downloaded tower-http v0.2.5
[INFO] [stderr]   Downloaded futures-intrusive v0.4.2
[INFO] [stderr]   Downloaded sqlx v0.5.13
[INFO] [stderr]   Downloaded serde_json v1.0.92
[INFO] [stderr]   Downloaded futures-util v0.3.26
[INFO] [stderr]   Downloaded hyper v0.14.24
[INFO] [stderr]   Downloaded webpki-roots v0.21.1
[INFO] [stderr]   Downloaded regex v1.7.1
[INFO] [stderr]   Downloaded sqlx-core v0.5.13
[INFO] [stderr]   Downloaded windows_aarch64_gnullvm v0.42.1
[INFO] [stderr]   Downloaded windows_x86_64_gnullvm v0.42.1
[INFO] [stderr]   Downloaded libc v0.2.139
[INFO] [stderr]   Downloaded windows_aarch64_msvc v0.42.1
[INFO] [stderr]   Downloaded tokio v1.25.0
[INFO] [stderr]   Downloaded windows_x86_64_msvc v0.42.1
[INFO] [stderr]   Downloaded windows_x86_64_gnu v0.42.1
[INFO] [stderr]   Downloaded windows_i686_msvc v0.42.1
[INFO] [stderr]   Downloaded windows_i686_gnu v0.42.1
[INFO] running `Command { std: "docker" "create" "-v" "/var/lib/crater-agent-workspace/builds/worker-0-tc1/source:/opt/rustwide/workdir:ro,Z" "-v" "/var/lib/crater-agent-workspace/builds/worker-0-tc1/target:/opt/rustwide/target:rw,Z" "-v" "/var/lib/crater-agent-workspace/cargo-home:/opt/rustwide/cargo-home:ro,Z" "-v" "/var/lib/crater-agent-workspace/rustup-home:/opt/rustwide/rustup-home:ro,Z" "-m" "1610612736" "--network" "none" "ghcr.io/rust-lang/crates-build-env/linux@sha256:77db811e55d90add9212f6832c23229e3de5f1c1f9905e8cb07319ea15df73ac" "sleep" "infinity", kill_on_drop: false }`
[INFO] [stdout] 674ed72485130e86832a12c17628ddc85eb80a85ca44ce47ce4b63255b287604
[INFO] running `Command { std: "docker" "start" "674ed72485130e86832a12c17628ddc85eb80a85ca44ce47ce4b63255b287604", kill_on_drop: false }`
[INFO] running `Command { std: "docker" "inspect" "674ed72485130e86832a12c17628ddc85eb80a85ca44ce47ce4b63255b287604", kill_on_drop: false }`
[INFO] running `Command { std: "docker" "exec" "-e" "SOURCE_DIR=/opt/rustwide/workdir" "-e" "CARGO_HOME=/opt/rustwide/cargo-home" "-e" "RUSTUP_HOME=/opt/rustwide/rustup-home" "-e" "CARGO_TARGET_DIR=/opt/rustwide/target" "-w" "/opt/rustwide/workdir" "--user" "0:0" "674ed72485130e86832a12c17628ddc85eb80a85ca44ce47ce4b63255b287604" "/opt/rustwide/cargo-home/bin/cargo" "+1.99.0-beta.8" "metadata" "--no-deps" "--format-version=1", kill_on_drop: false }`
[INFO] running `Command { std: "docker" "inspect" "674ed72485130e86832a12c17628ddc85eb80a85ca44ce47ce4b63255b287604", kill_on_drop: false }`
[INFO] running `Command { std: "docker" "exec" "-e" "SOURCE_DIR=/opt/rustwide/workdir" "-e" "CARGO_HOME=/opt/rustwide/cargo-home" "-e" "RUSTUP_HOME=/opt/rustwide/rustup-home" "-e" "CARGO_TARGET_DIR=/opt/rustwide/target" "-e" "CARGO_INCREMENTAL=0" "-e" "RUST_BACKTRACE=full" "-e" "RUSTFLAGS=--cap-lints=warn" "-e" "RUSTDOCFLAGS=--cap-lints=warn" "-w" "/opt/rustwide/workdir" "--user" "0:0" "674ed72485130e86832a12c17628ddc85eb80a85ca44ce47ce4b63255b287604" "/opt/rustwide/cargo-home/bin/cargo" "+1.99.0-beta.8" "build" "--frozen" "--message-format=json" "--release", kill_on_drop: false }`
[INFO] [stderr]    Compiling libc v0.2.139
[INFO] [stderr]    Compiling proc-macro2 v1.0.51
[INFO] [stderr]    Compiling unicode-ident v1.0.6
[INFO] [stderr]    Compiling quote v1.0.23
[INFO] [stderr]    Compiling syn v1.0.107
[INFO] [stderr]    Compiling memchr v2.5.0
[INFO] [stderr]    Compiling once_cell v1.17.0
[INFO] [stderr]    Compiling futures-core v0.3.26
[INFO] [stderr]    Compiling log v0.4.17
[INFO] [stderr]    Compiling generic-array v0.14.6
[INFO] [stderr]    Compiling lock_api v0.4.9
[INFO] [stderr]    Compiling futures-task v0.3.26
[INFO] [stderr]    Compiling parking_lot_core v0.9.7
[INFO] [stderr]    Compiling futures-util v0.3.26
[INFO] [stderr]    Compiling tokio v1.25.0
[INFO] [stderr]    Compiling serde v1.0.152
[INFO] [stderr]    Compiling serde_derive v1.0.152
[INFO] [stderr]    Compiling ahash v0.7.6
[INFO] [stderr]    Compiling parking_lot_core v0.8.6
[INFO] [stderr]    Compiling itoa v1.0.5
[INFO] [stderr]    Compiling futures-sink v0.3.26
[INFO] [stderr]    Compiling ring v0.16.20
[INFO] [stderr]    Compiling num-traits v0.2.15
[INFO] [stderr]    Compiling serde_json v1.0.92
[INFO] [stderr]    Compiling spin v0.5.2
[INFO] [stderr]    Compiling crossbeam-utils v0.8.14
[INFO] [stderr]    Compiling untrusted v0.7.1
[INFO] [stderr]    Compiling tracing-core v0.1.30
[INFO] [stderr]    Compiling subtle v2.4.1
[INFO] [stderr]    Compiling crossbeam-queue v0.3.8
[INFO] [stderr]    Compiling pin-project-lite v0.2.9
[INFO] [stderr]    Compiling tinyvec_macros v0.1.1
[INFO] [stderr]    Compiling thiserror v1.0.38
[INFO] [stderr]    Compiling mio v0.8.5
[INFO] [stderr]    Compiling signal-hook-registry v1.4.0
[INFO] [stderr]    Compiling num_cpus v1.15.0
[INFO] [stderr]    Compiling socket2 v0.4.7
[INFO] [stderr]    Compiling getrandom v0.2.8
[INFO] [stderr]    Compiling block-buffer v0.10.3
[INFO] [stderr]    Compiling crypto-common v0.1.6
[INFO] [stderr]    Compiling digest v0.10.6
[INFO] [stderr]    Compiling parking_lot v0.12.1
[INFO] [stderr]    Compiling tinyvec v1.6.0
[INFO] [stderr]    Compiling unicode-normalization v0.1.22
[INFO] [stderr]    Compiling indexmap v1.9.2
[INFO] [stderr]    Compiling percent-encoding v2.2.0
[INFO] [stderr]    Compiling unicode-bidi v0.3.10
[INFO] [stderr]    Compiling bytes v1.4.0
[INFO] [stderr]    Compiling http v0.2.8
[INFO] [stderr]    Compiling form_urlencoded v1.1.0
[INFO] [stderr]    Compiling instant v0.1.12
[INFO] [stderr]    Compiling scopeguard v1.1.0
[INFO] [stderr]    Compiling ryu v1.0.12
[INFO] [stderr]    Compiling futures-channel v0.3.26
[INFO] [stderr]    Compiling paste v1.0.11
[INFO] [stderr]    Compiling base64 v0.13.1
[INFO] [stderr]    Compiling smallvec v1.10.0
[INFO] [stderr]    Compiling rand_core v0.6.4
[INFO] [stderr]    Compiling slab v0.4.7
[INFO] [stderr]    Compiling minimal-lexical v0.2.1
[INFO] [stderr]    Compiling either v1.8.1
[INFO] [stderr]    Compiling cpufeatures v0.2.5
[INFO] [stderr]    Compiling regex-syntax v0.6.28
[INFO] [stderr]    Compiling rand_chacha v0.3.1
[INFO] [stderr]    Compiling http-body v0.4.5
[INFO] [stderr]    Compiling itertools v0.10.5
[INFO] [stderr]    Compiling nom v7.1.3
[INFO] [stderr]    Compiling webpki v0.21.4
[INFO] [stderr]    Compiling sct v0.6.1
[INFO] [stderr]    Compiling idna v0.3.0
[INFO] [stderr]    Compiling hashbrown v0.11.2
[INFO] [stderr]    Compiling rustls v0.19.1
[INFO] [stderr]    Compiling parking_lot v0.11.2
[INFO] [stderr]    Compiling hmac v0.12.1
[INFO] [stderr]    Compiling dirs-sys v0.3.7
[INFO] [stderr]    Compiling hashbrown v0.12.3
[INFO] [stderr]    Compiling async-trait v0.1.64
[INFO] [stderr]    Compiling crc-catalog v1.1.1
[INFO] [stderr]    Compiling bitflags v1.3.2
[INFO] [stderr]    Compiling lazy_static v1.4.0
[INFO] [stderr]    Compiling pin-utils v0.1.0
[INFO] [stderr]    Compiling unicode_categories v0.1.1
[INFO] [stderr]    Compiling url v2.3.1
[INFO] [stderr]    Compiling crc v2.1.0
[INFO] [stderr]    Compiling webpki-roots v0.21.1
[INFO] [stderr]    Compiling sqlformat v0.1.8
[INFO] [stderr]    Compiling dirs v4.0.0
[INFO] [stderr]    Compiling hkdf v0.12.3
[INFO] [stderr]    Compiling hashlink v0.7.0
[INFO] [stderr]    Compiling futures-intrusive v0.4.2
[INFO] [stderr]    Compiling atoi v0.4.0
[INFO] [stderr]    Compiling proc-macro-error-attr v1.0.4
[INFO] [stderr]    Compiling stringprep v0.1.2
[INFO] [stderr]    Compiling rand v0.8.5
[INFO] [stderr]    Compiling tokio-stream v0.1.11
[INFO] [stderr]    Compiling sha2 v0.10.6
[INFO] [stderr]    Compiling sha-1 v0.10.1
[INFO] [stderr]    Compiling md-5 v0.10.5
[INFO] [stderr]    Compiling aho-corasick v0.7.20
[INFO] [stderr]    Compiling tokio-rustls v0.22.0
[INFO] [stderr]    Compiling tower-layer v0.3.2
[INFO] [stderr]    Compiling sqlx-rt v0.5.13
[INFO] [stderr]    Compiling event-listener v2.5.3
[INFO] [stderr]    Compiling whoami v1.3.0
[INFO] [stderr]    Compiling unicode-segmentation v1.10.1
[INFO] [stderr]    Compiling want v0.3.0
[INFO] [stderr]    Compiling heck v0.4.1
[INFO] [stderr]    Compiling proc-macro-error v1.0.4
[INFO] [stderr]    Compiling tokio-macros v1.8.2
[INFO] [stderr]    Compiling tracing-attributes v0.1.23
[INFO] [stderr]    Compiling thiserror-impl v1.0.38
[INFO] [stderr]    Compiling pin-project-internal v1.0.12
[INFO] [stderr]    Compiling regex v1.7.1
[INFO] [stderr]    Compiling validator_types v0.14.0
[INFO] [stderr]    Compiling regex-automata v0.1.10
[INFO] [stderr]    Compiling pin-project v1.0.12
[INFO] [stderr]    Compiling tracing v0.1.37
[INFO] [stderr]    Compiling dotenv v0.15.0
[INFO] [stderr]    Compiling http-range-header v0.3.0
[INFO] [stderr]    Compiling anyhow v1.0.69
[INFO] [stderr]    Compiling overload v0.1.1
[INFO] [stderr]    Compiling mime v0.3.16
[INFO] [stderr]    Compiling matches v0.1.10
[INFO] [stderr]    Compiling if_chain v1.0.2
[INFO] [stderr]    Compiling idna v0.2.3
[INFO] [stderr]    Compiling nu-ansi-term v0.46.0
[INFO] [stderr]    Compiling axum-core v0.1.2
[INFO] [stderr]    Compiling matchers v0.1.0
[INFO] [stderr]    Compiling sharded-slab v0.1.4
[INFO] [stderr]    Compiling tracing-log v0.1.3
[INFO] [stderr]    Compiling thread_local v1.1.4
[INFO] [stderr]    Compiling matchit v0.4.6
[INFO] [stderr]    Compiling tracing-subscriber v0.3.16
[INFO] [stderr]    Compiling validator_derive v0.14.0
[INFO] [stderr]    Compiling tokio-util v0.7.4
[INFO] [stderr]    Compiling tower v0.4.13
[INFO] [stderr]    Compiling h2 v0.3.15
[INFO] [stderr]    Compiling serde_urlencoded v0.7.1
[INFO] [stderr]    Compiling tower-http v0.2.5
[INFO] [stderr]    Compiling sqlx-core v0.5.13
[INFO] [stderr]    Compiling validator v0.14.0
[INFO] [stderr]    Compiling hyper v0.14.24
[INFO] [stderr]    Compiling sqlx-macros v0.5.13
[INFO] [stderr]    Compiling sqlx v0.5.13
[INFO] [stderr]    Compiling axum v0.4.8
[INFO] [stderr]    Compiling rust_todo v0.1.0 (/opt/rustwide/workdir)
[INFO] [stderr]     Finished `release` profile [optimized] target(s) in 2m 25s
[INFO] [stderr] warning: the following packages contain code that will be rejected by a future version of Rust: sqlx-core v0.5.13
[INFO] [stderr] note: to see what the problems were, use the option `--future-incompat-report`, or run `cargo report future-incompatibilities --id 1`
[INFO] running `Command { std: "docker" "inspect" "674ed72485130e86832a12c17628ddc85eb80a85ca44ce47ce4b63255b287604", kill_on_drop: false }`
[INFO] running `Command { std: "docker" "exec" "-e" "SOURCE_DIR=/opt/rustwide/workdir" "-e" "CARGO_HOME=/opt/rustwide/cargo-home" "-e" "RUSTUP_HOME=/opt/rustwide/rustup-home" "-e" "CARGO_TARGET_DIR=/opt/rustwide/target" "-e" "CARGO_INCREMENTAL=0" "-e" "RUST_BACKTRACE=full" "-e" "RUSTFLAGS=--cap-lints=warn" "-e" "RUSTDOCFLAGS=--cap-lints=warn" "-w" "/opt/rustwide/workdir" "--user" "0:0" "674ed72485130e86832a12c17628ddc85eb80a85ca44ce47ce4b63255b287604" "/opt/rustwide/cargo-home/bin/cargo" "+1.99.0-beta.8" "test" "--frozen" "--no-run" "--message-format=json" "--release", kill_on_drop: false }`
[INFO] [stderr]    Compiling rust_todo v0.1.0 (/opt/rustwide/workdir)
[INFO] [stdout] warning: hiding a lifetime that's elided elsewhere is confusing
[INFO] [stdout]    --> src/repositories.rs:180:28
[INFO] [stdout]     |
[INFO] [stdout] 180 |         fn write_store_ref(&self) -> RwLockWriteGuard<TodoDatas> {
[INFO] [stdout]     |                            ^^^^^     ^^^^^^^^^^^^^^^^^^^^^^^^^^^ the same lifetime is hidden here
[INFO] [stdout]     |                            |
[INFO] [stdout]     |                            the lifetime is elided here
[INFO] [stdout]     |
[INFO] [stdout]     = help: the same lifetime is referred to in inconsistent ways, making the signature confusing
[INFO] [stdout]     = note: `#[warn(mismatched_lifetime_syntaxes)]` on by default
[INFO] [stdout] help: use `'_` for type paths
[INFO] [stdout]     |
[INFO] [stdout] 180 |         fn write_store_ref(&self) -> RwLockWriteGuard<'_, TodoDatas> {
[INFO] [stdout]     |                                                       +++
[INFO] [stdout] 
[INFO] [stdout] 
[INFO] [stdout] warning: hiding a lifetime that's elided elsewhere is confusing
[INFO] [stdout]    --> src/repositories.rs:184:27
[INFO] [stdout]     |
[INFO] [stdout] 184 |         fn read_store_ref(&self) -> RwLockReadGuard<TodoDatas> {
[INFO] [stdout]     |                           ^^^^^     ^^^^^^^^^^^^^^^^^^^^^^^^^^ the same lifetime is hidden here
[INFO] [stdout]     |                           |
[INFO] [stdout]     |                           the lifetime is elided here
[INFO] [stdout]     |
[INFO] [stdout]     = help: the same lifetime is referred to in inconsistent ways, making the signature confusing
[INFO] [stdout] help: use `'_` for type paths
[INFO] [stdout]     |
[INFO] [stdout] 184 |         fn read_store_ref(&self) -> RwLockReadGuard<'_, TodoDatas> {
[INFO] [stdout]     |                                                     +++
[INFO] [stdout] 
[INFO] [stdout] 
[INFO] [stderr]     Finished `release` profile [optimized] target(s) in 9.17s
[INFO] [stderr] warning: the following packages contain code that will be rejected by a future version of Rust: sqlx-core v0.5.13
[INFO] [stderr] note: to see what the problems were, use the option `--future-incompat-report`, or run `cargo report future-incompatibilities --id 1`
[INFO] running `Command { std: "docker" "inspect" "674ed72485130e86832a12c17628ddc85eb80a85ca44ce47ce4b63255b287604", kill_on_drop: false }`
[INFO] running `Command { std: "docker" "exec" "-e" "SOURCE_DIR=/opt/rustwide/workdir" "-e" "CARGO_HOME=/opt/rustwide/cargo-home" "-e" "RUSTUP_HOME=/opt/rustwide/rustup-home" "-e" "CARGO_TARGET_DIR=/opt/rustwide/target" "-e" "CARGO_INCREMENTAL=0" "-e" "RUST_BACKTRACE=full" "-e" "RUSTFLAGS=--cap-lints=warn" "-e" "RUSTDOCFLAGS=--cap-lints=warn" "-w" "/opt/rustwide/workdir" "--user" "0:0" "674ed72485130e86832a12c17628ddc85eb80a85ca44ce47ce4b63255b287604" "/opt/rustwide/cargo-home/bin/cargo" "+1.99.0-beta.8" "test" "--frozen" "--release", kill_on_drop: false }`
[INFO] [stderr] warning: hiding a lifetime that's elided elsewhere is confusing
[INFO] [stderr]    --> src/repositories.rs:180:28
[INFO] [stderr]     |
[INFO] [stderr] 180 |         fn write_store_ref(&self) -> RwLockWriteGuard<TodoDatas> {
[INFO] [stderr]     |                            ^^^^^     ^^^^^^^^^^^^^^^^^^^^^^^^^^^ the same lifetime is hidden here
[INFO] [stderr]     |                            |
[INFO] [stderr]     |                            the lifetime is elided here
[INFO] [stderr]     |
[INFO] [stderr]     = help: the same lifetime is referred to in inconsistent ways, making the signature confusing
[INFO] [stderr]     = note: `#[warn(mismatched_lifetime_syntaxes)]` on by default
[INFO] [stderr] help: use `'_` for type paths
[INFO] [stderr]     |
[INFO] [stderr] 180 |         fn write_store_ref(&self) -> RwLockWriteGuard<'_, TodoDatas> {
[INFO] [stderr]     |                                                       +++
[INFO] [stderr] 
[INFO] [stderr] warning: hiding a lifetime that's elided elsewhere is confusing
[INFO] [stderr]    --> src/repositories.rs:184:27
[INFO] [stderr]     |
[INFO] [stderr] 184 |         fn read_store_ref(&self) -> RwLockReadGuard<TodoDatas> {
[INFO] [stderr]     |                           ^^^^^     ^^^^^^^^^^^^^^^^^^^^^^^^^^ the same lifetime is hidden here
[INFO] [stderr]     |                           |
[INFO] [stderr]     |                           the lifetime is elided here
[INFO] [stderr]     |
[INFO] [stderr]     = help: the same lifetime is referred to in inconsistent ways, making the signature confusing
[INFO] [stderr] help: use `'_` for type paths
[INFO] [stderr]     |
[INFO] [stderr] 184 |         fn read_store_ref(&self) -> RwLockReadGuard<'_, TodoDatas> {
[INFO] [stderr]     |                                                     +++
[INFO] [stderr] 
[INFO] [stderr] warning: `rust_todo` (bin "rust_todo" test) generated 2 warnings (run `cargo fix --bin "rust_todo" -p rust_todo --tests` to apply 2 suggestions)
[INFO] [stderr]     Finished `release` profile [optimized] target(s) in 0.21s
[INFO] [stderr] warning: the following packages contain code that will be rejected by a future version of Rust: sqlx-core v0.5.13
[INFO] [stderr] note: to see what the problems were, use the option `--future-incompat-report`, or run `cargo report future-incompatibilities --id 1`
[INFO] [stderr]      Running unittests src/main.rs (/opt/rustwide/target/release/deps/rust_todo-bd50813b455e7b66)
[INFO] [stdout] 
[INFO] [stdout] running 10 tests
[INFO] [stdout] test test::should_fail_validate_empty_text ... ok
[INFO] [stdout] test repositories::test_utils::test::crud_scenario_memory ... ok
[INFO] [stdout] test test::should_return_hello_world ... ok
[INFO] [stdout] test test::should_fail_validate_over_100_text ... ok
[INFO] [stdout] test test::should_update_todo ... ok
[INFO] [stdout] test test::should_find_todo ... ok
[INFO] [stdout] test test::should_created_todo ... ok
[INFO] [stdout] test test::should_delete_todo ... ok
[INFO] [stdout] test test::should_get_all_todos ... ok
[INFO] [stderr] error: test failed, to rerun pass `--bin rust_todo`
[INFO] [stdout] test repositories::test_utils::test::crud_scenario_db ... FAILED
[INFO] [stdout] 
[INFO] [stdout] failures:
[INFO] [stdout] 
[INFO] [stdout] ---- repositories::test_utils::test::crud_scenario_db stdout ----
[INFO] [stdout] 
[INFO] [stdout] thread 'repositories::test_utils::test::crud_scenario_db' (4194) panicked at src/repositories.rs:295:60:
[INFO] [stdout] failed connect database, url is [postgres://admin:admin@localhost:5454/todos]: PoolTimedOut
[INFO] [stdout] stack backtrace:
[INFO] [stdout]    0:     0x62cbef0f8951 - <<std[70759c8f55707aa4]::sys::backtrace::BacktraceLock>::print::DisplayBacktrace as core[df12db4294e9bfd3]::fmt::Display>::fmt
[INFO] [stdout]    1:     0x62cbef11077a - core[df12db4294e9bfd3]::fmt::write
[INFO] [stdout]    2:     0x62cbef0fd3dc - <alloc[2182bb758b4b3781]::vec::Vec<u8> as core[df12db4294e9bfd3]::io::write::Write>::write_fmt
[INFO] [stdout]    3:     0x62cbef0d39f6 - std[70759c8f55707aa4]::panicking::default_hook::{closure#0}
[INFO] [stdout]    4:     0x62cbef0f0569 - std[70759c8f55707aa4]::panicking::default_hook
[INFO] [stdout]    5:     0x62cbeef1db40 - test[9d35eded1c95d3be]::test_main_inner::<test[9d35eded1c95d3be]::test_main_static::{closure#0}>::{closure#0}
[INFO] [stdout]    6:     0x62cbef0f0892 - std[70759c8f55707aa4]::panicking::panic_with_hook
[INFO] [stdout]    7:     0x62cbef0d3aa2 - std[70759c8f55707aa4]::panicking::panic_handler::{closure#0}
[INFO] [stdout]    8:     0x62cbef0cc379 - std[70759c8f55707aa4]::sys::backtrace::__rust_end_short_backtrace::<std[70759c8f55707aa4]::panicking::panic_handler::{closure#0}, !>
[INFO] [stdout]    9:     0x62cbef0d492d - __rustc[8fa7c3cbc660c2b3]::rust_begin_unwind
[INFO] [stdout]   10:     0x62cbef110edc - core[df12db4294e9bfd3]::panicking::panic_fmt
[INFO] [stdout]   11:     0x62cbef110cb2 - core[df12db4294e9bfd3]::result::unwrap_failed
[INFO] [stdout]   12:     0x62cbeeefa031 - rust_todo[c4fd9273fa02132f]::repositories::test_utils::test::crud_scenario_db::{closure#0}
[INFO] [stdout]   13:     0x62cbeeefdb13 - <tokio[c52a6ac222e004bc]::runtime::scheduler::current_thread::Context>::enter::<core[df12db4294e9bfd3]::task::poll::Poll<()>, <tokio[c52a6ac222e004bc]::runtime::scheduler::current_thread::CoreGuard>::block_on<core[df12db4294e9bfd3]::pin::Pin<&mut core[df12db4294e9bfd3]::pin::Pin<&mut dyn core[df12db4294e9bfd3]::future::future::Future<Output = ()>>>>::{closure#0}::{closure#0}>
[INFO] [stdout]   14:     0x62cbeeed2d4e - <tokio[c52a6ac222e004bc]::macros::scoped_tls::ScopedKey<tokio[c52a6ac222e004bc]::runtime::scheduler::current_thread::Context>>::set::<<tokio[c52a6ac222e004bc]::runtime::scheduler::current_thread::CoreGuard>::enter<<tokio[c52a6ac222e004bc]::runtime::scheduler::current_thread::CoreGuard>::block_on<core[df12db4294e9bfd3]::pin::Pin<&mut core[df12db4294e9bfd3]::pin::Pin<&mut dyn core[df12db4294e9bfd3]::future::future::Future<Output = ()>>>>::{closure#0}, core[df12db4294e9bfd3]::option::Option<()>>::{closure#0}, (alloc[2182bb758b4b3781]::boxed::Box<tokio[c52a6ac222e004bc]::runtime::scheduler::current_thread::Core>, core[df12db4294e9bfd3]::option::Option<()>)>
[INFO] [stdout]   15:     0x62cbeeefd62f - <tokio[c52a6ac222e004bc]::runtime::scheduler::current_thread::CurrentThread>::block_on::<core[df12db4294e9bfd3]::pin::Pin<&mut dyn core[df12db4294e9bfd3]::future::future::Future<Output = ()>>>
[INFO] [stdout]   16:     0x62cbeef0ba72 - <tokio[c52a6ac222e004bc]::runtime::runtime::Runtime>::block_on::<core[df12db4294e9bfd3]::pin::Pin<&mut dyn core[df12db4294e9bfd3]::future::future::Future<Output = ()>>>
[INFO] [stdout]   17:     0x62cbeeefc7a5 - rust_todo[c4fd9273fa02132f]::repositories::test_utils::test::crud_scenario_db
[INFO] [stdout]   18:     0x62cbeeecd549 - <rust_todo[c4fd9273fa02132f]::repositories::test_utils::test::crud_scenario_db::{closure#0} as core[df12db4294e9bfd3]::ops::function::FnOnce<()>>::call_once
[INFO] [stdout]   19:     0x62cbeef10e2b - test[9d35eded1c95d3be]::__rust_begin_short_backtrace::<core[df12db4294e9bfd3]::result::Result<(), alloc[2182bb758b4b3781]::string::String>, fn() -> core[df12db4294e9bfd3]::result::Result<(), alloc[2182bb758b4b3781]::string::String>>
[INFO] [stdout]   20:     0x62cbeef1e495 - test[9d35eded1c95d3be]::run_test::{closure#0}
[INFO] [stdout]   21:     0x62cbeef17d54 - std[70759c8f55707aa4]::sys::backtrace::__rust_begin_short_backtrace::<test[9d35eded1c95d3be]::run_test::{closure#1}, ()>
[INFO] [stdout]   22:     0x62cbeef215f2 - <std[70759c8f55707aa4]::thread::lifecycle::spawn_unchecked<test[9d35eded1c95d3be]::run_test::{closure#1}, ()>::{closure#1} as core[df12db4294e9bfd3]::ops::function::FnOnce<()>>::call_once::{shim:vtable#0}
[INFO] [stdout]   23:     0x62cbef0f7b59 - <std[70759c8f55707aa4]::sys::thread::unix::Thread>::new::thread_start
[INFO] [stdout]   24:     0x78430b9c3dfa - <unknown>
[INFO] [stdout]   25:     0x78430ba573d4 - clone
[INFO] [stdout]   26:                0x0 - <unknown>
[INFO] [stdout] 
[INFO] [stdout] 
[INFO] [stdout] failures:
[INFO] [stdout]     repositories::test_utils::test::crud_scenario_db
[INFO] [stdout] 
[INFO] [stdout] test result: FAILED. 9 passed; 1 failed; 0 ignored; 0 measured; 0 filtered out; finished in 34.28s
[INFO] [stdout] 
[INFO] running `Command { std: "docker" "inspect" "674ed72485130e86832a12c17628ddc85eb80a85ca44ce47ce4b63255b287604", kill_on_drop: false }`
[INFO] running `Command { std: "docker" "rm" "-f" "674ed72485130e86832a12c17628ddc85eb80a85ca44ce47ce4b63255b287604", kill_on_drop: false }`
[INFO] [stdout] 674ed72485130e86832a12c17628ddc85eb80a85ca44ce47ce4b63255b287604
